This is the mail archive of the
gcc-testresults@gcc.gnu.org
mailing list for the GCC project.
Results for 9.0.0 20180531 (experimental) (gcc trunk r261018 with mips64r2 n64) g++ testsuite on mips64el-unknown-linux-gnu
- From: xuchenghua at loongson dot cn
- To: gcc-testresults at gcc dot gnu dot org
- Date: Fri, 01 Jun 2018 00:56:02 +0800
- Subject: Results for 9.0.0 20180531 (experimental) (gcc trunk r261018 with mips64r2 n64) g++ testsuite on mips64el-unknown-linux-gnu
Architecture: mips64
Byte Order: Little Endian
CPU(s): 4
On-line CPU(s) list: 0-3
Thread(s) per core: 1
Core(s) per socket: 4
Socket(s): 1
BogoMIPS: 2891.77
system type : generic-loongson-machine
machine : Unknown
processor : 0
cpu model : ICT Loongson-3 V0.9 FPU V0.1
BogoMIPS : 2891.77
wait instruction : yes
microsecond timers : yes
tlb_entries : 1088
extra interrupt vector : no
hardware watchpoint : yes, count: 0, address/irw mask: []
isa : mips1 mips2 mips3 mips4 mips5 mips32r1 mips32r2 mips64r1 mips64r2
ASEs implemented : vz
shadow register sets : 1
kscratch registers : 6
package : 0
core : 0
VCED exceptions : not available
VCEI exceptions : not available
Linux debian 4.9.0-3-loongson-3 #1 SMP PREEMPT Debian 4.9.30-2+deb9u2 (2017-06-26) mips64 GNU/Linux
Native configuration is mips64el-unknown-linux-gnu
=== g++ tests ===
Running target unix
FAIL: g++.dg/ext/attr-ifunc-1.C -std=gnu++11 (test for excess errors)
UNRESOLVED: g++.dg/ext/attr-ifunc-1.C -std=gnu++11 compilation failed to produce executable
FAIL: g++.dg/ext/attr-ifunc-1.C -std=gnu++14 (test for excess errors)
UNRESOLVED: g++.dg/ext/attr-ifunc-1.C -std=gnu++14 compilation failed to produce executable
FAIL: g++.dg/ext/attr-ifunc-1.C -std=gnu++98 (test for excess errors)
UNRESOLVED: g++.dg/ext/attr-ifunc-1.C -std=gnu++98 compilation failed to produce executable
FAIL: g++.dg/ext/attr-ifunc-2.C -std=gnu++11 execution test
FAIL: g++.dg/ext/attr-ifunc-2.C -std=gnu++14 execution test
FAIL: g++.dg/ext/attr-ifunc-2.C -std=gnu++98 execution test
FAIL: g++.dg/ext/attr-ifunc-3.C -std=gnu++11 (test for excess errors)
UNRESOLVED: g++.dg/ext/attr-ifunc-3.C -std=gnu++11 compilation failed to produce executable
FAIL: g++.dg/ext/attr-ifunc-3.C -std=gnu++14 (test for excess errors)
UNRESOLVED: g++.dg/ext/attr-ifunc-3.C -std=gnu++14 compilation failed to produce executable
FAIL: g++.dg/ext/attr-ifunc-3.C -std=gnu++98 (test for excess errors)
UNRESOLVED: g++.dg/ext/attr-ifunc-3.C -std=gnu++98 compilation failed to produce executable
FAIL: g++.dg/ext/attr-ifunc-4.C -std=gnu++11 (test for excess errors)
UNRESOLVED: g++.dg/ext/attr-ifunc-4.C -std=gnu++11 compilation failed to produce executable
FAIL: g++.dg/ext/attr-ifunc-4.C -std=gnu++14 (test for excess errors)
UNRESOLVED: g++.dg/ext/attr-ifunc-4.C -std=gnu++14 compilation failed to produce executable
FAIL: g++.dg/ext/attr-ifunc-4.C -std=gnu++98 (test for excess errors)
UNRESOLVED: g++.dg/ext/attr-ifunc-4.C -std=gnu++98 compilation failed to produce executable
FAIL: g++.dg/vect/pr84556.cc -mmsa -std=gnu++11 execution test
FAIL: g++.dg/vect/pr84556.cc -mmsa -std=gnu++14 execution test
FAIL: g++.dg/vect/slp-pr56812.cc -mmsa -std=c++11 (test for warnings, line 17)
FAIL: g++.dg/vect/slp-pr56812.cc -mmsa -std=c++14 (test for warnings, line 17)
FAIL: g++.dg/vect/slp-pr56812.cc -mmsa -std=c++98 (test for warnings, line 17)
=== g++ Summary ===
# of expected passes 115758
# of unexpected failures 17
# of expected failures 516
# of unresolved testcases 9
# of unsupported tests 5254
/home/xuchenghua/GCC/test/gcc-r261018_obj/gcc/xg++ version 9.0.0 20180531 (experimental) (gcc trunk r261018 with mips64r2 n64)
Compiler version: 9.0.0 20180531 (experimental) (gcc trunk r261018 with mips64r2 n64) g++
Platform: mips64el-unknown-linux-gnu
configure flags:Native configuration is mips64el-unknown-linux-gnu