This is the mail archive of the
gcc-testresults@gcc.gnu.org
mailing list for the GCC project.
Results for 9.0.0 20180530 (experimental) [trunk revision 260971] (GCC) testsuite on x86_64-pc-linux-gnu
- From: Andreas Tobler <andreast dot dev at gmail dot com>
- To: <gcc-testresults at gcc dot gnu dot org>
- Date: Thu, 31 May 2018 06:06:16 +0200
- Subject: Results for 9.0.0 20180530 (experimental) [trunk revision 260971] (GCC) testsuite on x86_64-pc-linux-gnu
LAST_UPDATED: Wed May 30 19:20:03 UTC 2018 (revision 260971)
Native configuration is x86_64-pc-linux-gnu
=== gcc tests ===
Running target unix
FAIL: c-c++-common/asan/swapcontext-test-1.c -O0 execution test
FAIL: c-c++-common/asan/swapcontext-test-1.c -O1 execution test
FAIL: c-c++-common/asan/swapcontext-test-1.c -O2 execution test
FAIL: c-c++-common/asan/swapcontext-test-1.c -O2 -flto -fno-use-linker-plugin -flto-partition=none execution test
FAIL: c-c++-common/asan/swapcontext-test-1.c -O2 -flto -fuse-linker-plugin -fno-fat-lto-objects execution test
FAIL: c-c++-common/asan/swapcontext-test-1.c -O3 -fomit-frame-pointer -funroll-loops -fpeel-loops -ftracer -finline-functions execution test
FAIL: c-c++-common/asan/swapcontext-test-1.c -O3 -g execution test
FAIL: c-c++-common/asan/swapcontext-test-1.c -Os execution test
=== gcc Summary for unix ===
# of expected passes 135483
# of unexpected failures 8
# of expected failures 397
# of unsupported tests 2139
Running target unix/-m32
FAIL: c-c++-common/asan/swapcontext-test-1.c -O0 execution test
FAIL: c-c++-common/asan/swapcontext-test-1.c -O1 execution test
FAIL: c-c++-common/asan/swapcontext-test-1.c -O2 execution test
FAIL: c-c++-common/asan/swapcontext-test-1.c -O2 -flto -fno-use-linker-plugin -flto-partition=none execution test
FAIL: c-c++-common/asan/swapcontext-test-1.c -O2 -flto -fuse-linker-plugin -fno-fat-lto-objects execution test
FAIL: c-c++-common/asan/swapcontext-test-1.c -O3 -fomit-frame-pointer -funroll-loops -fpeel-loops -ftracer -finline-functions execution test
FAIL: c-c++-common/asan/swapcontext-test-1.c -O3 -g execution test
FAIL: c-c++-common/asan/swapcontext-test-1.c -Os execution test
=== gcc Summary for unix/-m32 ===
# of expected passes 133693
# of unexpected failures 8
# of expected failures 406
# of unsupported tests 2284
=== gcc Summary ===
# of expected passes 269176
# of unexpected failures 16
# of expected failures 803
# of unsupported tests 4423
/export/devel/build/gcc/head/objdir/gcc/xgcc version 9.0.0 20180530 (experimental) [trunk revision 260971] (GCC)
=== gfortran tests ===
Running target unix
=== gfortran Summary for unix ===
# of expected passes 47238
# of expected failures 83
# of unsupported tests 74
Running target unix/-m32
=== gfortran Summary for unix/-m32 ===
# of expected passes 47019
# of expected failures 83
# of unsupported tests 179
=== gfortran Summary ===
# of expected passes 94257
# of expected failures 166
# of unsupported tests 253
/export/devel/build/gcc/head/objdir/gcc/gfortran version 9.0.0 20180530 (experimental) [trunk revision 260971] (GCC)
=== g++ tests ===
Running target unix
FAIL: c-c++-common/asan/swapcontext-test-1.c -O0 execution test
FAIL: c-c++-common/asan/swapcontext-test-1.c -O1 execution test
FAIL: c-c++-common/asan/swapcontext-test-1.c -O2 execution test
FAIL: c-c++-common/asan/swapcontext-test-1.c -O2 -flto -fno-use-linker-plugin -flto-partition=none execution test
FAIL: c-c++-common/asan/swapcontext-test-1.c -O2 -flto -fuse-linker-plugin -fno-fat-lto-objects execution test
FAIL: c-c++-common/asan/swapcontext-test-1.c -O3 -fomit-frame-pointer -funroll-loops -fpeel-loops -ftracer -finline-functions execution test
FAIL: c-c++-common/asan/swapcontext-test-1.c -O3 -g execution test
FAIL: c-c++-common/asan/swapcontext-test-1.c -Os execution test
FAIL: g++.dg/pr80481.C -std=gnu++11 scan-assembler-not vmovaps
FAIL: g++.dg/pr80481.C -std=gnu++14 scan-assembler-not vmovaps
FAIL: g++.dg/pr80481.C -std=gnu++98 scan-assembler-not vmovaps
=== g++ Summary for unix ===
# of expected passes 125522
# of unexpected failures 11
# of expected failures 505
# of unsupported tests 4924
Running target unix/-m32
FAIL: c-c++-common/asan/swapcontext-test-1.c -O0 execution test
FAIL: c-c++-common/asan/swapcontext-test-1.c -O1 execution test
FAIL: c-c++-common/asan/swapcontext-test-1.c -O2 execution test
FAIL: c-c++-common/asan/swapcontext-test-1.c -O2 -flto -fno-use-linker-plugin -flto-partition=none execution test
FAIL: c-c++-common/asan/swapcontext-test-1.c -O2 -flto -fuse-linker-plugin -fno-fat-lto-objects execution test
FAIL: c-c++-common/asan/swapcontext-test-1.c -O3 -fomit-frame-pointer -funroll-loops -fpeel-loops -ftracer -finline-functions execution test
FAIL: c-c++-common/asan/swapcontext-test-1.c -O3 -g execution test
FAIL: c-c++-common/asan/swapcontext-test-1.c -Os execution test
=== g++ Summary for unix/-m32 ===
# of expected passes 123752
# of unexpected failures 8
# of expected failures 502
# of unsupported tests 4755
=== g++ Summary ===
# of expected passes 249274
# of unexpected failures 19
# of expected failures 1007
# of unsupported tests 9679
/export/devel/build/gcc/head/objdir/gcc/xg++ version 9.0.0 20180530 (experimental) [trunk revision 260971] (GCC)
=== objc tests ===
Running target unix
=== objc Summary for unix ===
# of expected passes 2797
# of expected failures 6
# of unsupported tests 68
Running target unix/-m32
=== objc Summary for unix/-m32 ===
# of expected passes 2797
# of expected failures 6
# of unsupported tests 68
=== objc Summary ===
# of expected passes 5594
# of expected failures 12
# of unsupported tests 136
/export/devel/build/gcc/head/objdir/gcc/xgcc version 9.0.0 20180530 (experimental) [trunk revision 260971] (GCC)
=== libatomic tests ===
Running target unix/-m32
=== libatomic Summary for unix/-m32 ===
# of expected passes 44
# of unsupported tests 5
Running target unix
=== libatomic Summary for unix ===
# of expected passes 54
=== libatomic Summary ===
# of expected passes 98
# of unsupported tests 5
=== libgomp tests ===
Running target unix/-m32
=== libgomp Summary for unix/-m32 ===
# of expected passes 5552
# of unsupported tests 288
Running target unix
=== libgomp Summary for unix ===
# of expected passes 5552
# of unsupported tests 288
=== libgomp Summary ===
# of expected passes 11104
# of unsupported tests 576
=== libitm tests ===
Running target unix/-m32
=== libitm Summary for unix/-m32 ===
# of expected passes 42
# of expected failures 3
# of unsupported tests 1
Running target unix
=== libitm Summary for unix ===
# of expected passes 42
# of expected failures 3
# of unsupported tests 1
=== libitm Summary ===
# of expected passes 84
# of expected failures 6
# of unsupported tests 2
=== libstdc++ tests ===
Running target unix
=== libstdc++ Summary for unix ===
# of expected passes 12415
# of expected failures 74
# of unsupported tests 578
Running target unix/-m32
=== libstdc++ Summary for unix/-m32 ===
# of expected passes 12423
# of expected failures 74
# of unsupported tests 574
=== libstdc++ Summary ===
# of expected passes 24838
# of expected failures 148
# of unsupported tests 1152
Compiler version: 9.0.0 20180530 (experimental) [trunk revision 260971] (GCC)
Platform: x86_64-pc-linux-gnu
configure flags: --prefix=/export/devel/build/gcc/head/testbin