This is the mail archive of the
gcc-testresults@gcc.gnu.org
mailing list for the GCC project.
Results for 8.1.0 (genunix Tue May 8 23:44:43 UTC 2018) testsuite on x86_64-pc-linux-gnu
- From: Dennis Clarke <dclarke at blastwave dot org>
- To: gcc-testresults at gcc dot gnu dot org
- Date: Wed, 9 May 2018 16:49:17 -0400
- Subject: Results for 8.1.0 (genunix Tue May 8 23:44:43 UTC 2018) testsuite on x86_64-pc-linux-gnu
admsys@sed$ cat /etc/redhat-release
Red Hat Enterprise Linux Workstation release 7.4 (Maipo)
LAST_UPDATED: Obtained from SVN: tags/gcc_8_1_0_release revision 259830
=== acats tests ===
=== acats Summary ===
# of expected passes 2320
# of unexpected failures 0
Native configuration is x86_64-pc-linux-gnu
=== g++ tests ===
Running target unix
FAIL: g++.dg/tls/thread_local-order2.C -std=c++11 execution test
FAIL: g++.dg/tls/thread_local-order2.C -std=c++14 execution test
=== g++ Summary ===
# of expected passes 125054
# of unexpected failures 2
# of expected failures 498
# of unsupported tests 4991
/usr/local/build/gcc-8.1.0_rhel7.4_3.10.0-693.17.1.el7.x86_64_x86_64.001/gcc/testsuite/g++/../../xg++
version 8.1.0 (genunix Tue May 8 23:44:43 UTC 2018)
=== gcc tests ===
Running target unix
XPASS: gcc.dg/guality/example.c -O0 execution test
XPASS: gcc.dg/guality/example.c -O1 execution test
XPASS: gcc.dg/guality/guality.c -O0 execution test
XPASS: gcc.dg/guality/guality.c -O1 execution test
XPASS: gcc.dg/guality/guality.c -O2 execution test
XPASS: gcc.dg/guality/guality.c -O3 -g execution test
XPASS: gcc.dg/guality/guality.c -Os execution test
XPASS: gcc.dg/guality/guality.c -O2 -flto -fno-use-linker-plugin
-flto-partition=none execution test
XPASS: gcc.dg/guality/guality.c -O2 -flto -fuse-linker-plugin
-fno-fat-lto-objects execution test
XPASS: gcc.dg/guality/inline-params.c -O2 execution test
XPASS: gcc.dg/guality/inline-params.c -O3 -g execution test
XPASS: gcc.dg/guality/inline-params.c -Os execution test
XPASS: gcc.dg/guality/inline-params.c -O2 -flto -fno-use-linker-plugin
-flto-partition=none execution test
XPASS: gcc.dg/guality/inline-params.c -O2 -flto -fuse-linker-plugin
-fno-fat-lto-objects execution test
XPASS: gcc.dg/guality/pr41353-1.c -O0 line 28 j == 28 + 37
FAIL: gcc.dg/guality/pr45882.c -O2 -flto -fuse-linker-plugin
-fno-fat-lto-objects line 16 d == 112
FAIL: gcc.dg/guality/pr45882.c -O2 -flto -fuse-linker-plugin
-fno-fat-lto-objects line 16 e == 142
FAIL: gcc.dg/guality/pr54519-1.c -O2 -flto -fno-use-linker-plugin
-flto-partition=none line 20 y == 25
FAIL: gcc.dg/guality/pr54519-1.c -O2 -flto -fno-use-linker-plugin
-flto-partition=none line 20 z == 6
FAIL: gcc.dg/guality/pr54519-1.c -O2 -flto -fno-use-linker-plugin
-flto-partition=none line 23 y == 117
FAIL: gcc.dg/guality/pr54519-1.c -O2 -flto -fno-use-linker-plugin
-flto-partition=none line 23 z == 8
FAIL: gcc.dg/guality/pr54519-2.c -O2 -flto -fno-use-linker-plugin
-flto-partition=none line 17 y == 25
FAIL: gcc.dg/guality/pr54519-2.c -O2 -flto -fuse-linker-plugin
-fno-fat-lto-objects line 17 y == 25
FAIL: gcc.dg/guality/pr54519-3.c -O2 -flto -fno-use-linker-plugin
-flto-partition=none line 20 y == 25
FAIL: gcc.dg/guality/pr54519-3.c -O2 -flto -fno-use-linker-plugin
-flto-partition=none line 20 z == 6
FAIL: gcc.dg/guality/pr54519-3.c -O2 -flto -fno-use-linker-plugin
-flto-partition=none line 23 y == 117
FAIL: gcc.dg/guality/pr54519-3.c -O2 -flto -fno-use-linker-plugin
-flto-partition=none line 23 z == 8
FAIL: gcc.dg/guality/pr54519-3.c -O2 -flto -fuse-linker-plugin
-fno-fat-lto-objects line 20 y == 25
FAIL: gcc.dg/guality/pr54519-3.c -O2 -flto -fuse-linker-plugin
-fno-fat-lto-objects line 20 z == 6
FAIL: gcc.dg/guality/pr54519-3.c -O2 -flto -fuse-linker-plugin
-fno-fat-lto-objects line 23 y == 117
FAIL: gcc.dg/guality/pr54519-3.c -O2 -flto -fuse-linker-plugin
-fno-fat-lto-objects line 23 z == 8
FAIL: gcc.dg/guality/pr54519-4.c -O2 -flto -fno-use-linker-plugin
-flto-partition=none line 17 y == 25
FAIL: gcc.dg/guality/pr54519-4.c -O2 -flto -fuse-linker-plugin
-fno-fat-lto-objects line 17 y == 25
FAIL: gcc.dg/guality/pr54519-5.c -O2 -flto -fno-use-linker-plugin
-flto-partition=none line 17 y == 25
FAIL: gcc.dg/guality/pr54519-5.c -O2 -flto -fuse-linker-plugin
-fno-fat-lto-objects line 17 y == 25
XPASS: gcc.dg/guality/pr54970.c -O0 line 31 a[0] == 4
XPASS: gcc.dg/guality/pr54970.c -O0 line 36 a[0] == 4
XPASS: gcc.dg/guality/pr54970.c -O0 line 45 a[0] == 4
XPASS: gcc.dg/guality/pr54970.c -O0 line 45 p[-2] == 4
XPASS: gcc.dg/guality/pr54970.c -O0 line 45 q[-1] == 4
FAIL: gcc.dg/guality/pr68860-1.c -O2 -flto -fno-use-linker-plugin
-flto-partition=none line 14 arg1 == 1
FAIL: gcc.dg/guality/pr68860-1.c -O2 -flto -fno-use-linker-plugin
-flto-partition=none line 14 arg2 == 2
FAIL: gcc.dg/guality/pr68860-1.c -O2 -flto -fno-use-linker-plugin
-flto-partition=none line 14 arg3 == 3
FAIL: gcc.dg/guality/pr68860-1.c -O2 -flto -fno-use-linker-plugin
-flto-partition=none line 14 arg4 == 4
FAIL: gcc.dg/guality/pr68860-1.c -O2 -flto -fno-use-linker-plugin
-flto-partition=none line 14 arg5 == 5
FAIL: gcc.dg/guality/pr68860-1.c -O2 -flto -fno-use-linker-plugin
-flto-partition=none line 14 arg6 == 6
FAIL: gcc.dg/guality/pr68860-1.c -O2 -flto -fno-use-linker-plugin
-flto-partition=none line 16 arg1 == 1
FAIL: gcc.dg/guality/pr68860-1.c -O2 -flto -fno-use-linker-plugin
-flto-partition=none line 16 arg2 == 2
FAIL: gcc.dg/guality/pr68860-1.c -O2 -flto -fno-use-linker-plugin
-flto-partition=none line 16 arg3 == 3
FAIL: gcc.dg/guality/pr68860-1.c -O2 -flto -fno-use-linker-plugin
-flto-partition=none line 16 arg4 == 4
FAIL: gcc.dg/guality/pr68860-1.c -O2 -flto -fno-use-linker-plugin
-flto-partition=none line 16 arg5 == 5
FAIL: gcc.dg/guality/pr68860-1.c -O2 -flto -fno-use-linker-plugin
-flto-partition=none line 16 arg6 == 6
FAIL: gcc.dg/guality/pr68860-1.c -O2 -flto -fuse-linker-plugin
-fno-fat-lto-objects line 14 arg1 == 1
FAIL: gcc.dg/guality/pr68860-1.c -O2 -flto -fuse-linker-plugin
-fno-fat-lto-objects line 14 arg2 == 2
FAIL: gcc.dg/guality/pr68860-1.c -O2 -flto -fuse-linker-plugin
-fno-fat-lto-objects line 14 arg3 == 3
FAIL: gcc.dg/guality/pr68860-1.c -O2 -flto -fuse-linker-plugin
-fno-fat-lto-objects line 14 arg4 == 4
FAIL: gcc.dg/guality/pr68860-1.c -O2 -flto -fuse-linker-plugin
-fno-fat-lto-objects line 14 arg5 == 5
FAIL: gcc.dg/guality/pr68860-1.c -O2 -flto -fuse-linker-plugin
-fno-fat-lto-objects line 14 arg6 == 6
FAIL: gcc.dg/guality/pr68860-1.c -O2 -flto -fuse-linker-plugin
-fno-fat-lto-objects line 16 arg1 == 1
FAIL: gcc.dg/guality/pr68860-1.c -O2 -flto -fuse-linker-plugin
-fno-fat-lto-objects line 16 arg2 == 2
FAIL: gcc.dg/guality/pr68860-1.c -O2 -flto -fuse-linker-plugin
-fno-fat-lto-objects line 16 arg3 == 3
FAIL: gcc.dg/guality/pr68860-1.c -O2 -flto -fuse-linker-plugin
-fno-fat-lto-objects line 16 arg4 == 4
FAIL: gcc.dg/guality/pr68860-1.c -O2 -flto -fuse-linker-plugin
-fno-fat-lto-objects line 16 arg5 == 5
FAIL: gcc.dg/guality/pr68860-1.c -O2 -flto -fuse-linker-plugin
-fno-fat-lto-objects line 16 arg6 == 6
FAIL: gcc.dg/guality/vla-1.c -O3 -g line 17 sizeof (a) == 6
FAIL: gcc.dg/guality/vla-1.c -O2 -flto -fno-use-linker-plugin
-flto-partition=none line 17 sizeof (a) == 6
FAIL: gcc.dg/guality/vla-1.c -O2 -flto -fno-use-linker-plugin
-flto-partition=none line 24 sizeof (a) == 17 * sizeof (short)
FAIL: gcc.dg/guality/vla-1.c -O2 -flto -fuse-linker-plugin
-fno-fat-lto-objects line 17 sizeof (a) == 6
FAIL: gcc.dg/guality/vla-1.c -O2 -flto -fuse-linker-plugin
-fno-fat-lto-objects line 24 sizeof (a) == 17 * sizeof (short)
=== gcc Summary ===
# of expected passes 138665
# of unexpected failures 49
# of unexpected successes 20
# of expected failures 438
# of unsupported tests 2324
/usr/local/build/gcc-8.1.0_rhel7.4_3.10.0-693.17.1.el7.x86_64_x86_64.001/gcc/xgcc
version 8.1.0 (genunix Tue May 8 23:44:43 UTC 2018)
=== gfortran tests ===
Running target unix
=== gfortran Summary ===
# of expected passes 47293
# of expected failures 93
# of unsupported tests 85
/usr/local/build/gcc-8.1.0_rhel7.4_3.10.0-693.17.1.el7.x86_64_x86_64.001/gcc/testsuite/gfortran/../../gfortran
version 8.1.0 (genunix Tue May 8 23:44:43 UTC 2018)
=== gnat tests ===
Running target unix
=== gnat Summary ===
# of expected passes 2703
# of expected failures 23
# of unsupported tests 3
/usr/local/build/gcc-8.1.0_rhel7.4_3.10.0-693.17.1.el7.x86_64_x86_64.001/gcc/gnatmake
version 8.1.0
=== go tests ===
Running target unix
FAIL: ./index0-out.go execution, -O0 -g -fno-var-tracking-assignments
=== go Summary ===
# of expected passes 7285
# of unexpected failures 1
# of expected failures 1
# of untested testcases 6
# of unsupported tests 1
/usr/local/build/gcc-8.1.0_rhel7.4_3.10.0-693.17.1.el7.x86_64_x86_64.001/gcc/testsuite/go/../../gccgo
version 8.1.0 (genunix Tue May 8 23:44:43 UTC 2018)
=== obj-c++ tests ===
Running target unix
=== obj-c++ Summary ===
# of expected passes 1456
# of expected failures 10
# of unsupported tests 77
/usr/local/build/gcc-8.1.0_rhel7.4_3.10.0-693.17.1.el7.x86_64_x86_64.001/gcc/testsuite/obj-c++/../../xg++
version 8.1.0 (genunix Tue May 8 23:44:43 UTC 2018)
=== objc tests ===
Running target unix
=== objc Summary ===
# of expected passes 2797
# of expected failures 6
# of unsupported tests 68
/usr/local/build/gcc-8.1.0_rhel7.4_3.10.0-693.17.1.el7.x86_64_x86_64.001/gcc/xgcc
version 8.1.0 (genunix Tue May 8 23:44:43 UTC 2018)
=== gotools tests ===
=== gotools Summary ===
# of expected passes 383
# of untested testcases 190
/usr/local/build/gcc-8.1.0_rhel7.4_3.10.0-693.17.1.el7.x86_64_x86_64.001/./gcc/gccgo
version 8.1.0 (genunix Tue May 8 23:44:43 UTC 2018)
=== libatomic tests ===
Running target unix
=== libatomic Summary ===
# of expected passes 54
=== libffi tests ===
Running target unix
=== libffi Summary ===
# of expected passes 2214
=== libgo tests ===
Running target unix
=== libgo Summary for unix ===
# of expected passes 162
Running target unix/-m32
=== libgo Summary for unix/-m32 ===
# of expected passes 162
=== libgo Summary ===
# of expected passes 324
/usr/local/build/gcc-8.1.0_rhel7.4_3.10.0-693.17.1.el7.x86_64_x86_64.001/./gcc/gccgo
version 8.1.0 (genunix Tue May 8 23:44:43 UTC 2018)
=== libgomp tests ===
Running target unix
=== libgomp Summary ===
# of expected passes 5560
# of expected failures 1
# of unsupported tests 302
=== libitm tests ===
Running target unix
=== libitm Summary ===
# of expected passes 42
# of expected failures 3
# of unsupported tests 1
=== libstdc++ tests ===
Running target unix
=== libstdc++ Summary ===
# of expected passes 12768
# of expected failures 71
# of unsupported tests 257
Compiler version: 8.1.0 (genunix Tue May 8 23:44:43 UTC 2018)
Platform: x86_64-pc-linux-gnu
configure flags: --build=x86_64-pc-linux-gnu
--target=x86_64-pc-linux-gnu --host=x86_64-pc-linux-gnu
--prefix=/usr/local/gcc8 --disable-nls --enable-threads=posix
--enable-shared --enable-bootstrap --enable-libstdcxx-debug
--enable-libstdcxx-time=yes --enable-__cxa_atexit --with-system-zlib
--with-long-double-128 --enable-stage1-languages=c,c++
--enable-stage1-checking=misc --with-as=/usr/bin/as
--with-ld=/usr/bin/ld
--enable-languages=ada,c,c++,fortran,go,lto,objc,obj-c++
--with-pkgversion='genunix Tue May 8 23:44:43 UTC 2018'
EOF
Dennis Clarke