This is the mail archive of the
gcc-testresults@gcc.gnu.org
mailing list for the GCC project.
Results for 8.1.1 20180504 [gcc-8-branch revision 259926] (GCC) testsuite on i386-pc-solaris2.11
- From: Rainer Orth <ro at CeBiTec dot Uni-Bielefeld dot DE>
- To: gcc-testresults at gcc dot gnu dot org
- Date: Sat, 5 May 2018 08:47:27 +0200 (CEST)
- Subject: Results for 8.1.1 20180504 [gcc-8-branch revision 259926] (GCC) testsuite on i386-pc-solaris2.11
LAST_UPDATED: Fri May 4 09:56:47 UTC 2018 (revision 259926)
=== acats tests ===
=== acats Summary ===
# of expected passes 2320
# of unexpected failures 0
Native configuration is i386-pc-solaris2.11
=== g++ tests ===
Running target unix
FAIL: g++.dg/gcov/pr16855-priority.C -std=gnu++11 gcov: 1 failures in line counts, 0 in branch percentages, 0 in return percentages, 0 in intermediate format
FAIL: g++.dg/gcov/pr16855-priority.C -std=gnu++11 line 22: is #####:should be 1
FAIL: g++.dg/gcov/pr16855-priority.C -std=gnu++14 gcov: 1 failures in line counts, 0 in branch percentages, 0 in return percentages, 0 in intermediate format
FAIL: g++.dg/gcov/pr16855-priority.C -std=gnu++14 line 22: is #####:should be 1
FAIL: g++.dg/gcov/pr16855-priority.C -std=gnu++98 gcov: 1 failures in line counts, 0 in branch percentages, 0 in return percentages, 0 in intermediate format
FAIL: g++.dg/gcov/pr16855-priority.C -std=gnu++98 line 22: is #####:should be 1
FAIL: g++.dg/gcov/pr16855.C -std=gnu++11 gcov: 1 failures in line counts, 0 in branch percentages, 0 in return percentages, 0 in intermediate format
FAIL: g++.dg/gcov/pr16855.C -std=gnu++11 line 21: is #####:should be 1
FAIL: g++.dg/gcov/pr16855.C -std=gnu++14 gcov: 1 failures in line counts, 0 in branch percentages, 0 in return percentages, 0 in intermediate format
FAIL: g++.dg/gcov/pr16855.C -std=gnu++14 line 21: is #####:should be 1
FAIL: g++.dg/gcov/pr16855.C -std=gnu++98 gcov: 1 failures in line counts, 0 in branch percentages, 0 in return percentages, 0 in intermediate format
FAIL: g++.dg/gcov/pr16855.C -std=gnu++98 line 21: is #####:should be 1
=== g++ Summary for unix ===
# of expected passes 114516
# of unexpected failures 12
# of expected failures 497
# of unsupported tests 4624
Running target unix/-m64
FAIL: g++.dg/pr80481.C -std=gnu++11 scan-assembler-not vmovaps
FAIL: g++.dg/pr80481.C -std=gnu++14 scan-assembler-not vmovaps
FAIL: g++.dg/pr80481.C -std=gnu++98 scan-assembler-not vmovaps
FAIL: g++.dg/gcov/pr16855-priority.C -std=gnu++11 gcov: 1 failures in line counts, 0 in branch percentages, 0 in return percentages, 0 in intermediate format
FAIL: g++.dg/gcov/pr16855-priority.C -std=gnu++11 line 22: is #####:should be 1
FAIL: g++.dg/gcov/pr16855-priority.C -std=gnu++14 gcov: 1 failures in line counts, 0 in branch percentages, 0 in return percentages, 0 in intermediate format
FAIL: g++.dg/gcov/pr16855-priority.C -std=gnu++14 line 22: is #####:should be 1
FAIL: g++.dg/gcov/pr16855-priority.C -std=gnu++98 gcov: 1 failures in line counts, 0 in branch percentages, 0 in return percentages, 0 in intermediate format
FAIL: g++.dg/gcov/pr16855-priority.C -std=gnu++98 line 22: is #####:should be 1
FAIL: g++.dg/gcov/pr16855.C -std=gnu++11 gcov: 1 failures in line counts, 0 in branch percentages, 0 in return percentages, 0 in intermediate format
FAIL: g++.dg/gcov/pr16855.C -std=gnu++11 line 21: is #####:should be 1
FAIL: g++.dg/gcov/pr16855.C -std=gnu++14 gcov: 1 failures in line counts, 0 in branch percentages, 0 in return percentages, 0 in intermediate format
FAIL: g++.dg/gcov/pr16855.C -std=gnu++14 line 21: is #####:should be 1
FAIL: g++.dg/gcov/pr16855.C -std=gnu++98 gcov: 1 failures in line counts, 0 in branch percentages, 0 in return percentages, 0 in intermediate format
FAIL: g++.dg/gcov/pr16855.C -std=gnu++98 line 21: is #####:should be 1
=== g++ Summary for unix/-m64 ===
# of expected passes 116011
# of unexpected failures 15
# of expected failures 500
# of unsupported tests 4816
=== g++ Summary ===
# of expected passes 230527
# of unexpected failures 27
# of expected failures 997
# of unsupported tests 9440
/var/gcc/regression/gcc-8-branch/11.4-gcc-gas/build/gcc/xg++ version 8.1.1 20180504 [gcc-8-branch revision 259926] (GCC)
=== gcc tests ===
Running target unix
=== gcc Summary for unix ===
# of expected passes 121961
# of expected failures 404
# of unsupported tests 2185
Running target unix/-m64
=== gcc Summary for unix/-m64 ===
# of expected passes 123703
# of expected failures 393
# of unsupported tests 2072
=== gcc Summary ===
# of expected passes 245664
# of expected failures 797
# of unsupported tests 4257
/var/gcc/regression/gcc-8-branch/11.4-gcc-gas/build/gcc/xgcc version 8.1.1 20180504 [gcc-8-branch revision 259926] (GCC)
=== gfortran tests ===
Running target unix
=== gfortran Summary for unix ===
# of expected passes 47022
# of expected failures 93
# of unsupported tests 194
Running target unix/-m64
=== gfortran Summary for unix/-m64 ===
# of expected passes 47239
# of expected failures 93
# of unsupported tests 91
=== gfortran Summary ===
# of expected passes 94261
# of expected failures 186
# of unsupported tests 285
/var/gcc/regression/gcc-8-branch/11.4-gcc-gas/build/gcc/gfortran version 8.1.1 20180504 [gcc-8-branch revision 259926] (GCC)
=== gnat tests ===
Running target unix
=== gnat Summary for unix ===
# of expected passes 2696
# of expected failures 23
# of unsupported tests 7
Running target unix/-m64
=== gnat Summary for unix/-m64 ===
# of expected passes 2696
# of expected failures 23
# of unsupported tests 7
=== gnat Summary ===
# of expected passes 5392
# of expected failures 46
# of unsupported tests 14
/var/gcc/regression/gcc-8-branch/11.4-gcc-gas/build/gcc/gnatmake version 8.1.1 20180504 [gcc-8-branch revision 259926]
=== go tests ===
Running target unix
FAIL: ./index0-out.go execution, -O0 -g -fno-var-tracking-assignments
=== go Summary for unix ===
# of expected passes 7396
# of unexpected failures 1
# of expected failures 1
# of untested testcases 10
# of unsupported tests 2
Running target unix/-m64
FAIL: ./index0-out.go execution, -O0 -g -fno-var-tracking-assignments
=== go Summary for unix/-m64 ===
# of expected passes 7277
# of unexpected failures 1
# of expected failures 1
# of untested testcases 10
# of unsupported tests 1
=== go Summary ===
# of expected passes 14673
# of unexpected failures 2
# of expected failures 2
# of untested testcases 20
# of unsupported tests 3
=== obj-c++ tests ===
Running target unix
=== obj-c++ Summary for unix ===
# of expected passes 1464
# of expected failures 2
# of unsupported tests 77
Running target unix/-m64
=== obj-c++ Summary for unix/-m64 ===
# of expected passes 1456
# of expected failures 10
# of unsupported tests 77
=== obj-c++ Summary ===
# of expected passes 2920
# of expected failures 12
# of unsupported tests 154
/var/gcc/regression/gcc-8-branch/11.4-gcc-gas/build/gcc/xg++ version 8.1.1 20180504 [gcc-8-branch revision 259926] (GCC)
=== objc tests ===
Running target unix
=== objc Summary for unix ===
# of expected passes 2797
# of expected failures 6
# of unsupported tests 68
Running target unix/-m64
=== objc Summary for unix/-m64 ===
# of expected passes 2797
# of expected failures 6
# of unsupported tests 68
=== objc Summary ===
# of expected passes 5594
# of expected failures 12
# of unsupported tests 136
/var/gcc/regression/gcc-8-branch/11.4-gcc-gas/build/gcc/xgcc version 8.1.1 20180504 [gcc-8-branch revision 259926] (GCC)
=== gotools tests ===
FAIL: go test cmd/go
FAIL: TestBreakpoint
FAIL: TestCatchPanic
FAIL: TestCgoCCodeSIGPROF
FAIL: TestCgoCallbackGC
FAIL: TestCgoCheckBytes
FAIL: TestCgoCrashHandler
FAIL: TestCgoExecSignalMask
FAIL: TestCgoExternalThreadPanic
FAIL: TestCgoExternalThreadSIGPROF
FAIL: TestCgoExternalThreadSignal
FAIL: TestCgoLockOSThreadExit
FAIL: TestCgoNumGoroutine
FAIL: TestCgoPanicDeadlock
FAIL: TestCgoSignalDeadlock
FAIL: TestCgoTraceback
FAIL: TestCgoTracebackSigpanic
FAIL: TestCrashDumpsAllThreads
FAIL: TestCrashHandler
FAIL: TestEnsureDropM
FAIL: TestGCFairness
FAIL: TestGCFairness2
FAIL: TestGccgoCrashTraceback
FAIL: TestGccgoCrashTracebackNodebug
FAIL: TestGoNil
FAIL: TestGoexitCrash
FAIL: TestGoexitDeadlock
FAIL: TestGoexitInPanic
FAIL: TestInitDeadlock
FAIL: TestLargeStringConcat
FAIL: TestLockOSThreadExit
FAIL: TestLockedDeadlock
FAIL: TestLockedDeadlock2
FAIL: TestMainGoroutineID
FAIL: TestNetpollDeadlock
FAIL: TestNoHelperGoroutines
FAIL: TestNumGoroutine
FAIL: TestPanicAfterGoexit
FAIL: TestPanicDeadlockGosched
FAIL: TestPanicDeadlockSyscall
FAIL: TestPanicLoop
FAIL: TestPanicRace
FAIL: TestPanicTraceback
FAIL: TestRecoveredPanicAfterGoexit
FAIL: TestRecursivePanic
FAIL: TestSelectStackAdjust
FAIL: TestSigStackSwapping
FAIL: TestSignalExitStatus
FAIL: TestSignalIgnoreSIGTRAP
FAIL: TestSimpleDeadlock
FAIL: TestThreadExhaustion
FAIL: go test runtime
FAIL: go test misc/cgo/test
FAIL: go test misc/cgo/testcarchive
FAIL: go test cmd/vet
=== gotools Summary ===
# of expected passes 106
# of unexpected failures 55
# of untested testcases 51
/var/gcc/regression/gcc-8-branch/11.4-gcc-gas/build/./gcc/gccgo version 8.1.1 20180504 [gcc-8-branch revision 259926] (GCC)
=== libatomic tests ===
Running target unix
=== libatomic Summary for unix ===
# of expected passes 44
# of unsupported tests 5
Running target unix/-m64
=== libatomic Summary for unix/-m64 ===
# of expected passes 54
=== libatomic Summary ===
# of expected passes 98
# of unsupported tests 5
=== libffi tests ===
Running target unix
=== libffi Summary for unix ===
# of expected passes 2799
Running target unix/-m64
=== libffi Summary for unix/-m64 ===
# of expected passes 2214
=== libffi Summary ===
# of expected passes 5013
=== libgo tests ===
Running target unix
FAIL: runtime
FAIL: go/build
FAIL: runtime/pprof
=== libgo Summary for unix ===
# of expected passes 160
# of unexpected failures 3
Running target unix/-m64
FAIL: go/build
=== libgo Summary for unix/-m64 ===
# of expected passes 162
# of unexpected failures 1
=== libgo Summary ===
# of expected passes 322
# of unexpected failures 4
/var/gcc/regression/gcc-8-branch/11.4-gcc-gas/build/./gcc/gccgo version 8.1.1 20180504 [gcc-8-branch revision 259926] (GCC)
=== libgomp tests ===
Running target unix
=== libgomp Summary for unix ===
# of expected passes 5580
# of expected failures 1
# of unsupported tests 292
Running target unix/-m64
=== libgomp Summary for unix/-m64 ===
# of expected passes 5580
# of expected failures 1
# of unsupported tests 292
=== libgomp Summary ===
# of expected passes 11160
# of expected failures 2
# of unsupported tests 584
=== libitm tests ===
Running target unix
=== libitm Summary for unix ===
# of expected passes 42
# of expected failures 3
# of unsupported tests 1
Running target unix/-m64
=== libitm Summary for unix/-m64 ===
# of expected passes 42
# of expected failures 3
# of unsupported tests 1
=== libitm Summary ===
# of expected passes 84
# of expected failures 6
# of unsupported tests 2
=== libstdc++ tests ===
Running target unix
FAIL: 27_io/filesystem/operations/space.cc execution test
FAIL: experimental/filesystem/operations/space.cc execution test
=== libstdc++ Summary for unix ===
# of expected passes 11323
# of unexpected failures 2
# of expected failures 72
# of unsupported tests 625
Running target unix/-m64
=== libstdc++ Summary for unix/-m64 ===
# of expected passes 11318
# of expected failures 71
# of unsupported tests 629
=== libstdc++ Summary ===
# of expected passes 22641
# of unexpected failures 2
# of expected failures 143
# of unsupported tests 1254
Compiler version: 8.1.1 20180504 [gcc-8-branch revision 259926] (GCC)
Platform: i386-pc-solaris2.11
configure flags: --prefix=/vol/gcc --target=i386-pc-solaris2.11 --enable-objc-gc --with-target-bdw-gc-include=/vol/gcc/include --with-target-bdw-gc-lib=/vol/gcc/lib,amd64=/vol/gcc/lib/amd64 --enable-libmudflap --with-as=/vol/gcc/bin/gas-2.30 --with-gnu-as --with-gmp-include=/vol/gcc/include --with-gmp-lib=/vol/gcc/lib --with-mpfr-include=/vol/gcc/include --with-mpfr-lib=/vol/gcc/lib --with-mpc-include=/vol/gcc/include --with-mpc-lib=/vol/gcc/lib --enable-languages=all,ada,obj-c++,go --with-isl-include=/vol/gcc/include --with-isl-lib=/vol/gcc/lib --build=i386-pc-solaris2.11 --host=i386-pc-solaris2.11
BOOT_CFLAGS=-g -O2