This is the mail archive of the
gcc-testresults@gcc.gnu.org
mailing list for the GCC project.
Results for 8.0.1 20180122 (experimental) [trunk revision 256939] (GCC) testsuite on ia64-suse-linux-gnu
- From: Andreas Schwab <schwab at linux-m68k dot org>
- To: gcc-testresults at gcc dot gnu dot org
- Date: Mon, 22 Jan 2018 08:20:30 +0100
- Subject: Results for 8.0.1 20180122 (experimental) [trunk revision 256939] (GCC) testsuite on ia64-suse-linux-gnu
- Authentication-results: sourceware.org; auth=none
=== acats tests ===
=== acats Summary ===
# of expected passes 2320
# of unexpected failures 0
Native configuration is ia64-suse-linux-gnu
=== g++ tests ===
Running target unix
FAIL: c-c++-common/Wattributes.c -std=gnu++11 (test for warnings, line 404)
FAIL: c-c++-common/Wattributes.c -std=gnu++11 (test for excess errors)
FAIL: c-c++-common/Wattributes.c -std=gnu++14 (test for warnings, line 404)
FAIL: c-c++-common/Wattributes.c -std=gnu++14 (test for excess errors)
FAIL: c-c++-common/Wattributes.c -std=gnu++98 (test for warnings, line 404)
FAIL: c-c++-common/Wattributes.c -std=gnu++98 (test for excess errors)
FAIL: c-c++-common/patchable_function_entry-decl.c -std=gnu++11 scan-assembler-times nop 2 (found 5 times)
FAIL: c-c++-common/patchable_function_entry-decl.c -std=gnu++14 scan-assembler-times nop 2 (found 5 times)
FAIL: c-c++-common/patchable_function_entry-decl.c -std=gnu++98 scan-assembler-times nop 2 (found 5 times)
FAIL: c-c++-common/patchable_function_entry-default.c -std=gnu++11 scan-assembler-times nop 3 (found 6 times)
FAIL: c-c++-common/patchable_function_entry-default.c -std=gnu++14 scan-assembler-times nop 3 (found 6 times)
FAIL: c-c++-common/patchable_function_entry-default.c -std=gnu++98 scan-assembler-times nop 3 (found 6 times)
FAIL: c-c++-common/patchable_function_entry-definition.c -std=gnu++11 scan-assembler-times nop 1 (found 4 times)
FAIL: c-c++-common/patchable_function_entry-definition.c -std=gnu++14 scan-assembler-times nop 1 (found 4 times)
FAIL: c-c++-common/patchable_function_entry-definition.c -std=gnu++98 scan-assembler-times nop 1 (found 4 times)
FAIL: g++.dg/inherit/covariant7.C -std=gnu++11 scan-lang-dump class "168 .*c6::_ZTv0_n32_NV2c62f2Ev"
FAIL: g++.dg/inherit/covariant7.C -std=gnu++11 scan-lang-dump class "48 .*c6::_ZTcv0_n32_v0_n24_NV2c62f2Ev"
FAIL: g++.dg/inherit/covariant7.C -std=gnu++11 scan-lang-dump class "56 .*c6::f2"
FAIL: g++.dg/inherit/covariant7.C -std=gnu++14 scan-lang-dump class "168 .*c6::_ZTv0_n32_NV2c62f2Ev"
FAIL: g++.dg/inherit/covariant7.C -std=gnu++14 scan-lang-dump class "48 .*c6::_ZTcv0_n32_v0_n24_NV2c62f2Ev"
FAIL: g++.dg/inherit/covariant7.C -std=gnu++14 scan-lang-dump class "56 .*c6::f2"
FAIL: g++.dg/inherit/covariant7.C -std=gnu++98 scan-lang-dump class "168 .*c6::_ZTv0_n32_NV2c62f2Ev"
FAIL: g++.dg/inherit/covariant7.C -std=gnu++98 scan-lang-dump class "48 .*c6::_ZTcv0_n32_v0_n24_NV2c62f2Ev"
FAIL: g++.dg/inherit/covariant7.C -std=gnu++98 scan-lang-dump class "56 .*c6::f2"
FAIL: g++.dg/ipa/pr60600.C -std=gnu++11 scan-ipa-dump cp "Type inconsistent devirtualization"
FAIL: g++.dg/ipa/pr60600.C -std=gnu++14 scan-ipa-dump cp "Type inconsistent devirtualization"
FAIL: g++.dg/ipa/pr60600.C -std=gnu++98 scan-ipa-dump cp "Type inconsistent devirtualization"
FAIL: g++.dg/tree-ssa/pr45605.C -std=gnu++11 scan-tree-dump-times fre1 "D::Run \\\\(" 3 (found 2 times)
FAIL: g++.dg/tree-ssa/pr45605.C -std=gnu++14 scan-tree-dump-times fre1 "D::Run \\\\(" 3 (found 2 times)
FAIL: g++.dg/tree-ssa/pr45605.C -std=gnu++98 scan-tree-dump-times fre1 "D::Run \\\\(" 3 (found 2 times)
FAIL: g++.dg/guality/pr55541.C -O3 -g line 11 vari == 15
FAIL: g++.dg/guality/pr67192.C -O1 line 27 cnt == 5
FAIL: g++.dg/guality/pr67192.C -O1 line 39 cnt == 10
FAIL: g++.dg/guality/pr67192.C -O1 line 48 cnt == 15
FAIL: g++.dg/guality/pr67192.C -O1 line 54 cnt == 15
FAIL: g++.dg/guality/pr67192.C -O1 line 59 cnt == 20
FAIL: g++.dg/guality/pr67192.C -O2 line 27 cnt == 5
FAIL: g++.dg/guality/pr67192.C -O2 line 39 cnt == 10
FAIL: g++.dg/guality/pr67192.C -O2 line 48 cnt == 15
FAIL: g++.dg/guality/pr67192.C -O2 line 54 cnt == 15
FAIL: g++.dg/guality/pr67192.C -O2 line 59 cnt == 20
FAIL: g++.dg/guality/pr67192.C -O2 -flto -fno-use-linker-plugin -flto-partition=none line 27 cnt == 5
FAIL: g++.dg/guality/pr67192.C -O2 -flto -fno-use-linker-plugin -flto-partition=none line 39 cnt == 10
FAIL: g++.dg/guality/pr67192.C -O2 -flto -fno-use-linker-plugin -flto-partition=none line 48 cnt == 15
FAIL: g++.dg/guality/pr67192.C -O2 -flto -fno-use-linker-plugin -flto-partition=none line 54 cnt == 15
FAIL: g++.dg/guality/pr67192.C -O2 -flto -fno-use-linker-plugin -flto-partition=none line 59 cnt == 20
FAIL: g++.dg/guality/pr67192.C -O2 -flto -fuse-linker-plugin -fno-fat-lto-objects line 27 cnt == 5
FAIL: g++.dg/guality/pr67192.C -O2 -flto -fuse-linker-plugin -fno-fat-lto-objects line 39 cnt == 10
FAIL: g++.dg/guality/pr67192.C -O2 -flto -fuse-linker-plugin -fno-fat-lto-objects line 48 cnt == 15
FAIL: g++.dg/guality/pr67192.C -O2 -flto -fuse-linker-plugin -fno-fat-lto-objects line 54 cnt == 15
FAIL: g++.dg/guality/pr67192.C -O2 -flto -fuse-linker-plugin -fno-fat-lto-objects line 59 cnt == 20
FAIL: g++.dg/guality/pr67192.C -Os line 27 cnt == 5
FAIL: g++.dg/guality/pr67192.C -Os line 39 cnt == 10
FAIL: g++.dg/guality/pr67192.C -Os line 48 cnt == 15
FAIL: g++.dg/guality/pr67192.C -Os line 59 cnt == 20
FAIL: g++.dg/guality/redeclaration1.C -O1 line 17 i == 24
FAIL: g++.dg/guality/redeclaration1.C -Os line 17 i == 24
FAIL: g++.dg/lto/pr83121 (test for LTO warnings, pr83121_0.C line 8)
FAIL: g++.dg/lto/pr83121 (test for LTO warnings, pr83121_1.C line 2)
FAIL: g++.dg/lto/pr83121 (test for LTO warnings, pr83121_1.C line 3)
FAIL: g++.dg/lto/pr83121 cp_lto_pr83121_0.o-cp_lto_pr83121_1.o link, -O0 -flto
FAIL: g++.dg/tls/thread_local-order2.C -std=c++11 execution test
FAIL: g++.dg/tls/thread_local-order2.C -std=c++14 execution test
FAIL: g++.dg/torture/pr67600.C -O2 -flto -fno-use-linker-plugin -flto-partition=none execution test
FAIL: g++.dg/torture/pr67600.C -O2 -flto -fuse-linker-plugin -fno-fat-lto-objects execution test
FAIL: g++.dg/tree-prof/pr35545.C scan-tree-dump-not optimized "OBJ_TYPE_REF"
=== g++ Summary ===
# of expected passes 110829
# of unexpected failures 66
# of expected failures 488
# of unsupported tests 4795
/usr/local/gcc/gcc-20180122/Build/gcc/xg++ version 8.0.1 20180122 (experimental) [trunk revision 256939] (GCC)
=== gnat tests ===
Running target unix
=== gnat Summary ===
# of expected passes 2661
# of expected failures 24
# of unsupported tests 19
/usr/local/gcc/gcc-20180122/Build/gcc/gnatmake version 8.0.1 20180122 (experimental) [trunk revision 256939]
=== obj-c++ tests ===
Running target unix
=== obj-c++ Summary ===
# of expected passes 1456
# of expected failures 10
# of unsupported tests 77
/usr/local/gcc/gcc-20180122/Build/gcc/xg++ version 8.0.1 20180122 (experimental) [trunk revision 256939] (GCC)
=== objc tests ===
Running target unix
=== objc Summary ===
# of expected passes 2801
# of unsupported tests 69
/usr/local/gcc/gcc-20180122/Build/gcc/xgcc version 8.0.1 20180122 (experimental) [trunk revision 256939] (GCC)
=== gotools tests ===
FAIL: go test cmd/go
FAIL: go test runtime
FAIL: go test misc/cgo/test
FAIL: go test misc/cgo/testcarchive
FAIL: go test cmd/vet
=== gotools Summary ===
# of expected passes 4
# of unexpected failures 5
/usr/local/gcc/gcc-20180122/Build/./gcc/gccgo version 8.0.1 20180122 (experimental) [trunk revision 256939] (GCC)
=== libatomic tests ===
Running target unix
=== libatomic Summary ===
# of expected passes 54
=== libffi tests ===
Running target unix
FAIL: libffi.call/cls_double_va.c -W -Wall -Wno-psabi -O0 output pattern test
FAIL: libffi.call/cls_double_va.c -W -Wall -Wno-psabi -O2 output pattern test
FAIL: libffi.call/cls_double_va.c -W -Wall -Wno-psabi -O3 output pattern test
FAIL: libffi.call/cls_double_va.c -W -Wall -Wno-psabi -Os output pattern test
FAIL: libffi.call/cls_double_va.c -W -Wall -Wno-psabi -O2 -fomit-frame-pointer output pattern test
FAIL: libffi.call/cls_longdouble_va.c -W -Wall -Wno-psabi -O0 output pattern test
FAIL: libffi.call/cls_longdouble_va.c -W -Wall -Wno-psabi -O2 output pattern test
FAIL: libffi.call/cls_longdouble_va.c -W -Wall -Wno-psabi -O3 output pattern test
FAIL: libffi.call/cls_longdouble_va.c -W -Wall -Wno-psabi -Os output pattern test
FAIL: libffi.call/cls_longdouble_va.c -W -Wall -Wno-psabi -O2 -fomit-frame-pointer output pattern test
=== libffi Summary ===
# of expected passes 1904
# of unexpected failures 10
# of unsupported tests 30
=== libgo tests ===
Running target unix
FAIL: bufio
FAIL: bytes
FAIL: context
FAIL: fmt
FAIL: image
FAIL: io
FAIL: net
FAIL: os
FAIL: reflect
FAIL: regexp
FAIL: runtime
FAIL: strconv
FAIL: strings
FAIL: sync
FAIL: syscall
FAIL: time
FAIL: archive/tar
FAIL: archive/zip
FAIL: cmd/go/internal/cache
FAIL: crypto/x509
FAIL: encoding/asn1
FAIL: encoding/base32
FAIL: encoding/binary
FAIL: encoding/csv
FAIL: golang_org/x/crypto/chacha20poly1305
=== libgo Summary ===
# of expected passes 16
# of unexpected failures 25
/usr/local/gcc/gcc-20180122/Build/./gcc/gccgo version 8.0.1 20180122 (experimental) [trunk revision 256939] (GCC)
=== libgomp tests ===
Running target unix
WARNING: program timed out
FAIL: libgomp.c/for-5.c (test for excess errors)
UNRESOLVED: libgomp.c/for-5.c compilation failed to produce executable
WARNING: program timed out
FAIL: libgomp.c++/for-13.C (test for excess errors)
UNRESOLVED: libgomp.c++/for-13.C compilation failed to produce executable
FAIL: libgomp.fortran/sharing1.f90 -O0 (test for excess errors)
UNRESOLVED: libgomp.fortran/sharing1.f90 -O0 compilation failed to produce executable
FAIL: libgomp.fortran/simd2.f90 -O1 (test for excess errors)
UNRESOLVED: libgomp.fortran/simd2.f90 -O1 compilation failed to produce executable
FAIL: libgomp.fortran/simd2.f90 -O2 (test for excess errors)
UNRESOLVED: libgomp.fortran/simd2.f90 -O2 compilation failed to produce executable
FAIL: libgomp.fortran/simd3.f90 -O0 (test for excess errors)
UNRESOLVED: libgomp.fortran/simd3.f90 -O0 compilation failed to produce executable
FAIL: libgomp.fortran/simd3.f90 -O1 (test for excess errors)
UNRESOLVED: libgomp.fortran/simd3.f90 -O1 compilation failed to produce executable
FAIL: libgomp.fortran/simd3.f90 -O2 (test for excess errors)
UNRESOLVED: libgomp.fortran/simd3.f90 -O2 compilation failed to produce executable
FAIL: libgomp.fortran/simd3.f90 -O3 -fomit-frame-pointer -funroll-loops -fpeel-loops -ftracer -finline-functions (test for excess errors)
UNRESOLVED: libgomp.fortran/simd3.f90 -O3 -fomit-frame-pointer -funroll-loops -fpeel-loops -ftracer -finline-functions compilation failed to produce executable
FAIL: libgomp.fortran/simd3.f90 -O3 -g (test for excess errors)
UNRESOLVED: libgomp.fortran/simd3.f90 -O3 -g compilation failed to produce executable
FAIL: libgomp.fortran/simd3.f90 -Os (test for excess errors)
UNRESOLVED: libgomp.fortran/simd3.f90 -Os compilation failed to produce executable
FAIL: libgomp.fortran/simd7.f90 -O3 -fomit-frame-pointer -funroll-loops -fpeel-loops -ftracer -finline-functions (test for excess errors)
UNRESOLVED: libgomp.fortran/simd7.f90 -O3 -fomit-frame-pointer -funroll-loops -fpeel-loops -ftracer -finline-functions compilation failed to produce executable
FAIL: libgomp.fortran/simd7.f90 -O3 -g (test for excess errors)
UNRESOLVED: libgomp.fortran/simd7.f90 -O3 -g compilation failed to produce executable
FAIL: libgomp.fortran/simd7.f90 -Os (test for excess errors)
UNRESOLVED: libgomp.fortran/simd7.f90 -Os compilation failed to produce executable
FAIL: libgomp.fortran/stack.f90 -O0 (test for excess errors)
UNRESOLVED: libgomp.fortran/stack.f90 -O0 compilation failed to produce executable
FAIL: libgomp.fortran/stack.f90 -O1 (test for excess errors)
UNRESOLVED: libgomp.fortran/stack.f90 -O1 compilation failed to produce executable
FAIL: libgomp.fortran/stack.f90 -O2 (test for excess errors)
UNRESOLVED: libgomp.fortran/stack.f90 -O2 compilation failed to produce executable
FAIL: libgomp.fortran/stack.f90 -O3 -fomit-frame-pointer -funroll-loops -fpeel-loops -ftracer -finline-functions (test for excess errors)
UNRESOLVED: libgomp.fortran/stack.f90 -O3 -fomit-frame-pointer -funroll-loops -fpeel-loops -ftracer -finline-functions compilation failed to produce executable
FAIL: libgomp.fortran/stack.f90 -O3 -g (test for excess errors)
UNRESOLVED: libgomp.fortran/stack.f90 -O3 -g compilation failed to produce executable
FAIL: libgomp.fortran/stack.f90 -Os (test for excess errors)
UNRESOLVED: libgomp.fortran/stack.f90 -Os compilation failed to produce executable
FAIL: libgomp.fortran/strassen.f90 -O (test for excess errors)
UNRESOLVED: libgomp.fortran/strassen.f90 -O compilation failed to produce executable
FAIL: libgomp.fortran/tabs1.f90 -O (test for excess errors)
UNRESOLVED: libgomp.fortran/tabs1.f90 -O compilation failed to produce executable
FAIL: libgomp.fortran/tabs2.f -O (test for excess errors)
UNRESOLVED: libgomp.fortran/tabs2.f -O compilation failed to produce executable
FAIL: libgomp.fortran/target1.f90 -O0 (test for excess errors)
UNRESOLVED: libgomp.fortran/target1.f90 -O0 compilation failed to produce executable
FAIL: libgomp.fortran/target1.f90 -O1 (test for excess errors)
UNRESOLVED: libgomp.fortran/target1.f90 -O1 compilation failed to produce executable
FAIL: libgomp.fortran/target1.f90 -O2 (test for excess errors)
=== libstdc++ tests ===
Running target unix
FAIL: libstdc++-prettyprinters/48362.cc
FAIL: libstdc++-prettyprinters/48362.cc
FAIL: libstdc++-prettyprinters/59161.cc
FAIL: libstdc++-prettyprinters/59161.cc
FAIL: libstdc++-prettyprinters/80276.cc
FAIL: libstdc++-prettyprinters/80276.cc
FAIL: libstdc++-prettyprinters/cxx11.cc
FAIL: libstdc++-prettyprinters/cxx11.cc
FAIL: libstdc++-prettyprinters/cxx17.cc
FAIL: libstdc++-prettyprinters/cxx17.cc
FAIL: libstdc++-prettyprinters/debug.cc
FAIL: libstdc++-prettyprinters/debug.cc
FAIL: libstdc++-prettyprinters/debug_cxx11.cc
FAIL: libstdc++-prettyprinters/debug_cxx11.cc
FAIL: libstdc++-prettyprinters/libfundts.cc
FAIL: libstdc++-prettyprinters/libfundts.cc
FAIL: libstdc++-prettyprinters/shared_ptr.cc
FAIL: libstdc++-prettyprinters/shared_ptr.cc
FAIL: libstdc++-prettyprinters/simple.cc
FAIL: libstdc++-prettyprinters/simple.cc
FAIL: libstdc++-prettyprinters/simple11.cc
FAIL: libstdc++-prettyprinters/simple11.cc
FAIL: libstdc++-prettyprinters/tr1.cc
FAIL: libstdc++-prettyprinters/tr1.cc
FAIL: libstdc++-prettyprinters/whatis.cc
FAIL: libstdc++-prettyprinters/whatis.cc
FAIL: libstdc++-prettyprinters/whatis2.cc
FAIL: libstdc++-prettyprinters/whatis2.cc
FAIL: libstdc++-xmethods/array.cc
FAIL: libstdc++-xmethods/associative-containers.cc
FAIL: libstdc++-xmethods/deque.cc
FAIL: libstdc++-xmethods/forwardlist.cc
FAIL: libstdc++-xmethods/list.cc
FAIL: libstdc++-xmethods/shared_ptr.cc
FAIL: libstdc++-xmethods/unique_ptr.cc
FAIL: libstdc++-xmethods/vector.cc
=== libstdc++ Summary ===
# of expected passes 12030
# of unexpected failures 36
# of expected failures 71
# of unsupported tests 279
Compiler version: 8.0.1 20180122 (experimental) [trunk revision 256939] (GCC)
Platform: ia64-suse-linux-gnu
configure flags:Test Run By nobody on Mon Jan 22 05:51:54 CET 2018