This is the mail archive of the
gcc-testresults@gcc.gnu.org
mailing list for the GCC project.
Results for 8.0.0 20171225 (experimental) [trunk revision 255997] (GCC) testsuite on hppa64-hp-hpux11.11
- From: John David Anglin <dave at hiauly3 dot hia dot nrc dot ca>
- To: dave at hiauly3 dot hia dot nrc dot ca, gcc-testresults at gcc dot gnu dot org
- Date: Sun, 14 Jan 2018 10:33:27 -0500 (EST)
- Subject: Results for 8.0.0 20171225 (experimental) [trunk revision 255997] (GCC) testsuite on hppa64-hp-hpux11.11
- Authentication-results: sourceware.org; auth=none
Native configuration is hppa64-hp-hpux11.11
=== g++ tests ===
Running target unix
FAIL: g++.dg/ipa/devirt-22.C -std=gnu++98 scan-ipa-dump-times cp "Discovered a virtual call to a known target" 1 (found 2 times)
FAIL: g++.dg/ipa/devirt-22.C -std=gnu++11 scan-ipa-dump-times cp "Discovered a virtual call to a known target" 1 (found 2 times)
FAIL: g++.dg/ipa/devirt-22.C -std=gnu++14 scan-ipa-dump-times cp "Discovered a virtual call to a known target" 1 (found 2 times)
FAIL: c-c++-common/Warray-bounds-4.c -std=gnu++98 (test for warnings, line 67)
FAIL: c-c++-common/Warray-bounds-4.c -std=gnu++11 (test for warnings, line 67)
FAIL: c-c++-common/Warray-bounds-4.c -std=gnu++14 (test for warnings, line 67)
FAIL: c-c++-common/Wattributes.c -std=gnu++98 (test for warnings, line 404)
FAIL: c-c++-common/Wattributes.c -std=gnu++98 (test for excess errors)
FAIL: c-c++-common/Wattributes.c -std=gnu++11 (test for warnings, line 404)
FAIL: c-c++-common/Wattributes.c -std=gnu++11 (test for excess errors)
FAIL: c-c++-common/Wattributes.c -std=gnu++14 (test for warnings, line 404)
FAIL: c-c++-common/Wattributes.c -std=gnu++14 (test for excess errors)
FAIL: c-c++-common/Wrestrict.c -std=gnu++98 (test for excess errors)
FAIL: c-c++-common/Wrestrict.c -std=gnu++11 (test for excess errors)
FAIL: c-c++-common/Wrestrict.c -std=gnu++14 (test for excess errors)
WARNING: program timed out.
=== g++ Summary ===
# of expected passes 107025
# of unexpected failures 15
# of expected failures 481
# of unsupported tests 5117
/test/gnu/gcc/objdir/gcc/testsuite/g++/../../xg++ version 8.0.0 20171225 (experimental) [trunk revision 255997] (GCC)
=== gcc tests ===
Running target unix
FAIL: gcc.dg/atomic/c11-atomic-exec-5.c -O0 execution test
FAIL: gcc.dg/atomic/c11-atomic-exec-5.c -O1 execution test
FAIL: gcc.dg/atomic/c11-atomic-exec-5.c -O2 execution test
FAIL: gcc.dg/atomic/c11-atomic-exec-5.c -O3 -fomit-frame-pointer -funroll-loops -fpeel-loops -ftracer -finline-functions execution test
FAIL: gcc.dg/atomic/c11-atomic-exec-5.c -O3 -g execution test
FAIL: gcc.dg/atomic/c11-atomic-exec-5.c -Os execution test
FAIL: gcc.dg/atomic/c11-atomic-exec-5.c -O2 -flto -flto-partition=none execution test
FAIL: gcc.dg/atomic/c11-atomic-exec-5.c -O2 -flto execution test
FAIL: gcc.dg/compat/pr83487-2 c_compat_y_tst.o compile
FAIL: gcc.dg/Wattributes-6.c (test for warnings, line 404)
FAIL: gcc.dg/Wattributes-6.c (test for excess errors)
XPASS: gcc.dg/sibcall-3.c execution test
XPASS: gcc.dg/sibcall-4.c execution test
FAIL: gcc.dg/visibility-22.c (test for excess errors)
FAIL: gcc.dg/visibility-22.c execution test
FAIL: c-c++-common/Warray-bounds-4.c -Wc++-compat (test for warnings, line 67)
FAIL: c-c++-common/Wattributes.c -Wc++-compat (test for warnings, line 404)
FAIL: c-c++-common/Wattributes.c -Wc++-compat (test for excess errors)
FAIL: c-c++-common/Wrestrict.c -Wc++-compat (test for excess errors)
FAIL: gcc.dg/graphite/scop-19.c scan-tree-dump-times graphite "number of SCoPs: 0" 1 (found 2 times)
WARNING: program timed out.
FAIL: gcc.dg/ipa/inline-1.c scan-ipa-dump inline "op2 change 9.990000. of time"
FAIL: gcc.dg/ipa/inline-1.c scan-ipa-dump inline "op3 change 9.990000. of time"
FAIL: gcc.dg/ipa/inline-1.c scan-ipa-dump inline "op4 change 9.990000. of time"
FAIL: gcc.dg/ipa/inline-1.c scan-ipa-dump inline "op5 change 9.990000. of time"
FAIL: gcc.dg/lto/pr64415 c_lto_pr64415_0.o-c_lto_pr64415_1.o link, -O -flto -fpic
UNRESOLVED: gcc.dg/lto/pr64415 c_lto_pr64415_0.o-c_lto_pr64415_1.o execute -O -flto -fpic
WARNING: program timed out.
FAIL: gcc.dg/plugin/poly-int-07_plugin.c compilation
FAIL: gcc.dg/plugin/must-tail-call-1.c -fplugin=./must_tail_call_plugin.so (test for excess errors)
XPASS: gcc.dg/torture/pr47917.c -O1 execution test
XPASS: gcc.dg/torture/pr47917.c -O2 execution test
XPASS: gcc.dg/torture/pr47917.c -O3 -g execution test
XPASS: gcc.dg/torture/pr47917.c -Os execution test
XPASS: gcc.dg/torture/pr47917.c -O2 -flto -flto-partition=none execution test
XPASS: gcc.dg/torture/pr47917.c -O2 -flto execution test
FAIL: gcc.dg/torture/pr52451.c -O0 execution test
FAIL: gcc.dg/torture/pr52451.c -O1 execution test
FAIL: gcc.dg/torture/pr52451.c -O2 execution test
FAIL: gcc.dg/torture/pr52451.c -O3 -g execution test
FAIL: gcc.dg/torture/pr52451.c -Os execution test
FAIL: gcc.dg/torture/pr52451.c -O2 -flto -flto-partition=none execution test
FAIL: gcc.dg/torture/pr52451.c -O2 -flto execution test
FAIL: gcc.dg/tree-ssa/builtin-sprintf.c execution test
FAIL: gcc.dg/tree-ssa/sra-17.c scan-tree-dump-times esra "Removing load: a = \\\\*.?L.?C.?.?.?0;" 1 (found 0 times)
FAIL: gcc.dg/tree-ssa/sra-17.c scan-tree-dump-times esra "SR\\\\.[0-9_]+ = \\\\*.?L.?C.?.?.?0\\\\[" 4 (found 0 times)
FAIL: gcc.dg/tree-ssa/sra-18.c scan-tree-dump-times esra "Removing load: a = \\\\*.?L.?C.?.?.?0;" 1 (found 0 times)
FAIL: gcc.dg/tree-ssa/sra-18.c scan-tree-dump-times esra "SR\\\\.[0-9_]+ = \\\\*.?L.?C.?.?.?0\\\\.b\\\\[0\\\\]\\\\.f\\\\[0\\\\]\\\\.x" 1 (found 0 times)
FAIL: gcc.dg/tree-ssa/sra-18.c scan-tree-dump-times esra "SR\\\\.[0-9_]+ = \\\\*.?L.?C.?.?.?0\\\\.b\\\\[0\\\\]\\\\.f\\\\[1\\\\]\\\\.x" 1 (found 0 times)
FAIL: gcc.dg/tree-ssa/sra-18.c scan-tree-dump-times esra "SR\\\\.[0-9_]+ = \\\\*.?L.?C.?.?.?0\\\\.b\\\\[1\\\\]\\\\.f\\\\[0\\\\]\\\\.x" 1 (found 0 times)
FAIL: gcc.dg/tree-ssa/sra-18.c scan-tree-dump-times esra "SR\\\\.[0-9_]+ = \\\\*.?L.?C.?.?.?0\\\\.b\\\\[1\\\\]\\\\.f\\\\[1\\\\]\\\\.x" 1 (found 0 times)
FAIL: gcc.target/hppa/shadd-3.c scan-assembler-times sh.add 5 (found 4 times)
=== gcc Summary ===
# of expected passes 94912
# of unexpected failures 41
# of unexpected successes 8
# of expected failures 285
# of unresolved testcases 1
# of unsupported tests 2380
/test/gnu/gcc/objdir/gcc/xgcc version 8.0.0 20171225 (experimental) [trunk revision 255997] (GCC)
=== gfortran tests ===
Running target unix
FAIL: gfortran.dg/elemental_subroutine_3.f90 -O1 (test for excess errors)
FAIL: gfortran.dg/elemental_subroutine_3.f90 -O2 (test for excess errors)
FAIL: gfortran.dg/elemental_subroutine_3.f90 -O3 -fomit-frame-pointer -funroll-loops -fpeel-loops -ftracer -finline-functions (test for excess errors)
FAIL: gfortran.dg/elemental_subroutine_3.f90 -O3 -g (test for excess errors)
FAIL: gfortran.dg/elemental_subroutine_3.f90 -Os (test for excess errors)
FAIL: gfortran.dg/fmt_fw_d.f90 -O0 execution test
FAIL: gfortran.dg/fmt_fw_d.f90 -O1 execution test
FAIL: gfortran.dg/fmt_fw_d.f90 -O2 execution test
FAIL: gfortran.dg/fmt_fw_d.f90 -O3 -fomit-frame-pointer -funroll-loops -fpeel-loops -ftracer -finline-functions execution test
FAIL: gfortran.dg/fmt_fw_d.f90 -O3 -g execution test
FAIL: gfortran.dg/fmt_fw_d.f90 -Os execution test
FAIL: gfortran.dg/matmul_10.f90 -O3 -fomit-frame-pointer -funroll-loops -fpeel-loops -ftracer -finline-functions (internal compiler error)
FAIL: gfortran.dg/matmul_10.f90 -O3 -fomit-frame-pointer -funroll-loops -fpeel-loops -ftracer -finline-functions (test for excess errors)
UNRESOLVED: gfortran.dg/matmul_10.f90 -O3 -fomit-frame-pointer -funroll-loops -fpeel-loops -ftracer -finline-functions compilation failed to produce executable
FAIL: gfortran.dg/matmul_10.f90 -O3 -g (internal compiler error)
FAIL: gfortran.dg/matmul_10.f90 -O3 -g (test for excess errors)
UNRESOLVED: gfortran.dg/matmul_10.f90 -O3 -g compilation failed to produce executable
FAIL: gfortran.dg/matmul_2.f90 -O3 -fomit-frame-pointer -funroll-loops -fpeel-loops -ftracer -finline-functions (internal compiler error)
FAIL: gfortran.dg/matmul_2.f90 -O3 -fomit-frame-pointer -funroll-loops -fpeel-loops -ftracer -finline-functions (test for excess errors)
UNRESOLVED: gfortran.dg/matmul_2.f90 -O3 -fomit-frame-pointer -funroll-loops -fpeel-loops -ftracer -finline-functions compilation failed to produce executable
FAIL: gfortran.dg/matmul_2.f90 -O3 -g (internal compiler error)
FAIL: gfortran.dg/matmul_2.f90 -O3 -g (test for excess errors)
UNRESOLVED: gfortran.dg/matmul_2.f90 -O3 -g compilation failed to produce executable
=== gfortran Summary ===
# of expected passes 44916
# of unexpected failures 19
# of expected failures 109
# of unresolved testcases 4
# of unsupported tests 356
/test/gnu/gcc/objdir/gcc/testsuite/gfortran/../../gfortran version 8.0.0 20171225 (experimental) [trunk revision 255997] (GCC)
=== obj-c++ tests ===
Running target unix
=== obj-c++ Summary ===
# of expected passes 1456
# of expected failures 10
# of unsupported tests 77
/test/gnu/gcc/objdir/gcc/testsuite/obj-c++/../../xg++ version 8.0.0 20171225 (experimental) [trunk revision 255997] (GCC)
=== objc tests ===
Running target unix
=== objc Summary ===
# of expected passes 2801
# of unsupported tests 69
/test/gnu/gcc/objdir/gcc/xgcc version 8.0.0 20171225 (experimental) [trunk revision 255997] (GCC)
=== libatomic tests ===
Running target unix
=== libatomic Summary ===
# of expected passes 44
# of unsupported tests 5
=== libgomp tests ===
Running target unix
FAIL: libgomp.c/pr81687-2.c (test for excess errors)
FAIL: libgomp.graphite/force-parallel-1.c scan-tree-dump-times graphite "2 loops carried no dependency" 1 (found 0 times)
FAIL: libgomp.graphite/force-parallel-1.c scan-tree-dump-times optimized "loopfn" 8 (found 12 times)
=== libgomp Summary ===
# of expected passes 5230
# of unexpected failures 3
# of unsupported tests 362
=== libstdc++ tests ===
Running target unix
FAIL: 20_util/shared_ptr/thread/default_weaktoshared.cc (test for excess errors)
FAIL: 20_util/shared_ptr/thread/default_weaktoshared.cc execution test
FAIL: 20_util/shared_ptr/thread/mutex_weaktoshared.cc (test for excess errors)
FAIL: 20_util/shared_ptr/thread/mutex_weaktoshared.cc execution test
FAIL: 22_locale/num_put/put/char/14220.cc execution test
FAIL: 22_locale/num_put/put/wchar_t/14220.cc execution test
FAIL: 27_io/basic_ostream/inserters_arithmetic/char/4402.cc execution test
FAIL: 27_io/basic_ostream/inserters_arithmetic/wchar_t/4402.cc execution test
FAIL: 30_threads/thread/cons/terminate.cc (test for excess errors)
UNRESOLVED: 30_threads/thread/cons/terminate.cc compilation failed to produce executable
=== libstdc++ Summary ===
# of expected passes 10618
# of unexpected failures 9
# of expected failures 70
# of unresolved testcases 1
# of unsupported tests 920
Compiler version: 8.0.0 20171225 (experimental) [trunk revision 255997] (GCC)
Platform: hppa64-hp-hpux11.11
configure flags:Test Run By dave on Wed Dec 27 07:56:13 2017