This is the mail archive of the
gcc-testresults@gcc.gnu.org
mailing list for the GCC project.
Results for 8.0.0 20180112 (experimental) [trunk revision 256571] (GCC) testsuite on i386-pc-solaris2.11
- From: Rainer Orth <ro at CeBiTec dot Uni-Bielefeld dot DE>
- To: gcc-testresults at gcc dot gnu dot org
- Date: Fri, 12 Jan 2018 20:35:30 +0100 (MET)
- Subject: Results for 8.0.0 20180112 (experimental) [trunk revision 256571] (GCC) testsuite on i386-pc-solaris2.11
- Authentication-results: sourceware.org; auth=none
LAST_UPDATED: Fri Jan 12 10:11:52 UTC 2018 (revision 256571)
=== acats tests ===
=== acats Summary ===
# of expected passes 2320
# of unexpected failures 0
Native configuration is i386-pc-solaris2.11
=== g++ tests ===
Running target unix
FAIL: g++.dg/template/nontype10.C -std=c++11 (test for excess errors)
FAIL: g++.dg/template/nontype10.C -std=c++14 (test for excess errors)
FAIL: g++.dg/template/nontype10.C -std=c++98 (test for excess errors)
FAIL: g++.dg/vect/slp-pr56812.cc -std=c++11 scan-tree-dump-times slp1 "basic block vectorized" 1 (found 0 times)
FAIL: g++.dg/vect/slp-pr56812.cc -std=c++14 scan-tree-dump-times slp1 "basic block vectorized" 1 (found 0 times)
FAIL: g++.dg/vect/slp-pr56812.cc -std=c++98 scan-tree-dump-times slp1 "basic block vectorized" 1 (found 0 times)
=== g++ Summary for unix ===
# of expected passes 111054
# of unexpected failures 6
# of expected failures 484
# of unsupported tests 4325
Running target unix/-m64
FAIL: g++.dg/vect/slp-pr56812.cc -std=c++11 scan-tree-dump-times slp1 "basic block vectorized" 1 (found 0 times)
FAIL: g++.dg/vect/slp-pr56812.cc -std=c++14 scan-tree-dump-times slp1 "basic block vectorized" 1 (found 0 times)
FAIL: g++.dg/vect/slp-pr56812.cc -std=c++98 scan-tree-dump-times slp1 "basic block vectorized" 1 (found 0 times)
=== g++ Summary for unix/-m64 ===
# of expected passes 112579
# of unexpected failures 3
# of expected failures 487
# of unsupported tests 4511
=== g++ Summary ===
# of expected passes 223633
# of unexpected failures 9
# of expected failures 971
# of unsupported tests 8836
/var/gcc/regression/trunk/11-gcc-gas/build/gcc/testsuite/g++/../../xg++ version 8.0.0 20180112 (experimental) [trunk revision 256571] (GCC)
=== gcc tests ===
Running target unix
FAIL: gcc.dg/debug/pr41893-1.c -gdwarf-2 -g3 (test for excess errors)
FAIL: gcc.dg/debug/pr41893-1.c -gdwarf-2 -g3 -O (test for excess errors)
FAIL: gcc.dg/debug/pr41893-1.c -gdwarf-2 -g3 -O3 (test for excess errors)
FAIL: gcc.dg/visibility-22.c execution test
FAIL: gcc.dg/ipa/inline-2.c scan-ipa-dump inline "op2 change 10.000000. of time"
FAIL: gcc.dg/ipa/inline-3.c scan-ipa-dump inline "Scaling time by probability:0.100000"
FAIL: gcc.dg/torture/pr60092.c -O0 execution test
XPASS: gcc.dg/vect/vect-95.c -flto -ffat-lto-objects scan-tree-dump-times vect "Alignment of access forced using peeling" 0
XPASS: gcc.dg/vect/vect-95.c scan-tree-dump-times vect "Alignment of access forced using peeling" 0
=== gcc Summary for unix ===
# of expected passes 119852
# of unexpected failures 7
# of unexpected successes 2
# of expected failures 393
# of unsupported tests 2199
Running target unix/-m64
FAIL: gcc.dg/debug/pr41893-1.c -gdwarf-2 -g3 (test for excess errors)
FAIL: gcc.dg/debug/pr41893-1.c -gdwarf-2 -g3 -O (test for excess errors)
FAIL: gcc.dg/debug/pr41893-1.c -gdwarf-2 -g3 -O3 (test for excess errors)
FAIL: gcc.dg/visibility-22.c execution test
FAIL: gcc.dg/ipa/inline-2.c scan-ipa-dump inline "op2 change 10.000000. of time"
FAIL: gcc.dg/ipa/inline-3.c scan-ipa-dump inline "Scaling time by probability:0.100000"
FAIL: gcc.dg/torture/pr60092.c -O0 execution test
XPASS: gcc.dg/vect/vect-95.c -flto -ffat-lto-objects scan-tree-dump-times vect "Alignment of access forced using peeling" 0
XPASS: gcc.dg/vect/vect-95.c scan-tree-dump-times vect "Alignment of access forced using peeling" 0
FAIL: gcc.target/i386/pr80569.c (test for excess errors)
=== gcc Summary for unix/-m64 ===
# of expected passes 121511
# of unexpected failures 8
# of unexpected successes 2
# of expected failures 388
# of unsupported tests 2143
=== gcc Summary ===
# of expected passes 241363
# of unexpected failures 15
# of unexpected successes 4
# of expected failures 781
# of unsupported tests 4342
/var/gcc/regression/trunk/11-gcc-gas/build/gcc/xgcc version 8.0.0 20180112 (experimental) [trunk revision 256571] (GCC)
=== gfortran tests ===
Running target unix
=== gfortran Summary for unix ===
# of expected passes 46322
# of expected failures 92
# of unsupported tests 193
Running target unix/-m64
=== gfortran Summary for unix/-m64 ===
# of expected passes 46539
# of expected failures 92
# of unsupported tests 90
=== gfortran Summary ===
# of expected passes 92861
# of expected failures 184
# of unsupported tests 283
/var/gcc/regression/trunk/11-gcc-gas/build/gcc/testsuite/gfortran/../../gfortran version 8.0.0 20180112 (experimental) [trunk revision 256571] (GCC)
=== gnat tests ===
Running target unix
=== gnat Summary for unix ===
# of expected passes 2688
# of expected failures 24
# of unsupported tests 7
Running target unix/-m64
=== gnat Summary for unix/-m64 ===
# of expected passes 2688
# of expected failures 24
# of unsupported tests 7
=== gnat Summary ===
# of expected passes 5376
# of expected failures 48
# of unsupported tests 14
/var/gcc/regression/trunk/11-gcc-gas/build/gcc/gnatmake version 8.0.0 20180112 (experimental) [trunk revision 256571]
=== go tests ===
Running target unix
FAIL: ./index0-out.go execution, -O0 -g -fno-var-tracking-assignments
FAIL: go.test/test/fixedbugs/bug273.go execution, -O2 -g
=== go Summary for unix ===
# of expected passes 7363
# of unexpected failures 2
# of expected failures 1
# of untested testcases 10
# of unsupported tests 2
Running target unix/-m64
FAIL: ./index0-out.go execution, -O0 -g -fno-var-tracking-assignments
=== go Summary for unix/-m64 ===
# of expected passes 7245
# of unexpected failures 1
# of expected failures 1
# of untested testcases 10
# of unsupported tests 1
=== go Summary ===
# of expected passes 14608
# of unexpected failures 3
# of expected failures 2
# of untested testcases 20
# of unsupported tests 3
=== obj-c++ tests ===
Running target unix
=== obj-c++ Summary for unix ===
# of expected passes 1464
# of expected failures 2
# of unsupported tests 77
Running target unix/-m64
=== obj-c++ Summary for unix/-m64 ===
# of expected passes 1456
# of expected failures 10
# of unsupported tests 77
=== obj-c++ Summary ===
# of expected passes 2920
# of expected failures 12
# of unsupported tests 154
/var/gcc/regression/trunk/11-gcc-gas/build/gcc/testsuite/obj-c++/../../xg++ version 8.0.0 20180112 (experimental) [trunk revision 256571] (GCC)
=== objc tests ===
Running target unix
=== objc Summary for unix ===
# of expected passes 2797
# of expected failures 6
# of unsupported tests 68
Running target unix/-m64
=== objc Summary for unix/-m64 ===
# of expected passes 2797
# of expected failures 6
# of unsupported tests 68
=== objc Summary ===
# of expected passes 5594
# of expected failures 12
# of unsupported tests 136
/var/gcc/regression/trunk/11-gcc-gas/build/gcc/xgcc version 8.0.0 20180112 (experimental) [trunk revision 256571] (GCC)
=== gotools tests ===
FAIL: go test cmd/go
FAIL: TestCgoCallbackGC
FAIL: TestCgoCrashHandler
FAIL: TestCgoSignalDeadlock
FAIL: TestCrashHandler
FAIL: TestSelectStackAdjust
FAIL: go test runtime
FAIL: TestCompileWithoutShared
FAIL: TestEarlySignalHandler
FAIL: TestInstall
FAIL: TestOsSignal
FAIL: TestPIE
FAIL: TestSIGPROF
FAIL: TestSigaltstack
FAIL: TestSignalForwarding
FAIL: TestSignalForwardingExternal
FAIL: go test misc/cgo/testcarchive
=== gotools Summary ===
# of expected passes 285
# of unexpected failures 17
# of untested testcases 108
/var/gcc/regression/trunk/11-gcc-gas/build/./gcc/gccgo version 8.0.0 20180112 (experimental) [trunk revision 256571] (GCC)
=== libatomic tests ===
Running target unix
=== libatomic Summary for unix ===
# of expected passes 44
# of unsupported tests 5
Running target unix/-m64
=== libatomic Summary for unix/-m64 ===
# of expected passes 54
=== libatomic Summary ===
# of expected passes 98
# of unsupported tests 5
=== libffi tests ===
Running target unix
=== libffi Summary for unix ===
# of expected passes 2799
Running target unix/-m64
=== libffi Summary for unix/-m64 ===
# of expected passes 2214
=== libffi Summary ===
# of expected passes 5013
=== libgo tests ===
Running target unix
FAIL: runtime
FAIL: go/build
=== libgo Summary for unix ===
# of expected passes 161
# of unexpected failures 2
Running target unix/-m64
FAIL: runtime
FAIL: go/build
=== libgo Summary for unix/-m64 ===
# of expected passes 161
# of unexpected failures 2
=== libgo Summary ===
# of expected passes 322
# of unexpected failures 4
/var/gcc/regression/trunk/11-gcc-gas/build/./gcc/gccgo version 8.0.0 20180112 (experimental) [trunk revision 256571] (GCC)
=== libgomp tests ===
Running target unix
FAIL: libgomp.graphite/force-parallel-1.c scan-tree-dump-times graphite "2 loops carried no dependency" 1 (found 0 times)
FAIL: libgomp.graphite/force-parallel-1.c scan-tree-dump-times optimized "loopfn" 8 (found 12 times)
=== libgomp Summary for unix ===
# of expected passes 5351
# of unexpected failures 2
# of unsupported tests 304
Running target unix/-m64
FAIL: libgomp.graphite/force-parallel-1.c scan-tree-dump-times graphite "2 loops carried no dependency" 1 (found 0 times)
FAIL: libgomp.graphite/force-parallel-1.c scan-tree-dump-times optimized "loopfn" 8 (found 12 times)
=== libgomp Summary for unix/-m64 ===
# of expected passes 5351
# of unexpected failures 2
# of unsupported tests 304
=== libgomp Summary ===
# of expected passes 10702
# of unexpected failures 4
# of unsupported tests 608
=== libitm tests ===
Running target unix
=== libitm Summary for unix ===
# of expected passes 42
# of expected failures 3
# of unsupported tests 1
Running target unix/-m64
=== libitm Summary for unix/-m64 ===
# of expected passes 42
# of expected failures 3
# of unsupported tests 1
=== libitm Summary ===
# of expected passes 84
# of expected failures 6
# of unsupported tests 2
=== libstdc++ tests ===
Running target unix
FAIL: experimental/memory_resource/resource_adaptor.cc execution test
=== libstdc++ Summary for unix ===
# of expected passes 11281
# of unexpected failures 1
# of expected failures 71
# of unsupported tests 631
Running target unix/-m64
=== libstdc++ Summary for unix/-m64 ===
# of expected passes 11274
# of expected failures 71
# of unsupported tests 635
=== libstdc++ Summary ===
# of expected passes 22555
# of unexpected failures 1
# of expected failures 142
# of unsupported tests 1266
Compiler version: 8.0.0 20180112 (experimental) [trunk revision 256571] (GCC)
Platform: i386-pc-solaris2.11
configure flags: --prefix=/vol/gcc --target=i386-pc-solaris2.11 --enable-objc-gc --with-target-bdw-gc-include=/vol/gcc/include --with-target-bdw-gc-lib=/vol/gcc/lib,amd64=/vol/gcc/lib/amd64 --enable-libmudflap --with-as=/vol/gcc/bin/gas-2.29 --with-gnu-as --with-gmp-include=/vol/gcc/include --with-gmp-lib=/vol/gcc/lib --with-mpfr-include=/vol/gcc/include --with-mpfr-lib=/vol/gcc/lib --with-mpc-include=/vol/gcc/include --with-mpc-lib=/vol/gcc/lib --enable-languages=all,ada,obj-c++,go --with-isl-include=/vol/gcc/include --with-isl-lib=/vol/gcc/lib --build=i386-pc-solaris2.11 --host=i386-pc-solaris2.11
BOOT_CFLAGS=-g -O2