This is the mail archive of the
gcc-testresults@gcc.gnu.org
mailing list for the GCC project.
Results for 8.0.0 20171028 (experimental) [trunk revision 254193] (GCC) testsuite on x86_64-pc-linux-gnu
- From: hjl@gnu-skl-1.localdomain (H.J. Lu)
- To: gcc-testresults at gcc dot gnu dot org
- Date: Sat, 28 Oct 2017 01:43:55 -0700
- Subject: Results for 8.0.0 20171028 (experimental) [trunk revision 254193] (GCC) testsuite on x86_64-pc-linux-gnu
- Authentication-results: sourceware.org; auth=none
Native configuration is x86_64-pc-linux-gnu
=== gcc tests ===
Running target unix
FAIL: gcc.dg/20050503-1.c scan-assembler-not call
XPASS: gcc.dg/pr78768.c -Wformat-overflow (test for warnings, line 12)
FAIL: gcc.dg/graphite/interchange-3.c scan-tree-dump graphite "tiled"
FAIL: gcc.dg/graphite/interchange-7.c scan-tree-dump graphite "tiled"
FAIL: gcc.dg/graphite/interchange-9.c scan-tree-dump graphite "tiled"
FAIL: gcc.dg/graphite/uns-interchange-9.c scan-tree-dump graphite "tiled"
XPASS: gcc.dg/guality/example.c -O0 execution test
XPASS: gcc.dg/guality/example.c -O1 execution test
XPASS: gcc.dg/guality/example.c -O2 execution test
XPASS: gcc.dg/guality/example.c -O2 -flto -fno-use-linker-plugin -flto-partition=none execution test
XPASS: gcc.dg/guality/guality.c -O0 execution test
XPASS: gcc.dg/guality/guality.c -O1 execution test
XPASS: gcc.dg/guality/guality.c -O2 execution test
XPASS: gcc.dg/guality/guality.c -O2 -flto -fno-use-linker-plugin -flto-partition=none execution test
XPASS: gcc.dg/guality/guality.c -O2 -flto -fuse-linker-plugin -fno-fat-lto-objects execution test
XPASS: gcc.dg/guality/guality.c -O3 -g execution test
XPASS: gcc.dg/guality/guality.c -Os execution test
XPASS: gcc.dg/guality/inline-params-2.c -O2 -flto -fuse-linker-plugin -fno-fat-lto-objects execution test
XPASS: gcc.dg/guality/inline-params.c -O2 execution test
XPASS: gcc.dg/guality/inline-params.c -O2 -flto -fno-use-linker-plugin -flto-partition=none execution test
XPASS: gcc.dg/guality/inline-params.c -O2 -flto -fuse-linker-plugin -fno-fat-lto-objects execution test
XPASS: gcc.dg/guality/inline-params.c -O3 -g execution test
XPASS: gcc.dg/guality/inline-params.c -Os execution test
XPASS: gcc.dg/guality/pr41353-1.c -O0 line 28 j == 28 + 37
XPASS: gcc.dg/guality/pr41353-1.c -O1 line 28 j == 28 + 37
XPASS: gcc.dg/guality/pr41353-1.c -O2 line 28 j == 28 + 37
XPASS: gcc.dg/guality/pr41353-1.c -O2 -flto -fno-use-linker-plugin -flto-partition=none line 28 j == 28 + 37
XPASS: gcc.dg/guality/pr41353-1.c -O2 -flto -fuse-linker-plugin -fno-fat-lto-objects line 28 j == 28 + 37
XPASS: gcc.dg/guality/pr41353-1.c -O3 -g line 28 j == 28 + 37
XPASS: gcc.dg/guality/pr41353-1.c -Os line 28 j == 28 + 37
FAIL: gcc.dg/guality/pr41616-1.c -O2 -flto -fuse-linker-plugin -fno-fat-lto-objects execution test
FAIL: gcc.dg/guality/pr41616-1.c -O3 -g execution test
FAIL: gcc.dg/guality/pr45882.c -O2 -flto -fuse-linker-plugin -fno-fat-lto-objects line 16 d == 112
FAIL: gcc.dg/guality/pr45882.c -O2 -flto -fuse-linker-plugin -fno-fat-lto-objects line 16 e == 142
FAIL: gcc.dg/guality/pr54200.c -Os line 20 z == 3
FAIL: gcc.dg/guality/pr54519-1.c -O2 -flto -fno-use-linker-plugin -flto-partition=none line 20 y == 25
FAIL: gcc.dg/guality/pr54519-1.c -O2 -flto -fno-use-linker-plugin -flto-partition=none line 20 z == 6
FAIL: gcc.dg/guality/pr54519-1.c -O2 -flto -fno-use-linker-plugin -flto-partition=none line 23 y == 117
FAIL: gcc.dg/guality/pr54519-1.c -O2 -flto -fno-use-linker-plugin -flto-partition=none line 23 z == 8
FAIL: gcc.dg/guality/pr54519-2.c -O2 -flto -fno-use-linker-plugin -flto-partition=none line 17 y == 25
FAIL: gcc.dg/guality/pr54519-2.c -O2 -flto -fuse-linker-plugin -fno-fat-lto-objects line 17 y == 25
FAIL: gcc.dg/guality/pr54519-3.c -O2 -flto -fno-use-linker-plugin -flto-partition=none line 20 y == 25
FAIL: gcc.dg/guality/pr54519-3.c -O2 -flto -fno-use-linker-plugin -flto-partition=none line 20 z == 6
FAIL: gcc.dg/guality/pr54519-3.c -O2 -flto -fno-use-linker-plugin -flto-partition=none line 23 y == 117
FAIL: gcc.dg/guality/pr54519-3.c -O2 -flto -fno-use-linker-plugin -flto-partition=none line 23 z == 8
FAIL: gcc.dg/guality/pr54519-3.c -O2 -flto -fuse-linker-plugin -fno-fat-lto-objects line 20 y == 25
FAIL: gcc.dg/guality/pr54519-3.c -O2 -flto -fuse-linker-plugin -fno-fat-lto-objects line 20 z == 6
FAIL: gcc.dg/guality/pr54519-3.c -O2 -flto -fuse-linker-plugin -fno-fat-lto-objects line 23 y == 117
FAIL: gcc.dg/guality/pr54519-3.c -O2 -flto -fuse-linker-plugin -fno-fat-lto-objects line 23 z == 8
FAIL: gcc.dg/guality/pr54519-4.c -O2 -flto -fno-use-linker-plugin -flto-partition=none line 17 y == 25
FAIL: gcc.dg/guality/pr54519-4.c -O2 -flto -fuse-linker-plugin -fno-fat-lto-objects line 17 y == 25
FAIL: gcc.dg/guality/pr54519-5.c -O2 -flto -fno-use-linker-plugin -flto-partition=none line 17 y == 25
FAIL: gcc.dg/guality/pr54519-5.c -O2 -flto -fuse-linker-plugin -fno-fat-lto-objects line 17 y == 25
FAIL: gcc.dg/guality/pr68037-1.c -O2 -flto -fuse-linker-plugin -fno-fat-lto-objects line 33 error == 0x12345670
FAIL: gcc.dg/guality/pr68037-1.c -O2 -flto -fuse-linker-plugin -fno-fat-lto-objects line 33 frame->cs == 0x12345672
FAIL: gcc.dg/guality/pr68037-1.c -O2 -flto -fuse-linker-plugin -fno-fat-lto-objects line 33 frame->flags == 0x12345673
FAIL: gcc.dg/guality/pr68037-1.c -O2 -flto -fuse-linker-plugin -fno-fat-lto-objects line 33 frame->ip == 0x12345671
FAIL: gcc.dg/guality/pr68037-1.c -O2 -flto -fuse-linker-plugin -fno-fat-lto-objects line 33 frame->sp == 0x12345674
FAIL: gcc.dg/guality/pr68037-1.c -O2 -flto -fuse-linker-plugin -fno-fat-lto-objects line 33 frame->ss == 0x12345675
FAIL: gcc.dg/guality/pr68860-1.c -O2 -flto -fno-use-linker-plugin -flto-partition=none line 14 arg1 == 1
FAIL: gcc.dg/guality/pr68860-1.c -O2 -flto -fno-use-linker-plugin -flto-partition=none line 14 arg2 == 2
FAIL: gcc.dg/guality/pr68860-1.c -O2 -flto -fno-use-linker-plugin -flto-partition=none line 14 arg3 == 3
FAIL: gcc.dg/guality/pr68860-1.c -O2 -flto -fno-use-linker-plugin -flto-partition=none line 14 arg4 == 4
FAIL: gcc.dg/guality/pr68860-1.c -O2 -flto -fno-use-linker-plugin -flto-partition=none line 14 arg5 == 5
FAIL: gcc.dg/guality/pr68860-1.c -O2 -flto -fno-use-linker-plugin -flto-partition=none line 14 arg6 == 6
FAIL: gcc.dg/guality/pr68860-1.c -O2 -flto -fno-use-linker-plugin -flto-partition=none line 16 arg1 == 1
FAIL: gcc.dg/guality/pr68860-1.c -O2 -flto -fno-use-linker-plugin -flto-partition=none line 16 arg2 == 2
FAIL: gcc.dg/guality/pr68860-1.c -O2 -flto -fno-use-linker-plugin -flto-partition=none line 16 arg3 == 3
FAIL: gcc.dg/guality/pr68860-1.c -O2 -flto -fno-use-linker-plugin -flto-partition=none line 16 arg4 == 4
FAIL: gcc.dg/guality/pr68860-1.c -O2 -flto -fno-use-linker-plugin -flto-partition=none line 16 arg5 == 5
FAIL: gcc.dg/guality/pr68860-1.c -O2 -flto -fno-use-linker-plugin -flto-partition=none line 16 arg6 == 6
FAIL: gcc.dg/guality/pr68860-1.c -O2 -flto -fuse-linker-plugin -fno-fat-lto-objects line 14 arg1 == 1
FAIL: gcc.dg/guality/pr68860-1.c -O2 -flto -fuse-linker-plugin -fno-fat-lto-objects line 14 arg2 == 2
FAIL: gcc.dg/guality/pr68860-1.c -O2 -flto -fuse-linker-plugin -fno-fat-lto-objects line 14 arg3 == 3
FAIL: gcc.dg/guality/pr68860-1.c -O2 -flto -fuse-linker-plugin -fno-fat-lto-objects line 14 arg4 == 4
FAIL: gcc.dg/guality/pr68860-1.c -O2 -flto -fuse-linker-plugin -fno-fat-lto-objects line 14 arg5 == 5
FAIL: gcc.dg/guality/pr68860-1.c -O2 -flto -fuse-linker-plugin -fno-fat-lto-objects line 14 arg6 == 6
FAIL: gcc.dg/guality/pr68860-1.c -O2 -flto -fuse-linker-plugin -fno-fat-lto-objects line 16 arg1 == 1
FAIL: gcc.dg/guality/pr68860-1.c -O2 -flto -fuse-linker-plugin -fno-fat-lto-objects line 16 arg2 == 2
FAIL: gcc.dg/guality/pr68860-1.c -O2 -flto -fuse-linker-plugin -fno-fat-lto-objects line 16 arg3 == 3
FAIL: gcc.dg/guality/pr68860-1.c -O2 -flto -fuse-linker-plugin -fno-fat-lto-objects line 16 arg4 == 4
FAIL: gcc.dg/guality/pr68860-1.c -O2 -flto -fuse-linker-plugin -fno-fat-lto-objects line 16 arg5 == 5
FAIL: gcc.dg/guality/pr68860-1.c -O2 -flto -fuse-linker-plugin -fno-fat-lto-objects line 16 arg6 == 6
FAIL: gcc.dg/guality/vla-1.c -O1 line 17 sizeof (a) == 6
FAIL: gcc.dg/guality/vla-1.c -O2 line 17 sizeof (a) == 6
FAIL: gcc.dg/guality/vla-1.c -O2 -flto -fno-use-linker-plugin -flto-partition=none line 17 sizeof (a) == 6
FAIL: gcc.dg/guality/vla-1.c -O2 -flto -fno-use-linker-plugin -flto-partition=none line 24 sizeof (a) == 17 * sizeof (short)
FAIL: gcc.dg/guality/vla-1.c -O2 -flto -fuse-linker-plugin -fno-fat-lto-objects line 17 sizeof (a) == 6
FAIL: gcc.dg/guality/vla-1.c -O2 -flto -fuse-linker-plugin -fno-fat-lto-objects line 24 sizeof (a) == 17 * sizeof (short)
FAIL: gcc.dg/guality/vla-1.c -O3 -g line 17 sizeof (a) == 6
FAIL: gcc.dg/guality/vla-1.c -Os line 17 sizeof (a) == 6
UNRESOLVED: gcc.dg/lto/chkp-ctor-merge c_lto_chkp-ctor-merge_0.o-c_lto_chkp-ctor-merge_0.o execute -O2 -flto -fcheck-pointer-bounds -mmpx -nodefaultlibs -lc
FAIL: gcc.dg/lto/chkp-ctor-merge c_lto_chkp-ctor-merge_0.o-c_lto_chkp-ctor-merge_0.o link, -O2 -flto -fcheck-pointer-bounds -mmpx -nodefaultlibs -lc (internal compiler error)
UNRESOLVED: gcc.dg/tree-prof/peel-1.c scan-tree-dump-times dom2 "\\\\+" 1
UNRESOLVED: gcc.dg/tree-prof/peel-1.c scan-tree-dump-times dom2 "first_gp_reg_save" 1
UNRESOLVED: gcc.dg/tree-prof/pr66295.c scan-tree-dump-times dom2 "blah" 1
UNRESOLVED: gcc.dg/tree-prof/pr66295.c scan-tree-dump-times dom2 "if " 1
FAIL: gcc.dg/vect/pr65947-14.c -flto -ffat-lto-objects execution test
FAIL: gcc.dg/vect/pr65947-14.c execution test
UNRESOLVED: gcc.misc-tests/bprob-2.c scan-assembler fsincos
UNRESOLVED: gcc.misc-tests/bprob-2.c scan-assembler-not call
UNRESOLVED: gcc.misc-tests/bprob-2.c scan-assembler-not fcos
UNRESOLVED: gcc.misc-tests/bprob-2.c scan-assembler-not fsin
FAIL: gcc.target/i386/pr61403.c scan-assembler blend
FAIL: gcc.target/i386/pr70263-2.c scan-rtl-dump ira "Adding REG_EQUIV to insn [0-9]+ for source of insn [0-9]+"
FAIL: gcc.target/i386/mpx/vla-1-lbv.c -O0 (test for excess errors)
UNRESOLVED: gcc.target/i386/mpx/vla-1-lbv.c -O0 compilation failed to produce executable
FAIL: gcc.target/i386/mpx/vla-1-lbv.c -O1 (test for excess errors)
UNRESOLVED: gcc.target/i386/mpx/vla-1-lbv.c -O1 compilation failed to produce executable
FAIL: gcc.target/i386/mpx/vla-1-lbv.c -O2 (test for excess errors)
UNRESOLVED: gcc.target/i386/mpx/vla-1-lbv.c -O2 compilation failed to produce executable
=== gcc Summary for unix ===
# of expected passes 137095
# of unexpected failures 74
# of unexpected successes 25
# of expected failures 373
# of unresolved testcases 12
# of unsupported tests 2195
Running target unix/-m32
FAIL: gcc.dg/20050503-1.c scan-assembler-not call
XPASS: gcc.dg/pr78768.c -Wformat-overflow (test for warnings, line 12)
FAIL: gcc.dg/graphite/interchange-3.c scan-tree-dump graphite "tiled"
FAIL: gcc.dg/graphite/interchange-7.c scan-tree-dump graphite "tiled"
FAIL: gcc.dg/graphite/interchange-9.c scan-tree-dump graphite "tiled"
FAIL: gcc.dg/graphite/uns-interchange-9.c scan-tree-dump graphite "tiled"
XPASS: gcc.dg/guality/example.c -O0 execution test
XPASS: gcc.dg/guality/example.c -O1 execution test
XPASS: gcc.dg/guality/example.c -O3 -fomit-frame-pointer -funroll-loops -fpeel-loops -ftracer -finline-functions execution test
XPASS: gcc.dg/guality/example.c -O3 -g execution test
XPASS: gcc.dg/guality/guality.c -O0 execution test
XPASS: gcc.dg/guality/guality.c -O1 execution test
XPASS: gcc.dg/guality/guality.c -O2 execution test
XPASS: gcc.dg/guality/guality.c -O2 -flto -fno-use-linker-plugin -flto-partition=none execution test
XPASS: gcc.dg/guality/guality.c -O2 -flto -fuse-linker-plugin -fno-fat-lto-objects execution test
XPASS: gcc.dg/guality/guality.c -O3 -g execution test
XPASS: gcc.dg/guality/guality.c -Os execution test
XPASS: gcc.dg/guality/inline-params-2.c -O2 -flto -fuse-linker-plugin -fno-fat-lto-objects execution test
XPASS: gcc.dg/guality/inline-params.c -O2 execution test
XPASS: gcc.dg/guality/inline-params.c -O2 -flto -fno-use-linker-plugin -flto-partition=none execution test
XPASS: gcc.dg/guality/inline-params.c -O2 -flto -fuse-linker-plugin -fno-fat-lto-objects execution test
XPASS: gcc.dg/guality/inline-params.c -O3 -g execution test
XPASS: gcc.dg/guality/inline-params.c -Os execution test
XPASS: gcc.dg/guality/pr41353-1.c -O0 line 28 j == 28 + 37
XPASS: gcc.dg/guality/pr41353-1.c -O1 line 28 j == 28 + 37
XPASS: gcc.dg/guality/pr41353-1.c -O2 line 28 j == 28 + 37
XPASS: gcc.dg/guality/pr41353-1.c -O2 -flto -fno-use-linker-plugin -flto-partition=none line 28 j == 28 + 37
XPASS: gcc.dg/guality/pr41353-1.c -O2 -flto -fuse-linker-plugin -fno-fat-lto-objects line 28 j == 28 + 37
XPASS: gcc.dg/guality/pr41353-1.c -O3 -g line 28 j == 28 + 37
XPASS: gcc.dg/guality/pr41353-1.c -Os line 28 j == 28 + 37
FAIL: gcc.dg/guality/pr41447-1.c -O2 execution test
FAIL: gcc.dg/guality/pr41447-1.c -O2 -flto -fno-use-linker-plugin -flto-partition=none execution test
FAIL: gcc.dg/guality/pr41447-1.c -O3 -g execution test
FAIL: gcc.dg/guality/pr41616-1.c -O2 -flto -fuse-linker-plugin -fno-fat-lto-objects execution test
FAIL: gcc.dg/guality/pr41616-1.c -O3 -g execution test
FAIL: gcc.dg/guality/pr45882.c -O2 -flto -fuse-linker-plugin -fno-fat-lto-objects line 16 d == 112
FAIL: gcc.dg/guality/pr45882.c -O2 -flto -fuse-linker-plugin -fno-fat-lto-objects line 16 e == 142
FAIL: gcc.dg/guality/pr54519-1.c -O2 -flto -fno-use-linker-plugin -flto-partition=none line 20 y == 25
FAIL: gcc.dg/guality/pr54519-1.c -O2 -flto -fno-use-linker-plugin -flto-partition=none line 20 z == 6
FAIL: gcc.dg/guality/pr54519-1.c -O2 -flto -fno-use-linker-plugin -flto-partition=none line 23 y == 117
FAIL: gcc.dg/guality/pr54519-1.c -O2 -flto -fno-use-linker-plugin -flto-partition=none line 23 z == 8
FAIL: gcc.dg/guality/pr54519-2.c -O2 -flto -fno-use-linker-plugin -flto-partition=none line 17 y == 25
FAIL: gcc.dg/guality/pr54519-2.c -O2 -flto -fuse-linker-plugin -fno-fat-lto-objects line 17 y == 25
FAIL: gcc.dg/guality/pr54519-3.c -O2 -flto -fno-use-linker-plugin -flto-partition=none line 20 y == 25
FAIL: gcc.dg/guality/pr54519-3.c -O2 -flto -fno-use-linker-plugin -flto-partition=none line 20 z == 6
FAIL: gcc.dg/guality/pr54519-3.c -O2 -flto -fno-use-linker-plugin -flto-partition=none line 23 y == 117
FAIL: gcc.dg/guality/pr54519-3.c -O2 -flto -fno-use-linker-plugin -flto-partition=none line 23 z == 8
FAIL: gcc.dg/guality/pr54519-3.c -O2 -flto -fuse-linker-plugin -fno-fat-lto-objects line 20 y == 25
FAIL: gcc.dg/guality/pr54519-3.c -O2 -flto -fuse-linker-plugin -fno-fat-lto-objects line 20 z == 6
FAIL: gcc.dg/guality/pr54519-3.c -O2 -flto -fuse-linker-plugin -fno-fat-lto-objects line 23 y == 117
FAIL: gcc.dg/guality/pr54519-3.c -O2 -flto -fuse-linker-plugin -fno-fat-lto-objects line 23 z == 8
FAIL: gcc.dg/guality/pr54519-4.c -O2 -flto -fno-use-linker-plugin -flto-partition=none line 17 y == 25
FAIL: gcc.dg/guality/pr54519-4.c -O2 -flto -fuse-linker-plugin -fno-fat-lto-objects line 17 y == 25
FAIL: gcc.dg/guality/pr54519-5.c -O2 -flto -fno-use-linker-plugin -flto-partition=none line 17 y == 25
FAIL: gcc.dg/guality/pr54519-5.c -O2 -flto -fuse-linker-plugin -fno-fat-lto-objects line 17 y == 25
FAIL: gcc.dg/guality/pr68037-1.c -O2 -flto -fuse-linker-plugin -fno-fat-lto-objects line 33 error == 0x12345670
FAIL: gcc.dg/guality/pr68037-1.c -O2 -flto -fuse-linker-plugin -fno-fat-lto-objects line 33 frame->cs == 0x12345672
FAIL: gcc.dg/guality/pr68037-1.c -O2 -flto -fuse-linker-plugin -fno-fat-lto-objects line 33 frame->flags == 0x12345673
FAIL: gcc.dg/guality/pr68037-1.c -O2 -flto -fuse-linker-plugin -fno-fat-lto-objects line 33 frame->ip == 0x12345671
FAIL: gcc.dg/guality/pr68037-1.c -O2 -flto -fuse-linker-plugin -fno-fat-lto-objects line 33 frame->sp == 0x12345674
FAIL: gcc.dg/guality/pr68037-1.c -O2 -flto -fuse-linker-plugin -fno-fat-lto-objects line 33 frame->ss == 0x12345675
FAIL: gcc.dg/guality/pr68860-1.c -O2 -flto -fno-use-linker-plugin -flto-partition=none line 14 arg1 == 1
FAIL: gcc.dg/guality/pr68860-1.c -O2 -flto -fno-use-linker-plugin -flto-partition=none line 14 arg2 == 2
FAIL: gcc.dg/guality/pr68860-1.c -O2 -flto -fno-use-linker-plugin -flto-partition=none line 14 arg3 == 3
FAIL: gcc.dg/guality/pr68860-1.c -O2 -flto -fno-use-linker-plugin -flto-partition=none line 14 arg4 == 4
FAIL: gcc.dg/guality/pr68860-1.c -O2 -flto -fno-use-linker-plugin -flto-partition=none line 14 arg5 == 5
FAIL: gcc.dg/guality/pr68860-1.c -O2 -flto -fno-use-linker-plugin -flto-partition=none line 14 arg6 == 6
FAIL: gcc.dg/guality/pr68860-1.c -O2 -flto -fno-use-linker-plugin -flto-partition=none line 16 arg1 == 1
FAIL: gcc.dg/guality/pr68860-1.c -O2 -flto -fno-use-linker-plugin -flto-partition=none line 16 arg2 == 2
FAIL: gcc.dg/guality/pr68860-1.c -O2 -flto -fno-use-linker-plugin -flto-partition=none line 16 arg3 == 3
FAIL: gcc.dg/guality/pr68860-1.c -O2 -flto -fno-use-linker-plugin -flto-partition=none line 16 arg4 == 4
FAIL: gcc.dg/guality/pr68860-1.c -O2 -flto -fno-use-linker-plugin -flto-partition=none line 16 arg5 == 5
FAIL: gcc.dg/guality/pr68860-1.c -O2 -flto -fno-use-linker-plugin -flto-partition=none line 16 arg6 == 6
FAIL: gcc.dg/guality/pr68860-1.c -O2 -flto -fuse-linker-plugin -fno-fat-lto-objects line 14 arg1 == 1
FAIL: gcc.dg/guality/pr68860-1.c -O2 -flto -fuse-linker-plugin -fno-fat-lto-objects line 14 arg2 == 2
FAIL: gcc.dg/guality/pr68860-1.c -O2 -flto -fuse-linker-plugin -fno-fat-lto-objects line 14 arg3 == 3
FAIL: gcc.dg/guality/pr68860-1.c -O2 -flto -fuse-linker-plugin -fno-fat-lto-objects line 14 arg4 == 4
FAIL: gcc.dg/guality/pr68860-1.c -O2 -flto -fuse-linker-plugin -fno-fat-lto-objects line 14 arg5 == 5
FAIL: gcc.dg/guality/pr68860-1.c -O2 -flto -fuse-linker-plugin -fno-fat-lto-objects line 14 arg6 == 6
FAIL: gcc.dg/guality/pr68860-1.c -O2 -flto -fuse-linker-plugin -fno-fat-lto-objects line 16 arg1 == 1
FAIL: gcc.dg/guality/pr68860-1.c -O2 -flto -fuse-linker-plugin -fno-fat-lto-objects line 16 arg2 == 2
FAIL: gcc.dg/guality/pr68860-1.c -O2 -flto -fuse-linker-plugin -fno-fat-lto-objects line 16 arg3 == 3
FAIL: gcc.dg/guality/pr68860-1.c -O2 -flto -fuse-linker-plugin -fno-fat-lto-objects line 16 arg4 == 4
FAIL: gcc.dg/guality/pr68860-1.c -O2 -flto -fuse-linker-plugin -fno-fat-lto-objects line 16 arg5 == 5
FAIL: gcc.dg/guality/pr68860-1.c -O2 -flto -fuse-linker-plugin -fno-fat-lto-objects line 16 arg6 == 6
FAIL: gcc.dg/guality/vla-1.c -O1 line 17 sizeof (a) == 6
FAIL: gcc.dg/guality/vla-1.c -O2 line 17 sizeof (a) == 6
FAIL: gcc.dg/guality/vla-1.c -O2 -flto -fno-use-linker-plugin -flto-partition=none line 17 sizeof (a) == 6
FAIL: gcc.dg/guality/vla-1.c -O2 -flto -fno-use-linker-plugin -flto-partition=none line 24 sizeof (a) == 17 * sizeof (short)
FAIL: gcc.dg/guality/vla-1.c -O2 -flto -fuse-linker-plugin -fno-fat-lto-objects line 17 sizeof (a) == 6
FAIL: gcc.dg/guality/vla-1.c -O2 -flto -fuse-linker-plugin -fno-fat-lto-objects line 24 sizeof (a) == 17 * sizeof (short)
FAIL: gcc.dg/guality/vla-1.c -O3 -g line 17 sizeof (a) == 6
FAIL: gcc.dg/guality/vla-1.c -Os line 17 sizeof (a) == 6
UNRESOLVED: gcc.dg/lto/chkp-ctor-merge c_lto_chkp-ctor-merge_0.o-c_lto_chkp-ctor-merge_0.o execute -O2 -flto -fcheck-pointer-bounds -mmpx -nodefaultlibs -lc
FAIL: gcc.dg/lto/chkp-ctor-merge c_lto_chkp-ctor-merge_0.o-c_lto_chkp-ctor-merge_0.o link, -O2 -flto -fcheck-pointer-bounds -mmpx -nodefaultlibs -lc (internal compiler error)
UNRESOLVED: gcc.dg/tree-prof/crossmodule-indircall-1.c scan-tree-dump-times optimized "== 0" 0
UNRESOLVED: gcc.dg/tree-prof/crossmodule-indircall-1.c scan-tree-dump-times optimized "~x" 1
FAIL: c-c++-common/ubsan/ptr-overflow-sanitization-1.c -O0 scan-tree-dump-times optimized "__ubsan_handle_pointer_overflow" 17 (found 14 times)
FAIL: c-c++-common/ubsan/ptr-overflow-sanitization-1.c -O1 scan-tree-dump-times optimized "__ubsan_handle_pointer_overflow" 17 (found 14 times)
FAIL: c-c++-common/ubsan/ptr-overflow-sanitization-1.c -O2 scan-tree-dump-times optimized "__ubsan_handle_pointer_overflow" 17 (found 14 times)
FAIL: c-c++-common/ubsan/ptr-overflow-sanitization-1.c -O3 -g scan-tree-dump-times optimized "__ubsan_handle_pointer_overflow" 17 (found 14 times)
FAIL: c-c++-common/ubsan/ptr-overflow-sanitization-1.c -Os scan-tree-dump-times optimized "__ubsan_handle_pointer_overflow" 17 (found 14 times)
FAIL: gcc.dg/vect/pr65947-14.c -flto -ffat-lto-objects execution test
FAIL: gcc.dg/vect/pr65947-14.c execution test
FAIL: gcc.target/i386/pr50038.c scan-assembler-times movzbl 2 (found 3 times)
FAIL: gcc.target/i386/pr61403.c scan-assembler blend
FAIL: gcc.target/i386/pr70263-2.c scan-rtl-dump ira "Adding REG_EQUIV to insn [0-9]+ for source of insn [0-9]+"
=== gcc Summary for unix/-m32 ===
# of expected passes 134913
# of unexpected failures 79
# of unexpected successes 25
# of expected failures 377
# of unresolved testcases 3
# of unsupported tests 2329
=== gcc Summary ===
# of expected passes 272008
# of unexpected failures 153
# of unexpected successes 50
# of expected failures 750
# of unresolved testcases 15
# of unsupported tests 4524
/export/gnu/import/git/gcc-test/bld/gcc/xgcc version 8.0.0 20171028 (experimental) [trunk revision 254193] (GCC)
=== gfortran tests ===
Running target unix
UNRESOLVED: gfortran.dg/prof/dynamic_dispatch_6.f03 scan-tree-dump-times vect "vectorized 3 loops" 1
=== gfortran Summary for unix ===
# of expected passes 46052
# of expected failures 91
# of unresolved testcases 1
# of unsupported tests 76
Running target unix/-m32
UNRESOLVED: gfortran.dg/prof/dynamic_dispatch_6.f03 scan-tree-dump-times vect "vectorized 3 loops" 1
=== gfortran Summary for unix/-m32 ===
# of expected passes 45835
# of expected failures 91
# of unresolved testcases 1
# of unsupported tests 179
=== gfortran Summary ===
# of expected passes 91887
# of expected failures 182
# of unresolved testcases 2
# of unsupported tests 255
/export/gnu/import/git/gcc-test/bld/gcc/gfortran version 8.0.0 20171028 (experimental) [trunk revision 254193] (GCC)
=== g++ tests ===
Running target unix
UNRESOLVED: g++.dg/bprob/g++-bprob-2.C scan-assembler .ascii bar
UNRESOLVED: g++.dg/bprob/g++-bprob-2.C scan-assembler .ascii foo
FAIL: g++.dg/guality/pr55665.C -O2 line 23 p == 40
=== g++ Summary for unix ===
# of expected passes 120437
# of unexpected failures 1
# of expected failures 380
# of unresolved testcases 2
# of unsupported tests 4555
Running target unix/-m32
UNRESOLVED: g++.dg/bprob/g++-bprob-2.C scan-assembler .ascii bar
UNRESOLVED: g++.dg/bprob/g++-bprob-2.C scan-assembler .ascii foo
FAIL: g++.dg/template/nontype10.C -std=c++11 (test for excess errors)
FAIL: g++.dg/template/nontype10.C -std=c++14 (test for excess errors)
FAIL: g++.dg/template/nontype10.C -std=c++98 (test for excess errors)
FAIL: g++.dg/guality/pr55665.C -O2 line 23 p == 40
FAIL: c-c++-common/ubsan/ptr-overflow-sanitization-1.c -O0 scan-tree-dump-times optimized "__ubsan_handle_pointer_overflow" 17 (found 14 times)
FAIL: c-c++-common/ubsan/ptr-overflow-sanitization-1.c -O1 scan-tree-dump-times optimized "__ubsan_handle_pointer_overflow" 17 (found 14 times)
FAIL: c-c++-common/ubsan/ptr-overflow-sanitization-1.c -O2 scan-tree-dump-times optimized "__ubsan_handle_pointer_overflow" 17 (found 14 times)
FAIL: c-c++-common/ubsan/ptr-overflow-sanitization-1.c -O3 -g scan-tree-dump-times optimized "__ubsan_handle_pointer_overflow" 17 (found 14 times)
FAIL: c-c++-common/ubsan/ptr-overflow-sanitization-1.c -Os scan-tree-dump-times optimized "__ubsan_handle_pointer_overflow" 17 (found 14 times)
=== g++ Summary for unix/-m32 ===
# of expected passes 118827
# of unexpected failures 9
# of expected failures 380
# of unresolved testcases 2
# of unsupported tests 4343
=== g++ Summary ===
# of expected passes 239264
# of unexpected failures 10
# of expected failures 760
# of unresolved testcases 4
# of unsupported tests 8898
/export/gnu/import/git/gcc-test/bld/gcc/xg++ version 8.0.0 20171028 (experimental) [trunk revision 254193] (GCC)
=== objc tests ===
Running target unix
=== objc Summary for unix ===
# of expected passes 2797
# of expected failures 6
# of unsupported tests 68
Running target unix/-m32
=== objc Summary for unix/-m32 ===
# of expected passes 2797
# of expected failures 6
# of unsupported tests 68
=== objc Summary ===
# of expected passes 5594
# of expected failures 12
# of unsupported tests 136
/export/gnu/import/git/gcc-test/bld/gcc/xgcc version 8.0.0 20171028 (experimental) [trunk revision 254193] (GCC)
=== libatomic tests ===
Running target unix/-m32
=== libatomic Summary for unix/-m32 ===
# of expected passes 44
# of unsupported tests 5
Running target unix
=== libatomic Summary for unix ===
# of expected passes 54
=== libatomic Summary ===
# of expected passes 98
# of unsupported tests 5
=== libgomp tests ===
Running target unix/-m32
=== libgomp Summary for unix/-m32 ===
# of expected passes 5329
# of unsupported tests 292
Running target unix
=== libgomp Summary for unix ===
# of expected passes 5329
# of unsupported tests 292
=== libgomp Summary ===
# of expected passes 10658
# of unsupported tests 584
=== libitm tests ===
Running target unix/-m32
=== libitm Summary for unix/-m32 ===
# of expected passes 42
# of expected failures 3
# of unsupported tests 1
Running target unix
=== libitm Summary for unix ===
# of expected passes 42
# of expected failures 3
# of unsupported tests 1
=== libitm Summary ===
# of expected passes 84
# of expected failures 6
# of unsupported tests 2
=== libstdc++ tests ===
Running target unix
FAIL: ext/stdio_filebuf/char/79820.cc execution test
FAIL: ext/stdio_filebuf/char/81751.cc (test for excess errors)
UNRESOLVED: ext/stdio_filebuf/char/81751.cc compilation failed to produce executable
FAIL: ext/stdio_filebuf/requirements/explicit_instantiation.cc (test for excess errors)
FAIL: ext/stdio_sync_filebuf/char/1.cc (test for excess errors)
UNRESOLVED: ext/stdio_sync_filebuf/char/1.cc compilation failed to produce executable
FAIL: ext/stdio_sync_filebuf/char/12048-1.cc (test for excess errors)
UNRESOLVED: ext/stdio_sync_filebuf/char/12048-1.cc compilation failed to produce executable
FAIL: ext/stdio_sync_filebuf/char/12048-2.cc (test for excess errors)
UNRESOLVED: ext/stdio_sync_filebuf/char/12048-2.cc compilation failed to produce executable
FAIL: ext/stdio_sync_filebuf/wchar_t/1.cc execution test
FAIL: ext/stdio_sync_filebuf/wchar_t/12948-1.cc (test for excess errors)
UNRESOLVED: ext/stdio_sync_filebuf/wchar_t/12948-1.cc compilation failed to produce executable
FAIL: ext/stdio_sync_filebuf/wchar_t/12948-2.cc (test for excess errors)
UNRESOLVED: ext/stdio_sync_filebuf/wchar_t/12948-2.cc compilation failed to produce executable
FAIL: ext/stdio_sync_filebuf/wchar_t/12948-3.cc (test for excess errors)
UNRESOLVED: ext/stdio_sync_filebuf/wchar_t/12948-3.cc compilation failed to produce executable
FAIL: ext/stdio_sync_filebuf/wchar_t/12948-4.cc (test for excess errors)
UNRESOLVED: ext/stdio_sync_filebuf/wchar_t/12948-4.cc compilation failed to produce executable
FAIL: ext/stdio_sync_filebuf/wchar_t/35209.cc (test for excess errors)
FAIL: ext/throw_allocator/check_allocate_max_size.cc (test for excess errors)
UNRESOLVED: ext/throw_allocator/check_allocate_max_size.cc compilation failed to produce executable
FAIL: ext/throw_allocator/check_deallocate_null.cc (test for excess errors)
UNRESOLVED: ext/throw_allocator/check_deallocate_null.cc compilation failed to produce executable
FAIL: ext/throw_allocator/check_delete.cc (test for excess errors)
UNRESOLVED: ext/throw_allocator/check_delete.cc compilation failed to produce executable
FAIL: ext/throw_allocator/check_new.cc (test for excess errors)
UNRESOLVED: ext/throw_allocator/check_new.cc compilation failed to produce executable
FAIL: ext/throw_allocator/deallocate_local.cc (test for excess errors)
UNRESOLVED: ext/throw_allocator/deallocate_local.cc compilation failed to produce executable
FAIL: ext/throw_allocator/explicit_instantiation.cc (test for excess errors)
FAIL: ext/throw_allocator/variadic_construct.cc (test for excess errors)
UNRESOLVED: ext/throw_allocator/variadic_construct.cc compilation failed to produce executable
FAIL: ext/throw_value/cons.cc (test for excess errors)
UNRESOLVED: ext/throw_value/cons.cc compilation failed to produce executable
FAIL: ext/type_traits/add_unsigned.cc (test for excess errors)
UNRESOLVED: ext/type_traits/add_unsigned.cc compilation failed to produce executable
FAIL: ext/type_traits/add_unsigned_floating_neg.cc (test for errors, line 28)
FAIL: ext/type_traits/add_unsigned_floating_neg.cc (test for errors, line 33)
FAIL: ext/type_traits/add_unsigned_floating_neg.cc (test for errors, line 71)
FAIL: ext/type_traits/add_unsigned_floating_neg.cc (test for excess errors)
FAIL: ext/type_traits/add_unsigned_integer_neg.cc (test for errors, line 100)
FAIL: ext/type_traits/add_unsigned_integer_neg.cc (test for errors, line 103)
FAIL: ext/type_traits/add_unsigned_integer_neg.cc (test for errors, line 28)
FAIL: ext/type_traits/add_unsigned_integer_neg.cc (test for errors, line 33)
FAIL: ext/type_traits/add_unsigned_integer_neg.cc (test for errors, line 34)
FAIL: ext/type_traits/add_unsigned_integer_neg.cc (test for excess errors)
FAIL: ext/type_traits/remove_unsigned.cc (test for excess errors)
UNRESOLVED: ext/type_traits/remove_unsigned.cc compilation failed to produce executable
FAIL: ext/type_traits/remove_unsigned_floating_neg.cc (test for errors, line 114)
FAIL: ext/type_traits/remove_unsigned_floating_neg.cc (test for errors, line 28)
FAIL: ext/type_traits/remove_unsigned_floating_neg.cc (test for errors, line 33)
FAIL: ext/type_traits/remove_unsigned_floating_neg.cc (test for excess errors)
FAIL: ext/type_traits/remove_unsigned_integer_neg.cc (test for errors, line 143)
FAIL: ext/type_traits/remove_unsigned_integer_neg.cc (test for errors, line 146)
FAIL: ext/type_traits/remove_unsigned_integer_neg.cc (test for errors, line 28)
FAIL: ext/type_traits/remove_unsigned_integer_neg.cc (test for errors, line 33)
FAIL: ext/type_traits/remove_unsigned_integer_neg.cc (test for errors, line 34)
FAIL: ext/type_traits/remove_unsigned_integer_neg.cc (test for excess errors)
FAIL: ext/vstring/capacity/29134.cc (test for excess errors)
UNRESOLVED: ext/vstring/capacity/29134.cc compilation failed to produce executable
FAIL: ext/vstring/capacity/shrink_to_fit.cc (test for excess errors)
UNRESOLVED: ext/vstring/capacity/shrink_to_fit.cc compilation failed to produce executable
FAIL: ext/vstring/cons/noexcept_move_construct.cc (test for excess errors)
FAIL: ext/vstring/inserters_extractors/char/28277.cc (test for excess errors)
UNRESOLVED: ext/vstring/inserters_extractors/char/28277.cc compilation failed to produce executable
FAIL: ext/vstring/inserters_extractors/wchar_t/28277.cc (test for excess errors)
UNRESOLVED: ext/vstring/inserters_extractors/wchar_t/28277.cc compilation failed to produce executable
FAIL: ext/vstring/modifiers/clear/56166.cc (test for excess errors)
UNRESOLVED: ext/vstring/modifiers/clear/56166.cc compilation failed to produce executable
FAIL: ext/vstring/modifiers/erase/char/54577.cc (test for excess errors)
FAIL: ext/vstring/modifiers/erase/wchar_t/54577.cc (test for excess errors)
FAIL: ext/vstring/modifiers/insert/char/const_iterator.cc (test for excess errors)
FAIL: ext/vstring/modifiers/insert/wchar_t/const_iterator.cc (test for excess errors)
FAIL: ext/vstring/modifiers/pop_back/char/1.cc (test for excess errors)
UNRESOLVED: ext/vstring/modifiers/pop_back/char/1.cc compilation failed to produce executable
FAIL: ext/vstring/modifiers/pop_back/wchar_t/1.cc (test for excess errors)
UNRESOLVED: ext/vstring/modifiers/pop_back/wchar_t/1.cc compilation failed to produce executable
FAIL: ext/vstring/modifiers/replace/char/const_iterator.cc (test for excess errors)
FAIL: ext/vstring/modifiers/replace/wchar_t/const_iterator.cc (test for excess errors)
FAIL: ext/vstring/range_access.cc (test for excess errors)
FAIL: ext/vstring/requirements/do_the_right_thing.cc (test for excess errors)
FAIL: ext/vstring/requirements/dr438/constructor.cc (test for excess errors)
FAIL: ext/vstring/requirements/explicit_instantiation/1.cc (test for excess errors)
FAIL: ext/vstring/requirements/explicit_instantiation/2.cc (test for excess errors)
FAIL: ext/vstring/requirements/explicit_instantiation/char/1.cc (test for excess errors)
FAIL: special_functions/01_assoc_laguerre/compile_2.cc (test for excess errors)
FAIL: special_functions/02_assoc_legendre/check_nan.cc (test for excess errors)
UNRESOLVED: special_functions/02_assoc_legendre/check_nan.cc compilation failed to produce executable
FAIL: special_functions/02_assoc_legendre/check_value.cc (test for excess errors)
UNRESOLVED: special_functions/02_assoc_legendre/check_value.cc compilation failed to produce executable
FAIL: special_functions/02_assoc_legendre/compile.cc (test for excess errors)
FAIL: special_functions/02_assoc_legendre/compile_2.cc (test for excess errors)
FAIL: special_functions/03_beta/check_nan.cc (test for excess errors)
UNRESOLVED: special_functions/03_beta/check_nan.cc compilation failed to produce executable
FAIL: special_functions/03_beta/check_value.cc (test for excess errors)
UNRESOLVED: special_functions/03_beta/check_value.cc compilation failed to produce executable
FAIL: special_functions/03_beta/compile.cc (test for excess errors)
FAIL: special_functions/03_beta/compile_2.cc (test for excess errors)
FAIL: special_functions/04_comp_ellint_1/check_nan.cc (test for excess errors)
UNRESOLVED: special_functions/04_comp_ellint_1/check_nan.cc compilation failed to produce executable
FAIL: special_functions/04_comp_ellint_1/check_value.cc (test for excess errors)
UNRESOLVED: special_functions/04_comp_ellint_1/check_value.cc compilation failed to produce executable
FAIL: special_functions/04_comp_ellint_1/compile.cc (test for excess errors)
FAIL: special_functions/04_comp_ellint_1/compile_2.cc (test for excess errors)
FAIL: special_functions/05_comp_ellint_2/check_nan.cc (test for excess errors)
UNRESOLVED: special_functions/05_comp_ellint_2/check_nan.cc compilation failed to produce executable
FAIL: special_functions/05_comp_ellint_2/check_value.cc (test for excess errors)
UNRESOLVED: special_functions/05_comp_ellint_2/check_value.cc compilation failed to produce executable
FAIL: special_functions/05_comp_ellint_2/compile.cc (test for excess errors)
FAIL: special_functions/05_comp_ellint_2/compile_2.cc (test for excess errors)
FAIL: special_functions/06_comp_ellint_3/check_nan.cc (test for excess errors)
UNRESOLVED: special_functions/06_comp_ellint_3/check_nan.cc compilation failed to produce executable
FAIL: special_functions/06_comp_ellint_3/compile_2.cc (test for excess errors)
FAIL: special_functions/07_cyl_bessel_i/check_nan.cc (test for excess errors)
UNRESOLVED: special_functions/07_cyl_bessel_i/check_nan.cc compilation failed to produce executable
FAIL: special_functions/07_cyl_bessel_i/check_value.cc (test for excess errors)
UNRESOLVED: special_functions/07_cyl_bessel_i/check_value.cc compilation failed to produce executable
=== libstdc++ Summary for unix ===
# of expected passes 12486
# of unexpected failures 83
# of expected failures 70
# of unresolved testcases 35
# of unsupported tests 268
Running target unix/-m32
=== libstdc++ Summary for unix/-m32 ===
# of expected passes 12651
# of expected failures 70
# of unsupported tests 244
=== libstdc++ Summary ===
# of expected passes 25137
# of unexpected failures 83
# of expected failures 140
# of unresolved testcases 35
# of unsupported tests 512
Compiler version: 8.0.0 20171028 (experimental) [trunk revision 254193] (GCC)
Platform: x86_64-pc-linux-gnu
configure flags: --prefix=/usr/8.0.0 --enable-clocale=gnu --with-system-zlib --enable-shared --with-demangler-in-ld --enable-libmpx --with-build-config='bootstrap-O3 bootstrap-debug' --disable-werror --with-fpmath=sse