This is the mail archive of the
gcc-testresults@gcc.gnu.org
mailing list for the GCC project.
Results for 8.0.0 20171021 (experimental) (GCC) testsuite on x86_64-unknown-cygwin
- From: Tim Prince <tprince818 dot tp at gmail dot com>
- To: gcc-testresults at gcc dot gnu dot org
- Date: Mon, 23 Oct 2017 12:39:22 -0400
- Subject: Results for 8.0.0 20171021 (experimental) (GCC) testsuite on x86_64-unknown-cygwin
- Authentication-results: sourceware.org; auth=none
Native configuration is x86_64-unknown-cygwin
=== g++ tests ===
Running target unix
FAIL: g++.dg/debug/const1.C -gstabs1 (test for excess errors)
...
FAIL: g++.old-deja/g++.robertl/eb8.C -std=c++14 (test for errors, line 6)
=== g++ Summary ===
# of expected passes 108759
# of unexpected failures 588
# of unexpected successes 3
# of expected failures 371
# of unresolved testcases 59
# of unsupported tests 4670
/cygdrive/c/users/tim/tim/tim/src/gnu/gcc2/cyg64/gcc/testsuite/g++/../../xg++
version 8.0.0 20171021 (experimental) (GCC)
=== gcc tests ===
Running target unix
FAIL: gcc.c-torture/compile/limits-exprparen.c -O0 (internal compiler
error)
...
FAIL: gcc.target/x86_64/abi/avx512f/test_passing_unions.c compilation,
-Og -g
UNRESOLVED: gcc.target/x86_64/abi/avx512f/test_passing_unions.c
execution, -Og -g
=== gcc Summary ===
# of expected passes 120354
# of unexpected failures 1075
# of unexpected successes 24
# of expected failures 351
# of unresolved testcases 426
# of unsupported tests 2545
/cygdrive/c/users/tim/tim/tim/src/gnu/gcc2/cyg64/gcc/xgcc version 8.0.0
20171021 (experimental) (GCC)
=== gfortran tests ===
Running target unix
FAIL: gfortran.dg/coarray/sync_3.f90 -fcoarray=single -O2 -latomic
execution test
FAIL: gfortran.dg/coarray/sync_3.f90 -fcoarray=lib -O2 -lcaf_single
-latomic execution test
FAIL: gfortran.dg/all_bounds_1.f90 -O0 execution test
...
UNRESOLVED: gfortran.dg/lto/pr47839 f_lto_pr47839_0.o-f_lto_pr47839_1.o
execute -g -flto
=== gfortran Summary ===
# of expected passes 44257
# of unexpected failures 672
# of unexpected successes 18
# of expected failures 66
# of unresolved testcases 13
# of unsupported tests 179
/cygdrive/c/users/tim/tim/tim/src/gnu/gcc2/cyg64/gcc/testsuite/gfortran/../../gfortran
version 8.0.0 20171021 (experimental) (GCC)
=== libatomic tests ===
Running target unix
=== libatomic Summary ===
# of expected passes 54
=== libgomp tests ===
Running target unix
FAIL: libgomp.c/examples-4/target-1.c execution test
FAIL: libgomp.c/examples-4/target-3.c execution test
FAIL: libgomp.c/examples-4/target-4.c execution test
FAIL: libgomp.c++/member-5.C execution test
FAIL: libgomp.c++/pr69393.C 1 blank line(s) in output
FAIL: libgomp.c++/pr69393.C (test for excess errors)
UNRESOLVED: libgomp.c++/pr69393.C compilation failed to produce executable
FAIL: libgomp.fortran/affinity1.f90 -O2 (test for excess errors)
UNRESOLVED: libgomp.fortran/affinity1.f90 -O2 compilation failed to
produce executable
FAIL: libgomp.fortran/affinity2.f90 -O2 (test for excess errors)
,,,
=== libstdc++ tests ===
Running target unix
FAIL: 22_locale/ctype/scan/wchar_t/1.cc execution test
XPASS: 23_containers/array/element_access/at_neg.cc execution test
FAIL: 27_io/basic_filebuf/sgetn/char/81395.cc execution test
FAIL: 27_io/basic_stringstream/assign/81338.cc execution test
FAIL: 30_threads/call_once/constexpr.cc (test for excess errors)
FAIL: 30_threads/mutex/cons/constexpr.cc (test for excess errors)
FAIL: 30_threads/this_thread/60421.cc execution test
FAIL: ext/codecvt/wchar_t.cc execution test
UNRESOLVED: libstdc++-prettyprinters/48362.cc compilation failed to
produce executable
UNRESOLVED: libstdc++-prettyprinters/59161.cc compilation failed to
produce executable
UNRESOLVED: libstdc++-prettyprinters/cxx11.cc compilation failed to
produce executable
UNRESOLVED: libstdc++-prettyprinters/cxx17.cc compilation failed to
produce executable
UNRESOLVED: libstdc++-prettyprinters/debug.cc compilation failed to
produce executable
UNRESOLVED: libstdc++-prettyprinters/debug_cxx11.cc compilation failed
to produce executable
UNRESOLVED: libstdc++-prettyprinters/libfundts.cc compilation failed to
produce executable
UNRESOLVED: libstdc++-prettyprinters/shared_ptr.cc compilation failed to
produce executable
UNRESOLVED: libstdc++-prettyprinters/simple.cc compilation failed to
produce executable
UNRESOLVED: libstdc++-prettyprinters/simple11.cc compilation failed to
produce executable
UNRESOLVED: libstdc++-prettyprinters/tr1.cc compilation failed to
produce executable
UNRESOLVED: libstdc++-prettyprinters/whatis.cc compilation failed to
produce executable
=== libstdc++ Summary ===
# of expected passes 11375
# of unexpected failures 7
# of unexpected successes 1
# of expected failures 69
# of unresolved testcases 12
# of unsupported tests 703
Compiler version: 8.0.0 20171021 (experimental) (GCC)
Platform: x86_64-unknown-cygwin
configure flags: --prefix=/usr/local/gcc8 --enable-languages='c c++
fortran' --enable-libgomp --enable-threads=posix --with-dwarf2
--without-libiconv-prefix --without-libintl-prefix --with-system-zlib
--disable-werror --without-cloog --without-isl --disable-multilib