This is the mail archive of the
gcc-testresults@gcc.gnu.org
mailing list for the GCC project.
Results for 8.0.0 20171013 (experimental) [trunk revision 253729] (GCC) testsuite on i686-pc-linux-gnu
- From: ia32 at gnu-1 dot sc dot intel dot com (H.J. Lu (ia32))
- To: gcc-testresults at gcc dot gnu dot org
- Date: Fri, 13 Oct 2017 12:11:27 -0700
- Subject: Results for 8.0.0 20171013 (experimental) [trunk revision 253729] (GCC) testsuite on i686-pc-linux-gnu
- Authentication-results: sourceware.org; auth=none
Native configuration is i686-pc-linux-gnu
=== gcc tests ===
Running target unix
FAIL: gcc.dg/20050503-1.c scan-assembler-not call
XPASS: gcc.dg/pr78768.c -Wformat-overflow (test for warnings, line 12)
FAIL: gcc.dg/graphite/block-1.c (internal compiler error)
FAIL: gcc.dg/graphite/block-1.c (test for excess errors)
UNRESOLVED: gcc.dg/graphite/block-1.c compilation failed to produce executable
FAIL: gcc.dg/graphite/block-5.c (internal compiler error)
FAIL: gcc.dg/graphite/block-5.c (test for excess errors)
UNRESOLVED: gcc.dg/graphite/block-5.c compilation failed to produce executable
FAIL: gcc.dg/graphite/block-6.c (internal compiler error)
FAIL: gcc.dg/graphite/block-6.c (test for excess errors)
UNRESOLVED: gcc.dg/graphite/block-6.c compilation failed to produce executable
FAIL: gcc.dg/graphite/block-pr47654.c (internal compiler error)
FAIL: gcc.dg/graphite/block-pr47654.c (test for excess errors)
UNRESOLVED: gcc.dg/graphite/block-pr47654.c compilation failed to produce executable
FAIL: gcc.dg/graphite/fuse-1.c (internal compiler error)
FAIL: gcc.dg/graphite/fuse-1.c (test for excess errors)
UNRESOLVED: gcc.dg/graphite/fuse-1.c compilation failed to produce executable
UNRESOLVED: gcc.dg/graphite/fuse-1.c scan-tree-dump-times forwprop4 "gimple_simplified to[^\\\\n]*\\\\^ 12" 1
FAIL: gcc.dg/graphite/fuse-2.c (internal compiler error)
FAIL: gcc.dg/graphite/fuse-2.c (test for excess errors)
UNRESOLVED: gcc.dg/graphite/fuse-2.c compilation failed to produce executable
FAIL: gcc.dg/graphite/id-10.c (internal compiler error)
FAIL: gcc.dg/graphite/id-10.c (test for excess errors)
FAIL: gcc.dg/graphite/id-15.c (internal compiler error)
FAIL: gcc.dg/graphite/id-15.c (test for excess errors)
FAIL: gcc.dg/graphite/id-16.c (internal compiler error)
FAIL: gcc.dg/graphite/id-16.c (test for excess errors)
FAIL: gcc.dg/graphite/id-25.c (internal compiler error)
FAIL: gcc.dg/graphite/id-25.c (test for excess errors)
FAIL: gcc.dg/graphite/id-30.c (internal compiler error)
FAIL: gcc.dg/graphite/id-30.c (test for excess errors)
FAIL: gcc.dg/graphite/id-pr46834.c (internal compiler error)
FAIL: gcc.dg/graphite/id-pr46834.c (test for excess errors)
FAIL: gcc.dg/graphite/id-pr47046.c (internal compiler error)
FAIL: gcc.dg/graphite/id-pr47046.c (test for excess errors)
FAIL: gcc.dg/graphite/id-pr48805.c (internal compiler error)
FAIL: gcc.dg/graphite/id-pr48805.c (test for excess errors)
FAIL: gcc.dg/graphite/interchange-0.c (internal compiler error)
FAIL: gcc.dg/graphite/interchange-0.c (test for excess errors)
UNRESOLVED: gcc.dg/graphite/interchange-0.c compilation failed to produce executable
FAIL: gcc.dg/graphite/interchange-1.c (internal compiler error)
FAIL: gcc.dg/graphite/interchange-1.c (test for excess errors)
UNRESOLVED: gcc.dg/graphite/interchange-1.c compilation failed to produce executable
FAIL: gcc.dg/graphite/interchange-10.c (internal compiler error)
FAIL: gcc.dg/graphite/interchange-10.c (test for excess errors)
UNRESOLVED: gcc.dg/graphite/interchange-10.c compilation failed to produce executable
FAIL: gcc.dg/graphite/interchange-11.c (internal compiler error)
FAIL: gcc.dg/graphite/interchange-11.c (test for excess errors)
UNRESOLVED: gcc.dg/graphite/interchange-11.c compilation failed to produce executable
FAIL: gcc.dg/graphite/interchange-12.c (internal compiler error)
FAIL: gcc.dg/graphite/interchange-12.c (test for excess errors)
UNRESOLVED: gcc.dg/graphite/interchange-12.c compilation failed to produce executable
FAIL: gcc.dg/graphite/interchange-12.c scan-tree-dump graphite "tiled by"
FAIL: gcc.dg/graphite/interchange-13.c (internal compiler error)
FAIL: gcc.dg/graphite/interchange-13.c (test for excess errors)
UNRESOLVED: gcc.dg/graphite/interchange-13.c compilation failed to produce executable
FAIL: gcc.dg/graphite/interchange-14.c (internal compiler error)
FAIL: gcc.dg/graphite/interchange-14.c (test for excess errors)
UNRESOLVED: gcc.dg/graphite/interchange-14.c compilation failed to produce executable
FAIL: gcc.dg/graphite/interchange-14.c scan-tree-dump graphite "tiled by"
FAIL: gcc.dg/graphite/interchange-15.c (internal compiler error)
FAIL: gcc.dg/graphite/interchange-15.c (test for excess errors)
UNRESOLVED: gcc.dg/graphite/interchange-15.c compilation failed to produce executable
FAIL: gcc.dg/graphite/interchange-15.c scan-tree-dump graphite "tiled by"
FAIL: gcc.dg/graphite/interchange-2.c (internal compiler error)
FAIL: gcc.dg/graphite/interchange-2.c (test for excess errors)
UNRESOLVED: gcc.dg/graphite/interchange-2.c compilation failed to produce executable
FAIL: gcc.dg/graphite/interchange-3.c (internal compiler error)
FAIL: gcc.dg/graphite/interchange-3.c (test for excess errors)
UNRESOLVED: gcc.dg/graphite/interchange-3.c compilation failed to produce executable
FAIL: gcc.dg/graphite/interchange-4.c (internal compiler error)
FAIL: gcc.dg/graphite/interchange-4.c (test for excess errors)
UNRESOLVED: gcc.dg/graphite/interchange-4.c compilation failed to produce executable
FAIL: gcc.dg/graphite/interchange-5.c (internal compiler error)
FAIL: gcc.dg/graphite/interchange-5.c (test for excess errors)
UNRESOLVED: gcc.dg/graphite/interchange-5.c compilation failed to produce executable
FAIL: gcc.dg/graphite/interchange-6.c (internal compiler error)
FAIL: gcc.dg/graphite/interchange-6.c (test for excess errors)
UNRESOLVED: gcc.dg/graphite/interchange-6.c compilation failed to produce executable
FAIL: gcc.dg/graphite/interchange-7.c (internal compiler error)
FAIL: gcc.dg/graphite/interchange-7.c (test for excess errors)
UNRESOLVED: gcc.dg/graphite/interchange-7.c compilation failed to produce executable
FAIL: gcc.dg/graphite/interchange-8.c (internal compiler error)
FAIL: gcc.dg/graphite/interchange-8.c (test for excess errors)
UNRESOLVED: gcc.dg/graphite/interchange-8.c compilation failed to produce executable
FAIL: gcc.dg/graphite/interchange-8.c scan-tree-dump graphite "tiled by"
FAIL: gcc.dg/graphite/interchange-9.c (internal compiler error)
FAIL: gcc.dg/graphite/interchange-9.c (test for excess errors)
UNRESOLVED: gcc.dg/graphite/interchange-9.c compilation failed to produce executable
FAIL: gcc.dg/graphite/interchange-mvt.c (internal compiler error)
FAIL: gcc.dg/graphite/interchange-mvt.c (test for excess errors)
UNRESOLVED: gcc.dg/graphite/interchange-mvt.c compilation failed to produce executable
FAIL: gcc.dg/graphite/interchange-mvt.c scan-tree-dump graphite "tiled by"
FAIL: gcc.dg/graphite/pr29330.c (internal compiler error)
FAIL: gcc.dg/graphite/pr29330.c (test for excess errors)
FAIL: gcc.dg/graphite/pr29581-1.c (internal compiler error)
FAIL: gcc.dg/graphite/pr29581-1.c (test for excess errors)
UNRESOLVED: gcc.dg/graphite/pr29581-1.c compilation failed to produce executable
FAIL: gcc.dg/graphite/pr29581-2.c (internal compiler error)
FAIL: gcc.dg/graphite/pr29581-2.c (test for excess errors)
UNRESOLVED: gcc.dg/graphite/pr29581-2.c compilation failed to produce executable
FAIL: gcc.dg/graphite/pr29581-3.c (internal compiler error)
FAIL: gcc.dg/graphite/pr29581-3.c (test for excess errors)
UNRESOLVED: gcc.dg/graphite/pr29581-3.c compilation failed to produce executable
FAIL: gcc.dg/graphite/pr29581-4.c (internal compiler error)
FAIL: gcc.dg/graphite/pr29581-4.c (test for excess errors)
UNRESOLVED: gcc.dg/graphite/pr29581-4.c compilation failed to produce executable
FAIL: gcc.dg/graphite/pr30565.c (internal compiler error)
FAIL: gcc.dg/graphite/pr30565.c (test for excess errors)
FAIL: gcc.dg/graphite/pr31183.c (internal compiler error)
FAIL: gcc.dg/graphite/pr31183.c (test for excess errors)
FAIL: gcc.dg/graphite/pr33576.c (internal compiler error)
FAIL: gcc.dg/graphite/pr33576.c (test for excess errors)
FAIL: gcc.dg/graphite/pr34016.c (internal compiler error)
FAIL: gcc.dg/graphite/pr34016.c (test for excess errors)
FAIL: gcc.dg/graphite/pr35356-1.c (internal compiler error)
FAIL: gcc.dg/graphite/pr35356-1.c (test for excess errors)
FAIL: gcc.dg/graphite/pr36287.c (internal compiler error)
FAIL: gcc.dg/graphite/pr36287.c (test for excess errors)
FAIL: gcc.dg/graphite/pr40157.c (internal compiler error)
FAIL: gcc.dg/graphite/pr40157.c (test for excess errors)
FAIL: gcc.dg/graphite/pr42211.c (internal compiler error)
FAIL: gcc.dg/graphite/pr42211.c (test for excess errors)
FAIL: gcc.dg/graphite/pr42914.c (internal compiler error)
FAIL: gcc.dg/graphite/pr42914.c (test for excess errors)
FAIL: gcc.dg/graphite/pr42917.c (internal compiler error)
FAIL: gcc.dg/graphite/pr42917.c (test for excess errors)
FAIL: gcc.dg/graphite/pr43657.c (internal compiler error)
FAIL: gcc.dg/graphite/pr43657.c (test for excess errors)
UNRESOLVED: gcc.dg/graphite/pr43657.c compilation failed to produce executable
FAIL: gcc.dg/graphite/pr46168.c (internal compiler error)
FAIL: gcc.dg/graphite/pr46168.c (test for excess errors)
FAIL: gcc.dg/graphite/pr46185.c (internal compiler error)
FAIL: gcc.dg/graphite/pr46185.c (test for excess errors)
UNRESOLVED: gcc.dg/graphite/pr46185.c compilation failed to produce executable
FAIL: gcc.dg/graphite/pr46966.c (internal compiler error)
FAIL: gcc.dg/graphite/pr46966.c (test for excess errors)
FAIL: gcc.dg/graphite/pr68428.c (internal compiler error)
FAIL: gcc.dg/graphite/pr68428.c (test for excess errors)
FAIL: gcc.dg/graphite/pr68493.c (internal compiler error)
FAIL: gcc.dg/graphite/pr68493.c (test for excess errors)
FAIL: gcc.dg/graphite/pr68756.c (internal compiler error)
FAIL: gcc.dg/graphite/pr68756.c (test for excess errors)
FAIL: gcc.dg/graphite/pr69068.c (internal compiler error)
FAIL: gcc.dg/graphite/pr69068.c (test for excess errors)
FAIL: gcc.dg/graphite/pr69728.c (internal compiler error)
FAIL: gcc.dg/graphite/pr69728.c (test for excess errors)
FAIL: gcc.dg/graphite/pr70045.c (internal compiler error)
FAIL: gcc.dg/graphite/pr70045.c (test for excess errors)
FAIL: gcc.dg/graphite/pr71575-1.c (internal compiler error)
FAIL: gcc.dg/graphite/pr71575-1.c (test for excess errors)
FAIL: gcc.dg/graphite/pr71575-2.c (internal compiler error)
FAIL: gcc.dg/graphite/pr71575-2.c (test for excess errors)
FAIL: gcc.dg/graphite/pr71824.c (internal compiler error)
FAIL: gcc.dg/graphite/pr71824.c (test for excess errors)
FAIL: gcc.dg/graphite/pr77362.c (internal compiler error)
FAIL: gcc.dg/graphite/pr77362.c (test for excess errors)
FAIL: gcc.dg/graphite/pr79622.c (internal compiler error)
FAIL: gcc.dg/graphite/pr79622.c (test for excess errors)
UNRESOLVED: gcc.dg/graphite/pr79622.c compilation failed to produce executable
FAIL: gcc.dg/graphite/pr80906.c (internal compiler error)
FAIL: gcc.dg/graphite/pr80906.c (test for excess errors)
FAIL: gcc.dg/graphite/pr81090.c (internal compiler error)
FAIL: gcc.dg/graphite/pr81090.c (test for excess errors)
FAIL: gcc.dg/graphite/pr81373-2.c (internal compiler error)
FAIL: gcc.dg/graphite/pr81373-2.c (test for excess errors)
FAIL: gcc.dg/graphite/pr81373.c (internal compiler error)
FAIL: gcc.dg/graphite/pr81373.c (test for excess errors)
FAIL: gcc.dg/graphite/pr82421.c (internal compiler error)
FAIL: gcc.dg/graphite/pr82421.c (test for excess errors)
FAIL: gcc.dg/graphite/pr82422.c (internal compiler error)
FAIL: gcc.dg/graphite/pr82422.c (test for excess errors)
FAIL: gcc.dg/graphite/pr82451.c (internal compiler error)
FAIL: gcc.dg/graphite/pr82451.c (test for excess errors)
FAIL: gcc.dg/graphite/run-id-1.c (internal compiler error)
FAIL: gcc.dg/graphite/run-id-1.c (test for excess errors)
UNRESOLVED: gcc.dg/graphite/run-id-1.c compilation failed to produce executable
FAIL: gcc.dg/graphite/run-id-pr47653.c (internal compiler error)
FAIL: gcc.dg/graphite/run-id-pr47653.c (test for excess errors)
UNRESOLVED: gcc.dg/graphite/run-id-pr47653.c compilation failed to produce executable
FAIL: gcc.dg/graphite/run-id-pr47654.c (internal compiler error)
FAIL: gcc.dg/graphite/run-id-pr47654.c (test for excess errors)
UNRESOLVED: gcc.dg/graphite/run-id-pr47654.c compilation failed to produce executable
FAIL: gcc.dg/graphite/run-id-pr67700-1.c (internal compiler error)
FAIL: gcc.dg/graphite/run-id-pr67700-1.c (test for excess errors)
UNRESOLVED: gcc.dg/graphite/run-id-pr67700-1.c compilation failed to produce executable
FAIL: gcc.dg/graphite/uns-block-1.c (internal compiler error)
FAIL: gcc.dg/graphite/uns-block-1.c (test for excess errors)
UNRESOLVED: gcc.dg/graphite/uns-block-1.c compilation failed to produce executable
FAIL: gcc.dg/graphite/uns-interchange-12.c (internal compiler error)
FAIL: gcc.dg/graphite/uns-interchange-12.c (test for excess errors)
UNRESOLVED: gcc.dg/graphite/uns-interchange-12.c compilation failed to produce executable
FAIL: gcc.dg/graphite/uns-interchange-12.c scan-tree-dump graphite "tiled by"
FAIL: gcc.dg/graphite/uns-interchange-14.c (internal compiler error)
FAIL: gcc.dg/graphite/uns-interchange-14.c (test for excess errors)
UNRESOLVED: gcc.dg/graphite/uns-interchange-14.c compilation failed to produce executable
FAIL: gcc.dg/graphite/uns-interchange-14.c scan-tree-dump graphite "tiled by"
FAIL: gcc.dg/graphite/uns-interchange-15.c (internal compiler error)
FAIL: gcc.dg/graphite/uns-interchange-15.c (test for excess errors)
UNRESOLVED: gcc.dg/graphite/uns-interchange-15.c compilation failed to produce executable
FAIL: gcc.dg/graphite/uns-interchange-15.c scan-tree-dump graphite "tiled by"
FAIL: gcc.dg/graphite/uns-interchange-9.c (internal compiler error)
FAIL: gcc.dg/graphite/uns-interchange-9.c (test for excess errors)
UNRESOLVED: gcc.dg/graphite/uns-interchange-9.c compilation failed to produce executable
FAIL: gcc.dg/graphite/uns-interchange-mvt.c (internal compiler error)
FAIL: gcc.dg/graphite/uns-interchange-mvt.c (test for excess errors)
UNRESOLVED: gcc.dg/graphite/uns-interchange-mvt.c compilation failed to produce executable
FAIL: gcc.dg/graphite/uns-interchange-mvt.c scan-tree-dump graphite "tiled by"
XPASS: gcc.dg/guality/example.c -O0 execution test
XPASS: gcc.dg/guality/example.c -O1 execution test
XPASS: gcc.dg/guality/example.c -O3 -fomit-frame-pointer -funroll-loops -fpeel-loops -ftracer -finline-functions execution test
XPASS: gcc.dg/guality/example.c -O3 -g execution test
XPASS: gcc.dg/guality/guality.c -O0 execution test
XPASS: gcc.dg/guality/guality.c -O1 execution test
XPASS: gcc.dg/guality/guality.c -O2 execution test
XPASS: gcc.dg/guality/guality.c -O2 -flto -fno-use-linker-plugin -flto-partition=none execution test
XPASS: gcc.dg/guality/guality.c -O2 -flto -fuse-linker-plugin -fno-fat-lto-objects execution test
XPASS: gcc.dg/guality/guality.c -O3 -g execution test
XPASS: gcc.dg/guality/guality.c -Os execution test
XPASS: gcc.dg/guality/inline-params-2.c -O2 -flto -fuse-linker-plugin -fno-fat-lto-objects execution test
XPASS: gcc.dg/guality/inline-params.c -O2 execution test
XPASS: gcc.dg/guality/inline-params.c -O2 -flto -fno-use-linker-plugin -flto-partition=none execution test
XPASS: gcc.dg/guality/inline-params.c -O2 -flto -fuse-linker-plugin -fno-fat-lto-objects execution test
XPASS: gcc.dg/guality/inline-params.c -O3 -g execution test
XPASS: gcc.dg/guality/inline-params.c -Os execution test
XPASS: gcc.dg/guality/pr41353-1.c -O0 line 28 j == 28 + 37
XPASS: gcc.dg/guality/pr41353-1.c -O1 line 28 j == 28 + 37
XPASS: gcc.dg/guality/pr41353-1.c -O2 line 28 j == 28 + 37
XPASS: gcc.dg/guality/pr41353-1.c -O2 -flto -fno-use-linker-plugin -flto-partition=none line 28 j == 28 + 37
XPASS: gcc.dg/guality/pr41353-1.c -O2 -flto -fuse-linker-plugin -fno-fat-lto-objects line 28 j == 28 + 37
XPASS: gcc.dg/guality/pr41353-1.c -O3 -g line 28 j == 28 + 37
XPASS: gcc.dg/guality/pr41353-1.c -Os line 28 j == 28 + 37
FAIL: gcc.dg/guality/pr41447-1.c -O2 execution test
FAIL: gcc.dg/guality/pr41447-1.c -O2 -flto -fno-use-linker-plugin -flto-partition=none execution test
FAIL: gcc.dg/guality/pr41447-1.c -O3 -g execution test
FAIL: gcc.dg/guality/pr41616-1.c -O2 -flto -fuse-linker-plugin -fno-fat-lto-objects execution test
FAIL: gcc.dg/guality/pr41616-1.c -O3 -g execution test
FAIL: gcc.dg/guality/pr54519-1.c -O2 -flto -fno-use-linker-plugin -flto-partition=none line 20 y == 25
FAIL: gcc.dg/guality/pr54519-1.c -O2 -flto -fno-use-linker-plugin -flto-partition=none line 20 z == 6
FAIL: gcc.dg/guality/pr54519-1.c -O2 -flto -fno-use-linker-plugin -flto-partition=none line 23 y == 117
FAIL: gcc.dg/guality/pr54519-1.c -O2 -flto -fno-use-linker-plugin -flto-partition=none line 23 z == 8
FAIL: gcc.dg/guality/pr54519-2.c -O2 -flto -fno-use-linker-plugin -flto-partition=none line 17 y == 25
FAIL: gcc.dg/guality/pr54519-2.c -O2 -flto -fuse-linker-plugin -fno-fat-lto-objects line 17 y == 25
FAIL: gcc.dg/guality/pr54519-3.c -O2 -flto -fno-use-linker-plugin -flto-partition=none line 20 y == 25
FAIL: gcc.dg/guality/pr54519-3.c -O2 -flto -fno-use-linker-plugin -flto-partition=none line 20 z == 6
FAIL: gcc.dg/guality/pr54519-3.c -O2 -flto -fno-use-linker-plugin -flto-partition=none line 23 y == 117
FAIL: gcc.dg/guality/pr54519-3.c -O2 -flto -fno-use-linker-plugin -flto-partition=none line 23 z == 8
FAIL: gcc.dg/guality/pr54519-3.c -O2 -flto -fuse-linker-plugin -fno-fat-lto-objects line 20 y == 25
FAIL: gcc.dg/guality/pr54519-3.c -O2 -flto -fuse-linker-plugin -fno-fat-lto-objects line 20 z == 6
FAIL: gcc.dg/guality/pr54519-3.c -O2 -flto -fuse-linker-plugin -fno-fat-lto-objects line 23 y == 117
FAIL: gcc.dg/guality/pr54519-3.c -O2 -flto -fuse-linker-plugin -fno-fat-lto-objects line 23 z == 8
FAIL: gcc.dg/guality/pr54519-4.c -O2 -flto -fno-use-linker-plugin -flto-partition=none line 17 y == 25
FAIL: gcc.dg/guality/pr54519-4.c -O2 -flto -fuse-linker-plugin -fno-fat-lto-objects line 17 y == 25
FAIL: gcc.dg/guality/pr54519-5.c -O2 -flto -fno-use-linker-plugin -flto-partition=none line 17 y == 25
FAIL: gcc.dg/guality/pr54519-5.c -O2 -flto -fuse-linker-plugin -fno-fat-lto-objects line 17 y == 25
FAIL: gcc.dg/guality/pr68037-1.c -O2 -flto -fuse-linker-plugin -fno-fat-lto-objects line 33 error == 0x12345670
FAIL: gcc.dg/guality/pr68037-1.c -O2 -flto -fuse-linker-plugin -fno-fat-lto-objects line 33 frame->cs == 0x12345672
FAIL: gcc.dg/guality/pr68037-1.c -O2 -flto -fuse-linker-plugin -fno-fat-lto-objects line 33 frame->flags == 0x12345673
FAIL: gcc.dg/guality/pr68037-1.c -O2 -flto -fuse-linker-plugin -fno-fat-lto-objects line 33 frame->ip == 0x12345671
FAIL: gcc.dg/guality/pr68037-1.c -O2 -flto -fuse-linker-plugin -fno-fat-lto-objects line 33 frame->sp == 0x12345674
FAIL: gcc.dg/guality/pr68037-1.c -O2 -flto -fuse-linker-plugin -fno-fat-lto-objects line 33 frame->ss == 0x12345675
FAIL: gcc.dg/guality/pr68860-1.c -O2 -flto -fno-use-linker-plugin -flto-partition=none line 14 arg1 == 1
FAIL: gcc.dg/guality/pr68860-1.c -O2 -flto -fno-use-linker-plugin -flto-partition=none line 14 arg2 == 2
FAIL: gcc.dg/guality/pr68860-1.c -O2 -flto -fno-use-linker-plugin -flto-partition=none line 14 arg3 == 3
FAIL: gcc.dg/guality/pr68860-1.c -O2 -flto -fno-use-linker-plugin -flto-partition=none line 14 arg4 == 4
FAIL: gcc.dg/guality/pr68860-1.c -O2 -flto -fno-use-linker-plugin -flto-partition=none line 14 arg5 == 5
FAIL: gcc.dg/guality/pr68860-1.c -O2 -flto -fno-use-linker-plugin -flto-partition=none line 14 arg6 == 6
FAIL: gcc.dg/guality/pr68860-1.c -O2 -flto -fno-use-linker-plugin -flto-partition=none line 16 arg1 == 1
FAIL: gcc.dg/guality/pr68860-1.c -O2 -flto -fno-use-linker-plugin -flto-partition=none line 16 arg2 == 2
FAIL: gcc.dg/guality/pr68860-1.c -O2 -flto -fno-use-linker-plugin -flto-partition=none line 16 arg3 == 3
FAIL: gcc.dg/guality/pr68860-1.c -O2 -flto -fno-use-linker-plugin -flto-partition=none line 16 arg4 == 4
FAIL: gcc.dg/guality/pr68860-1.c -O2 -flto -fno-use-linker-plugin -flto-partition=none line 16 arg5 == 5
FAIL: gcc.dg/guality/pr68860-1.c -O2 -flto -fno-use-linker-plugin -flto-partition=none line 16 arg6 == 6
FAIL: gcc.dg/guality/pr68860-1.c -O2 -flto -fuse-linker-plugin -fno-fat-lto-objects line 14 arg1 == 1
FAIL: gcc.dg/guality/pr68860-1.c -O2 -flto -fuse-linker-plugin -fno-fat-lto-objects line 14 arg2 == 2
FAIL: gcc.dg/guality/pr68860-1.c -O2 -flto -fuse-linker-plugin -fno-fat-lto-objects line 14 arg3 == 3
FAIL: gcc.dg/guality/pr68860-1.c -O2 -flto -fuse-linker-plugin -fno-fat-lto-objects line 14 arg4 == 4
FAIL: gcc.dg/guality/pr68860-1.c -O2 -flto -fuse-linker-plugin -fno-fat-lto-objects line 14 arg5 == 5
FAIL: gcc.dg/guality/pr68860-1.c -O2 -flto -fuse-linker-plugin -fno-fat-lto-objects line 14 arg6 == 6
FAIL: gcc.dg/guality/pr68860-1.c -O2 -flto -fuse-linker-plugin -fno-fat-lto-objects line 16 arg1 == 1
FAIL: gcc.dg/guality/pr68860-1.c -O2 -flto -fuse-linker-plugin -fno-fat-lto-objects line 16 arg2 == 2
FAIL: gcc.dg/guality/pr68860-1.c -O2 -flto -fuse-linker-plugin -fno-fat-lto-objects line 16 arg3 == 3
FAIL: gcc.dg/guality/pr68860-1.c -O2 -flto -fuse-linker-plugin -fno-fat-lto-objects line 16 arg4 == 4
FAIL: gcc.dg/guality/pr68860-1.c -O2 -flto -fuse-linker-plugin -fno-fat-lto-objects line 16 arg5 == 5
FAIL: gcc.dg/guality/pr68860-1.c -O2 -flto -fuse-linker-plugin -fno-fat-lto-objects line 16 arg6 == 6
FAIL: gcc.dg/guality/vla-1.c -O1 line 17 sizeof (a) == 6
FAIL: gcc.dg/guality/vla-1.c -O2 line 17 sizeof (a) == 6
FAIL: gcc.dg/guality/vla-1.c -O2 -flto -fno-use-linker-plugin -flto-partition=none line 17 sizeof (a) == 6
FAIL: gcc.dg/guality/vla-1.c -O2 -flto -fno-use-linker-plugin -flto-partition=none line 24 sizeof (a) == 17 * sizeof (short)
FAIL: gcc.dg/guality/vla-1.c -O2 -flto -fuse-linker-plugin -fno-fat-lto-objects line 17 sizeof (a) == 6
FAIL: gcc.dg/guality/vla-1.c -O2 -flto -fuse-linker-plugin -fno-fat-lto-objects line 24 sizeof (a) == 17 * sizeof (short)
FAIL: gcc.dg/guality/vla-1.c -O3 -g line 17 sizeof (a) == 6
FAIL: gcc.dg/guality/vla-1.c -Os line 17 sizeof (a) == 6
UNRESOLVED: gcc.dg/lto/chkp-ctor-merge c_lto_chkp-ctor-merge_0.o-c_lto_chkp-ctor-merge_0.o execute -O2 -flto -fcheck-pointer-bounds -mmpx -nodefaultlibs -lc
FAIL: gcc.dg/lto/chkp-ctor-merge c_lto_chkp-ctor-merge_0.o-c_lto_chkp-ctor-merge_0.o link, -O2 -flto -fcheck-pointer-bounds -mmpx -nodefaultlibs -lc (internal compiler error)
FAIL: gcc.dg/tree-prof/switch-case-2.c scan-rtl-dump-times expand ";; basic block[^\\\\n]*count 2000" 1
FAIL: gcc.dg/tree-ssa/builtin-sprintf-warn-18.c (test for warnings, line 119)
FAIL: gcc.dg/tree-ssa/builtin-sprintf-warn-18.c (test for warnings, line 121)
FAIL: c-c++-common/ubsan/ptr-overflow-sanitization-1.c -O0 scan-tree-dump-times optimized "__ubsan_handle_pointer_overflow" 17
FAIL: c-c++-common/ubsan/ptr-overflow-sanitization-1.c -O1 scan-tree-dump-times optimized "__ubsan_handle_pointer_overflow" 17
FAIL: c-c++-common/ubsan/ptr-overflow-sanitization-1.c -O2 scan-tree-dump-times optimized "__ubsan_handle_pointer_overflow" 17
FAIL: c-c++-common/ubsan/ptr-overflow-sanitization-1.c -O3 -g scan-tree-dump-times optimized "__ubsan_handle_pointer_overflow" 17
FAIL: c-c++-common/ubsan/ptr-overflow-sanitization-1.c -Os scan-tree-dump-times optimized "__ubsan_handle_pointer_overflow" 17
FAIL: gcc.dg/vect/pr65947-14.c -flto -ffat-lto-objects execution test
FAIL: gcc.dg/vect/pr65947-14.c execution test
FAIL: gcc.target/i386/pr70021.c scan-tree-dump-times vect "vectorized 1 loops" 2
FAIL: gcc.target/i386/pr71245-1.c scan-assembler-not (fistp|fild)
FAIL: gcc.target/i386/pr71245-2.c scan-assembler-not movlps
=== gcc Summary ===
# of expected passes 134178
# of unexpected failures 241
# of unexpected successes 25
# of expected failures 376
# of unresolved testcases 42
# of unsupported tests 2361
/export/gnu/import/git/gcc-test-ia32/bld/gcc/xgcc version 8.0.0 20171013 (experimental) [trunk revision 253729] (GCC)
=== gfortran tests ===
Running target unix
FAIL: gfortran.dg/graphite/PR67518.f90 -O (internal compiler error)
FAIL: gfortran.dg/graphite/PR67518.f90 -O (test for excess errors)
FAIL: gfortran.dg/graphite/id-14.f -O (internal compiler error)
FAIL: gfortran.dg/graphite/id-14.f -O (test for excess errors)
FAIL: gfortran.dg/graphite/id-15.f -O (internal compiler error)
FAIL: gfortran.dg/graphite/id-15.f -O (test for excess errors)
FAIL: gfortran.dg/graphite/id-17.f -O (internal compiler error)
FAIL: gfortran.dg/graphite/id-17.f -O (test for excess errors)
FAIL: gfortran.dg/graphite/id-19.f -O (internal compiler error)
FAIL: gfortran.dg/graphite/id-19.f -O (test for excess errors)
FAIL: gfortran.dg/graphite/id-24.f -O (internal compiler error)
FAIL: gfortran.dg/graphite/id-24.f -O (test for excess errors)
FAIL: gfortran.dg/graphite/id-25.f -O (internal compiler error)
FAIL: gfortran.dg/graphite/id-25.f -O (test for excess errors)
FAIL: gfortran.dg/graphite/id-27.f90 -O (internal compiler error)
FAIL: gfortran.dg/graphite/id-27.f90 -O (test for excess errors)
FAIL: gfortran.dg/graphite/id-28.f90 -O (internal compiler error)
FAIL: gfortran.dg/graphite/id-28.f90 -O (test for excess errors)
FAIL: gfortran.dg/graphite/id-9.f -O (internal compiler error)
FAIL: gfortran.dg/graphite/id-9.f -O (test for excess errors)
FAIL: gfortran.dg/graphite/interchange-1.f -O (internal compiler error)
FAIL: gfortran.dg/graphite/interchange-1.f -O (test for excess errors)
FAIL: gfortran.dg/graphite/interchange-3.f90 -O (internal compiler error)
FAIL: gfortran.dg/graphite/interchange-3.f90 -O (test for excess errors)
FAIL: gfortran.dg/graphite/pr14741.f90 -O (internal compiler error)
FAIL: gfortran.dg/graphite/pr14741.f90 -O (test for excess errors)
FAIL: gfortran.dg/graphite/pr29581.f90 -O1 (internal compiler error)
FAIL: gfortran.dg/graphite/pr29581.f90 -O1 (test for excess errors)
UNRESOLVED: gfortran.dg/graphite/pr29581.f90 -O1 compilation failed to produce executable
FAIL: gfortran.dg/graphite/pr29581.f90 -O2 (internal compiler error)
FAIL: gfortran.dg/graphite/pr29581.f90 -O2 (test for excess errors)
UNRESOLVED: gfortran.dg/graphite/pr29581.f90 -O2 compilation failed to produce executable
FAIL: gfortran.dg/graphite/pr29832.f90 -O1 (internal compiler error)
FAIL: gfortran.dg/graphite/pr29832.f90 -O1 (test for excess errors)
UNRESOLVED: gfortran.dg/graphite/pr29832.f90 -O1 compilation failed to produce executable
FAIL: gfortran.dg/graphite/pr29832.f90 -O2 (internal compiler error)
FAIL: gfortran.dg/graphite/pr29832.f90 -O2 (test for excess errors)
UNRESOLVED: gfortran.dg/graphite/pr29832.f90 -O2 compilation failed to produce executable
FAIL: gfortran.dg/graphite/pr29832.f90 -O3 -fomit-frame-pointer -funroll-loops -fpeel-loops -ftracer -finline-functions (internal compiler error)
FAIL: gfortran.dg/graphite/pr29832.f90 -O3 -fomit-frame-pointer -funroll-loops -fpeel-loops -ftracer -finline-functions (test for excess errors)
UNRESOLVED: gfortran.dg/graphite/pr29832.f90 -O3 -fomit-frame-pointer -funroll-loops -fpeel-loops -ftracer -finline-functions compilation failed to produce executable
FAIL: gfortran.dg/graphite/pr29832.f90 -O3 -g (internal compiler error)
FAIL: gfortran.dg/graphite/pr29832.f90 -O3 -g (test for excess errors)
UNRESOLVED: gfortran.dg/graphite/pr29832.f90 -O3 -g compilation failed to produce executable
FAIL: gfortran.dg/graphite/pr42285.f90 -O (internal compiler error)
FAIL: gfortran.dg/graphite/pr42285.f90 -O (test for excess errors)
FAIL: gfortran.dg/graphite/pr42326-1.f90 -O (internal compiler error)
FAIL: gfortran.dg/graphite/pr42326-1.f90 -O (test for excess errors)
FAIL: gfortran.dg/graphite/pr42326.f90 -O (internal compiler error)
FAIL: gfortran.dg/graphite/pr42326.f90 -O (test for excess errors)
FAIL: gfortran.dg/graphite/pr42334-1.f -O (internal compiler error)
FAIL: gfortran.dg/graphite/pr42334-1.f -O (test for excess errors)
FAIL: gfortran.dg/graphite/pr42334.f90 -O (internal compiler error)
FAIL: gfortran.dg/graphite/pr42334.f90 -O (test for excess errors)
FAIL: gfortran.dg/graphite/pr42393-1.f90 -O (internal compiler error)
FAIL: gfortran.dg/graphite/pr42393-1.f90 -O (test for excess errors)
FAIL: gfortran.dg/graphite/pr42393.f90 -O (internal compiler error)
FAIL: gfortran.dg/graphite/pr42393.f90 -O (test for excess errors)
FAIL: gfortran.dg/graphite/pr43097.f -O (internal compiler error)
FAIL: gfortran.dg/graphite/pr43097.f -O (test for excess errors)
FAIL: gfortran.dg/graphite/pr47019.f -O (internal compiler error)
FAIL: gfortran.dg/graphite/pr47019.f -O (test for excess errors)
FAIL: gfortran.dg/graphite/pr68279.f90 -O (internal compiler error)
FAIL: gfortran.dg/graphite/pr68279.f90 -O (test for excess errors)
FAIL: gfortran.dg/graphite/pr68453.f90 -O (internal compiler error)
FAIL: gfortran.dg/graphite/pr68453.f90 -O (test for excess errors)
FAIL: gfortran.dg/graphite/pr68550-2.f90 -O (internal compiler error)
FAIL: gfortran.dg/graphite/pr68550-2.f90 -O (test for excess errors)
FAIL: gfortran.dg/graphite/pr71351.f90 -O (internal compiler error)
FAIL: gfortran.dg/graphite/pr71351.f90 -O (test for excess errors)
FAIL: gfortran.dg/graphite/pr71898.f90 -O (internal compiler error)
FAIL: gfortran.dg/graphite/pr71898.f90 -O (test for excess errors)
FAIL: gfortran.dg/graphite/pr82449.f -O (internal compiler error)
FAIL: gfortran.dg/graphite/pr82449.f -O (test for excess errors)
FAIL: gfortran.dg/graphite/pr82451.f -O (internal compiler error)
FAIL: gfortran.dg/graphite/pr82451.f -O (test for excess errors)
FAIL: gfortran.dg/graphite/run-id-1.f -O (internal compiler error)
FAIL: gfortran.dg/graphite/run-id-1.f -O (test for excess errors)
UNRESOLVED: gfortran.dg/graphite/run-id-1.f -O compilation failed to produce executable
FAIL: gfortran.dg/graphite/run-id-2.f90 -O (internal compiler error)
FAIL: gfortran.dg/graphite/run-id-2.f90 -O (test for excess errors)
UNRESOLVED: gfortran.dg/graphite/run-id-2.f90 -O compilation failed to produce executable
FAIL: gfortran.dg/graphite/run-id-3.f90 -O1 (internal compiler error)
FAIL: gfortran.dg/graphite/run-id-3.f90 -O1 (test for excess errors)
UNRESOLVED: gfortran.dg/graphite/run-id-3.f90 -O1 compilation failed to produce executable
FAIL: gfortran.dg/graphite/run-id-3.f90 -O2 (internal compiler error)
FAIL: gfortran.dg/graphite/run-id-3.f90 -O2 (test for excess errors)
UNRESOLVED: gfortran.dg/graphite/run-id-3.f90 -O2 compilation failed to produce executable
FAIL: gfortran.dg/graphite/run-id-3.f90 -O3 -fomit-frame-pointer -funroll-loops -fpeel-loops -ftracer -finline-functions (internal compiler error)
FAIL: gfortran.dg/graphite/run-id-3.f90 -O3 -fomit-frame-pointer -funroll-loops -fpeel-loops -ftracer -finline-functions (test for excess errors)
UNRESOLVED: gfortran.dg/graphite/run-id-3.f90 -O3 -fomit-frame-pointer -funroll-loops -fpeel-loops -ftracer -finline-functions compilation failed to produce executable
FAIL: gfortran.dg/graphite/run-id-3.f90 -O3 -g (internal compiler error)
FAIL: gfortran.dg/graphite/run-id-3.f90 -O3 -g (test for excess errors)
UNRESOLVED: gfortran.dg/graphite/run-id-3.f90 -O3 -g compilation failed to produce executable
FAIL: gfortran.dg/graphite/run-id-3.f90 -Os (internal compiler error)
FAIL: gfortran.dg/graphite/run-id-3.f90 -Os (test for excess errors)
UNRESOLVED: gfortran.dg/graphite/run-id-3.f90 -Os compilation failed to produce executable
UNRESOLVED: gfortran.dg/graphite/vect-pr40979.f90 -O scan-tree-dump-times vect "vectorized 1 loops" 1
FAIL: gfortran.dg/graphite/vect-pr40979.f90 -O (internal compiler error)
FAIL: gfortran.dg/graphite/vect-pr40979.f90 -O (test for excess errors)
=== gfortran Summary ===
# of expected passes 45690
# of unexpected failures 86
# of expected failures 91
# of unresolved testcases 14
# of unsupported tests 179
/export/gnu/import/git/gcc-test-ia32/bld/gcc/gfortran version 8.0.0 20171013 (experimental) [trunk revision 253729] (GCC)
=== g++ tests ===
Running target unix
FAIL: g++.dg/template/nontype10.C -std=c++11 (test for excess errors)
FAIL: g++.dg/template/nontype10.C -std=c++14 (test for excess errors)
FAIL: g++.dg/template/nontype10.C -std=c++98 (test for excess errors)
FAIL: g++.dg/guality/pr55665.C -O2 line 23 p == 40
FAIL: c-c++-common/ubsan/attrib-5.c -O0 (test for warnings, line 7)
FAIL: c-c++-common/ubsan/attrib-5.c -O0 (test for excess errors)
FAIL: c-c++-common/ubsan/attrib-5.c -O1 (test for warnings, line 7)
FAIL: c-c++-common/ubsan/attrib-5.c -O1 (test for excess errors)
FAIL: c-c++-common/ubsan/attrib-5.c -O2 (test for warnings, line 7)
FAIL: c-c++-common/ubsan/attrib-5.c -O2 (test for excess errors)
FAIL: c-c++-common/ubsan/attrib-5.c -O2 -flto -fno-use-linker-plugin -flto-partition=none (test for warnings, line 7)
FAIL: c-c++-common/ubsan/attrib-5.c -O2 -flto -fno-use-linker-plugin -flto-partition=none (test for excess errors)
FAIL: c-c++-common/ubsan/attrib-5.c -O2 -flto -fuse-linker-plugin -fno-fat-lto-objects (test for warnings, line 7)
FAIL: c-c++-common/ubsan/attrib-5.c -O2 -flto -fuse-linker-plugin -fno-fat-lto-objects (test for excess errors)
FAIL: c-c++-common/ubsan/attrib-5.c -O3 -g (test for warnings, line 7)
FAIL: c-c++-common/ubsan/attrib-5.c -O3 -g (test for excess errors)
FAIL: c-c++-common/ubsan/attrib-5.c -Os (test for warnings, line 7)
FAIL: c-c++-common/ubsan/attrib-5.c -Os (test for excess errors)
FAIL: c-c++-common/ubsan/ptr-overflow-sanitization-1.c -O0 scan-tree-dump-times optimized "__ubsan_handle_pointer_overflow" 17
FAIL: c-c++-common/ubsan/ptr-overflow-sanitization-1.c -O1 scan-tree-dump-times optimized "__ubsan_handle_pointer_overflow" 17
FAIL: c-c++-common/ubsan/ptr-overflow-sanitization-1.c -O2 scan-tree-dump-times optimized "__ubsan_handle_pointer_overflow" 17
FAIL: c-c++-common/ubsan/ptr-overflow-sanitization-1.c -O3 -g scan-tree-dump-times optimized "__ubsan_handle_pointer_overflow" 17
FAIL: c-c++-common/ubsan/ptr-overflow-sanitization-1.c -Os scan-tree-dump-times optimized "__ubsan_handle_pointer_overflow" 17
=== g++ Summary ===
# of expected passes 118499
# of unexpected failures 23
# of expected failures 380
# of unsupported tests 4312
/export/gnu/import/git/gcc-test-ia32/bld/gcc/xg++ version 8.0.0 20171013 (experimental) [trunk revision 253729] (GCC)
=== objc tests ===
Running target unix
=== objc Summary ===
# of expected passes 2797
# of expected failures 6
# of unsupported tests 68
/export/gnu/import/git/gcc-test-ia32/bld/gcc/xgcc version 8.0.0 20171013 (experimental) [trunk revision 253729] (GCC)
=== libatomic tests ===
Running target unix
=== libatomic Summary ===
# of expected passes 44
# of unsupported tests 5
=== libgomp tests ===
Running target unix
FAIL: libgomp.graphite/bounds.c (internal compiler error)
FAIL: libgomp.graphite/bounds.c (test for excess errors)
FAIL: libgomp.graphite/force-parallel-1.c (internal compiler error)
FAIL: libgomp.graphite/force-parallel-1.c (test for excess errors)
UNRESOLVED: libgomp.graphite/force-parallel-1.c compilation failed to produce executable
UNRESOLVED: libgomp.graphite/force-parallel-1.c scan-tree-dump-times optimized "loopfn" 8
FAIL: libgomp.graphite/force-parallel-2.c (internal compiler error)
FAIL: libgomp.graphite/force-parallel-2.c (test for excess errors)
UNRESOLVED: libgomp.graphite/force-parallel-2.c compilation failed to produce executable
UNRESOLVED: libgomp.graphite/force-parallel-2.c scan-tree-dump-times optimized "loopfn" 4
FAIL: libgomp.graphite/force-parallel-3.c (internal compiler error)
FAIL: libgomp.graphite/force-parallel-3.c (test for excess errors)
UNRESOLVED: libgomp.graphite/force-parallel-3.c compilation failed to produce executable
UNRESOLVED: libgomp.graphite/force-parallel-3.c scan-tree-dump-times optimized "loopfn.0" 4
UNRESOLVED: libgomp.graphite/force-parallel-3.c scan-tree-dump-times optimized "loopfn.1" 4
FAIL: libgomp.graphite/force-parallel-4.c (internal compiler error)
FAIL: libgomp.graphite/force-parallel-4.c (test for excess errors)
UNRESOLVED: libgomp.graphite/force-parallel-4.c compilation failed to produce executable
UNRESOLVED: libgomp.graphite/force-parallel-4.c scan-tree-dump-times optimized "loopfn.0" 4
UNRESOLVED: libgomp.graphite/force-parallel-4.c scan-tree-dump-times optimized "loopfn.1" 4
FAIL: libgomp.graphite/force-parallel-5.c (internal compiler error)
FAIL: libgomp.graphite/force-parallel-5.c (test for excess errors)
UNRESOLVED: libgomp.graphite/force-parallel-5.c compilation failed to produce executable
UNRESOLVED: libgomp.graphite/force-parallel-5.c scan-tree-dump-times optimized "loopfn.0" 4
UNRESOLVED: libgomp.graphite/force-parallel-5.c scan-tree-dump-times optimized "loopfn.1" 4
FAIL: libgomp.graphite/force-parallel-6.c (internal compiler error)
FAIL: libgomp.graphite/force-parallel-6.c (test for excess errors)
UNRESOLVED: libgomp.graphite/force-parallel-6.c compilation failed to produce executable
FAIL: libgomp.graphite/force-parallel-6.c scan-tree-dump-times optimized "loopfn.0" 4
FAIL: libgomp.graphite/force-parallel-7.c (internal compiler error)
FAIL: libgomp.graphite/force-parallel-7.c (test for excess errors)
UNRESOLVED: libgomp.graphite/force-parallel-7.c compilation failed to produce executable
UNRESOLVED: libgomp.graphite/force-parallel-7.c scan-tree-dump-times optimized "loopfn.0" 4
FAIL: libgomp.graphite/force-parallel-8.c (internal compiler error)
FAIL: libgomp.graphite/force-parallel-8.c (test for excess errors)
UNRESOLVED: libgomp.graphite/force-parallel-8.c compilation failed to produce executable
UNRESOLVED: libgomp.graphite/force-parallel-8.c scan-tree-dump-times optimized "loopfn.0" 4
UNRESOLVED: libgomp.graphite/force-parallel-8.c scan-tree-dump-times optimized "loopfn.1" 4
FAIL: libgomp.graphite/force-parallel-9.c (internal compiler error)
FAIL: libgomp.graphite/force-parallel-9.c (test for excess errors)
UNRESOLVED: libgomp.graphite/force-parallel-9.c compilation failed to produce executable
UNRESOLVED: libgomp.graphite/force-parallel-9.c scan-tree-dump-times optimized "loopfn.0" 4
UNRESOLVED: libgomp.graphite/force-parallel-9.c scan-tree-dump-times optimized "loopfn.1" 4
=== libgomp Summary ===
# of expected passes 5224
# of unexpected failures 21
# of unresolved testcases 22
# of unsupported tests 328
=== libitm tests ===
Running target unix
=== libitm Summary ===
# of expected passes 42
# of expected failures 3
# of unsupported tests 1
=== libstdc++ tests ===
Running target unix
=== libstdc++ Summary ===
# of expected passes 12477
# of expected failures 70
# of unsupported tests 244
Compiler version: 8.0.0 20171013 (experimental) [trunk revision 253729] (GCC)
Platform: i686-pc-linux-gnu
configure flags: --prefix=/usr/8.0.0 --enable-clocale=gnu --with-system-zlib --enable-shared --with-demangler-in-ld --enable-libmpx i686-linux --with-fpmath=sse