This is the mail archive of the
gcc-testresults@gcc.gnu.org
mailing list for the GCC project.
Results for 8.0.0 20171006 (experimental) [master revision ff130bf:520b8fb:df7bbf0838f72d54ab4f151f0bf1b2e4a32542df] (Cavium Inc. (Build 4788)) testsuite on x86_64-pc-linux-gnu
- From: jenkins at cavium dot com
- To: gcc-testresults at gcc dot gnu dot org
- Date: Fri, 06 Oct 2017 10:46:30 -0700
- Subject: Results for 8.0.0 20171006 (experimental) [master revision ff130bf:520b8fb:df7bbf0838f72d54ab4f151f0bf1b2e4a32542df] (Cavium Inc. (Build 4788)) testsuite on x86_64-pc-linux-gnu
- Authentication-results: sourceware.org; auth=none
LAST_UPDATED: Fri Oct 6 14:23:14 UTC 2017 (revision ff130bf:520b8fb:df7bbf0838f72d54ab4f151f0bf1b2e4a32542df)
Native configuration is x86_64-pc-linux-gnu
=== gcc tests ===
Running target unix
FAIL: gcc.dg/debug/pr41893-1.c -gdwarf-2 -g3 (test for excess errors)
FAIL: gcc.dg/debug/pr41893-1.c -gdwarf-2 -g3 -O (test for excess errors)
FAIL: gcc.dg/debug/pr41893-1.c -gdwarf-2 -g3 -O3 (test for excess errors)
FAIL: gcc.dg/20050503-1.c scan-assembler-not call
UNRESOLVED: gcc.dg/tree-prof/ic-misattribution-1a.c scan-tree-dump-times dom2 "\\\\+" 1
UNRESOLVED: gcc.dg/tree-prof/ic-misattribution-1a.c scan-tree-dump-times dom2 "first_gp_reg_save" 1
FAIL: gcc.dg/vect/pr65947-14.c -flto -ffat-lto-objects execution test
FAIL: gcc.dg/vect/pr65947-14.c execution test
FAIL: gcc.dg/vect/pr66636.c (test for excess errors)
FAIL: gcc.dg/vect/pr66636.c -flto -ffat-lto-objects (test for excess errors)
WARNING: gcc.dg/vect/pr66636.c -flto -ffat-lto-objects compilation failed to produce executable
WARNING: gcc.dg/vect/pr66636.c compilation failed to produce executable
FAIL: gcc.target/i386/pr57275.c (test for excess errors)
WARNING: gcc.target/i386/pr57275.c compilation failed to produce executable
=== gcc Summary ===
# of expected passes 125962
# of unexpected failures 9
# of expected failures 364
# of unresolved testcases 2
# of unsupported tests 3388
/home/jenkins/workspace/BuildX86_native_gcc_upstream_CENTOS/objdir/gcc/xgcc version 8.0.0 20171006 (experimental) [master revision ff130bf:520b8fb:df7bbf0838f72d54ab4f151f0bf1b2e4a32542df] (Cavium Inc. (Build 4788))
=== gfortran tests ===
Running target unix
FAIL: gfortran.dg/graphite/pr14741.f90 -O scan-tree-dump graphite "tiled by"
FAIL: gfortran.dg/guality/pr41558.f90 -O2 line 7 s == 'foo'
FAIL: gfortran.dg/guality/pr41558.f90 -O3 -fomit-frame-pointer -funroll-loops -fpeel-loops -ftracer -finline-functions line 7 s == 'foo'
FAIL: gfortran.dg/guality/pr41558.f90 -O3 -g line 7 s == 'foo'
FAIL: gfortran.dg/guality/pr41558.f90 -Os line 7 s == 'foo'
=== gfortran Summary ===
# of expected passes 45902
# of unexpected failures 5
# of expected failures 91
# of unsupported tests 90
/home/jenkins/workspace/BuildX86_native_gcc_upstream_CENTOS/objdir/gcc/testsuite/gfortran/../../gfortran version 8.0.0 20171006 (experimental) [master revision ff130bf:520b8fb:df7bbf0838f72d54ab4f151f0bf1b2e4a32542df] (Cavium Inc. (Build 4788))
=== g++ tests ===
Running target unix
UNRESOLVED: g++.dg/bprob/g++-bprob-2.C scan-assembler .ascii bar
UNRESOLVED: g++.dg/bprob/g++-bprob-2.C scan-assembler .ascii foo
FAIL: g++.dg/tls/thread_local-order2.C -std=c++11 execution test
FAIL: g++.dg/tls/thread_local-order2.C -std=c++14 execution test
UNRESOLVED: g++.dg/tree-prof/indir-call-prof-2.C compilation, -fauto-profile
UNRESOLVED: g++.dg/tree-prof/indir-call-prof-2.C execution, -fauto-profile
FAIL: g++.dg/tree-prof/indir-call-prof-2.C execution, -g
=== g++ Summary ===
# of expected passes 119691
# of unexpected failures 3
# of expected failures 380
# of unresolved testcases 4
# of unsupported tests 4506
/home/jenkins/workspace/BuildX86_native_gcc_upstream_CENTOS/objdir/gcc/testsuite/g++/../../xg++ version 8.0.0 20171006 (experimental) [master revision ff130bf:520b8fb:df7bbf0838f72d54ab4f151f0bf1b2e4a32542df] (Cavium Inc. (Build 4788))
=== go tests ===
Running target unix
FAIL: ./index0-out.go execution, -O0 -g -fno-var-tracking-assignments
=== go Summary ===
# of expected passes 7253
# of unexpected failures 1
# of expected failures 1
# of untested testcases 6
# of unsupported tests 1
/home/jenkins/workspace/BuildX86_native_gcc_upstream_CENTOS/objdir/gcc/testsuite/go/../../gccgo version 8.0.0 20171006 (experimental) [master revision ff130bf:520b8fb:df7bbf0838f72d54ab4f151f0bf1b2e4a32542df] (Cavium Inc. (Build 4788))
=== gotools tests ===
FAIL go test runtime
FAIL: TestCgoCallbackGC
=== gotools Summary ===
# of expected passes 360
# of unexpected failures 2
# of untested testcases 133
/home/jenkins/workspace/BuildX86_native_gcc_upstream_CENTOS/objdir/./gcc/gccgo version 8.0.0 20171006 (experimental) [master revision ff130bf:520b8fb:df7bbf0838f72d54ab4f151f0bf1b2e4a32542df] (Cavium Inc. (Build 4788))
=== libatomic tests ===
Running target unix
=== libatomic Summary ===
# of expected passes 54
=== libffi tests ===
Running target unix
=== libffi Summary ===
# of expected passes 2214
=== libgo tests ===
Running target unix
FAIL: sync
=== libgo Summary ===
# of expected passes 154
# of unexpected failures 1
/home/jenkins/workspace/BuildX86_native_gcc_upstream_CENTOS/objdir/./gcc/gccgo version 8.0.0 20171006 (experimental) [master revision ff130bf:520b8fb:df7bbf0838f72d54ab4f151f0bf1b2e4a32542df] (Cavium Inc. (Build 4788))
=== libgomp tests ===
Running target unix
=== libgomp Summary ===
# of expected passes 5185
# of unsupported tests 364
=== libitm tests ===
Running target unix
=== libitm Summary ===
# of expected passes 42
# of expected failures 3
# of unsupported tests 1
=== libstdc++ tests ===
Running target unix
=== libstdc++ Summary ===
# of expected passes 11885
# of expected failures 70
# of unsupported tests 250
Compiler version: 8.0.0 20171006 (experimental) [master revision ff130bf:520b8fb:df7bbf0838f72d54ab4f151f0bf1b2e4a32542df] (Cavium Inc. (Build 4788))
Platform: x86_64-pc-linux-gnu
configure flags: --prefix=/home/jenkins/workspace/BuildX86_native_gcc_upstream_CENTOS/objdir/../tools --enable-languages=c,c++,fortran,go --disable-werror --enable-plugins --enable-gnu-indirect-function --with-pkgversion='Cavium Inc. (Build 4788)' --disable-multilib