This is the mail archive of the
gcc-testresults@gcc.gnu.org
mailing list for the GCC project.
Results for 8.0.0 20170929 (experimental) [trunk revision 253281] (GCC) testsuite on i386-pc-solaris2.11
- From: Rainer Orth <ro at CeBiTec dot Uni-Bielefeld dot DE>
- To: gcc-testresults at gcc dot gnu dot org
- Date: Fri, 29 Sep 2017 16:16:11 +0200 (MEST)
- Subject: Results for 8.0.0 20170929 (experimental) [trunk revision 253281] (GCC) testsuite on i386-pc-solaris2.11
- Authentication-results: sourceware.org; auth=none
LAST_UPDATED: Fri Sep 29 08:55:56 UTC 2017 (revision 253281)
=== acats tests ===
FAIL: c954025
FAIL: c960001
=== acats Summary ===
# of expected passes 2318
# of unexpected failures 2
Native configuration is i386-pc-solaris2.11
=== g++ tests ===
Running target unix
FAIL: g++.dg/pr62079.C (internal compiler error)
FAIL: g++.dg/pr62079.C (test for excess errors)
FAIL: g++.dg/template/nontype10.C -std=c++11 (test for excess errors)
FAIL: g++.dg/template/nontype10.C -std=c++14 (test for excess errors)
FAIL: g++.dg/template/nontype10.C -std=c++98 (test for excess errors)
UNRESOLVED: g++.dg/lto/20101010-4 cp_lto_20101010-4_0.o-cp_lto_20101010-4_0.o execute -std=c++0x -flto -g -r -nostdlib
FAIL: g++.dg/lto/20101010-4 cp_lto_20101010-4_0.o-cp_lto_20101010-4_0.o link, -std=c++0x -flto -g -r -nostdlib
UNRESOLVED: g++.dg/lto/20101015-2 cp_lto_20101015-2_0.o-cp_lto_20101015-2_0.o execute -g -flto
FAIL: g++.dg/lto/20101015-2 cp_lto_20101015-2_0.o-cp_lto_20101015-2_0.o link, -g -flto
UNRESOLVED: g++.dg/lto/pr42987 cp_lto_pr42987_0.o-cp_lto_pr42987_1.o execute -flto -flto-partition=none -g
UNRESOLVED: g++.dg/lto/pr42987 cp_lto_pr42987_0.o-cp_lto_pr42987_1.o execute -flto -g
FAIL: g++.dg/lto/pr42987 cp_lto_pr42987_0.o-cp_lto_pr42987_1.o link, -flto -flto-partition=none -g
FAIL: g++.dg/lto/pr42987 cp_lto_pr42987_0.o-cp_lto_pr42987_1.o link, -flto -g
UNRESOLVED: g++.dg/lto/pr51567-1 cp_lto_pr51567-1_0.o-cp_lto_pr51567-1_0.o execute -flto -g
FAIL: g++.dg/lto/pr51567-1 cp_lto_pr51567-1_0.o-cp_lto_pr51567-1_0.o link, -flto -g
UNRESOLVED: g++.dg/lto/pr51650-1 cp_lto_pr51650-1_0.o-cp_lto_pr51650-1_0.o execute -flto -g
FAIL: g++.dg/lto/pr51650-1 cp_lto_pr51650-1_0.o-cp_lto_pr51650-1_0.o link, -flto -g
UNRESOLVED: g++.dg/lto/pr51650-3 cp_lto_pr51650-3_0.o-cp_lto_pr51650-3_0.o execute -flto -g
FAIL: g++.dg/lto/pr51650-3 cp_lto_pr51650-3_0.o-cp_lto_pr51650-3_0.o link, -flto -g
UNRESOLVED: g++.dg/lto/pr52605 cp_lto_pr52605_0.o-cp_lto_pr52605_0.o execute -flto -g
FAIL: g++.dg/lto/pr52605 cp_lto_pr52605_0.o-cp_lto_pr52605_0.o link, -flto -g
UNRESOLVED: g++.dg/lto/pr53470 cp_lto_pr53470_0.o-cp_lto_pr53470_0.o execute -g -flto
FAIL: g++.dg/lto/pr53470 cp_lto_pr53470_0.o-cp_lto_pr53470_0.o link, -g -flto
UNRESOLVED: g++.dg/lto/pr65193 cp_lto_pr65193_0.o-cp_lto_pr65193_0.o execute -fPIC -r -nostdlib -flto -O2 -g
FAIL: g++.dg/lto/pr65193 cp_lto_pr65193_0.o-cp_lto_pr65193_0.o link, -fPIC -r -nostdlib -flto -O2 -g
UNRESOLVED: g++.dg/lto/pr65316 cp_lto_pr65316_0.o-cp_lto_pr65316_1.o execute -flto -std=c++11 -g2 -fno-lto-odr-type-merging -O2
FAIL: g++.dg/lto/pr65316 cp_lto_pr65316_0.o-cp_lto_pr65316_1.o link, -flto -std=c++11 -g2 -fno-lto-odr-type-merging -O2
UNRESOLVED: g++.dg/lto/pr65549 cp_lto_pr65549_0.o-cp_lto_pr65549_0.o execute -std=gnu++14 -flto -g
UNRESOLVED: g++.dg/lto/pr65549 cp_lto_pr65549_0.o-cp_lto_pr65549_0.o execute -std=gnu++14 -flto -g -O2 -fno-inline -flto-partition=max
FAIL: g++.dg/lto/pr65549 cp_lto_pr65549_0.o-cp_lto_pr65549_0.o link, -std=gnu++14 -flto -g
FAIL: g++.dg/lto/pr65549 cp_lto_pr65549_0.o-cp_lto_pr65549_0.o link, -std=gnu++14 -flto -g -O2 -fno-inline -flto-partition=max
UNRESOLVED: g++.dg/lto/pr69077 cp_lto_pr69077_0.o-cp_lto_pr69077_1.o execute -O3 -g -flto
FAIL: g++.dg/lto/pr69077 cp_lto_pr69077_0.o-cp_lto_pr69077_1.o link, -O3 -g -flto
=== g++ Summary for unix ===
# of expected passes 109340
# of unexpected failures 19
# of expected failures 388
# of unresolved testcases 14
# of unsupported tests 4179
Running target unix/-m64
UNRESOLVED: g++.dg/lto/pr42987 cp_lto_pr42987_0.o-cp_lto_pr42987_1.o execute -flto -flto-partition=none -g
UNRESOLVED: g++.dg/lto/pr42987 cp_lto_pr42987_0.o-cp_lto_pr42987_1.o execute -flto -g
FAIL: g++.dg/lto/pr42987 cp_lto_pr42987_0.o-cp_lto_pr42987_1.o link, -flto -flto-partition=none -g
FAIL: g++.dg/lto/pr42987 cp_lto_pr42987_0.o-cp_lto_pr42987_1.o link, -flto -g
UNRESOLVED: g++.dg/lto/pr51567-1 cp_lto_pr51567-1_0.o-cp_lto_pr51567-1_0.o execute -flto -g
FAIL: g++.dg/lto/pr51567-1 cp_lto_pr51567-1_0.o-cp_lto_pr51567-1_0.o link, -flto -g
UNRESOLVED: g++.dg/lto/pr51650-1 cp_lto_pr51650-1_0.o-cp_lto_pr51650-1_0.o execute -flto -g
FAIL: g++.dg/lto/pr51650-1 cp_lto_pr51650-1_0.o-cp_lto_pr51650-1_0.o link, -flto -g
UNRESOLVED: g++.dg/lto/pr51650-3 cp_lto_pr51650-3_0.o-cp_lto_pr51650-3_0.o execute -flto -g
FAIL: g++.dg/lto/pr51650-3 cp_lto_pr51650-3_0.o-cp_lto_pr51650-3_0.o link, -flto -g
UNRESOLVED: g++.dg/lto/pr52605 cp_lto_pr52605_0.o-cp_lto_pr52605_0.o execute -flto -g
FAIL: g++.dg/lto/pr52605 cp_lto_pr52605_0.o-cp_lto_pr52605_0.o link, -flto -g
UNRESOLVED: g++.dg/lto/pr53470 cp_lto_pr53470_0.o-cp_lto_pr53470_0.o execute -g -flto
FAIL: g++.dg/lto/pr53470 cp_lto_pr53470_0.o-cp_lto_pr53470_0.o link, -g -flto
UNRESOLVED: g++.dg/lto/pr65193 cp_lto_pr65193_0.o-cp_lto_pr65193_0.o execute -fPIC -r -nostdlib -flto -O2 -g
FAIL: g++.dg/lto/pr65193 cp_lto_pr65193_0.o-cp_lto_pr65193_0.o link, -fPIC -r -nostdlib -flto -O2 -g
UNRESOLVED: g++.dg/lto/pr65316 cp_lto_pr65316_0.o-cp_lto_pr65316_1.o execute -flto -std=c++11 -g2 -fno-lto-odr-type-merging -O2
FAIL: g++.dg/lto/pr65316 cp_lto_pr65316_0.o-cp_lto_pr65316_1.o link, -flto -std=c++11 -g2 -fno-lto-odr-type-merging -O2
UNRESOLVED: g++.dg/lto/pr65549 cp_lto_pr65549_0.o-cp_lto_pr65549_0.o execute -std=gnu++14 -flto -g
UNRESOLVED: g++.dg/lto/pr65549 cp_lto_pr65549_0.o-cp_lto_pr65549_0.o execute -std=gnu++14 -flto -g -O2 -fno-inline -flto-partition=max
FAIL: g++.dg/lto/pr65549 cp_lto_pr65549_0.o-cp_lto_pr65549_0.o link, -std=gnu++14 -flto -g
FAIL: g++.dg/lto/pr65549 cp_lto_pr65549_0.o-cp_lto_pr65549_0.o link, -std=gnu++14 -flto -g -O2 -fno-inline -flto-partition=max
UNRESOLVED: g++.dg/lto/pr69077 cp_lto_pr69077_0.o-cp_lto_pr69077_1.o execute -O3 -g -flto
FAIL: g++.dg/lto/pr69077 cp_lto_pr69077_0.o-cp_lto_pr69077_1.o link, -O3 -g -flto
=== g++ Summary for unix/-m64 ===
# of expected passes 110687
# of unexpected failures 12
# of expected failures 388
# of unresolved testcases 12
# of unsupported tests 4414
=== g++ Summary ===
# of expected passes 220027
# of unexpected failures 31
# of expected failures 776
# of unresolved testcases 26
# of unsupported tests 8593
/var/gcc/regression/trunk/11-gcc/build/gcc/testsuite/g++/../../xg++ version 8.0.0 20170929 (experimental) [trunk revision 253281] (GCC)
=== gcc tests ===
Running target unix
FAIL: gcc.c-torture/compile/pr61159.c -O0 (test for excess errors)
FAIL: gcc.c-torture/compile/pr61159.c -O1 (test for excess errors)
FAIL: gcc.c-torture/compile/pr61159.c -O2 (test for excess errors)
FAIL: gcc.c-torture/compile/pr61159.c -O2 -flto (test for excess errors)
FAIL: gcc.c-torture/compile/pr61159.c -O2 -flto -flto-partition=none (test for excess errors)
FAIL: gcc.c-torture/compile/pr61159.c -O3 -g (test for excess errors)
FAIL: gcc.c-torture/compile/pr61159.c -Os (test for excess errors)
FAIL: gcc.c-torture/execute/alias-3.c -O0 execution test
FAIL: gcc.c-torture/execute/alias-3.c -O1 execution test
FAIL: gcc.c-torture/execute/alias-3.c -O2 execution test
FAIL: gcc.c-torture/execute/alias-3.c -O2 -flto execution test
FAIL: gcc.c-torture/execute/alias-3.c -O2 -flto -flto-partition=none execution test
FAIL: gcc.c-torture/execute/alias-3.c -O3 -g execution test
FAIL: gcc.c-torture/execute/alias-3.c -Os execution test
FAIL: c-c++-common/cilk-plus/CK/cilk-fors.c -O3 -flto -g (test for excess errors)
FAIL: c-c++-common/cilk-plus/CK/cilk_for_grain.c -O3 -flto -g (test for excess errors)
FAIL: c-c++-common/cilk-plus/CK/nested_cilk_for.c -O3 -flto -g (test for excess errors)
FAIL: c-c++-common/cilk-plus/CK/spawnee_inline.c -O3 -flto -g (test for excess errors)
FAIL: c-c++-common/cilk-plus/CK/spawner_inline.c -O3 -flto -g (test for excess errors)
FAIL: c-c++-common/cilk-plus/CK/spawning_arg.c -O3 -flto -g (test for excess errors)
FAIL: gcc.dg/debug/pr41893-1.c -gdwarf-2 (test for excess errors)
FAIL: gcc.dg/debug/pr41893-1.c -gdwarf-2 -O (test for excess errors)
FAIL: gcc.dg/debug/pr41893-1.c -gdwarf-2 -O3 (test for excess errors)
FAIL: gcc.dg/debug/pr41893-1.c -gdwarf-2 -g1 (test for excess errors)
FAIL: gcc.dg/debug/pr41893-1.c -gdwarf-2 -g1 -O (test for excess errors)
FAIL: gcc.dg/debug/pr41893-1.c -gdwarf-2 -g1 -O3 (test for excess errors)
FAIL: gcc.dg/debug/pr41893-1.c -gdwarf-2 -g3 (test for excess errors)
FAIL: gcc.dg/debug/pr41893-1.c -gdwarf-2 -g3 -O (test for excess errors)
FAIL: gcc.dg/debug/pr41893-1.c -gdwarf-2 -g3 -O3 (test for excess errors)
FAIL: gcc.dg/attr-weakref-1.c (test for excess errors)
WARNING: gcc.dg/attr-weakref-1.c compilation failed to produce executable
FAIL: gcc.dg/visibility-22.c execution test
FAIL: gcc.dg/torture/pr60092.c -O0 execution test
FAIL: gcc.dg/vect/pr65947-14.c -flto -ffat-lto-objects execution test
FAIL: gcc.dg/vect/pr65947-14.c execution test
FAIL: gcc.target/i386/pr70021.c scan-tree-dump-times vect "vectorized 1 loops" 2
FAIL: gcc.target/i386/pr71245-1.c scan-assembler-not (fistp|fild)
FAIL: gcc.target/i386/pr71245-2.c scan-assembler-not movlps
FAIL: gcc.target/i386/pr80569.c (test for excess errors)
=== gcc Summary for unix ===
# of expected passes 117350
# of unexpected failures 38
# of expected failures 373
# of unsupported tests 3174
Running target unix/-m64
FAIL: gcc.c-torture/compile/pr61159.c -O0 (test for excess errors)
FAIL: gcc.c-torture/compile/pr61159.c -O1 (test for excess errors)
FAIL: gcc.c-torture/compile/pr61159.c -O2 (test for excess errors)
FAIL: gcc.c-torture/compile/pr61159.c -O2 -flto (test for excess errors)
FAIL: gcc.c-torture/compile/pr61159.c -O2 -flto -flto-partition=none (test for excess errors)
FAIL: gcc.c-torture/compile/pr61159.c -O3 -g (test for excess errors)
FAIL: gcc.c-torture/compile/pr61159.c -Os (test for excess errors)
FAIL: gcc.c-torture/execute/alias-3.c -O0 execution test
FAIL: gcc.c-torture/execute/alias-3.c -O1 execution test
FAIL: gcc.c-torture/execute/alias-3.c -O2 execution test
FAIL: gcc.c-torture/execute/alias-3.c -O2 -flto execution test
FAIL: gcc.c-torture/execute/alias-3.c -O2 -flto -flto-partition=none execution test
FAIL: gcc.c-torture/execute/alias-3.c -O3 -g execution test
FAIL: gcc.c-torture/execute/alias-3.c -Os execution test
FAIL: c-c++-common/cilk-plus/CK/cilk-fors.c -O3 -flto -g (test for excess errors)
FAIL: c-c++-common/cilk-plus/CK/nested_cilk_for.c -O3 -flto -g (test for excess errors)
FAIL: gcc.dg/debug/pr41893-1.c -gdwarf-2 (test for excess errors)
FAIL: gcc.dg/debug/pr41893-1.c -gdwarf-2 -O (test for excess errors)
FAIL: gcc.dg/debug/pr41893-1.c -gdwarf-2 -O3 (test for excess errors)
FAIL: gcc.dg/debug/pr41893-1.c -gdwarf-2 -g1 (test for excess errors)
FAIL: gcc.dg/debug/pr41893-1.c -gdwarf-2 -g1 -O (test for excess errors)
FAIL: gcc.dg/debug/pr41893-1.c -gdwarf-2 -g1 -O3 (test for excess errors)
FAIL: gcc.dg/debug/pr41893-1.c -gdwarf-2 -g3 (test for excess errors)
FAIL: gcc.dg/debug/pr41893-1.c -gdwarf-2 -g3 -O (test for excess errors)
FAIL: gcc.dg/debug/pr41893-1.c -gdwarf-2 -g3 -O3 (test for excess errors)
FAIL: gcc.dg/attr-weakref-1.c (test for excess errors)
WARNING: gcc.dg/attr-weakref-1.c compilation failed to produce executable
FAIL: gcc.dg/visibility-22.c execution test
FAIL: gcc.dg/rtl/x86_64/final.c (internal compiler error)
FAIL: gcc.dg/rtl/x86_64/final.c (test for excess errors)
UNRESOLVED: gcc.dg/rtl/x86_64/final.c scan-assembler .cfi_endproc
UNRESOLVED: gcc.dg/rtl/x86_64/final.c scan-assembler .cfi_startproc
UNRESOLVED: gcc.dg/rtl/x86_64/final.c scan-assembler ret
UNRESOLVED: gcc.dg/rtl/x86_64/final.c scan-assembler test_1:
FAIL: gcc.dg/torture/pr60092.c -O0 execution test
FAIL: gcc.dg/vect/pr65947-14.c -flto -ffat-lto-objects execution test
FAIL: gcc.dg/vect/pr65947-14.c execution test
FAIL: gcc.target/i386/pr70021.c scan-tree-dump-times vect "vectorized 1 loops" 2
FAIL: gcc.target/i386/pr80569.c (test for excess errors)
=== gcc Summary for unix/-m64 ===
# of expected passes 118892
# of unexpected failures 34
# of expected failures 366
# of unresolved testcases 4
# of unsupported tests 3158
=== gcc Summary ===
# of expected passes 236242
# of unexpected failures 72
# of expected failures 739
# of unresolved testcases 4
# of unsupported tests 6332
/var/gcc/regression/trunk/11-gcc/build/gcc/xgcc version 8.0.0 20170929 (experimental) [trunk revision 253281] (GCC)
=== gfortran tests ===
Running target unix
FAIL: gfortran.dg/submodule_6.f08 -O3 -g (test for excess errors)
=== gfortran Summary for unix ===
# of expected passes 45620
# of unexpected failures 1
# of expected failures 91
# of unsupported tests 188
Running target unix/-m64
FAIL: gfortran.dg/submodule_6.f08 -O3 -g (test for excess errors)
FAIL: gfortran.dg/graphite/pr14741.f90 -O scan-tree-dump graphite "tiled by"
=== gfortran Summary for unix/-m64 ===
# of expected passes 45836
# of unexpected failures 2
# of expected failures 91
# of unsupported tests 85
=== gfortran Summary ===
# of expected passes 91456
# of unexpected failures 3
# of expected failures 182
# of unsupported tests 273
/var/gcc/regression/trunk/11-gcc/build/gcc/testsuite/gfortran/../../gfortran version 8.0.0 20170929 (experimental) [trunk revision 253281] (GCC)
=== gnat tests ===
Running target unix
=== gnat Summary for unix ===
# of expected passes 2608
# of expected failures 24
# of unsupported tests 7
Running target unix/-m64
=== gnat Summary for unix/-m64 ===
# of expected passes 2608
# of expected failures 24
# of unsupported tests 7
=== gnat Summary ===
# of expected passes 5216
# of expected failures 48
# of unsupported tests 14
/var/gcc/regression/trunk/11-gcc/build/gcc/gnatmake version 8.0.0 20170929 (experimental) [trunk revision 253281]
=== go tests ===
Running target unix
FAIL: ./index0-out.go compilation, -O0 -g -fno-var-tracking-assignments
=== go Summary for unix ===
# of expected passes 7363
# of unexpected failures 1
# of expected failures 1
# of untested testcases 11
# of unsupported tests 2
Running target unix/-m64
FAIL: ./index0-out.go compilation, -O0 -g -fno-var-tracking-assignments
=== go Summary for unix/-m64 ===
# of expected passes 7244
# of unexpected failures 1
# of expected failures 1
# of untested testcases 11
# of unsupported tests 1
=== go Summary ===
# of expected passes 14607
# of unexpected failures 2
# of expected failures 2
# of untested testcases 22
# of unsupported tests 3
=== obj-c++ tests ===
Running target unix
=== obj-c++ Summary for unix ===
# of expected passes 1459
# of expected failures 2
# of unsupported tests 77
Running target unix/-m64
=== obj-c++ Summary for unix/-m64 ===
# of expected passes 1451
# of expected failures 10
# of unsupported tests 77
=== obj-c++ Summary ===
# of expected passes 2910
# of expected failures 12
# of unsupported tests 154
/var/gcc/regression/trunk/11-gcc/build/gcc/testsuite/obj-c++/../../xg++ version 8.0.0 20170929 (experimental) [trunk revision 253281] (GCC)
=== objc tests ===
Running target unix
=== objc Summary for unix ===
# of expected passes 2797
# of expected failures 6
# of unsupported tests 68
Running target unix/-m64
=== objc Summary for unix/-m64 ===
# of expected passes 2797
# of expected failures 6
# of unsupported tests 68
=== objc Summary ===
# of expected passes 5594
# of expected failures 12
# of unsupported tests 136
/var/gcc/regression/trunk/11-gcc/build/gcc/xgcc version 8.0.0 20170929 (experimental) [trunk revision 253281] (GCC)
=== gotools tests ===
FAIL: TestCgoCallbackGC
FAIL: TestCgoSignalDeadlock
FAIL: TestSelectStackAdjust
FAIL go test runtime
FAIL: TestCompileWithoutShared
FAIL: TestEarlySignalHandler
FAIL: TestInstall
FAIL: TestOsSignal
FAIL: TestPIE
FAIL: TestSIGPROF
FAIL: TestSigaltstack
FAIL: TestSignalForwarding
FAIL: TestSignalForwardingExternal
FAIL go test misc/cgo/testcarchive
=== gotools Summary ===
# of expected passes 341
# of unexpected failures 14
# of untested testcases 135
/var/gcc/regression/trunk/11-gcc/build/./gcc/gccgo version 8.0.0 20170929 (experimental) [trunk revision 253281] (GCC)
=== libatomic tests ===
Running target unix
=== libatomic Summary for unix ===
# of expected passes 44
# of unsupported tests 5
Running target unix/-m64
=== libatomic Summary for unix/-m64 ===
# of expected passes 54
=== libatomic Summary ===
# of expected passes 98
# of unsupported tests 5
=== libffi tests ===
Running target unix
=== libffi Summary for unix ===
# of expected passes 2799
Running target unix/-m64
=== libffi Summary for unix/-m64 ===
# of expected passes 2214
=== libffi Summary ===
# of expected passes 5013
=== libgo tests ===
Running target unix
FAIL: runtime
FAIL: go/build
FAIL: os/signal
=== libgo Summary for unix ===
# of expected passes 153
# of unexpected failures 3
Running target unix/-m64
FAIL: net
FAIL: runtime
FAIL: crypto/tls
FAIL: database/sql
FAIL: go/build
FAIL: go/printer
FAIL: image/jpeg
FAIL: net/http
FAIL: net/http/httputil
FAIL: runtime/pprof
FAIL: runtime/trace
FAIL: sync/atomic
=== libgo Summary for unix/-m64 ===
# of expected passes 144
# of unexpected failures 12
=== libgo Summary ===
# of expected passes 297
# of unexpected failures 15
/var/gcc/regression/trunk/11-gcc/build/./gcc/gccgo version 8.0.0 20170929 (experimental) [trunk revision 253281] (GCC)
=== libgomp tests ===
Running target unix
FAIL: libgomp.c++/pr69393.C (test for excess errors)
=== libgomp Summary for unix ===
# of expected passes 5156
# of unexpected failures 1
# of unsupported tests 378
Running target unix/-m64
FAIL: libgomp.c++/pr69393.C (test for excess errors)
=== libgomp Summary for unix/-m64 ===
# of expected passes 5156
# of unexpected failures 1
# of unsupported tests 378
=== libgomp Summary ===
# of expected passes 10312
# of unexpected failures 2
# of unsupported tests 756
=== libitm tests ===
Running target unix
=== libitm Summary for unix ===
# of expected passes 42
# of expected failures 3
# of unsupported tests 1
Running target unix/-m64
=== libitm Summary for unix/-m64 ===
# of expected passes 42
# of expected failures 3
# of unsupported tests 1
=== libitm Summary ===
# of expected passes 84
# of expected failures 6
# of unsupported tests 2
=== libstdc++ tests ===
Running target unix
=== libstdc++ Summary for unix ===
# of expected passes 10917
# of expected failures 70
# of unsupported tests 623
Running target unix/-m64
=== libstdc++ Summary for unix/-m64 ===
# of expected passes 10909
# of expected failures 70
# of unsupported tests 627
=== libstdc++ Summary ===
# of expected passes 21826
# of expected failures 140
# of unsupported tests 1250
Compiler version: 8.0.0 20170929 (experimental) [trunk revision 253281] (GCC)
Platform: i386-pc-solaris2.11
configure flags: --prefix=/vol/gcc --target=i386-pc-solaris2.11 --enable-objc-gc --with-target-bdw-gc-include=/vol/gcc/include --with-target-bdw-gc-lib=/vol/gcc/lib,amd64=/vol/gcc/lib/amd64 --enable-libmudflap --with-as=/usr/ccs/bin/as --without-gnu-as --with-gmp-include=/vol/gcc/include --with-gmp-lib=/vol/gcc/lib --with-mpfr-include=/vol/gcc/include --with-mpfr-lib=/vol/gcc/lib --with-mpc-include=/vol/gcc/include --with-mpc-lib=/vol/gcc/lib --enable-languages=all,ada,obj-c++,go --with-isl-include=/vol/gcc/include --with-isl-lib=/vol/gcc/lib --build=i386-pc-solaris2.11 --host=i386-pc-solaris2.11
BOOT_CFLAGS=-g -O2