This is the mail archive of the
gcc-testresults@gcc.gnu.org
mailing list for the GCC project.
Results for 8.0.0 20170924 (experimental) [master revision 9839cf3:667b16b:d9387d44832473f4760bb7648a88e2d28fe54ca4] (Cavium Inc. (Build 1988)) testsuite on aarch64-unknown-linux-gnu
- From: Jenkins <jenkins at cavium dot com>
- To: gcc-testresults at gcc dot gnu dot org
- Date: Sun, 24 Sep 2017 07:40:02 -0700
- Subject: Results for 8.0.0 20170924 (experimental) [master revision 9839cf3:667b16b:d9387d44832473f4760bb7648a88e2d28fe54ca4] (Cavium Inc. (Build 1988)) testsuite on aarch64-unknown-linux-gnu
- Authentication-results: sourceware.org; auth=none
LAST_UPDATED: Sun Sep 24 09:23:29 UTC 2017 (revision 9839cf3:667b16b:d9387d44832473f4760bb7648a88e2d28fe54ca4)
Native configuration is aarch64-unknown-linux-gnu
=== libatomic tests ===
Running target unix
=== libatomic Summary ===
# of expected passes 54
=== libffi tests ===
Running target unix
=== libffi Summary ===
# of expected passes 2214
=== libgo tests ===
Running target unix
FAIL: runtime/pprof
=== libgo Summary ===
# of expected passes 154
# of unexpected failures 1
/home/jenkins/workspace/BuildThunderX_native_gcc_upstream/objdir/./gcc/gccgo version 8.0.0 20170924 (experimental) [master revision 9839cf3:667b16b:d9387d44832473f4760bb7648a88e2d28fe54ca4] (Cavium Inc. (Build 1988))
=== libgomp tests ===
Running target unix
=== libgomp Summary ===
# of expected passes 5113
# of unsupported tests 377
=== libitm tests ===
Running target unix
=== libitm Summary ===
# of expected passes 42
# of expected failures 3
# of unsupported tests 1
=== libstdc++ tests ===
Running target unix
FAIL: 27_io/manipulators/extended/get_money/char/1.cc execution test
=== libstdc++ Summary ===
# of expected passes 11635
# of unexpected failures 1
# of expected failures 70
# of unsupported tests 557
=== gcc tests ===
Running target unix
XPASS: gcc.dg/pr78768.c -Wformat-overflow (test for warnings, line 12)
FAIL: gcc.dg/sancov/cmp0.c -O0 scan-tree-dump-times optimized "__builtin___sanitizer_cov_trace_const_cmp" 7
FAIL: gcc.dg/sancov/cmp0.c -O0 scan-tree-dump-times optimized "__builtin___sanitizer_cov_trace_switch \\\\(" 2
FAIL: gcc.dg/sancov/cmp0.c -O0 -g scan-tree-dump-times optimized "__builtin___sanitizer_cov_trace_const_cmp" 7
FAIL: gcc.dg/sancov/cmp0.c -O0 -g scan-tree-dump-times optimized "__builtin___sanitizer_cov_trace_switch \\\\(" 2
FAIL: gcc.dg/vect/pr65947-14.c -flto -ffat-lto-objects execution test
FAIL: gcc.dg/vect/pr65947-14.c execution test
FAIL: gcc.dg/vect/pr65947-9.c -flto -ffat-lto-objects scan-tree-dump vect "loop size is greater than data size"
FAIL: gcc.dg/vect/pr65947-9.c scan-tree-dump vect "loop size is greater than data size"
FAIL: gcc.dg/vect/slp-perm-9.c -flto -ffat-lto-objects scan-tree-dump-times vect "vectorized 1 loops" 1
FAIL: gcc.dg/vect/slp-perm-9.c scan-tree-dump-times vect "vectorized 1 loops" 1
XPASS: gcc.dg/vect/vect-95.c -flto -ffat-lto-objects scan-tree-dump-times vect "Alignment of access forced using peeling" 0
XPASS: gcc.dg/vect/vect-95.c scan-tree-dump-times vect "Alignment of access forced using peeling" 0
FAIL: gcc.target/aarch64/vect-abs-compile.c scan-assembler abs\\\\tv[0-9]+.16b
FAIL: gcc.target/aarch64/vect-abs-compile.c scan-assembler abs\\\\tv[0-9]+.8h
=== gcc Summary ===
# of expected passes 115227
# of unexpected failures 12
# of unexpected successes 3
# of expected failures 343
# of unsupported tests 3241
/home/jenkins/workspace/BuildThunderX_native_gcc_upstream/objdir/gcc/xgcc version 8.0.0 20170924 (experimental) [master revision 9839cf3:667b16b:d9387d44832473f4760bb7648a88e2d28fe54ca4] (Cavium Inc. (Build 1988))
=== gfortran tests ===
Running target unix
FAIL: gfortran.dg/promotion_4.f90 -O0 (test for excess errors)
UNRESOLVED: gfortran.dg/promotion_4.f90 -O0 compilation failed to produce executable
FAIL: gfortran.dg/promotion_4.f90 -O1 (test for excess errors)
UNRESOLVED: gfortran.dg/promotion_4.f90 -O1 compilation failed to produce executable
FAIL: gfortran.dg/promotion_4.f90 -O2 (test for excess errors)
UNRESOLVED: gfortran.dg/promotion_4.f90 -O2 compilation failed to produce executable
FAIL: gfortran.dg/promotion_4.f90 -O3 -fomit-frame-pointer -funroll-loops -fpeel-loops -ftracer -finline-functions (test for excess errors)
UNRESOLVED: gfortran.dg/promotion_4.f90 -O3 -fomit-frame-pointer -funroll-loops -fpeel-loops -ftracer -finline-functions compilation failed to produce executable
FAIL: gfortran.dg/promotion_4.f90 -O3 -g (test for excess errors)
UNRESOLVED: gfortran.dg/promotion_4.f90 -O3 -g compilation failed to produce executable
FAIL: gfortran.dg/promotion_4.f90 -Os (test for excess errors)
UNRESOLVED: gfortran.dg/promotion_4.f90 -Os compilation failed to produce executable
=== gfortran Summary ===
# of expected passes 45069
# of unexpected failures 6
# of expected failures 88
# of unresolved testcases 6
# of unsupported tests 74
/home/jenkins/workspace/BuildThunderX_native_gcc_upstream/objdir/gcc/testsuite/gfortran/../../gfortran version 8.0.0 20170924 (experimental) [master revision 9839cf3:667b16b:d9387d44832473f4760bb7648a88e2d28fe54ca4] (Cavium Inc. (Build 1988))
=== g++ tests ===
Running target unix
FAIL: g++.dg/vect/slp-pr56812.cc -std=c++11 scan-tree-dump-times slp1 "basic block vectorized" 1
FAIL: g++.dg/vect/slp-pr56812.cc -std=c++14 scan-tree-dump-times slp1 "basic block vectorized" 1
FAIL: g++.dg/vect/slp-pr56812.cc -std=c++98 scan-tree-dump-times slp1 "basic block vectorized" 1
=== g++ Summary ===
# of expected passes 113587
# of unexpected failures 3
# of expected failures 374
# of unsupported tests 4864
/home/jenkins/workspace/BuildThunderX_native_gcc_upstream/objdir/gcc/testsuite/g++/../../xg++ version 8.0.0 20170924 (experimental) [master revision 9839cf3:667b16b:d9387d44832473f4760bb7648a88e2d28fe54ca4] (Cavium Inc. (Build 1988))
=== go tests ===
Running target unix
FAIL: go.test/test/cmplxdivide.go
FAIL: go.test/test/ken/cplx2.go execution, -O2 -g
WARNING: program timed out.
=== go Summary ===
# of expected passes 7242
# of unexpected failures 2
# of expected failures 1
# of untested testcases 10
# of unsupported tests 3
/home/jenkins/workspace/BuildThunderX_native_gcc_upstream/objdir/gcc/testsuite/go/../../gccgo version 8.0.0 20170924 (experimental) [master revision 9839cf3:667b16b:d9387d44832473f4760bb7648a88e2d28fe54ca4] (Cavium Inc. (Build 1988))
=== gotools tests ===
=== gotools Summary ===
# of expected passes 361
# of untested testcases 132
/home/jenkins/workspace/BuildThunderX_native_gcc_upstream/objdir/./gcc/gccgo version 8.0.0 20170924 (experimental) [master revision 9839cf3:667b16b:d9387d44832473f4760bb7648a88e2d28fe54ca4] (Cavium Inc. (Build 1988))
Compiler version: 8.0.0 20170924 (experimental) [master revision 9839cf3:667b16b:d9387d44832473f4760bb7648a88e2d28fe54ca4] (Cavium Inc. (Build 1988))
Platform: aarch64-unknown-linux-gnu
configure flags: --prefix=/home/jenkins/workspace/BuildThunderX_native_gcc_upstream/objdir/../tools --enable-languages=c,c++,fortran,go --disable-werror --with-sysroot=/ --enable-plugins --enable-gnu-indirect-function --with-pkgversion='Cavium Inc. (Build 1988)'