This is the mail archive of the
gcc-testresults@gcc.gnu.org
mailing list for the GCC project.
Results for 8.0.0 20170910 (experimental) [trunk revision 251948] (GCC) testsuite on powerpc64-unknown-linux-gnu
- From: "Bill Seurer (POWER7)" <seurer at linux dot vnet dot ibm dot com>
- To: gcc-testresults at gcc dot gnu dot org
- Date: Sun, 10 Sep 2017 12:57:22 -0500
- Subject: Results for 8.0.0 20170910 (experimental) [trunk revision 251948] (GCC) testsuite on powerpc64-unknown-linux-gnu
- Authentication-results: sourceware.org; auth=none
Linux 2.6.32-696.10.1.el6.ppc64 ppc64
GNU C Library stable release version 2.12
GNU ld (GNU Binutils) 2.26.20160125
GNU assembler (GNU Binutils) 2.26.20160125
GNU Make 3.81
DejaGnu:
Expect version is 5.44.1.15
Tcl version is 8.5
Framework version is 1.4.4
64-bit
LAST_UPDATED: Sun Sep 10 12:59:51 UTC 2017 (revision 251948)
Native configuration is powerpc64-unknown-linux-gnu
=== g++ tests ===
Running target unix/-m32
=== g++ Summary ===
# of expected passes 3082
# of unsupported tests 177
/home/gccbuild/build/nightly/build-gcc-trunk/gcc/testsuite/g++10/../../xg++ version 8.0.0 20170910 (experimental) [trunk revision 251948] (GCC)
=== g++ tests ===
Running target unix/-m32
=== g++ Summary ===
# of expected passes 1751
# of expected failures 2
# of unsupported tests 174
/home/gccbuild/build/nightly/build-gcc-trunk/gcc/testsuite/g++11/../../xg++ version 8.0.0 20170910 (experimental) [trunk revision 251948] (GCC)
=== g++ tests ===
Running target unix/-m32
=== g++ Summary ===
# of expected passes 1585
# of expected failures 2
# of unsupported tests 194
/home/gccbuild/build/nightly/build-gcc-trunk/gcc/testsuite/g++12/../../xg++ version 8.0.0 20170910 (experimental) [trunk revision 251948] (GCC)
=== g++ tests ===
Running target unix/-m32
=== g++ Summary ===
# of expected passes 1420
# of unsupported tests 194
/home/gccbuild/build/nightly/build-gcc-trunk/gcc/testsuite/g++13/../../xg++ version 8.0.0 20170910 (experimental) [trunk revision 251948] (GCC)
=== g++ tests ===
Running target unix/-m32
=== g++ Summary ===
# of expected passes 1326
# of unsupported tests 141
/home/gccbuild/build/nightly/build-gcc-trunk/gcc/testsuite/g++14/../../xg++ version 8.0.0 20170910 (experimental) [trunk revision 251948] (GCC)
=== g++ tests ===
Running target unix/-m32
=== g++ Summary ===
# of expected passes 854
# of expected failures 2
# of unsupported tests 153
/home/gccbuild/build/nightly/build-gcc-trunk/gcc/testsuite/g++15/../../xg++ version 8.0.0 20170910 (experimental) [trunk revision 251948] (GCC)
=== g++ tests ===
Running target unix/-m32
=== g++ Summary ===
# of expected passes 668
# of unsupported tests 108
/home/gccbuild/build/nightly/build-gcc-trunk/gcc/testsuite/g++16/../../xg++ version 8.0.0 20170910 (experimental) [trunk revision 251948] (GCC)
=== g++ tests ===
Running target unix/-m32
=== g++ Summary ===
# of expected passes 460
# of unsupported tests 90
/home/gccbuild/build/nightly/build-gcc-trunk/gcc/testsuite/g++17/../../xg++ version 8.0.0 20170910 (experimental) [trunk revision 251948] (GCC)
=== g++ tests ===
Running target unix/-m32
=== g++ Summary ===
# of expected passes 39
# of unsupported tests 60
/home/gccbuild/build/nightly/build-gcc-trunk/gcc/testsuite/g++18/../../xg++ version 8.0.0 20170910 (experimental) [trunk revision 251948] (GCC)
=== g++ tests ===
Running target unix/-m32
=== g++ Summary ===
# of expected passes 1712
# of expected failures 2
# of unsupported tests 270
/home/gccbuild/build/nightly/build-gcc-trunk/gcc/testsuite/g++1/../../xg++ version 8.0.0 20170910 (experimental) [trunk revision 251948] (GCC)
=== g++ tests ===
Running target unix/-m32
FAIL: g++.dg/asan/deep-stack-uaf-1.C -O0 output pattern test, is =================================================================
FAIL: g++.dg/asan/deep-stack-uaf-1.C -O1 output pattern test, is =================================================================
FAIL: g++.dg/asan/deep-stack-uaf-1.C -O2 output pattern test, is =================================================================
FAIL: g++.dg/asan/deep-stack-uaf-1.C -O3 -g output pattern test, is =================================================================
FAIL: g++.dg/asan/deep-stack-uaf-1.C -Os output pattern test, is =================================================================
=== g++ Summary ===
# of expected passes 1495
# of unexpected failures 5
# of expected failures 6
# of unsupported tests 212
/home/gccbuild/build/nightly/build-gcc-trunk/gcc/testsuite/g++2/../../xg++ version 8.0.0 20170910 (experimental) [trunk revision 251948] (GCC)
=== g++ tests ===
Running target unix/-m32
=== g++ Summary ===
# of expected passes 1341
# of unsupported tests 170
/home/gccbuild/build/nightly/build-gcc-trunk/gcc/testsuite/g++3/../../xg++ version 8.0.0 20170910 (experimental) [trunk revision 251948] (GCC)
=== g++ tests ===
Running target unix/-m32
=== g++ Summary ===
# of expected passes 2454
# of expected failures 3
# of unsupported tests 260
/home/gccbuild/build/nightly/build-gcc-trunk/gcc/testsuite/g++4/../../xg++ version 8.0.0 20170910 (experimental) [trunk revision 251948] (GCC)
=== g++ tests ===
Running target unix/-m32
=== g++ Summary ===
# of expected passes 1069
# of unsupported tests 177
/home/gccbuild/build/nightly/build-gcc-trunk/gcc/testsuite/g++5/../../xg++ version 8.0.0 20170910 (experimental) [trunk revision 251948] (GCC)
=== g++ tests ===
Running target unix/-m32
=== g++ Summary ===
# of expected passes 2424
# of expected failures 1
# of unsupported tests 172
/home/gccbuild/build/nightly/build-gcc-trunk/gcc/testsuite/g++6/../../xg++ version 8.0.0 20170910 (experimental) [trunk revision 251948] (GCC)
=== g++ tests ===
Running target unix/-m32
=== g++ Summary ===
# of expected passes 1567
# of expected failures 6
# of unsupported tests 182
/home/gccbuild/build/nightly/build-gcc-trunk/gcc/testsuite/g++7/../../xg++ version 8.0.0 20170910 (experimental) [trunk revision 251948] (GCC)
=== g++ tests ===
Running target unix/-m32
=== g++ Summary ===
# of expected passes 1247
# of unsupported tests 219
/home/gccbuild/build/nightly/build-gcc-trunk/gcc/testsuite/g++8/../../xg++ version 8.0.0 20170910 (experimental) [trunk revision 251948] (GCC)
=== g++ tests ===
Running target unix/-m32
=== g++ Summary ===
# of expected passes 4225
# of expected failures 8
# of unsupported tests 243
/home/gccbuild/build/nightly/build-gcc-trunk/gcc/testsuite/g++9/../../xg++ version 8.0.0 20170910 (experimental) [trunk revision 251948] (GCC)
=== gcc tests ===
Running target unix/-m32
=== gcc Summary ===
# of expected passes 813
/home/gccbuild/build/nightly/build-gcc-trunk/gcc/xgcc version 8.0.0 20170910 (experimental) [trunk revision 251948] (GCC)
=== gcc tests ===
Running target unix/-m32
=== gcc Summary ===
# of expected passes 717
/home/gccbuild/build/nightly/build-gcc-trunk/gcc/xgcc version 8.0.0 20170910 (experimental) [trunk revision 251948] (GCC)
=== gcc tests ===
Running target unix/-m32
=== gcc Summary ===
# of expected passes 798
/home/gccbuild/build/nightly/build-gcc-trunk/gcc/xgcc version 8.0.0 20170910 (experimental) [trunk revision 251948] (GCC)
=== gcc tests ===
Running target unix/-m32
=== gcc Summary ===
# of expected passes 715
# of unsupported tests 1
/home/gccbuild/build/nightly/build-gcc-trunk/gcc/xgcc version 8.0.0 20170910 (experimental) [trunk revision 251948] (GCC)
=== gcc tests ===
Running target unix/-m32
=== gcc Summary ===
# of expected passes 568
/home/gccbuild/build/nightly/build-gcc-trunk/gcc/xgcc version 8.0.0 20170910 (experimental) [trunk revision 251948] (GCC)
=== gcc tests ===
Running target unix/-m32
=== gcc Summary ===
# of expected passes 398
/home/gccbuild/build/nightly/build-gcc-trunk/gcc/xgcc version 8.0.0 20170910 (experimental) [trunk revision 251948] (GCC)
=== gcc tests ===
Running target unix/-m32
=== gcc Summary ===
# of expected passes 442
/home/gccbuild/build/nightly/build-gcc-trunk/gcc/xgcc version 8.0.0 20170910 (experimental) [trunk revision 251948] (GCC)
=== gcc tests ===
Running target unix/-m32
=== gcc Summary ===
# of expected passes 16
/home/gccbuild/build/nightly/build-gcc-trunk/gcc/xgcc version 8.0.0 20170910 (experimental) [trunk revision 251948] (GCC)
=== gcc tests ===
Running target unix/-m32
=== gcc Summary ===
# of expected passes 3134
# of unsupported tests 28
/home/gccbuild/build/nightly/build-gcc-trunk/gcc/xgcc version 8.0.0 20170910 (experimental) [trunk revision 251948] (GCC)
=== gcc tests ===
Running target unix/-m32
=== gcc Summary ===
# of expected passes 2825
# of unsupported tests 30
/home/gccbuild/build/nightly/build-gcc-trunk/gcc/xgcc version 8.0.0 20170910 (experimental) [trunk revision 251948] (GCC)
=== gcc tests ===
Running target unix/-m32
=== gcc Summary ===
# of expected passes 3036
/home/gccbuild/build/nightly/build-gcc-trunk/gcc/xgcc version 8.0.0 20170910 (experimental) [trunk revision 251948] (GCC)
=== gcc tests ===
Running target unix/-m32
=== gcc Summary ===
# of expected passes 2830
/home/gccbuild/build/nightly/build-gcc-trunk/gcc/xgcc version 8.0.0 20170910 (experimental) [trunk revision 251948] (GCC)
=== gcc tests ===
Running target unix/-m32
=== gcc Summary ===
# of expected passes 833
# of unsupported tests 7
/home/gccbuild/build/nightly/build-gcc-trunk/gcc/xgcc version 8.0.0 20170910 (experimental) [trunk revision 251948] (GCC)
=== gcc tests ===
Running target unix/-m32
=== gcc Summary ===
# of expected passes 641
/home/gccbuild/build/nightly/build-gcc-trunk/gcc/xgcc version 8.0.0 20170910 (experimental) [trunk revision 251948] (GCC)
=== gcc tests ===
Running target unix/-m32
=== gcc Summary ===
# of expected passes 645
/home/gccbuild/build/nightly/build-gcc-trunk/gcc/xgcc version 8.0.0 20170910 (experimental) [trunk revision 251948] (GCC)
=== gcc tests ===
Running target unix/-m32
=== gcc Summary ===
# of expected passes 733
# of unsupported tests 8
/home/gccbuild/build/nightly/build-gcc-trunk/gcc/xgcc version 8.0.0 20170910 (experimental) [trunk revision 251948] (GCC)
=== gcc tests ===
Running target unix/-m32
=== gcc Summary ===
# of expected passes 925
/home/gccbuild/build/nightly/build-gcc-trunk/gcc/xgcc version 8.0.0 20170910 (experimental) [trunk revision 251948] (GCC)
=== gcc tests ===
Running target unix/-m32
=== gcc Summary ===
# of expected passes 2071
# of unsupported tests 14
/home/gccbuild/build/nightly/build-gcc-trunk/gcc/xgcc version 8.0.0 20170910 (experimental) [trunk revision 251948] (GCC)
=== gfortran tests ===
Running target unix/-m32
=== gfortran Summary ===
# of expected passes 1184
# of unsupported tests 6
/home/gccbuild/build/nightly/build-gcc-trunk/gcc/testsuite/gfortran10/../../gfortran version 8.0.0 20170910 (experimental) [trunk revision 251948] (GCC)
=== gfortran tests ===
Running target unix/-m32
=== gfortran Summary ===
# of expected passes 1238
# of unsupported tests 8
/home/gccbuild/build/nightly/build-gcc-trunk/gcc/testsuite/gfortran11/../../gfortran version 8.0.0 20170910 (experimental) [trunk revision 251948] (GCC)
=== gfortran tests ===
Running target unix/-m32
=== gfortran Summary ===
# of expected passes 1207
# of expected failures 6
# of unsupported tests 7
/home/gccbuild/build/nightly/build-gcc-trunk/gcc/testsuite/gfortran12/../../gfortran version 8.0.0 20170910 (experimental) [trunk revision 251948] (GCC)
=== gfortran tests ===
Running target unix/-m32
=== gfortran Summary ===
# of expected passes 1281
# of expected failures 9
# of unsupported tests 6
/home/gccbuild/build/nightly/build-gcc-trunk/gcc/testsuite/gfortran13/../../gfortran version 8.0.0 20170910 (experimental) [trunk revision 251948] (GCC)
=== gfortran tests ===
Running target unix/-m32
=== gfortran Summary ===
# of expected passes 1235
# of expected failures 5
/home/gccbuild/build/nightly/build-gcc-trunk/gcc/testsuite/gfortran14/../../gfortran version 8.0.0 20170910 (experimental) [trunk revision 251948] (GCC)
=== gfortran tests ===
Running target unix/-m32
=== gfortran Summary ===
# of expected passes 787
/home/gccbuild/build/nightly/build-gcc-trunk/gcc/testsuite/gfortran15/../../gfortran version 8.0.0 20170910 (experimental) [trunk revision 251948] (GCC)
=== gfortran tests ===
Running target unix/-m32
=== gfortran Summary ===
# of expected passes 459
# of unsupported tests 7
/home/gccbuild/build/nightly/build-gcc-trunk/gcc/testsuite/gfortran16/../../gfortran version 8.0.0 20170910 (experimental) [trunk revision 251948] (GCC)
=== gfortran tests ===
Running target unix/-m32
=== gfortran Summary ===
# of expected passes 298
/home/gccbuild/build/nightly/build-gcc-trunk/gcc/testsuite/gfortran17/../../gfortran version 8.0.0 20170910 (experimental) [trunk revision 251948] (GCC)
=== gfortran tests ===
Running target unix/-m32
=== gfortran Summary ===
# of expected passes 125
/home/gccbuild/build/nightly/build-gcc-trunk/gcc/testsuite/gfortran18/../../gfortran version 8.0.0 20170910 (experimental) [trunk revision 251948] (GCC)
=== gfortran tests ===
Running target unix/-m32
=== gfortran Summary ===
# of expected passes 239
/home/gccbuild/build/nightly/build-gcc-trunk/gcc/testsuite/gfortran19/../../gfortran version 8.0.0 20170910 (experimental) [trunk revision 251948] (GCC)
=== gfortran tests ===
Running target unix/-m32
=== gfortran Summary ===
# of expected passes 1313
# of expected failures 2
/home/gccbuild/build/nightly/build-gcc-trunk/gcc/testsuite/gfortran1/../../gfortran version 8.0.0 20170910 (experimental) [trunk revision 251948] (GCC)
=== gfortran tests ===
Running target unix/-m32
=== gfortran Summary ===
# of expected passes 133
# of unsupported tests 6
/home/gccbuild/build/nightly/build-gcc-trunk/gcc/testsuite/gfortran20/../../gfortran version 8.0.0 20170910 (experimental) [trunk revision 251948] (GCC)
=== gfortran tests ===
Running target unix/-m32
=== gfortran Summary ===
# of expected passes 48
/home/gccbuild/build/nightly/build-gcc-trunk/gcc/testsuite/gfortran21/../../gfortran version 8.0.0 20170910 (experimental) [trunk revision 251948] (GCC)
=== gfortran tests ===
Running target unix/-m32
=== gfortran Summary ===
# of expected passes 1051
/home/gccbuild/build/nightly/build-gcc-trunk/gcc/testsuite/gfortran2/../../gfortran version 8.0.0 20170910 (experimental) [trunk revision 251948] (GCC)
=== gfortran tests ===
Running target unix/-m32
=== gfortran Summary ===
# of expected passes 1124
# of expected failures 9
# of unsupported tests 6
/home/gccbuild/build/nightly/build-gcc-trunk/gcc/testsuite/gfortran3/../../gfortran version 8.0.0 20170910 (experimental) [trunk revision 251948] (GCC)
=== gfortran tests ===
Running target unix/-m32
FAIL: gfortran.dg/elemental_subroutine_3.f90 -O1 (test for excess errors)
FAIL: gfortran.dg/elemental_subroutine_3.f90 -O2 (test for excess errors)
FAIL: gfortran.dg/elemental_subroutine_3.f90 -O3 -fomit-frame-pointer -funroll-loops -fpeel-loops -ftracer -finline-functions (test for excess errors)
FAIL: gfortran.dg/elemental_subroutine_3.f90 -O3 -g (test for excess errors)
FAIL: gfortran.dg/elemental_subroutine_3.f90 -Os (test for excess errors)
=== gfortran Summary ===
# of expected passes 1246
# of unexpected failures 5
# of expected failures 1
/home/gccbuild/build/nightly/build-gcc-trunk/gcc/testsuite/gfortran4/../../gfortran version 8.0.0 20170910 (experimental) [trunk revision 251948] (GCC)
=== gfortran tests ===
Running target unix/-m32
=== gfortran Summary ===
# of expected passes 1137
# of expected failures 1
# of unsupported tests 6
/home/gccbuild/build/nightly/build-gcc-trunk/gcc/testsuite/gfortran5/../../gfortran version 8.0.0 20170910 (experimental) [trunk revision 251948] (GCC)
=== gfortran tests ===
Running target unix/-m32
=== gfortran Summary ===
# of expected passes 1417
# of expected failures 8
/home/gccbuild/build/nightly/build-gcc-trunk/gcc/testsuite/gfortran6/../../gfortran version 8.0.0 20170910 (experimental) [trunk revision 251948] (GCC)
=== gfortran tests ===
Running target unix/-m32
=== gfortran Summary ===
# of expected passes 1326
# of expected failures 1
/home/gccbuild/build/nightly/build-gcc-trunk/gcc/testsuite/gfortran7/../../gfortran version 8.0.0 20170910 (experimental) [trunk revision 251948] (GCC)
=== gfortran tests ===
Running target unix/-m32
=== gfortran Summary ===
# of expected passes 1096
# of expected failures 1
# of unsupported tests 6
/home/gccbuild/build/nightly/build-gcc-trunk/gcc/testsuite/gfortran8/../../gfortran version 8.0.0 20170910 (experimental) [trunk revision 251948] (GCC)
=== gfortran tests ===
Running target unix/-m32
=== gfortran Summary ===
# of expected passes 1265
# of unsupported tests 7
/home/gccbuild/build/nightly/build-gcc-trunk/gcc/testsuite/gfortran9/../../gfortran version 8.0.0 20170910 (experimental) [trunk revision 251948] (GCC)
=== gfortran tests ===
Running target unix/-m32
=== gfortran Summary ===
# of expected passes 2450
# of expected failures 17
# of unsupported tests 45
/home/gccbuild/build/nightly/build-gcc-trunk/gcc/testsuite/gfortran/../../gfortran version 8.0.0 20170910 (experimental) [trunk revision 251948] (GCC)
=== g++ tests ===
Running target unix/-m32
FAIL: c-c++-common/asan/heap-overflow-1.c -O1 output pattern test, is =================================================================
FAIL: c-c++-common/asan/heap-overflow-1.c -O2 output pattern test, is =================================================================
FAIL: c-c++-common/asan/heap-overflow-1.c -O3 -g output pattern test, is =================================================================
FAIL: c-c++-common/asan/heap-overflow-1.c -Os output pattern test, is =================================================================
FAIL: c-c++-common/asan/heap-overflow-1.c -O2 -flto -fno-use-linker-plugin -flto-partition=none output pattern test, is =================================================================
FAIL: c-c++-common/asan/heap-overflow-1.c -O2 -flto -fuse-linker-plugin -fno-fat-lto-objects output pattern test, is =================================================================
FAIL: c-c++-common/asan/sanity-check-pure-c-1.c -O1 output pattern test, is =================================================================
FAIL: c-c++-common/asan/sanity-check-pure-c-1.c -O2 output pattern test, is =================================================================
FAIL: c-c++-common/asan/sanity-check-pure-c-1.c -O3 -g output pattern test, is =================================================================
FAIL: c-c++-common/asan/sanity-check-pure-c-1.c -Os output pattern test, is =================================================================
FAIL: c-c++-common/asan/sanity-check-pure-c-1.c -O2 -flto -fno-use-linker-plugin -flto-partition=none output pattern test, is =================================================================
FAIL: c-c++-common/asan/sanity-check-pure-c-1.c -O2 -flto -fuse-linker-plugin -fno-fat-lto-objects output pattern test, is =================================================================
FAIL: c-c++-common/asan/strncpy-overflow-1.c -O1 output pattern test, is =================================================================
FAIL: c-c++-common/asan/strncpy-overflow-1.c -O2 output pattern test, is =================================================================
FAIL: c-c++-common/asan/strncpy-overflow-1.c -O3 -g output pattern test, is =================================================================
FAIL: c-c++-common/asan/strncpy-overflow-1.c -Os output pattern test, is =================================================================
FAIL: c-c++-common/asan/strncpy-overflow-1.c -O2 -flto -fno-use-linker-plugin -flto-partition=none output pattern test, is =================================================================
FAIL: c-c++-common/asan/strncpy-overflow-1.c -O2 -flto -fuse-linker-plugin -fno-fat-lto-objects output pattern test, is =================================================================
FAIL: c-c++-common/asan/use-after-free-1.c -O1 output pattern test, is =================================================================
FAIL: c-c++-common/asan/use-after-free-1.c -O2 output pattern test, is =================================================================
FAIL: c-c++-common/asan/use-after-free-1.c -O3 -g output pattern test, is =================================================================
FAIL: c-c++-common/asan/use-after-free-1.c -Os output pattern test, is =================================================================
FAIL: c-c++-common/asan/use-after-free-1.c -O2 -flto -fno-use-linker-plugin -flto-partition=none output pattern test, is =================================================================
FAIL: c-c++-common/asan/use-after-free-1.c -O2 -flto -fuse-linker-plugin -fno-fat-lto-objects output pattern test, is =================================================================
=== g++ Summary ===
# of expected passes 3596
# of unexpected failures 24
# of expected failures 2
# of unsupported tests 375
/home/gccbuild/build/nightly/build-gcc-trunk/gcc/testsuite/g++/../../xg++ version 8.0.0 20170910 (experimental) [trunk revision 251948] (GCC)
=== go tests ===
Running target unix/-m32
FAIL: ./index0-out.go execution, -O0 -g -fno-var-tracking-assignments
FAIL: go.test/test/ken/cplx2.go execution, -O2 -g
=== go Summary for unix/-m32 ===
# of expected passes 6874
# of unexpected failures 2
# of expected failures 1
# of untested testcases 11
# of unsupported tests 3
Running target unix/-m64
FAIL: ./index0-out.go execution, -O0 -g -fno-var-tracking-assignments
FAIL: go.test/test/ken/cplx2.go execution, -O2 -g
=== go Summary for unix/-m64 ===
# of expected passes 6754
# of unexpected failures 2
# of expected failures 1
# of untested testcases 11
# of unsupported tests 3
=== go Summary ===
# of expected passes 13628
# of unexpected failures 4
# of expected failures 2
# of untested testcases 22
# of unsupported tests 6
/home/gccbuild/build/nightly/build-gcc-trunk/gcc/testsuite/go/../../gccgo version 8.0.0 20170910 (experimental) [trunk revision 251948] (GCC)
=== obj-c++ tests ===
Running target unix/-m32
=== obj-c++ Summary for unix/-m32 ===
# of expected passes 56
Running target unix/-m64
=== obj-c++ Summary ===
# of expected passes 2172
# of expected failures 10
# of unsupported tests 85
/home/gccbuild/build/nightly/build-gcc-trunk/gcc/testsuite/obj-c++/../../xg++ version 8.0.0 20170910 (experimental) [trunk revision 251948] (GCC)
=== objc tests ===
Running target unix/-m32
=== objc Summary for unix/-m32 ===
# of expected passes 56
Running target unix/-m64
=== objc Summary for unix/-m64 ===
# of expected passes 56
=== objc Summary ===
# of expected passes 112
/home/gccbuild/build/nightly/build-gcc-trunk/gcc/xgcc version 8.0.0 20170910 (experimental) [trunk revision 251948] (GCC)
=== gotools tests ===
FAIL: TestVersionControlErrorMessageIncludesCorrectDirectory
FAIL: TestCrashHandler
FAIL: TestCgoCrashHandler
FAIL: TestCgoCallbackGC
=== gotools Summary ===
# of expected passes 339
# of unexpected failures 4
# of untested testcases 125
/home/gccbuild/build/nightly/build-gcc-trunk/./gcc/gccgo version 8.0.0 20170910 (experimental) [trunk revision 251948] (GCC)
=== libatomic tests ===
Running target unix/-m32
=== libatomic Summary for unix/-m32 ===
# of expected passes 44
# of unsupported tests 5
Running target unix/-m64
=== libatomic Summary for unix/-m64 ===
# of expected passes 54
=== libatomic Summary ===
# of expected passes 98
# of unsupported tests 5
=== libffi tests ===
Running target unix/-m32
=== libffi Summary for unix/-m32 ===
# of expected passes 24
Running target unix/-m64
=== libffi Summary for unix/-m64 ===
# of expected passes 24
=== libffi Summary ===
# of expected passes 3868
# of unsupported tests 56
=== libgomp tests ===
Running target unix/-m32
=== libgomp Summary ===
# of expected passes 1786
# of unsupported tests 58
=== libitm tests ===
Running target unix/-m32
=== libitm Summary for unix/-m32 ===
# of expected passes 16
# of expected failures 1
# of unsupported tests 1
Running target unix/-m64
=== libitm Summary for unix/-m64 ===
# of expected passes 16
# of expected failures 1
# of unsupported tests 1
=== libitm Summary ===
# of expected passes 84
# of expected failures 6
# of unsupported tests 2
=== libstdc++ tests ===
Running target unix/-m32
=== libstdc++ Summary for unix/-m32 ===
# of unsupported tests 1
Running target unix/-m64
=== libstdc++ Summary for unix/-m64 ===
# of unsupported tests 1
=== libstdc++ Summary ===
# of unsupported tests 2
Compiler version: 8.0.0 20170910 (experimental) [trunk revision 251948] (GCC)
Platform: powerpc64-unknown-linux-gnu
configure flags: --prefix=/opt/gcc-nightly/trunk --with-as=/home/gccbuild/binutils/install/binutils-2.26/bin/as --with-ld=/home/gccbuild/binutils/install/binutils-2.26/bin/ld --enable-languages=c,c++,fortran,objc,obj-c++,go --with-cpu=power7
fail WARNING: Could not generate test framework tests
fail WARNING: Could not generate test framework tests
fail WARNING: Could not generate test framework tests
fail WARNING: Could not generate test framework tests
fail WARNING: Could not generate test framework tests
fail WARNING: Could not generate test framework tests
fail WARNING: Could not generate test framework tests
fail WARNING: Could not generate test framework tests
fail WARNING: Could not generate test framework tests
fail WARNING: Could not generate test framework tests
fail WARNING: Could not generate test framework tests
fail WARNING: Could not generate test framework tests
fail WARNING: Could not generate test framework tests
fail WARNING: Could not generate test framework tests
fail WARNING: Could not generate test framework tests
fail WARNING: Could not generate test framework tests
fail WARNING: Could not generate test framework tests
fail WARNING: Could not generate test framework tests
fail WARNING: Could not generate test framework tests
fail WARNING: Could not generate test framework tests
fail WARNING: Could not generate test framework tests
fail WARNING: Could not generate test framework tests
fail WARNING: Could not generate test framework tests
fail WARNING: Could not generate test framework tests
fail WARNING: Could not generate test framework tests
fail WARNING: Could not generate test framework tests
fail WARNING: Could not generate test framework tests
fail WARNING: Could not generate test framework tests
fail WARNING: Could not generate test framework tests
fail WARNING: Could not generate test framework tests
fail WARNING: Could not generate test framework tests
fail WARNING: Could not generate test framework tests
fail WARNING: Could not generate test framework tests
fail WARNING: Could not generate test framework tests
fail WARNING: Could not generate test framework tests
fail WARNING: Could not generate test framework tests
fail WARNING: Could not generate test framework tests
fail WARNING: Could not generate test framework tests
fail WARNING: Could not generate test framework tests
fail WARNING: Could not generate test framework tests
fail WARNING: Could not generate test framework tests
fail WARNING: Could not generate test framework tests
fail WARNING: Could not generate test framework tests
fail WARNING: Could not generate test framework tests
fail WARNING: Could not generate test framework tests
fail WARNING: Could not generate test framework tests
fail WARNING: Could not generate test framework tests
fail WARNING: Could not generate test framework tests
fail WARNING: Could not generate test framework tests
fail WARNING: Could not generate test framework tests
fail WARNING: Could not generate test framework tests
fail WARNING: Could not generate test framework tests
fail WARNING: Could not generate test framework tests
fail XPASS: gcc.test-framework/dg-bogus-exp-XF.c (test for excess errors)
fail FAIL: gcc.test-framework/dg-do-assemble-exp-P.c (test for excess errors) (PRMS 42)
fail FAIL: gcc.test-framework/dg-do-compile-exp-P.c (test for excess errors) (PRMS 42)
fail FAIL: gcc.test-framework/dg-do-link-exp-P.c (test for excess errors) (PRMS 42)
fail FAIL: gcc.test-framework/dg-do-run-exp-P.c (test for excess errors) (PRMS 42)
fail FAIL: gcc.test-framework/dg-dot-run-exp-P.c (test for excess errors) (PRMS 42)
fail FAIL: gcc.test-framework/dg-dox-run-exp-XF.c (test for excess errors) (PRMS 42)
fail FAIL: gcc.test-framework/dg-output-exp-P.c (test for excess errors) (PRMS 42)
fail FAIL: gcc.test-framework/dg-output-exp-XF.c (test for excess errors) (PRMS 42)
fail FAIL: gcc.test-framework/dg-warning-exp-P.c warning test (test for warnings, line 9) (PRMS 42)
=== Test Framework Summary ===
# of expected passes 68
# of unexpected failures 63