This is the mail archive of the
gcc-testresults@gcc.gnu.org
mailing list for the GCC project.
Results for 7.2.1 20170909 [gcc-7-branch revision 251926] (GCC) testsuite on powerpc64-unknown-linux-gnu
- From: "Bill Seurer (POWER7)" <seurer at linux dot vnet dot ibm dot com>
- To: gcc-testresults at gcc dot gnu dot org
- Date: Sat, 9 Sep 2017 11:26:06 -0500
- Subject: Results for 7.2.1 20170909 [gcc-7-branch revision 251926] (GCC) testsuite on powerpc64-unknown-linux-gnu
- Authentication-results: sourceware.org; auth=none
Linux 2.6.32-696.10.1.el6.ppc64 ppc64
GNU C Library stable release version 2.12
GNU ld (GNU Binutils) 2.26.20160125
GNU assembler (GNU Binutils) 2.26.20160125
GNU Make 3.81
DejaGnu:
Expect version is 5.44.1.15
Tcl version is 8.5
Framework version is 1.4.4
64-bit
LAST_UPDATED: Sat Sep 9 11:26:52 UTC 2017 (revision 251926)
Native configuration is powerpc64-unknown-linux-gnu
=== g++ tests ===
Running target unix/-m32
=== g++ Summary ===
# of expected passes 4670
# of expected failures 20
# of unsupported tests 343
/home/gccbuild/build/nightly/build-gcc-7/gcc/testsuite/g++10/../../xg++ version 7.2.1 20170909 [gcc-7-branch revision 251926] (GCC)
=== g++ tests ===
Running target unix/-m32
=== g++ Summary ===
# of expected passes 4460
# of expected failures 14
# of unsupported tests 312
/home/gccbuild/build/nightly/build-gcc-7/gcc/testsuite/g++11/../../xg++ version 7.2.1 20170909 [gcc-7-branch revision 251926] (GCC)
=== g++ tests ===
Running target unix/-m32
=== g++ Summary ===
# of expected passes 5085
# of expected failures 22
# of unsupported tests 193
/home/gccbuild/build/nightly/build-gcc-7/gcc/testsuite/g++12/../../xg++ version 7.2.1 20170909 [gcc-7-branch revision 251926] (GCC)
=== g++ tests ===
Running target unix/-m32
=== g++ Summary ===
# of expected passes 4601
# of unsupported tests 250
/home/gccbuild/build/nightly/build-gcc-7/gcc/testsuite/g++13/../../xg++ version 7.2.1 20170909 [gcc-7-branch revision 251926] (GCC)
=== g++ tests ===
Running target unix/-m32
=== g++ Summary ===
# of expected passes 6751
# of expected failures 2
# of unsupported tests 322
/home/gccbuild/build/nightly/build-gcc-7/gcc/testsuite/g++1/../../xg++ version 7.2.1 20170909 [gcc-7-branch revision 251926] (GCC)
=== g++ tests ===
Running target unix/-m32
=== g++ Summary ===
# of expected passes 6347
# of expected failures 41
# of unsupported tests 236
/home/gccbuild/build/nightly/build-gcc-7/gcc/testsuite/g++2/../../xg++ version 7.2.1 20170909 [gcc-7-branch revision 251926] (GCC)
=== g++ tests ===
Running target unix/-m32
=== g++ Summary ===
# of expected passes 5852
# of expected failures 16
# of unsupported tests 243
/home/gccbuild/build/nightly/build-gcc-7/gcc/testsuite/g++3/../../xg++ version 7.2.1 20170909 [gcc-7-branch revision 251926] (GCC)
=== g++ tests ===
Running target unix/-m32
=== g++ Summary ===
# of expected passes 5847
# of expected failures 17
# of unsupported tests 307
/home/gccbuild/build/nightly/build-gcc-7/gcc/testsuite/g++4/../../xg++ version 7.2.1 20170909 [gcc-7-branch revision 251926] (GCC)
=== g++ tests ===
Running target unix/-m32
=== g++ Summary ===
# of expected passes 5608
# of expected failures 9
# of unsupported tests 303
/home/gccbuild/build/nightly/build-gcc-7/gcc/testsuite/g++5/../../xg++ version 7.2.1 20170909 [gcc-7-branch revision 251926] (GCC)
=== g++ tests ===
Running target unix/-m32
=== g++ Summary ===
# of expected passes 10493
# of expected failures 51
# of unsupported tests 272
/home/gccbuild/build/nightly/build-gcc-7/gcc/testsuite/g++6/../../xg++ version 7.2.1 20170909 [gcc-7-branch revision 251926] (GCC)
=== g++ tests ===
Running target unix/-m32
=== g++ Summary ===
# of expected passes 4443
# of expected failures 47
# of unsupported tests 252
/home/gccbuild/build/nightly/build-gcc-7/gcc/testsuite/g++7/../../xg++ version 7.2.1 20170909 [gcc-7-branch revision 251926] (GCC)
=== g++ tests ===
Running target unix/-m32
FAIL: g++.dg/tls/thread_local-order2.C -std=c++11 execution test
FAIL: g++.dg/tls/thread_local-order2.C -std=c++14 execution test
=== g++ Summary ===
# of expected passes 5465
# of unexpected failures 2
# of expected failures 24
# of unsupported tests 399
/home/gccbuild/build/nightly/build-gcc-7/gcc/testsuite/g++8/../../xg++ version 7.2.1 20170909 [gcc-7-branch revision 251926] (GCC)
=== g++ tests ===
Running target unix/-m32
=== g++ Summary ===
# of expected passes 6311
# of expected failures 12
# of unsupported tests 418
/home/gccbuild/build/nightly/build-gcc-7/gcc/testsuite/g++9/../../xg++ version 7.2.1 20170909 [gcc-7-branch revision 251926] (GCC)
=== gcc tests ===
Running target unix/-m32
=== gcc Summary for unix/-m32 ===
Running target unix/-m64
=== gcc Summary ===
# of expected passes 4821
# of expected failures 6
# of unsupported tests 69
/home/gccbuild/build/nightly/build-gcc-7/gcc/xgcc version 7.2.1 20170909 [gcc-7-branch revision 251926] (GCC)
=== gcc tests ===
Running target unix/-m32
=== gcc Summary for unix/-m32 ===
Running target unix/-m64
=== gcc Summary ===
# of expected passes 3334
# of expected failures 4
# of unsupported tests 109
/home/gccbuild/build/nightly/build-gcc-7/gcc/xgcc version 7.2.1 20170909 [gcc-7-branch revision 251926] (GCC)
=== gcc tests ===
Running target unix/-m32
FAIL: gcc.dg/vect/pr62171.c -flto -ffat-lto-objects scan-tree-dump-not vect "versioned"
=== gcc Summary for unix/-m32 ===
Running target unix/-m64
=== gcc Summary ===
# of expected passes 4500
# of unexpected failures 1
# of expected failures 4
# of unsupported tests 48
/home/gccbuild/build/nightly/build-gcc-7/gcc/xgcc version 7.2.1 20170909 [gcc-7-branch revision 251926] (GCC)
=== gcc tests ===
Running target unix/-m32
=== gcc Summary for unix/-m32 ===
Running target unix/-m64
=== gcc Summary ===
# of expected passes 4014
# of expected failures 5
# of unsupported tests 73
/home/gccbuild/build/nightly/build-gcc-7/gcc/xgcc version 7.2.1 20170909 [gcc-7-branch revision 251926] (GCC)
=== gcc tests ===
Running target unix/-m32
=== gcc Summary for unix/-m32 ===
Running target unix/-m64
=== gcc Summary ===
# of expected passes 3587
# of expected failures 15
# of unsupported tests 80
/home/gccbuild/build/nightly/build-gcc-7/gcc/xgcc version 7.2.1 20170909 [gcc-7-branch revision 251926] (GCC)
=== gcc tests ===
Running target unix/-m32
FAIL: gcc.dg/vect/pr25413.c scan-tree-dump-times vect "vectorized 1 loops" 0
FAIL: gcc.dg/vect/pr25413.c scan-tree-dump-times vect "vector alignment may not be reachable" 1
FAIL: gcc.dg/vect/pr25413.c scan-tree-dump-times vect "not vectorized: unsupported unaligned store" 1
FAIL: gcc.dg/vect/slp-43.c scan-tree-dump-times vect "vectorized 1 loops" 2
=== gcc Summary for unix/-m32 ===
Running target unix/-m64
=== gcc Summary ===
# of expected passes 4331
# of unexpected failures 4
# of expected failures 26
# of unsupported tests 113
/home/gccbuild/build/nightly/build-gcc-7/gcc/xgcc version 7.2.1 20170909 [gcc-7-branch revision 251926] (GCC)
=== gcc tests ===
Running target unix/-m32
FAIL: gcc.dg/torture/float32-basic.c -O0 execution test
FAIL: gcc.dg/torture/float32-basic.c -O1 execution test
FAIL: gcc.dg/torture/float32-basic.c -O2 execution test
FAIL: gcc.dg/torture/float32-basic.c -O3 -g execution test
FAIL: gcc.dg/torture/float32-basic.c -Os execution test
FAIL: gcc.dg/torture/float32-basic.c -O2 -flto -fno-use-linker-plugin -flto-partition=none execution test
FAIL: gcc.dg/torture/float32-basic.c -O2 -flto -fuse-linker-plugin -fno-fat-lto-objects execution test
FAIL: gcc.dg/vect/pr62171.c scan-tree-dump-not vect "versioned"
FAIL: gcc.dg/vect/bb-slp-pr65935.c -flto -ffat-lto-objects scan-tree-dump-times slp1 "basic block vectorized" 1
=== gcc Summary for unix/-m32 ===
Running target unix/-m64
=== gcc Summary ===
# of expected passes 3825
# of unexpected failures 9
# of expected failures 36
# of unsupported tests 49
/home/gccbuild/build/nightly/build-gcc-7/gcc/xgcc version 7.2.1 20170909 [gcc-7-branch revision 251926] (GCC)
=== gcc tests ===
Running target unix/-m32
FAIL: c-c++-common/asan/sanity-check-pure-c-1.c -O1 output pattern test, is =================================================================
FAIL: c-c++-common/asan/sanity-check-pure-c-1.c -O2 output pattern test, is =================================================================
FAIL: c-c++-common/asan/sanity-check-pure-c-1.c -O3 -g output pattern test, is =================================================================
FAIL: c-c++-common/asan/sanity-check-pure-c-1.c -Os output pattern test, is =================================================================
FAIL: c-c++-common/asan/sanity-check-pure-c-1.c -O2 -flto -fno-use-linker-plugin -flto-partition=none output pattern test, is =================================================================
FAIL: c-c++-common/asan/sanity-check-pure-c-1.c -O2 -flto -fuse-linker-plugin -fno-fat-lto-objects output pattern test, is =================================================================
FAIL: c-c++-common/asan/strncpy-overflow-1.c -O1 output pattern test, is =================================================================
FAIL: c-c++-common/asan/strncpy-overflow-1.c -O2 output pattern test, is =================================================================
FAIL: c-c++-common/asan/strncpy-overflow-1.c -O3 -g output pattern test, is =================================================================
FAIL: c-c++-common/asan/strncpy-overflow-1.c -Os output pattern test, is =================================================================
FAIL: c-c++-common/asan/strncpy-overflow-1.c -O2 -flto -fno-use-linker-plugin -flto-partition=none output pattern test, is =================================================================
FAIL: c-c++-common/asan/strncpy-overflow-1.c -O2 -flto -fuse-linker-plugin -fno-fat-lto-objects output pattern test, is =================================================================
FAIL: c-c++-common/asan/use-after-free-1.c -O1 output pattern test, is =================================================================
FAIL: c-c++-common/asan/use-after-free-1.c -O2 output pattern test, is =================================================================
FAIL: c-c++-common/asan/use-after-free-1.c -O3 -g output pattern test, is =================================================================
FAIL: c-c++-common/asan/use-after-free-1.c -Os output pattern test, is =================================================================
FAIL: c-c++-common/asan/use-after-free-1.c -O2 -flto -fno-use-linker-plugin -flto-partition=none output pattern test, is =================================================================
FAIL: c-c++-common/asan/use-after-free-1.c -O2 -flto -fuse-linker-plugin -fno-fat-lto-objects output pattern test, is =================================================================
FAIL: gcc.dg/vect/vect-strided-a-u8-i2-gap.c scan-tree-dump-times vect "vectorized 1 loops" 1
=== gcc Summary for unix/-m32 ===
Running target unix/-m64
=== gcc Summary ===
# of expected passes 3298
# of unexpected failures 19
# of expected failures 1
# of unsupported tests 94
/home/gccbuild/build/nightly/build-gcc-7/gcc/xgcc version 7.2.1 20170909 [gcc-7-branch revision 251926] (GCC)
=== gcc tests ===
Running target unix/-m32
FAIL: gcc.dg/vect/bb-slp-pr65935.c scan-tree-dump-times slp1 "basic block vectorized" 1
FAIL: gcc.dg/vect/bb-slp-subgroups-1.c scan-tree-dump-times slp2 "Basic block will be vectorized using SLP" 1
FAIL: gcc.dg/vect/bb-slp-subgroups-1.c scan-tree-dump-times slp2 "basic block vectorized" 1
FAIL: gcc.dg/vect/bb-slp-subgroups-2.c scan-tree-dump-times slp2 "Basic block will be vectorized using SLP" 1
FAIL: gcc.dg/vect/bb-slp-subgroups-2.c scan-tree-dump-times slp2 "basic block vectorized" 1
FAIL: gcc.dg/vect/bb-slp-subgroups-3.c scan-tree-dump-times slp2 "Basic block will be vectorized using SLP" 1
FAIL: gcc.dg/vect/bb-slp-subgroups-3.c scan-tree-dump-times slp2 "basic block vectorized" 1
=== gcc Summary for unix/-m32 ===
Running target unix/-m64
=== gcc Summary ===
# of expected passes 3591
# of unexpected failures 7
# of expected failures 7
# of unsupported tests 36
/home/gccbuild/build/nightly/build-gcc-7/gcc/xgcc version 7.2.1 20170909 [gcc-7-branch revision 251926] (GCC)
=== gcc tests ===
Running target unix/-m32
FAIL: gcc.dg/vect/vect-31.c -flto -ffat-lto-objects scan-tree-dump-times vect "vectorized 4 loops" 1
=== gcc Summary for unix/-m32 ===
Running target unix/-m64
=== gcc Summary ===
# of expected passes 2815
# of unexpected failures 1
# of expected failures 5
# of unsupported tests 79
/home/gccbuild/build/nightly/build-gcc-7/gcc/xgcc version 7.2.1 20170909 [gcc-7-branch revision 251926] (GCC)
=== gcc tests ===
Running target unix/-m32
=== gcc Summary for unix/-m32 ===
Running target unix/-m64
=== gcc Summary ===
# of expected passes 4971
# of expected failures 12
# of unsupported tests 123
/home/gccbuild/build/nightly/build-gcc-7/gcc/xgcc version 7.2.1 20170909 [gcc-7-branch revision 251926] (GCC)
=== gcc tests ===
Running target unix/-m32
FAIL: gcc.dg/vect/pr25413.c -flto -ffat-lto-objects scan-tree-dump-times vect "vectorized 1 loops" 0
FAIL: gcc.dg/vect/pr25413.c -flto -ffat-lto-objects scan-tree-dump-times vect "vector alignment may not be reachable" 1
FAIL: gcc.dg/vect/pr25413.c -flto -ffat-lto-objects scan-tree-dump-times vect "not vectorized: unsupported unaligned store" 1
=== gcc Summary for unix/-m32 ===
Running target unix/-m64
=== gcc Summary ===
# of expected passes 4089
# of unexpected failures 3
# of expected failures 7
# of unsupported tests 132
/home/gccbuild/build/nightly/build-gcc-7/gcc/xgcc version 7.2.1 20170909 [gcc-7-branch revision 251926] (GCC)
=== gcc tests ===
Running target unix/-m32
=== gcc Summary for unix/-m32 ===
Running target unix/-m64
=== gcc Summary ===
# of expected passes 3291
# of expected failures 5
# of unsupported tests 131
/home/gccbuild/build/nightly/build-gcc-7/gcc/xgcc version 7.2.1 20170909 [gcc-7-branch revision 251926] (GCC)
=== gcc tests ===
Running target unix/-m32
XPASS: gcc.dg/vect/vect-24.c scan-tree-dump-times vect "vectorized 3 loops" 1
FAIL: gcc.dg/vect/pr46032.c -flto -ffat-lto-objects scan-tree-dump-times vect "note: vectorized 1 loop" 1
FAIL: gcc.dg/vect/vect-strided-a-u8-i2-gap.c -flto -ffat-lto-objects scan-tree-dump-times vect "vectorized 1 loops" 1
=== gcc Summary for unix/-m32 ===
Running target unix/-m64
=== gcc Summary ===
# of expected passes 4135
# of unexpected failures 2
# of unexpected successes 1
# of expected failures 19
# of unsupported tests 89
/home/gccbuild/build/nightly/build-gcc-7/gcc/xgcc version 7.2.1 20170909 [gcc-7-branch revision 251926] (GCC)
=== gcc tests ===
Running target unix/-m32
=== gcc Summary for unix/-m32 ===
Running target unix/-m64
=== gcc Summary ===
# of expected passes 2731
# of expected failures 9
# of unsupported tests 123
/home/gccbuild/build/nightly/build-gcc-7/gcc/xgcc version 7.2.1 20170909 [gcc-7-branch revision 251926] (GCC)
=== gcc tests ===
Running target unix/-m32
=== gcc Summary for unix/-m32 ===
Running target unix/-m64
=== gcc Summary ===
# of expected passes 4186
# of expected failures 2
# of unsupported tests 155
/home/gccbuild/build/nightly/build-gcc-7/gcc/xgcc version 7.2.1 20170909 [gcc-7-branch revision 251926] (GCC)
=== gcc tests ===
Running target unix/-m32
=== gcc Summary for unix/-m32 ===
Running target unix/-m64
=== gcc Summary ===
# of expected passes 3044
# of expected failures 5
# of unsupported tests 27
/home/gccbuild/build/nightly/build-gcc-7/gcc/xgcc version 7.2.1 20170909 [gcc-7-branch revision 251926] (GCC)
=== gcc tests ===
Running target unix/-m32
FAIL: gcc.dg/vect/vect-117.c -flto -ffat-lto-objects scan-tree-dump-times vect "vectorized 1 loops" 1
FAIL: gcc.dg/vect/bb-slp-subgroups-1.c -flto -ffat-lto-objects scan-tree-dump-times slp2 "Basic block will be vectorized using SLP" 1
FAIL: gcc.dg/vect/bb-slp-subgroups-1.c -flto -ffat-lto-objects scan-tree-dump-times slp2 "basic block vectorized" 1
FAIL: gcc.dg/vect/bb-slp-subgroups-2.c -flto -ffat-lto-objects scan-tree-dump-times slp2 "Basic block will be vectorized using SLP" 1
FAIL: gcc.dg/vect/bb-slp-subgroups-2.c -flto -ffat-lto-objects scan-tree-dump-times slp2 "basic block vectorized" 1
FAIL: gcc.dg/vect/bb-slp-subgroups-3.c -flto -ffat-lto-objects scan-tree-dump-times slp2 "Basic block will be vectorized using SLP" 1
FAIL: gcc.dg/vect/bb-slp-subgroups-3.c -flto -ffat-lto-objects scan-tree-dump-times slp2 "basic block vectorized" 1
=== gcc Summary for unix/-m32 ===
Running target unix/-m64
=== gcc Summary ===
# of expected passes 5577
# of unexpected failures 7
# of expected failures 11
# of unsupported tests 61
/home/gccbuild/build/nightly/build-gcc-7/gcc/xgcc version 7.2.1 20170909 [gcc-7-branch revision 251926] (GCC)
=== gcc tests ===
Running target unix/-m32
=== gcc Summary for unix/-m32 ===
Running target unix/-m64
=== gcc Summary ===
# of expected passes 2850
# of expected failures 4
# of unsupported tests 206
/home/gccbuild/build/nightly/build-gcc-7/gcc/xgcc version 7.2.1 20170909 [gcc-7-branch revision 251926] (GCC)
=== gcc tests ===
Running target unix/-m32
FAIL: gcc.dg/vect/slp-43.c -flto -ffat-lto-objects scan-tree-dump-times vect "vectorized 1 loops" 2
=== gcc Summary for unix/-m32 ===
Running target unix/-m64
=== gcc Summary ===
# of expected passes 3429
# of unexpected failures 1
# of expected failures 21
# of unsupported tests 56
/home/gccbuild/build/nightly/build-gcc-7/gcc/xgcc version 7.2.1 20170909 [gcc-7-branch revision 251926] (GCC)
=== gcc tests ===
Running target unix/-m32
FAIL: gcc.dg/vect/no-tree-sra-bb-slp-pr50730.c scan-tree-dump-times slp2 "basic block vectorized" 1
=== gcc Summary for unix/-m32 ===
Running target unix/-m64
=== gcc Summary ===
# of expected passes 3516
# of unexpected failures 1
# of expected failures 23
# of unsupported tests 51
/home/gccbuild/build/nightly/build-gcc-7/gcc/xgcc version 7.2.1 20170909 [gcc-7-branch revision 251926] (GCC)
=== gcc tests ===
Running target unix/-m32
=== gcc Summary for unix/-m32 ===
Running target unix/-m64
=== gcc Summary ===
# of expected passes 3607
# of expected failures 1
# of unsupported tests 64
/home/gccbuild/build/nightly/build-gcc-7/gcc/xgcc version 7.2.1 20170909 [gcc-7-branch revision 251926] (GCC)
=== gcc tests ===
Running target unix/-m32
=== gcc Summary for unix/-m32 ===
Running target unix/-m64
=== gcc Summary ===
# of expected passes 3721
# of expected failures 2
# of unsupported tests 38
/home/gccbuild/build/nightly/build-gcc-7/gcc/xgcc version 7.2.1 20170909 [gcc-7-branch revision 251926] (GCC)
=== gcc tests ===
Running target unix/-m32
FAIL: gcc.dg/vect/vect-117.c scan-tree-dump-times vect "vectorized 1 loops" 1
=== gcc Summary for unix/-m32 ===
Running target unix/-m64
=== gcc Summary ===
# of expected passes 2479
# of unexpected failures 1
# of expected failures 16
# of unsupported tests 105
/home/gccbuild/build/nightly/build-gcc-7/gcc/xgcc version 7.2.1 20170909 [gcc-7-branch revision 251926] (GCC)
=== gcc tests ===
Running target unix/-m32
=== gcc Summary for unix/-m32 ===
Running target unix/-m64
=== gcc Summary ===
# of expected passes 167
/home/gccbuild/build/nightly/build-gcc-7/gcc/xgcc version 7.2.1 20170909 [gcc-7-branch revision 251926] (GCC)
=== gcc tests ===
Running target unix/-m32
FAIL: c-c++-common/asan/heap-overflow-1.c -O1 output pattern test, is =================================================================
FAIL: c-c++-common/asan/heap-overflow-1.c -O2 output pattern test, is =================================================================
FAIL: c-c++-common/asan/heap-overflow-1.c -O3 -g output pattern test, is =================================================================
FAIL: c-c++-common/asan/heap-overflow-1.c -Os output pattern test, is =================================================================
FAIL: c-c++-common/asan/heap-overflow-1.c -O2 -flto -fno-use-linker-plugin -flto-partition=none output pattern test, is =================================================================
FAIL: c-c++-common/asan/heap-overflow-1.c -O2 -flto -fuse-linker-plugin -fno-fat-lto-objects output pattern test, is =================================================================
=== gcc Summary for unix/-m32 ===
Running target unix/-m64
=== gcc Summary ===
# of expected passes 3844
# of unexpected failures 6
# of expected failures 5
# of unsupported tests 98
/home/gccbuild/build/nightly/build-gcc-7/gcc/xgcc version 7.2.1 20170909 [gcc-7-branch revision 251926] (GCC)
=== gcc tests ===
Running target unix/-m32
=== gcc Summary for unix/-m32 ===
Running target unix/-m64
=== gcc Summary ===
# of expected passes 3818
# of expected failures 15
# of unsupported tests 45
/home/gccbuild/build/nightly/build-gcc-7/gcc/xgcc version 7.2.1 20170909 [gcc-7-branch revision 251926] (GCC)
=== gcc tests ===
Running target unix/-m32
FAIL: gcc.dg/vect/pr46032.c scan-tree-dump-times vect "note: vectorized 1 loop" 1
FAIL: gcc.dg/vect/vect-31.c scan-tree-dump-times vect "vectorized 4 loops" 1
FAIL: gcc.dg/vect/no-vfa-vect-depend-3.c scan-tree-dump-times vect "vectorized 1 loops" 4
=== gcc Summary for unix/-m32 ===
Running target unix/-m64
=== gcc Summary ===
# of expected passes 3997
# of unexpected failures 3
# of expected failures 7
# of unsupported tests 170
/home/gccbuild/build/nightly/build-gcc-7/gcc/xgcc version 7.2.1 20170909 [gcc-7-branch revision 251926] (GCC)
=== gcc tests ===
Running target unix/-m32
FAIL: gcc.dg/ipa/iinline-attr.c scan-ipa-dump inline "hooray[^\\\\n]*inline copy in test"
=== gcc Summary for unix/-m32 ===
Running target unix/-m64
=== gcc Summary ===
# of expected passes 3374
# of unexpected failures 1
# of expected failures 8
# of unsupported tests 31
/home/gccbuild/build/nightly/build-gcc-7/gcc/xgcc version 7.2.1 20170909 [gcc-7-branch revision 251926] (GCC)
=== gcc tests ===
Running target unix/-m32
FAIL: gcc.dg/vect/no-vfa-vect-depend-2.c scan-tree-dump-times vect "vectorized 1 loops" 1
=== gcc Summary for unix/-m32 ===
Running target unix/-m64
=== gcc Summary ===
# of expected passes 4176
# of unexpected failures 1
# of expected failures 7
# of unsupported tests 139
/home/gccbuild/build/nightly/build-gcc-7/gcc/xgcc version 7.2.1 20170909 [gcc-7-branch revision 251926] (GCC)
=== gcc tests ===
Running target unix/-m32
=== gcc Summary for unix/-m32 ===
Running target unix/-m64
=== gcc Summary ===
# of expected passes 4197
# of expected failures 6
# of unsupported tests 18
/home/gccbuild/build/nightly/build-gcc-7/gcc/xgcc version 7.2.1 20170909 [gcc-7-branch revision 251926] (GCC)
=== gcc tests ===
Running target unix/-m32
FAIL: gcc.target/powerpc/vec-cmpne-long.c execution test
=== gcc Summary for unix/-m32 ===
Running target unix/-m64
=== gcc Summary ===
# of expected passes 3849
# of unexpected failures 1
# of expected failures 14
# of unsupported tests 111
/home/gccbuild/build/nightly/build-gcc-7/gcc/xgcc version 7.2.1 20170909 [gcc-7-branch revision 251926] (GCC)
=== gcc tests ===
Running target unix/-m32
XPASS: gcc.dg/vect/vect-24.c -flto -ffat-lto-objects scan-tree-dump-times vect "vectorized 3 loops" 1
=== gcc Summary for unix/-m32 ===
Running target unix/-m64
=== gcc Summary ===
# of expected passes 5622
# of unexpected successes 1
# of expected failures 12
# of unsupported tests 89
/home/gccbuild/build/nightly/build-gcc-7/gcc/xgcc version 7.2.1 20170909 [gcc-7-branch revision 251926] (GCC)
=== gfortran tests ===
Running target unix/-m32
FAIL: gfortran.dg/vect/fast-math-pr37021.f90 -O scan-tree-dump vect "vectorized 2 loops"
=== gfortran Summary for unix/-m32 ===
# of expected passes 234
Running target unix/-m64
=== gfortran Summary ===
# of expected passes 3414
# of unexpected failures 1
# of expected failures 10
# of unsupported tests 14
/home/gccbuild/build/nightly/build-gcc-7/gcc/testsuite/gfortran10/../../gfortran version 7.2.1 20170909 [gcc-7-branch revision 251926] (GCC)
=== gfortran tests ===
Running target unix/-m32
=== gfortran Summary for unix/-m32 ===
# of expected passes 180
Running target unix/-m64
=== gfortran Summary ===
# of expected passes 3634
# of expected failures 8
# of unsupported tests 13
/home/gccbuild/build/nightly/build-gcc-7/gcc/testsuite/gfortran11/../../gfortran version 7.2.1 20170909 [gcc-7-branch revision 251926] (GCC)
=== gfortran tests ===
Running target unix/-m32
=== gfortran Summary for unix/-m32 ===
# of expected passes 180
Running target unix/-m64
=== gfortran Summary ===
# of expected passes 3184
# of expected failures 13
# of unsupported tests 3
/home/gccbuild/build/nightly/build-gcc-7/gcc/testsuite/gfortran12/../../gfortran version 7.2.1 20170909 [gcc-7-branch revision 251926] (GCC)
=== gfortran tests ===
Running target unix/-m32
=== gfortran Summary for unix/-m32 ===
# of expected passes 180
Running target unix/-m64
=== gfortran Summary ===
# of expected passes 3466
# of expected failures 3
# of unsupported tests 34
/home/gccbuild/build/nightly/build-gcc-7/gcc/testsuite/gfortran13/../../gfortran version 7.2.1 20170909 [gcc-7-branch revision 251926] (GCC)
=== gfortran tests ===
Running target unix/-m32
=== gfortran Summary for unix/-m32 ===
# of expected passes 360
Running target unix/-m64
=== gfortran Summary ===
# of expected passes 3107
# of expected failures 7
# of unsupported tests 8
/home/gccbuild/build/nightly/build-gcc-7/gcc/testsuite/gfortran14/../../gfortran version 7.2.1 20170909 [gcc-7-branch revision 251926] (GCC)
=== gfortran tests ===
Running target unix/-m32
=== gfortran Summary for unix/-m32 ===
# of expected passes 360
Running target unix/-m64
=== gfortran Summary ===
# of expected passes 4109
# of expected failures 9
# of unsupported tests 36
/home/gccbuild/build/nightly/build-gcc-7/gcc/testsuite/gfortran1/../../gfortran version 7.2.1 20170909 [gcc-7-branch revision 251926] (GCC)
=== gfortran tests ===
Running target unix/-m32
=== gfortran Summary for unix/-m32 ===
# of expected passes 180
Running target unix/-m64
=== gfortran Summary ===
# of expected passes 3973
# of expected failures 10
# of unsupported tests 18
/home/gccbuild/build/nightly/build-gcc-7/gcc/testsuite/gfortran2/../../gfortran version 7.2.1 20170909 [gcc-7-branch revision 251926] (GCC)
=== gfortran tests ===
Running target unix/-m32
=== gfortran Summary for unix/-m32 ===
# of expected passes 180
Running target unix/-m64
=== gfortran Summary ===
# of expected passes 4285
# of expected failures 10
# of unsupported tests 26
/home/gccbuild/build/nightly/build-gcc-7/gcc/testsuite/gfortran3/../../gfortran version 7.2.1 20170909 [gcc-7-branch revision 251926] (GCC)
=== gfortran tests ===
Running target unix/-m32
=== gfortran Summary for unix/-m32 ===
# of expected passes 180
Running target unix/-m64
=== gfortran Summary ===
# of expected passes 4317
# of expected failures 14
# of unsupported tests 25
/home/gccbuild/build/nightly/build-gcc-7/gcc/testsuite/gfortran4/../../gfortran version 7.2.1 20170909 [gcc-7-branch revision 251926] (GCC)
=== gfortran tests ===
Running target unix/-m32
=== gfortran Summary for unix/-m32 ===
# of expected passes 360
Running target unix/-m64
=== gfortran Summary ===
# of expected passes 4335
# of expected failures 13
# of unsupported tests 28
/home/gccbuild/build/nightly/build-gcc-7/gcc/testsuite/gfortran5/../../gfortran version 7.2.1 20170909 [gcc-7-branch revision 251926] (GCC)
=== gfortran tests ===
Running target unix/-m32
FAIL: gfortran.dg/ieee/large_2.f90 -O0 execution test
FAIL: gfortran.dg/ieee/large_2.f90 -O1 execution test
FAIL: gfortran.dg/ieee/large_2.f90 -O2 execution test
FAIL: gfortran.dg/ieee/large_2.f90 -O3 -fomit-frame-pointer -funroll-loops -fpeel-loops -ftracer -finline-functions execution test
FAIL: gfortran.dg/ieee/large_2.f90 -O3 -g execution test
FAIL: gfortran.dg/ieee/large_2.f90 -Os execution test
=== gfortran Summary for unix/-m32 ===
# of expected passes 360
Running target unix/-m64
=== gfortran Summary ===
# of expected passes 3797
# of unexpected failures 6
# of expected failures 3
# of unsupported tests 19
/home/gccbuild/build/nightly/build-gcc-7/gcc/testsuite/gfortran6/../../gfortran version 7.2.1 20170909 [gcc-7-branch revision 251926] (GCC)
=== gfortran tests ===
Running target unix/-m32
=== gfortran Summary for unix/-m32 ===
# of expected passes 360
Running target unix/-m64
=== gfortran Summary ===
# of expected passes 4305
# of expected failures 16
# of unsupported tests 10
/home/gccbuild/build/nightly/build-gcc-7/gcc/testsuite/gfortran7/../../gfortran version 7.2.1 20170909 [gcc-7-branch revision 251926] (GCC)
=== gfortran tests ===
Running target unix/-m32
=== gfortran Summary for unix/-m32 ===
# of expected passes 360
Running target unix/-m64
=== gfortran Summary ===
# of expected passes 4127
# of expected failures 5
# of unsupported tests 1
/home/gccbuild/build/nightly/build-gcc-7/gcc/testsuite/gfortran8/../../gfortran version 7.2.1 20170909 [gcc-7-branch revision 251926] (GCC)
=== gfortran tests ===
Running target unix/-m32
FAIL: gfortran.dg/vect/pr52580.f -O scan-tree-dump-times vect "LOOP VECTORIZED" 1
FAIL: gfortran.dg/vect/pr62283-2.f -O scan-tree-dump slp2 "basic block vectorized"
=== gfortran Summary for unix/-m32 ===
# of expected passes 360
Running target unix/-m64
=== gfortran Summary ===
# of expected passes 4346
# of unexpected failures 2
# of expected failures 10
# of unsupported tests 8
/home/gccbuild/build/nightly/build-gcc-7/gcc/testsuite/gfortran9/../../gfortran version 7.2.1 20170909 [gcc-7-branch revision 251926] (GCC)
=== gfortran tests ===
Running target unix/-m32
FAIL: gfortran.dg/vect/vect-8.f90 -O scan-tree-dump-times vect "vectorized 21 loops" 1
FAIL: gfortran.dg/vect/vect-gems.f90 -O scan-tree-dump-times vect "vectorized 1 loops" 1
=== gfortran Summary for unix/-m32 ===
# of expected passes 216
Running target unix/-m64
=== gfortran Summary ===
# of expected passes 4178
# of unexpected failures 2
# of expected failures 12
# of unsupported tests 14
/home/gccbuild/build/nightly/build-gcc-7/gcc/testsuite/gfortran/../../gfortran version 7.2.1 20170909 [gcc-7-branch revision 251926] (GCC)
=== g++ tests ===
Running target unix/-m32
FAIL: c-c++-common/asan/heap-overflow-1.c -O1 output pattern test, is =================================================================
FAIL: c-c++-common/asan/heap-overflow-1.c -O2 output pattern test, is =================================================================
FAIL: c-c++-common/asan/heap-overflow-1.c -O3 -g output pattern test, is =================================================================
FAIL: c-c++-common/asan/heap-overflow-1.c -Os output pattern test, is =================================================================
FAIL: c-c++-common/asan/heap-overflow-1.c -O2 -flto -fno-use-linker-plugin -flto-partition=none output pattern test, is =================================================================
FAIL: c-c++-common/asan/heap-overflow-1.c -O2 -flto -fuse-linker-plugin -fno-fat-lto-objects output pattern test, is =================================================================
FAIL: c-c++-common/asan/sanity-check-pure-c-1.c -O1 output pattern test, is =================================================================
FAIL: c-c++-common/asan/sanity-check-pure-c-1.c -O2 output pattern test, is =================================================================
FAIL: c-c++-common/asan/sanity-check-pure-c-1.c -O3 -g output pattern test, is =================================================================
FAIL: c-c++-common/asan/sanity-check-pure-c-1.c -Os output pattern test, is =================================================================
FAIL: c-c++-common/asan/sanity-check-pure-c-1.c -O2 -flto -fno-use-linker-plugin -flto-partition=none output pattern test, is =================================================================
FAIL: c-c++-common/asan/sanity-check-pure-c-1.c -O2 -flto -fuse-linker-plugin -fno-fat-lto-objects output pattern test, is =================================================================
FAIL: c-c++-common/asan/strncpy-overflow-1.c -O1 output pattern test, is =================================================================
FAIL: c-c++-common/asan/strncpy-overflow-1.c -O2 output pattern test, is =================================================================
FAIL: c-c++-common/asan/strncpy-overflow-1.c -O3 -g output pattern test, is =================================================================
FAIL: c-c++-common/asan/strncpy-overflow-1.c -Os output pattern test, is =================================================================
FAIL: c-c++-common/asan/strncpy-overflow-1.c -O2 -flto -fno-use-linker-plugin -flto-partition=none output pattern test, is =================================================================
FAIL: c-c++-common/asan/strncpy-overflow-1.c -O2 -flto -fuse-linker-plugin -fno-fat-lto-objects output pattern test, is =================================================================
FAIL: c-c++-common/asan/use-after-free-1.c -O1 output pattern test, is =================================================================
FAIL: c-c++-common/asan/use-after-free-1.c -O2 output pattern test, is =================================================================
FAIL: c-c++-common/asan/use-after-free-1.c -O3 -g output pattern test, is =================================================================
FAIL: c-c++-common/asan/use-after-free-1.c -Os output pattern test, is =================================================================
FAIL: c-c++-common/asan/use-after-free-1.c -O2 -flto -fno-use-linker-plugin -flto-partition=none output pattern test, is =================================================================
FAIL: c-c++-common/asan/use-after-free-1.c -O2 -flto -fuse-linker-plugin -fno-fat-lto-objects output pattern test, is =================================================================
FAIL: g++.dg/asan/deep-stack-uaf-1.C -O0 output pattern test, is =================================================================
FAIL: g++.dg/asan/deep-stack-uaf-1.C -O1 output pattern test, is =================================================================
FAIL: g++.dg/asan/deep-stack-uaf-1.C -O2 output pattern test, is =================================================================
FAIL: g++.dg/asan/deep-stack-uaf-1.C -O3 -g output pattern test, is =================================================================
FAIL: g++.dg/asan/deep-stack-uaf-1.C -Os output pattern test, is =================================================================
=== g++ Summary ===
# of expected passes 8840
# of unexpected failures 29
# of expected failures 41
# of unsupported tests 482
/home/gccbuild/build/nightly/build-gcc-7/gcc/testsuite/g++/../../xg++ version 7.2.1 20170909 [gcc-7-branch revision 251926] (GCC)
=== go tests ===
Running target unix/-m32
FAIL: go.test/test/ken/cplx2.go execution, -O2 -g
=== go Summary for unix/-m32 ===
# of expected passes 6875
# of unexpected failures 1
# of expected failures 1
# of untested testcases 11
# of unsupported tests 3
Running target unix/-m64
FAIL: go.test/test/ken/cplx2.go execution, -O2 -g
=== go Summary for unix/-m64 ===
# of expected passes 6755
# of unexpected failures 1
# of expected failures 1
# of untested testcases 11
# of unsupported tests 3
=== go Summary ===
# of expected passes 13630
# of unexpected failures 2
# of expected failures 2
# of untested testcases 22
# of unsupported tests 6
/home/gccbuild/build/nightly/build-gcc-7/gcc/testsuite/go/../../gccgo version 7.2.1 20170909 [gcc-7-branch revision 251926] (GCC)
=== obj-c++ tests ===
Running target unix/-m32
=== obj-c++ Summary for unix/-m32 ===
# of expected passes 56
Running target unix/-m64
=== obj-c++ Summary for unix/-m64 ===
# of expected passes 56
=== obj-c++ Summary ===
# of expected passes 2910
# of expected failures 12
# of unsupported tests 154
/home/gccbuild/build/nightly/build-gcc-7/gcc/testsuite/obj-c++/../../xg++ version 7.2.1 20170909 [gcc-7-branch revision 251926] (GCC)
=== objc tests ===
Running target unix/-m32
=== objc Summary for unix/-m32 ===
# of expected passes 56
Running target unix/-m64
=== objc Summary for unix/-m64 ===
# of expected passes 56
=== objc Summary ===
# of expected passes 112
/home/gccbuild/build/nightly/build-gcc-7/gcc/xgcc version 7.2.1 20170909 [gcc-7-branch revision 251926] (GCC)
=== libatomic tests ===
Running target unix/-m32
=== libatomic Summary for unix/-m32 ===
# of expected passes 44
# of unsupported tests 5
Running target unix/-m64
=== libatomic Summary for unix/-m64 ===
# of expected passes 54
=== libatomic Summary ===
# of expected passes 98
# of unsupported tests 5
=== libffi tests ===
Running target unix/-m32
=== libffi Summary for unix/-m32 ===
# of expected passes 24
Running target unix/-m64
=== libffi Summary for unix/-m64 ===
# of expected passes 24
=== libffi Summary ===
# of expected passes 3868
# of unsupported tests 56
FAIL: internal/trace
=== libgomp tests ===
Running target unix/-m32
=== libgomp Summary ===
# of expected passes 3595
# of unsupported tests 136
=== libitm tests ===
Running target unix/-m32
=== libitm Summary for unix/-m32 ===
# of expected passes 16
# of expected failures 1
# of unsupported tests 1
Running target unix/-m64
=== libitm Summary for unix/-m64 ===
# of expected passes 16
# of expected failures 1
# of unsupported tests 1
=== libitm Summary ===
# of expected passes 84
# of expected failures 6
# of unsupported tests 2
=== libstdc++ tests ===
Running target unix/-m32
FAIL: libstdc++-abi/abi_check
=== libstdc++ Summary for unix/-m32 ===
# of unsupported tests 1
Running target unix/-m64
=== libstdc++ Summary for unix/-m64 ===
# of unsupported tests 1
=== libstdc++ Summary ===
# of unsupported tests 2
Compiler version: 7.2.1 20170909 [gcc-7-branch revision 251926] (GCC)
Platform: powerpc64-unknown-linux-gnu
configure flags: --prefix=/opt/gcc-nightly/7 --with-as=/home/gccbuild/binutils/install/binutils-2.26/bin/as --with-ld=/home/gccbuild/binutils/install/binutils-2.26/bin/ld --enable-languages=c,c++,fortran,objc,obj-c++,go --with-cpu=power7