This is the mail archive of the
gcc-testresults@gcc.gnu.org
mailing list for the GCC project.
Results for 6.4.1 20170909 [gcc-6-branch revision 251918] (GCC) testsuite on powerpc64-unknown-linux-gnu
- From: "Bill Seurer (POWER6)" <seurer at linux dot vnet dot ibm dot com>
- To: gcc-testresults at gcc dot gnu dot org
- Date: Sat, 9 Sep 2017 06:18:51 -0500
- Subject: Results for 6.4.1 20170909 [gcc-6-branch revision 251918] (GCC) testsuite on powerpc64-unknown-linux-gnu
- Authentication-results: sourceware.org; auth=none
Linux 2.6.32-696.10.1.el6.ppc64 ppc64
GNU C Library stable release version 2.12
GNU ld (GNU Binutils) 2.26.20160125
GNU assembler (GNU Binutils) 2.26.20160125
GNU Make 3.81
DejaGnu:
Expect version is 5.44.1.15
Tcl version is 8.5
Framework version is 1.4.4
64-bit
LAST_UPDATED: Sat Sep 9 06:20:49 UTC 2017 (revision 251918)
Native configuration is powerpc64-unknown-linux-gnu
=== g++ tests ===
Running target unix/-m32
=== g++ Summary for unix/-m32 ===
# of expected passes 680
# of unsupported tests 22
Running target unix/-m64
=== g++ Summary ===
# of expected passes 5616
# of expected failures 13
# of unsupported tests 369
/home/gccbuild/build/nightly/build-gcc-6/gcc/testsuite/g++10/../../xg++ version 6.4.1 20170909 [gcc-6-branch revision 251918] (GCC)
=== g++ tests ===
Running target unix/-m32
=== g++ Summary for unix/-m32 ===
# of expected passes 881
# of expected failures 9
Running target unix/-m64
FAIL: c-c++-common/asan/swapcontext-test-1.c -O0 execution test
FAIL: c-c++-common/asan/swapcontext-test-1.c -O1 execution test
FAIL: c-c++-common/asan/swapcontext-test-1.c -O2 execution test
FAIL: c-c++-common/asan/swapcontext-test-1.c -O3 -fomit-frame-pointer -funroll-loops -fpeel-loops -ftracer -finline-functions execution test
FAIL: c-c++-common/asan/swapcontext-test-1.c -O3 -g execution test
FAIL: c-c++-common/asan/swapcontext-test-1.c -Os execution test
FAIL: c-c++-common/asan/swapcontext-test-1.c -O2 -flto -fno-use-linker-plugin -flto-partition=none execution test
FAIL: c-c++-common/asan/swapcontext-test-1.c -O2 -flto -fuse-linker-plugin -fno-fat-lto-objects execution test
=== g++ Summary ===
# of expected passes 6671
# of unexpected failures 8
# of expected failures 23
# of unsupported tests 331
/home/gccbuild/build/nightly/build-gcc-6/gcc/testsuite/g++11/../../xg++ version 6.4.1 20170909 [gcc-6-branch revision 251918] (GCC)
=== g++ tests ===
Running target unix/-m32
=== g++ Summary for unix/-m32 ===
# of expected passes 871
# of unsupported tests 3
Running target unix/-m64
=== g++ Summary ===
# of expected passes 5090
# of expected failures 12
# of unsupported tests 271
/home/gccbuild/build/nightly/build-gcc-6/gcc/testsuite/g++12/../../xg++ version 6.4.1 20170909 [gcc-6-branch revision 251918] (GCC)
=== g++ tests ===
Running target unix/-m32
=== g++ Summary for unix/-m32 ===
# of expected passes 851
# of unsupported tests 6
Running target unix/-m64
=== g++ Summary ===
# of expected passes 6742
# of expected failures 6
# of unsupported tests 344
/home/gccbuild/build/nightly/build-gcc-6/gcc/testsuite/g++13/../../xg++ version 6.4.1 20170909 [gcc-6-branch revision 251918] (GCC)
=== g++ tests ===
Running target unix/-m32
=== g++ Summary for unix/-m32 ===
# of expected passes 1167
# of unsupported tests 6
Running target unix/-m64
=== g++ Summary ===
# of expected passes 5699
# of expected failures 25
# of unsupported tests 327
/home/gccbuild/build/nightly/build-gcc-6/gcc/testsuite/g++14/../../xg++ version 6.4.1 20170909 [gcc-6-branch revision 251918] (GCC)
=== g++ tests ===
Running target unix/-m32
=== g++ Summary for unix/-m32 ===
# of expected passes 767
# of expected failures 4
# of unsupported tests 9
Running target unix/-m64
=== g++ tests ===
Running target unix/-m32
=== g++ Summary for unix/-m32 ===
# of expected passes 900
# of expected failures 9
Running target unix/-m64
=== g++ Summary ===
# of expected passes 6660
# of expected failures 24
# of unsupported tests 273
/home/gccbuild/build/nightly/build-gcc-6/gcc/testsuite/g++16/../../xg++ version 6.4.1 20170909 [gcc-6-branch revision 251918] (GCC)
=== g++ tests ===
Running target unix/-m32
=== g++ Summary for unix/-m32 ===
# of expected passes 597
# of unsupported tests 9
Running target unix/-m64
=== g++ Summary ===
# of expected passes 4512
# of expected failures 9
# of unsupported tests 257
/home/gccbuild/build/nightly/build-gcc-6/gcc/testsuite/g++17/../../xg++ version 6.4.1 20170909 [gcc-6-branch revision 251918] (GCC)
=== g++ tests ===
Running target unix/-m32
=== g++ Summary for unix/-m32 ===
# of expected passes 791
# of unsupported tests 6
Running target unix/-m64
=== g++ Summary ===
# of expected passes 4590
# of expected failures 7
# of unsupported tests 378
/home/gccbuild/build/nightly/build-gcc-6/gcc/testsuite/g++18/../../xg++ version 6.4.1 20170909 [gcc-6-branch revision 251918] (GCC)
=== g++ tests ===
Running target unix/-m32
=== g++ Summary for unix/-m32 ===
# of expected passes 771
# of expected failures 6
Running target unix/-m64
=== g++ Summary ===
# of expected passes 4309
# of expected failures 9
# of unsupported tests 226
/home/gccbuild/build/nightly/build-gcc-6/gcc/testsuite/g++19/../../xg++ version 6.4.1 20170909 [gcc-6-branch revision 251918] (GCC)
=== g++ tests ===
Running target unix/-m32
=== g++ Summary for unix/-m32 ===
# of expected passes 827
# of expected failures 3
# of unsupported tests 3
Running target unix/-m64
=== g++ Summary ===
# of expected passes 5593
# of expected failures 26
# of unsupported tests 426
/home/gccbuild/build/nightly/build-gcc-6/gcc/testsuite/g++1/../../xg++ version 6.4.1 20170909 [gcc-6-branch revision 251918] (GCC)
=== g++ tests ===
Running target unix/-m32
=== g++ Summary for unix/-m32 ===
# of expected passes 479
# of expected failures 3
Running target unix/-m64
=== g++ Summary ===
# of expected passes 3885
# of expected failures 9
# of unsupported tests 168
/home/gccbuild/build/nightly/build-gcc-6/gcc/testsuite/g++20/../../xg++ version 6.4.1 20170909 [gcc-6-branch revision 251918] (GCC)
=== g++ tests ===
Running target unix/-m32
=== g++ Summary for unix/-m32 ===
# of expected passes 696
# of unsupported tests 2
Running target unix/-m64
=== g++ Summary ===
# of expected passes 5668
# of expected failures 6
# of unsupported tests 177
/home/gccbuild/build/nightly/build-gcc-6/gcc/testsuite/g++21/../../xg++ version 6.4.1 20170909 [gcc-6-branch revision 251918] (GCC)
=== g++ tests ===
Running target unix/-m32
=== g++ Summary for unix/-m32 ===
# of expected passes 823
Running target unix/-m64
=== g++ Summary ===
# of expected passes 3453
# of expected failures 27
# of unsupported tests 170
/home/gccbuild/build/nightly/build-gcc-6/gcc/testsuite/g++22/../../xg++ version 6.4.1 20170909 [gcc-6-branch revision 251918] (GCC)
=== g++ tests ===
Running target unix/-m32
=== g++ Summary for unix/-m32 ===
# of expected passes 698
# of expected failures 12
Running target unix/-m64
=== g++ Summary ===
# of expected passes 4963
# of expected failures 14
# of unsupported tests 153
/home/gccbuild/build/nightly/build-gcc-6/gcc/testsuite/g++23/../../xg++ version 6.4.1 20170909 [gcc-6-branch revision 251918] (GCC)
=== g++ tests ===
Running target unix/-m32
=== g++ Summary for unix/-m32 ===
# of expected passes 678
# of expected failures 3
# of unsupported tests 9
Running target unix/-m64
=== g++ Summary ===
# of expected passes 4239
# of expected failures 42
# of unsupported tests 139
/home/gccbuild/build/nightly/build-gcc-6/gcc/testsuite/g++24/../../xg++ version 6.4.1 20170909 [gcc-6-branch revision 251918] (GCC)
=== g++ tests ===
Running target unix/-m32
=== g++ Summary for unix/-m32 ===
Running target unix/-m64
=== g++ Summary ===
# of expected passes 1169
# of expected failures 2
# of unsupported tests 179
/home/gccbuild/build/nightly/build-gcc-6/gcc/testsuite/g++25/../../xg++ version 6.4.1 20170909 [gcc-6-branch revision 251918] (GCC)
=== g++ tests ===
Running target unix/-m32
=== g++ Summary for unix/-m32 ===
# of expected passes 816
Running target unix/-m64
=== g++ Summary ===
# of expected passes 5053
# of expected failures 5
# of unsupported tests 318
/home/gccbuild/build/nightly/build-gcc-6/gcc/testsuite/g++2/../../xg++ version 6.4.1 20170909 [gcc-6-branch revision 251918] (GCC)
=== g++ tests ===
Running target unix/-m32
=== g++ Summary for unix/-m32 ===
# of expected passes 891
# of expected failures 6
Running target unix/-m64
=== g++ Summary ===
# of expected passes 5818
# of expected failures 25
# of unsupported tests 313
/home/gccbuild/build/nightly/build-gcc-6/gcc/testsuite/g++3/../../xg++ version 6.4.1 20170909 [gcc-6-branch revision 251918] (GCC)
=== g++ tests ===
Running target unix/-m32
=== g++ Summary for unix/-m32 ===
# of expected passes 1027
Running target unix/-m64
=== g++ Summary ===
# of expected passes 5656
# of expected failures 12
# of unsupported tests 311
/home/gccbuild/build/nightly/build-gcc-6/gcc/testsuite/g++4/../../xg++ version 6.4.1 20170909 [gcc-6-branch revision 251918] (GCC)
=== g++ tests ===
Running target unix/-m32
=== g++ Summary for unix/-m32 ===
# of expected passes 991
# of unsupported tests 2
Running target unix/-m64
=== g++ Summary ===
# of expected passes 5452
# of expected failures 26
# of unsupported tests 305
/home/gccbuild/build/nightly/build-gcc-6/gcc/testsuite/g++5/../../xg++ version 6.4.1 20170909 [gcc-6-branch revision 251918] (GCC)
=== g++ tests ===
Running target unix/-m32
=== g++ Summary for unix/-m32 ===
# of expected passes 949
# of expected failures 6
# of unsupported tests 2
Running target unix/-m64
=== g++ Summary ===
# of expected passes 5913
# of expected failures 18
# of unsupported tests 306
/home/gccbuild/build/nightly/build-gcc-6/gcc/testsuite/g++6/../../xg++ version 6.4.1 20170909 [gcc-6-branch revision 251918] (GCC)
=== g++ tests ===
Running target unix/-m32
=== g++ Summary for unix/-m32 ===
# of expected passes 1011
# of unsupported tests 4
Running target unix/-m64
=== g++ Summary ===
# of expected passes 5397
# of unsupported tests 402
/home/gccbuild/build/nightly/build-gcc-6/gcc/testsuite/g++7/../../xg++ version 6.4.1 20170909 [gcc-6-branch revision 251918] (GCC)
=== g++ tests ===
Running target unix/-m32
=== g++ Summary for unix/-m32 ===
# of expected passes 570
Running target unix/-m64
FAIL: c-c++-common/asan/null-deref-1.c -O2 output pattern test, is ASAN:DEADLYSIGNAL
FAIL: c-c++-common/asan/null-deref-1.c -O3 -g output pattern test, is ASAN:DEADLYSIGNAL
FAIL: c-c++-common/asan/null-deref-1.c -O2 -flto -fno-use-linker-plugin -flto-partition=none output pattern test, is ASAN:DEADLYSIGNAL
FAIL: c-c++-common/asan/null-deref-1.c -O2 -flto -fuse-linker-plugin -fno-fat-lto-objects output pattern test, is ASAN:DEADLYSIGNAL
=== g++ Summary ===
# of expected passes 5848
# of unexpected failures 4
# of expected failures 10
# of unsupported tests 423
/home/gccbuild/build/nightly/build-gcc-6/gcc/testsuite/g++8/../../xg++ version 6.4.1 20170909 [gcc-6-branch revision 251918] (GCC)
=== g++ tests ===
Running target unix/-m32
=== g++ Summary for unix/-m32 ===
# of expected passes 756
Running target unix/-m64
=== g++ Summary ===
# of expected passes 5745
# of expected failures 13
# of unsupported tests 305
/home/gccbuild/build/nightly/build-gcc-6/gcc/testsuite/g++9/../../xg++ version 6.4.1 20170909 [gcc-6-branch revision 251918] (GCC)
=== gcc tests ===
Running target unix/-m32
=== gcc Summary ===
# of expected passes 3151
# of expected failures 8
# of unsupported tests 81
/home/gccbuild/build/nightly/build-gcc-6/gcc/xgcc version 6.4.1 20170909 [gcc-6-branch revision 251918] (GCC)
=== gcc tests ===
Running target unix/-m32
=== gcc Summary ===
# of expected passes 2991
# of expected failures 8
# of unsupported tests 75
/home/gccbuild/build/nightly/build-gcc-6/gcc/xgcc version 6.4.1 20170909 [gcc-6-branch revision 251918] (GCC)
=== gcc tests ===
Running target unix/-m32
=== gcc Summary ===
# of expected passes 4113
# of expected failures 10
# of unsupported tests 18
/home/gccbuild/build/nightly/build-gcc-6/gcc/xgcc version 6.4.1 20170909 [gcc-6-branch revision 251918] (GCC)
=== gcc tests ===
Running target unix/-m32
FAIL: gcc.dg/sms-8.c scan-rtl-dump-times sms "SMS succeeded" 0
FAIL: gcc.dg/uninit-22.c (test for excess errors)
=== gcc Summary ===
# of expected passes 3317
# of unexpected failures 2
# of unsupported tests 103
/home/gccbuild/build/nightly/build-gcc-6/gcc/xgcc version 6.4.1 20170909 [gcc-6-branch revision 251918] (GCC)
=== gcc tests ===
Running target unix/-m32
=== gcc Summary ===
# of expected passes 3537
# of expected failures 1
# of unsupported tests 53
/home/gccbuild/build/nightly/build-gcc-6/gcc/xgcc version 6.4.1 20170909 [gcc-6-branch revision 251918] (GCC)
=== gcc tests ===
Running target unix/-m32
FAIL: c-c++-common/asan/sanity-check-pure-c-1.c -O1 output pattern test, is =================================================================
FAIL: c-c++-common/asan/sanity-check-pure-c-1.c -O2 output pattern test, is =================================================================
FAIL: c-c++-common/asan/sanity-check-pure-c-1.c -O3 -g output pattern test, is =================================================================
FAIL: c-c++-common/asan/sanity-check-pure-c-1.c -Os output pattern test, is =================================================================
FAIL: c-c++-common/asan/sanity-check-pure-c-1.c -O2 -flto -fno-use-linker-plugin -flto-partition=none output pattern test, is =================================================================
FAIL: c-c++-common/asan/sanity-check-pure-c-1.c -O2 -flto -fuse-linker-plugin -fno-fat-lto-objects output pattern test, is =================================================================
FAIL: c-c++-common/asan/strncpy-overflow-1.c -O1 output pattern test, is =================================================================
FAIL: c-c++-common/asan/strncpy-overflow-1.c -O2 output pattern test, is =================================================================
FAIL: c-c++-common/asan/strncpy-overflow-1.c -O3 -g output pattern test, is =================================================================
FAIL: c-c++-common/asan/strncpy-overflow-1.c -Os output pattern test, is =================================================================
FAIL: c-c++-common/asan/strncpy-overflow-1.c -O2 -flto -fno-use-linker-plugin -flto-partition=none output pattern test, is =================================================================
FAIL: c-c++-common/asan/strncpy-overflow-1.c -O2 -flto -fuse-linker-plugin -fno-fat-lto-objects output pattern test, is =================================================================
FAIL: c-c++-common/asan/use-after-free-1.c -O1 output pattern test, is =================================================================
FAIL: c-c++-common/asan/use-after-free-1.c -O2 output pattern test, is =================================================================
FAIL: c-c++-common/asan/use-after-free-1.c -O3 -g output pattern test, is =================================================================
FAIL: c-c++-common/asan/use-after-free-1.c -Os output pattern test, is =================================================================
FAIL: c-c++-common/asan/use-after-free-1.c -O2 -flto -fno-use-linker-plugin -flto-partition=none output pattern test, is =================================================================
FAIL: c-c++-common/asan/use-after-free-1.c -O2 -flto -fuse-linker-plugin -fno-fat-lto-objects output pattern test, is =================================================================
=== gcc Summary ===
# of expected passes 5881
# of unexpected failures 18
# of expected failures 10
# of unsupported tests 127
/home/gccbuild/build/nightly/build-gcc-6/gcc/xgcc version 6.4.1 20170909 [gcc-6-branch revision 251918] (GCC)
=== gcc tests ===
Running target unix/-m32
FAIL: gcc.dg/tree-ssa/ivopts-lt-2.c scan-tree-dump-times ivopts "PHI" 1
FAIL: gcc.dg/tree-ssa/ivopts-lt-2.c scan-tree-dump-times ivopts "PHI <p_" 1
FAIL: gcc.dg/tree-ssa/ivopts-lt-2.c scan-tree-dump-times ivopts "p_[0-9]* <" 1
=== gcc Summary ===
# of expected passes 3716
# of unexpected failures 3
# of expected failures 4
# of unsupported tests 160
/home/gccbuild/build/nightly/build-gcc-6/gcc/xgcc version 6.4.1 20170909 [gcc-6-branch revision 251918] (GCC)
=== gcc tests ===
Running target unix/-m32
=== gcc Summary ===
# of expected passes 3306
# of expected failures 7
# of unsupported tests 96
/home/gccbuild/build/nightly/build-gcc-6/gcc/xgcc version 6.4.1 20170909 [gcc-6-branch revision 251918] (GCC)
=== gcc tests ===
Running target unix/-m32
=== gcc Summary ===
# of expected passes 4982
# of expected failures 1
# of unsupported tests 24
/home/gccbuild/build/nightly/build-gcc-6/gcc/xgcc version 6.4.1 20170909 [gcc-6-branch revision 251918] (GCC)
=== gcc tests ===
Running target unix/-m32
=== gcc Summary ===
# of expected passes 3262
# of expected failures 3
# of unsupported tests 81
/home/gccbuild/build/nightly/build-gcc-6/gcc/xgcc version 6.4.1 20170909 [gcc-6-branch revision 251918] (GCC)
=== gcc tests ===
Running target unix/-m32
WARNING: profopt.exp does not support dg-error
=== gcc Summary ===
# of expected passes 3896
# of unsupported tests 39
/home/gccbuild/build/nightly/build-gcc-6/gcc/xgcc version 6.4.1 20170909 [gcc-6-branch revision 251918] (GCC)
=== gcc tests ===
Running target unix/-m32
=== gcc Summary ===
# of expected passes 3288
# of expected failures 10
# of unsupported tests 168
/home/gccbuild/build/nightly/build-gcc-6/gcc/xgcc version 6.4.1 20170909 [gcc-6-branch revision 251918] (GCC)
=== gcc tests ===
Running target unix/-m32
=== gcc Summary ===
# of expected passes 2519
# of expected failures 15
# of unsupported tests 44
/home/gccbuild/build/nightly/build-gcc-6/gcc/xgcc version 6.4.1 20170909 [gcc-6-branch revision 251918] (GCC)
=== gcc tests ===
Running target unix/-m32
=== gcc Summary ===
# of expected passes 1327
# of expected failures 1
# of unsupported tests 108
/home/gccbuild/build/nightly/build-gcc-6/gcc/xgcc version 6.4.1 20170909 [gcc-6-branch revision 251918] (GCC)
=== gcc tests ===
Running target unix/-m32
FAIL: gcc.dg/vect/costmodel/ppc/costmodel-vect-33.c scan-tree-dump-times vect "vectorization not profitable" 1
=== gcc Summary ===
# of expected passes 499
# of unexpected failures 1
/home/gccbuild/build/nightly/build-gcc-6/gcc/xgcc version 6.4.1 20170909 [gcc-6-branch revision 251918] (GCC)
=== gcc tests ===
Running target unix/-m32
XPASS: gcc.dg/tree-ssa/ssa-dom-cse-2.c scan-tree-dump optimized "return 28;"
=== gcc Summary ===
# of expected passes 3514
# of unexpected successes 1
# of expected failures 8
# of unsupported tests 40
/home/gccbuild/build/nightly/build-gcc-6/gcc/xgcc version 6.4.1 20170909 [gcc-6-branch revision 251918] (GCC)
=== gcc tests ===
Running target unix/-m32
=== gcc Summary ===
# of expected passes 3115
# of expected failures 4
# of unsupported tests 14
/home/gccbuild/build/nightly/build-gcc-6/gcc/xgcc version 6.4.1 20170909 [gcc-6-branch revision 251918] (GCC)
=== gcc tests ===
Running target unix/-m32
=== gcc Summary ===
# of expected passes 3956
# of expected failures 4
# of unsupported tests 92
/home/gccbuild/build/nightly/build-gcc-6/gcc/xgcc version 6.4.1 20170909 [gcc-6-branch revision 251918] (GCC)
=== gcc tests ===
Running target unix/-m32
FAIL: c-c++-common/asan/null-deref-1.c -O2 output pattern test, is ASAN:DEADLYSIGNAL
FAIL: c-c++-common/asan/null-deref-1.c -O3 -g output pattern test, is ASAN:DEADLYSIGNAL
FAIL: c-c++-common/asan/null-deref-1.c -O2 -flto -fno-use-linker-plugin -flto-partition=none output pattern test, is ASAN:DEADLYSIGNAL
FAIL: c-c++-common/asan/null-deref-1.c -O2 -flto -fuse-linker-plugin -fno-fat-lto-objects output pattern test, is ASAN:DEADLYSIGNAL
=== gcc Summary ===
# of expected passes 3608
# of unexpected failures 4
# of expected failures 3
# of unsupported tests 16
/home/gccbuild/build/nightly/build-gcc-6/gcc/xgcc version 6.4.1 20170909 [gcc-6-branch revision 251918] (GCC)
=== gcc tests ===
Running target unix/-m32
=== gcc Summary ===
# of expected passes 4407
# of expected failures 5
# of unsupported tests 63
/home/gccbuild/build/nightly/build-gcc-6/gcc/xgcc version 6.4.1 20170909 [gcc-6-branch revision 251918] (GCC)
=== gcc tests ===
Running target unix/-m32
=== gcc Summary ===
# of expected passes 4441
# of expected failures 11
# of unsupported tests 85
/home/gccbuild/build/nightly/build-gcc-6/gcc/xgcc version 6.4.1 20170909 [gcc-6-branch revision 251918] (GCC)
=== gcc tests ===
Running target unix/-m32
FAIL: gcc.dg/ipa/iinline-attr.c scan-ipa-dump inline "hooray[^\\\\n]*inline copy in test"
=== gcc Summary ===
# of expected passes 5524
# of unexpected failures 1
# of unsupported tests 115
/home/gccbuild/build/nightly/build-gcc-6/gcc/xgcc version 6.4.1 20170909 [gcc-6-branch revision 251918] (GCC)
=== gcc tests ===
Running target unix/-m32
=== gcc Summary ===
# of expected passes 3915
# of expected failures 4
# of unsupported tests 80
/home/gccbuild/build/nightly/build-gcc-6/gcc/xgcc version 6.4.1 20170909 [gcc-6-branch revision 251918] (GCC)
=== gcc tests ===
Running target unix/-m32
FAIL: c-c++-common/asan/heap-overflow-1.c -O1 output pattern test, is =================================================================
FAIL: c-c++-common/asan/heap-overflow-1.c -O2 output pattern test, is =================================================================
FAIL: c-c++-common/asan/heap-overflow-1.c -O3 -g output pattern test, is =================================================================
FAIL: c-c++-common/asan/heap-overflow-1.c -Os output pattern test, is =================================================================
FAIL: c-c++-common/asan/heap-overflow-1.c -O2 -flto -fno-use-linker-plugin -flto-partition=none output pattern test, is =================================================================
FAIL: c-c++-common/asan/heap-overflow-1.c -O2 -flto -fuse-linker-plugin -fno-fat-lto-objects output pattern test, is =================================================================
=== gcc Summary ===
# of expected passes 6682
# of unexpected failures 6
# of expected failures 7
# of unsupported tests 62
/home/gccbuild/build/nightly/build-gcc-6/gcc/xgcc version 6.4.1 20170909 [gcc-6-branch revision 251918] (GCC)
=== gfortran tests ===
Running target unix/-m32
FAIL: gfortran.dg/vect/pr52580.f -O scan-tree-dump-times vect "LOOP VECTORIZED" 1
FAIL: gfortran.dg/vect/pr62283-2.f -O scan-tree-dump slp2 "basic block vectorized"
=== gfortran Summary for unix/-m32 ===
# of expected passes 180
Running target unix/-m64
=== gfortran Summary ===
# of expected passes 3733
# of unexpected failures 2
# of expected failures 17
# of unsupported tests 30
/home/gccbuild/build/nightly/build-gcc-6/gcc/testsuite/gfortran10/../../gfortran version 6.4.1 20170909 [gcc-6-branch revision 251918] (GCC)
=== gfortran tests ===
Running target unix/-m32
=== gfortran Summary for unix/-m32 ===
# of expected passes 360
Running target unix/-m64
=== gfortran Summary ===
# of expected passes 3910
# of expected failures 4
# of unsupported tests 12
/home/gccbuild/build/nightly/build-gcc-6/gcc/testsuite/gfortran11/../../gfortran version 6.4.1 20170909 [gcc-6-branch revision 251918] (GCC)
=== gfortran tests ===
Running target unix/-m32
=== gfortran Summary for unix/-m32 ===
# of expected passes 360
Running target unix/-m64
=== gfortran Summary ===
# of expected passes 3786
# of expected failures 22
# of unsupported tests 10
/home/gccbuild/build/nightly/build-gcc-6/gcc/testsuite/gfortran12/../../gfortran version 6.4.1 20170909 [gcc-6-branch revision 251918] (GCC)
=== gfortran tests ===
Running target unix/-m32
=== gfortran Summary for unix/-m32 ===
# of expected passes 234
Running target unix/-m64
=== gfortran Summary ===
# of expected passes 2863
# of expected failures 5
# of unsupported tests 26
/home/gccbuild/build/nightly/build-gcc-6/gcc/testsuite/gfortran13/../../gfortran version 6.4.1 20170909 [gcc-6-branch revision 251918] (GCC)
=== gfortran tests ===
Running target unix/-m32
FAIL: gfortran.dg/vect/fast-math-pr37021.f90 -O scan-tree-dump vect "vectorized 2 loops"
=== gfortran Summary for unix/-m32 ===
# of expected passes 180
Running target unix/-m64
=== gfortran Summary ===
# of expected passes 4592
# of unexpected failures 1
# of expected failures 5
# of unsupported tests 16
/home/gccbuild/build/nightly/build-gcc-6/gcc/testsuite/gfortran1/../../gfortran version 6.4.1 20170909 [gcc-6-branch revision 251918] (GCC)
=== gfortran tests ===
Running target unix/-m32
=== gfortran Summary for unix/-m32 ===
# of expected passes 360
Running target unix/-m64
=== gfortran Summary ===
# of expected passes 4213
# of expected failures 1
# of unsupported tests 13
/home/gccbuild/build/nightly/build-gcc-6/gcc/testsuite/gfortran2/../../gfortran version 6.4.1 20170909 [gcc-6-branch revision 251918] (GCC)
=== gfortran tests ===
Running target unix/-m32
FAIL: gfortran.dg/vect/vect-8.f90 -O scan-tree-dump-times vect "vectorized 20 loops" 1
FAIL: gfortran.dg/vect/vect-gems.f90 -O scan-tree-dump-times vect "vectorized 1 loops" 1
=== gfortran Summary for unix/-m32 ===
# of expected passes 360
Running target unix/-m64
=== gfortran Summary ===
# of expected passes 4715
# of unexpected failures 2
# of expected failures 17
# of unsupported tests 6
/home/gccbuild/build/nightly/build-gcc-6/gcc/testsuite/gfortran3/../../gfortran version 6.4.1 20170909 [gcc-6-branch revision 251918] (GCC)
=== gfortran tests ===
Running target unix/-m32
XPASS: gfortran.dg/nint_2.f90 -O0 execution test
=== gfortran Summary for unix/-m32 ===
# of expected passes 180
Running target unix/-m64
=== gfortran Summary ===
# of expected passes 4193
# of unexpected successes 1
# of expected failures 3
# of unsupported tests 24
/home/gccbuild/build/nightly/build-gcc-6/gcc/testsuite/gfortran4/../../gfortran version 6.4.1 20170909 [gcc-6-branch revision 251918] (GCC)
=== gfortran tests ===
Running target unix/-m32
=== gfortran Summary for unix/-m32 ===
# of expected passes 360
Running target unix/-m64
=== gfortran Summary ===
# of expected passes 3873
# of expected failures 5
# of unsupported tests 19
/home/gccbuild/build/nightly/build-gcc-6/gcc/testsuite/gfortran5/../../gfortran version 6.4.1 20170909 [gcc-6-branch revision 251918] (GCC)
=== gfortran tests ===
Running target unix/-m32
=== gfortran Summary for unix/-m32 ===
# of expected passes 360
Running target unix/-m64
=== gfortran Summary ===
# of expected passes 4296
# of expected failures 1
# of unsupported tests 7
/home/gccbuild/build/nightly/build-gcc-6/gcc/testsuite/gfortran6/../../gfortran version 6.4.1 20170909 [gcc-6-branch revision 251918] (GCC)
=== gfortran tests ===
Running target unix/-m32
=== gfortran Summary for unix/-m32 ===
# of expected passes 216
Running target unix/-m64
=== gfortran Summary ===
# of expected passes 4170
# of expected failures 15
# of unsupported tests 7
/home/gccbuild/build/nightly/build-gcc-6/gcc/testsuite/gfortran7/../../gfortran version 6.4.1 20170909 [gcc-6-branch revision 251918] (GCC)
=== gfortran tests ===
Running target unix/-m32
=== gfortran Summary for unix/-m32 ===
# of expected passes 360
Running target unix/-m64
=== gfortran Summary ===
# of expected passes 4101
# of expected failures 1
# of unsupported tests 18
/home/gccbuild/build/nightly/build-gcc-6/gcc/testsuite/gfortran8/../../gfortran version 6.4.1 20170909 [gcc-6-branch revision 251918] (GCC)
=== gfortran tests ===
Running target unix/-m32
=== gfortran Summary for unix/-m32 ===
# of expected passes 180
Running target unix/-m64
=== gfortran Summary ===
# of expected passes 3460
# of expected failures 12
# of unsupported tests 8
/home/gccbuild/build/nightly/build-gcc-6/gcc/testsuite/gfortran9/../../gfortran version 6.4.1 20170909 [gcc-6-branch revision 251918] (GCC)
=== gfortran tests ===
Running target unix/-m32
FAIL: gfortran.dg/ieee/large_2.f90 -O0 execution test
FAIL: gfortran.dg/ieee/large_2.f90 -O1 execution test
FAIL: gfortran.dg/ieee/large_2.f90 -O2 execution test
FAIL: gfortran.dg/ieee/large_2.f90 -O3 -fomit-frame-pointer -funroll-loops -fpeel-loops -ftracer -finline-functions execution test
FAIL: gfortran.dg/ieee/large_2.f90 -O3 -g execution test
FAIL: gfortran.dg/ieee/large_2.f90 -Os execution test
=== gfortran Summary for unix/-m32 ===
# of expected passes 360
Running target unix/-m64
=== gfortran Summary ===
# of expected passes 4183
# of unexpected failures 6
# of expected failures 18
# of unsupported tests 45
/home/gccbuild/build/nightly/build-gcc-6/gcc/testsuite/gfortran/../../gfortran version 6.4.1 20170909 [gcc-6-branch revision 251918] (GCC)
=== g++ tests ===
Running target unix/-m32
FAIL: c-c++-common/asan/heap-overflow-1.c -O1 output pattern test, is =================================================================
FAIL: c-c++-common/asan/heap-overflow-1.c -O2 output pattern test, is =================================================================
FAIL: c-c++-common/asan/heap-overflow-1.c -O3 -g output pattern test, is =================================================================
FAIL: c-c++-common/asan/heap-overflow-1.c -Os output pattern test, is =================================================================
FAIL: c-c++-common/asan/heap-overflow-1.c -O2 -flto -fno-use-linker-plugin -flto-partition=none output pattern test, is =================================================================
FAIL: c-c++-common/asan/heap-overflow-1.c -O2 -flto -fuse-linker-plugin -fno-fat-lto-objects output pattern test, is =================================================================
FAIL: c-c++-common/asan/null-deref-1.c -O2 output pattern test, is ASAN:DEADLYSIGNAL
FAIL: c-c++-common/asan/null-deref-1.c -O3 -g output pattern test, is ASAN:DEADLYSIGNAL
FAIL: c-c++-common/asan/null-deref-1.c -O2 -flto -fno-use-linker-plugin -flto-partition=none output pattern test, is ASAN:DEADLYSIGNAL
FAIL: c-c++-common/asan/null-deref-1.c -O2 -flto -fuse-linker-plugin -fno-fat-lto-objects output pattern test, is ASAN:DEADLYSIGNAL
FAIL: c-c++-common/asan/sanity-check-pure-c-1.c -O1 output pattern test, is =================================================================
FAIL: c-c++-common/asan/sanity-check-pure-c-1.c -O2 output pattern test, is =================================================================
FAIL: c-c++-common/asan/sanity-check-pure-c-1.c -O3 -g output pattern test, is =================================================================
FAIL: c-c++-common/asan/sanity-check-pure-c-1.c -Os output pattern test, is =================================================================
FAIL: c-c++-common/asan/sanity-check-pure-c-1.c -O2 -flto -fno-use-linker-plugin -flto-partition=none output pattern test, is =================================================================
FAIL: c-c++-common/asan/sanity-check-pure-c-1.c -O2 -flto -fuse-linker-plugin -fno-fat-lto-objects output pattern test, is =================================================================
FAIL: c-c++-common/asan/strncpy-overflow-1.c -O1 output pattern test, is =================================================================
FAIL: c-c++-common/asan/strncpy-overflow-1.c -O2 output pattern test, is =================================================================
FAIL: c-c++-common/asan/strncpy-overflow-1.c -O3 -g output pattern test, is =================================================================
FAIL: c-c++-common/asan/strncpy-overflow-1.c -Os output pattern test, is =================================================================
FAIL: c-c++-common/asan/strncpy-overflow-1.c -O2 -flto -fno-use-linker-plugin -flto-partition=none output pattern test, is =================================================================
FAIL: c-c++-common/asan/strncpy-overflow-1.c -O2 -flto -fuse-linker-plugin -fno-fat-lto-objects output pattern test, is =================================================================
FAIL: c-c++-common/asan/use-after-free-1.c -O1 output pattern test, is =================================================================
FAIL: c-c++-common/asan/use-after-free-1.c -O2 output pattern test, is =================================================================
FAIL: c-c++-common/asan/use-after-free-1.c -O3 -g output pattern test, is =================================================================
FAIL: c-c++-common/asan/use-after-free-1.c -Os output pattern test, is =================================================================
FAIL: c-c++-common/asan/use-after-free-1.c -O2 -flto -fno-use-linker-plugin -flto-partition=none output pattern test, is =================================================================
FAIL: c-c++-common/asan/use-after-free-1.c -O2 -flto -fuse-linker-plugin -fno-fat-lto-objects output pattern test, is =================================================================
FAIL: g++.dg/asan/deep-stack-uaf-1.C -O0 output pattern test, is =================================================================
FAIL: g++.dg/asan/deep-stack-uaf-1.C -O1 output pattern test, is =================================================================
FAIL: g++.dg/asan/deep-stack-uaf-1.C -O2 output pattern test, is =================================================================
FAIL: g++.dg/asan/deep-stack-uaf-1.C -O3 -g output pattern test, is =================================================================
FAIL: g++.dg/asan/deep-stack-uaf-1.C -Os output pattern test, is =================================================================
=== g++ Summary for unix/-m32 ===
# of expected passes 794
# of unsupported tests 3
Running target unix/-m64
=== g++ Summary ===
# of expected passes 6842
# of unexpected failures 33
# of expected failures 6
# of unsupported tests 479
/home/gccbuild/build/nightly/build-gcc-6/gcc/testsuite/g++/../../xg++ version 6.4.1 20170909 [gcc-6-branch revision 251918] (GCC)
=== go tests ===
Running target unix/-m32
FAIL: go.test/test/ken/cplx2.go execution, -O2 -g
=== go Summary for unix/-m32 ===
# of expected passes 6876
# of unexpected failures 1
# of expected failures 1
# of untested testcases 11
# of unsupported tests 3
Running target unix/-m64
FAIL: go.test/test/ken/cplx2.go execution, -O2 -g
=== go Summary for unix/-m64 ===
# of expected passes 6756
# of unexpected failures 1
# of expected failures 1
# of untested testcases 11
# of unsupported tests 3
=== go Summary ===
# of expected passes 13632
# of unexpected failures 2
# of expected failures 2
# of untested testcases 22
# of unsupported tests 6
/home/gccbuild/build/nightly/build-gcc-6/gcc/testsuite/go/../../gccgo version 6.4.1 20170909 [gcc-6-branch revision 251918] (GCC)
=== obj-c++ tests ===
Running target unix/-m32
=== obj-c++ Summary for unix/-m32 ===
# of expected passes 56
Running target unix/-m64
=== obj-c++ Summary for unix/-m64 ===
# of expected passes 56
=== obj-c++ Summary ===
# of expected passes 2900
# of expected failures 12
# of unsupported tests 154
/home/gccbuild/build/nightly/build-gcc-6/gcc/testsuite/obj-c++/../../xg++ version 6.4.1 20170909 [gcc-6-branch revision 251918] (GCC)
=== objc tests ===
Running target unix/-m32
=== objc Summary for unix/-m32 ===
# of expected passes 56
Running target unix/-m64
=== objc Summary for unix/-m64 ===
# of expected passes 56
=== objc Summary ===
# of expected passes 112
/home/gccbuild/build/nightly/build-gcc-6/gcc/xgcc version 6.4.1 20170909 [gcc-6-branch revision 251918] (GCC)
=== libatomic tests ===
Running target unix/-m32
=== libatomic Summary for unix/-m32 ===
# of expected passes 44
# of unsupported tests 5
Running target unix/-m64
=== libatomic Summary for unix/-m64 ===
# of expected passes 54
=== libatomic Summary ===
# of expected passes 98
# of unsupported tests 5
=== libffi tests ===
Running target unix/-m32
=== libffi Summary for unix/-m32 ===
# of expected passes 24
Running target unix/-m64
=== libffi Summary for unix/-m64 ===
# of expected passes 24
=== libffi Summary ===
# of expected passes 3868
# of unsupported tests 56
=== libgo tests ===
Running target unix
FAIL: time
=== libgo Summary for unix ===
# of expected passes 133
# of unexpected failures 1
Running target unix/-m32
FAIL: runtime
FAIL: time
FAIL: sync/atomic
=== libgo Summary for unix/-m32 ===
# of expected passes 131
# of unexpected failures 3
=== libgo Summary ===
# of expected passes 264
# of unexpected failures 4
/home/gccbuild/build/nightly/build-gcc-6/./gcc/gccgo version 6.4.1 20170909 [gcc-6-branch revision 251918] (GCC)
=== libgomp tests ===
Running target unix/-m32
=== libgomp Summary ===
# of expected passes 3476
# of unsupported tests 125
=== libitm tests ===
Running target unix/-m32
=== libitm Summary for unix/-m32 ===
# of expected passes 16
# of expected failures 1
# of unsupported tests 1
Running target unix/-m64
=== libitm Summary for unix/-m64 ===
# of expected passes 16
# of expected failures 1
# of unsupported tests 1
=== libitm Summary ===
# of expected passes 84
# of expected failures 6
# of unsupported tests 2
=== libstdc++ tests ===
Running target unix/-m32
=== libstdc++ Summary for unix/-m32 ===
# of unsupported tests 1
Running target unix/-m64
XPASS: 26_numerics/complex/13450.cc execution test
XPASS: 26_numerics/complex/pow.cc execution test
XPASS: 26_numerics/complex/value_operations/1.cc execution test
=== libstdc++ Summary for unix/-m64 ===
# of unsupported tests 1
=== libstdc++ Summary ===
# of unsupported tests 2
Compiler version: 6.4.1 20170909 [gcc-6-branch revision 251918] (GCC)
Platform: powerpc64-unknown-linux-gnu
configure flags: --prefix=/opt/gcc-nightly/6 --with-as=/home/gccbuild/binutils/install/binutils-2.26/bin/as --with-ld=/home/gccbuild/binutils/install/binutils-2.26/bin/ld --enable-languages=c,c++,fortran,objc,obj-c++,go --with-cpu=power7