This is the mail archive of the
gcc-testresults@gcc.gnu.org
mailing list for the GCC project.
Results for 8.0.0 20170901 (experimental) [trunk revision 251580] (GCC) testsuite on i386-pc-solaris2.11
- From: Rainer Orth <ro at CeBiTec dot Uni-Bielefeld dot DE>
- To: gcc-testresults at gcc dot gnu dot org
- Date: Sat, 2 Sep 2017 15:13:48 +0200 (MEST)
- Subject: Results for 8.0.0 20170901 (experimental) [trunk revision 251580] (GCC) testsuite on i386-pc-solaris2.11
- Authentication-results: sourceware.org; auth=none
LAST_UPDATED: Fri Sep 1 09:19:26 UTC 2017 (revision 251580)
=== acats tests ===
FAIL: aa2010a
=== acats Summary ===
# of expected passes 2319
# of unexpected failures 1
Native configuration is i386-pc-solaris2.11
=== g++ tests ===
Running target unix
FAIL: g++.dg/init/cleanup3.C -std=c++11 scan-assembler-not _tcf
FAIL: g++.dg/init/cleanup3.C -std=c++14 scan-assembler-not _tcf
FAIL: g++.dg/init/cleanup3.C -std=c++98 scan-assembler-not _tcf
FAIL: g++.dg/pr62079.C (internal compiler error)
FAIL: g++.dg/pr62079.C (test for excess errors)
FAIL: g++.dg/template/nontype10.C -std=c++11 (test for excess errors)
FAIL: g++.dg/template/nontype10.C -std=c++14 (test for excess errors)
FAIL: g++.dg/template/nontype10.C -std=c++98 (test for excess errors)
FAIL: g++.dg/tls/thread_local-order1.C -std=c++11 execution test
FAIL: g++.dg/tls/thread_local-order1.C -std=c++14 execution test
FAIL: g++.dg/tls/thread_local3g.C -std=gnu++11 execution test
FAIL: g++.dg/tls/thread_local3g.C -std=gnu++14 execution test
FAIL: g++.dg/tls/thread_local4g.C -std=gnu++11 execution test
FAIL: g++.dg/tls/thread_local4g.C -std=gnu++14 execution test
FAIL: g++.dg/tls/thread_local5g.C -std=gnu++11 execution test
FAIL: g++.dg/tls/thread_local5g.C -std=gnu++14 execution test
FAIL: g++.dg/tls/thread_local6g.C -std=c++11 execution test
FAIL: g++.dg/tls/thread_local6g.C -std=c++14 execution test
FAIL: g++.old-deja/g++.other/init5.C -std=c++11 execution test
FAIL: g++.old-deja/g++.other/init5.C -std=c++14 execution test
FAIL: g++.old-deja/g++.other/init5.C -std=c++98 execution test
=== g++ Summary for unix ===
# of expected passes 109204
# of unexpected failures 21
# of expected failures 376
# of unsupported tests 4085
Running target unix/-m64
FAIL: g++.dg/init/cleanup3.C -std=c++11 scan-assembler-not _tcf
FAIL: g++.dg/init/cleanup3.C -std=c++14 scan-assembler-not _tcf
FAIL: g++.dg/init/cleanup3.C -std=c++98 scan-assembler-not _tcf
FAIL: g++.dg/tls/thread_local-order1.C -std=c++11 execution test
FAIL: g++.dg/tls/thread_local-order1.C -std=c++14 execution test
FAIL: g++.dg/tls/thread_local3g.C -std=gnu++11 execution test
FAIL: g++.dg/tls/thread_local3g.C -std=gnu++14 execution test
FAIL: g++.dg/tls/thread_local4g.C -std=gnu++11 execution test
FAIL: g++.dg/tls/thread_local4g.C -std=gnu++14 execution test
FAIL: g++.dg/tls/thread_local5g.C -std=gnu++11 execution test
FAIL: g++.dg/tls/thread_local5g.C -std=gnu++14 execution test
FAIL: g++.dg/tls/thread_local6g.C -std=c++11 execution test
FAIL: g++.dg/tls/thread_local6g.C -std=c++14 execution test
FAIL: g++.old-deja/g++.other/init5.C -std=c++11 execution test
FAIL: g++.old-deja/g++.other/init5.C -std=c++14 execution test
FAIL: g++.old-deja/g++.other/init5.C -std=c++98 execution test
=== g++ Summary for unix/-m64 ===
# of expected passes 110549
# of unexpected failures 16
# of expected failures 376
# of unsupported tests 4320
=== g++ Summary ===
# of expected passes 219753
# of unexpected failures 37
# of expected failures 752
# of unsupported tests 8405
/var/gcc/regression/trunk/11-gcc-gas-gld/build/gcc/testsuite/g++/../../xg++ version 8.0.0 20170901 (experimental) [trunk revision 251580] (GCC)
=== gcc tests ===
Running target unix
FAIL: gcc.c-torture/compile/20001226-1.c -O2 (test for excess errors)
FAIL: gcc.c-torture/compile/20030530-1.c -O2 -flto -fno-use-linker-plugin -flto-partition=none (test for excess errors)
FAIL: gcc.c-torture/compile/20030716-1.c -O1 (test for excess errors)
FAIL: gcc.c-torture/compile/20030910-1.c -O3 -g (test for excess errors)
FAIL: gcc.c-torture/compile/20031023-3.c -O2 -flto -fuse-linker-plugin -fno-fat-lto-objects (test for excess errors)
XPASS: gcc.dg/pr78768.c -Wformat-overflow (test for warnings, line 12)
FAIL: gcc.dg/simulate-thread/atomic-load-longlong.c -O0 -g thread simulation test
FAIL: gcc.dg/torture/pr60092.c -O0 execution test
FAIL: gcc.dg/vect/pr65947-14.c -flto -ffat-lto-objects execution test
FAIL: gcc.dg/vect/pr65947-14.c execution test
FAIL: gcc.target/i386/pr70021.c scan-tree-dump-times vect "vectorized 1 loops" 2
FAIL: gcc.target/i386/pr81736-3.c scan-assembler %[re]bp
FAIL: gcc.target/i386/pr81736-4.c scan-assembler %[re]bp
=== gcc Summary for unix ===
# of expected passes 118962
# of unexpected failures 12
# of unexpected successes 1
# of expected failures 368
# of unsupported tests 2122
Running target unix/-m64
XPASS: gcc.dg/pr78768.c -Wformat-overflow (test for warnings, line 12)
FAIL: gcc.dg/torture/pr60092.c -O0 execution test
FAIL: gcc.dg/vect/pr65947-14.c -flto -ffat-lto-objects execution test
FAIL: gcc.dg/vect/pr65947-14.c execution test
FAIL: gcc.target/i386/pr59501-3a.c scan-assembler-not and[^\\n\\r]*sp
FAIL: gcc.target/i386/pr70021.c scan-tree-dump-times vect "vectorized 1 loops" 2
FAIL: gcc.target/i386/pr80569.c (test for excess errors)
FAIL: gcc.target/i386/pr81736-3.c scan-assembler %[re]bp
FAIL: gcc.target/i386/pr81736-4.c scan-assembler %[re]bp
=== gcc Summary for unix/-m64 ===
# of expected passes 120581
# of unexpected failures 8
# of unexpected successes 1
# of expected failures 364
# of unsupported tests 2084
=== gcc Summary ===
# of expected passes 239543
# of unexpected failures 20
# of unexpected successes 2
# of expected failures 732
# of unsupported tests 4206
/var/gcc/regression/trunk/11-gcc-gas-gld/build/gcc/xgcc version 8.0.0 20170901 (experimental) [trunk revision 251580] (GCC)
=== gfortran tests ===
Running target unix
FAIL: gfortran.dg/alloc_comp_assign_2.f90 -O2 (test for excess errors)
WARNING: gfortran.dg/alloc_comp_assign_2.f90 -O2 compilation failed to produce executable
FAIL: gfortran.dg/alloc_comp_auto_array_2.f90 -O1 (test for excess errors)
WARNING: gfortran.dg/alloc_comp_auto_array_2.f90 -O1 compilation failed to produce executable
FAIL: gfortran.dg/alloc_comp_class_4.f03 -O3 -g (test for excess errors)
WARNING: gfortran.dg/alloc_comp_class_4.f03 -O3 -g compilation failed to produce executable
=== gfortran Summary for unix ===
# of expected passes 45240
# of unexpected failures 3
# of expected failures 92
# of unsupported tests 188
Running target unix/-m64
FAIL: gfortran.dg/graphite/pr14741.f90 -O scan-tree-dump graphite "tiled by"
=== gfortran Summary for unix/-m64 ===
# of expected passes 45462
# of unexpected failures 1
# of expected failures 92
# of unsupported tests 85
=== gfortran Summary ===
# of expected passes 90702
# of unexpected failures 4
# of expected failures 184
# of unsupported tests 273
/var/gcc/regression/trunk/11-gcc-gas-gld/build/gcc/testsuite/gfortran/../../gfortran version 8.0.0 20170901 (experimental) [trunk revision 251580] (GCC)
=== gnat tests ===
Running target unix
FAIL: gnat.dg/elim1.adb (test for excess errors)
FAIL: gnat.dg/entry_queues3.adb (test for warnings, line 25)
FAIL: gnat.dg/entry_queues3.adb (test for excess errors)
=== gnat Summary for unix ===
# of expected passes 2586
# of unexpected failures 3
# of expected failures 24
# of unsupported tests 7
Running target unix/-m64
=== gnat Summary for unix/-m64 ===
# of expected passes 2589
# of expected failures 24
# of unsupported tests 7
=== gnat Summary ===
# of expected passes 5175
# of unexpected failures 3
# of expected failures 48
# of unsupported tests 14
/var/gcc/regression/trunk/11-gcc-gas-gld/build/gcc/gnatmake version 8.0.0 20170901 (experimental) [trunk revision 251580]
=== go tests ===
Running target unix
FAIL: go.go-torture/execute/map-1.go compilation, -O2
FAIL: ./index0-out.go execution, -O0 -g -fno-var-tracking-assignments
=== go Summary for unix ===
# of expected passes 7362
# of unexpected failures 2
# of expected failures 1
# of untested testcases 11
# of unsupported tests 2
Running target unix/-m64
FAIL: ./index0-out.go execution, -O0 -g -fno-var-tracking-assignments
=== go Summary for unix/-m64 ===
# of expected passes 7245
# of unexpected failures 1
# of expected failures 1
# of untested testcases 10
# of unsupported tests 1
=== go Summary ===
# of expected passes 14607
# of unexpected failures 3
# of expected failures 2
# of untested testcases 21
# of unsupported tests 3
/var/gcc/regression/trunk/11-gcc-gas-gld/build/gcc/testsuite/go/../../gccgo version 8.0.0 20170901 (experimental) [trunk revision 251580] (GCC)
=== obj-c++ tests ===
Running target unix
FAIL: obj-c++.dg/plugin/../../gcc.dg/plugin/diagnostic_plugin_test_tree_expression_range.c compilation
=== objc tests ===
Running target unix
FAIL: objc/execute/nested-3.m compilation, -O2 -fgnu-runtime
UNRESOLVED: objc/execute/nested-3.m execution, -O2 -fgnu-runtime
FAIL: objc/execute/pr25328.m compilation, -O0 -fgnu-runtime
UNRESOLVED: objc/execute/pr25328.m execution, -O0 -fgnu-runtime
=== objc Summary for unix ===
# of expected passes 2793
# of unexpected failures 2
# of expected failures 6
# of unresolved testcases 2
# of unsupported tests 68
Running target unix/-m64
=== objc Summary for unix/-m64 ===
# of expected passes 2797
# of expected failures 6
# of unsupported tests 68
=== objc Summary ===
# of expected passes 5590
# of unexpected failures 2
# of expected failures 12
# of unresolved testcases 2
# of unsupported tests 136
/var/gcc/regression/trunk/11-gcc-gas-gld/build/gcc/xgcc version 8.0.0 20170901 (experimental) [trunk revision 251580] (GCC)
=== gotools tests ===
FAIL: TestRelativeImportsInCommandLinePackage
FAIL: TestSelectStackAdjust
FAIL: TestSimpleDeadlock
FAIL: TestInitDeadlock
FAIL: TestLockedDeadlock
FAIL: Test4029
FAIL: TestInstall
FAIL: TestEarlySignalHandler
FAIL: TestSignalForwardingExternal
FAIL: TestOsSignal
FAIL: TestSigaltstack
FAIL: TestPIE
=== gotools Summary ===
# of expected passes 231
# of unexpected failures 12
# of untested testcases 91
/var/gcc/regression/trunk/11-gcc-gas-gld/build/./gcc/gccgo version 8.0.0 20170901 (experimental) [trunk revision 251580] (GCC)
=== libatomic tests ===
Running target unix
=== libatomic Summary for unix ===
# of expected passes 44
# of unsupported tests 5
Running target unix/-m64
=== libatomic Summary for unix/-m64 ===
# of expected passes 54
=== libatomic Summary ===
# of expected passes 98
# of unsupported tests 5
=== libffi tests ===
Running target unix
FAIL: libffi.call/cls_align_uint32.c -W -Wall -Wno-psabi -O3 (test for excess errors)
WARNING: libffi.call/cls_align_uint32.c -W -Wall -Wno-psabi -O3 compilation failed to produce executable
=== libffi Summary for unix ===
# of expected passes 2796
# of unexpected failures 1
Running target unix/-m64
=== libffi Summary for unix/-m64 ===
# of expected passes 2214
=== libffi Summary ===
# of expected passes 5010
# of unexpected failures 1
=== libgo tests ===
Running target unix
FAIL: runtime
FAIL: go/build
FAIL: runtime/pprof
=== libgo Summary for unix ===
# of expected passes 144
# of unexpected failures 3
Running target unix/-m64
FAIL: bufio
FAIL: bytes
FAIL: image
FAIL: io
FAIL: net
FAIL: os
FAIL: reflect
FAIL: regexp
FAIL: runtime
FAIL: strconv
FAIL: strings
FAIL: sync
FAIL: time
FAIL: archive/tar
FAIL: archive/zip
FAIL: compress/bzip2
FAIL: compress/flate
FAIL: compress/gzip
FAIL: compress/lzw
FAIL: compress/zlib
FAIL: crypto/aes
FAIL: crypto/ecdsa
FAIL: crypto/elliptic
FAIL: crypto/rand
FAIL: crypto/rc4
FAIL: crypto/rsa
FAIL: crypto/tls
FAIL: crypto/x509
FAIL: database/sql
FAIL: debug/dwarf
FAIL: debug/elf
FAIL: debug/pe
FAIL: encoding/asn1
FAIL: encoding/binary
FAIL: encoding/gob
FAIL: encoding/json
FAIL: encoding/pem
FAIL: encoding/xml
FAIL: html/template
FAIL: go/build
FAIL: go/doc
FAIL: go/format
FAIL: go/printer
FAIL: go/token
FAIL: golang_org/x/crypto/chacha20poly1305
FAIL: image/color
FAIL: image/draw
FAIL: image/jpeg
FAIL: image/png
FAIL: index/suffixarray
FAIL: internal/trace
FAIL: log/syslog
FAIL: math/big
FAIL: math/rand
FAIL: mime/multipart
FAIL: mime/quotedprintable
FAIL: net/http
FAIL: net/http/cookiejar
FAIL: net/http/httptest
FAIL: net/http/httptrace
FAIL: net/http/httputil
FAIL: net/rpc
FAIL: net/smtp
FAIL: os/exec
FAIL: os/user
FAIL: path/filepath
FAIL: regexp/syntax
FAIL: runtime/debug
FAIL: runtime/pprof
FAIL: runtime/pprof/internal/protopprof
FAIL: runtime/trace
FAIL: sync/atomic
FAIL: text/template
FAIL: testing/quick
FAIL: unicode/utf16
FAIL: unicode/utf8
=== libgo Summary for unix/-m64 ===
# of expected passes 71
# of unexpected failures 76
=== libgo Summary ===
# of expected passes 215
# of unexpected failures 79
/var/gcc/regression/trunk/11-gcc-gas-gld/build/./gcc/gccgo version 8.0.0 20170901 (experimental) [trunk revision 251580] (GCC)
=== libgomp tests ===
Running target unix
=== libgomp Summary for unix ===
# of expected passes 5248
# of unsupported tests 330
Running target unix/-m64
=== libgomp Summary for unix/-m64 ===
# of expected passes 5248
# of unsupported tests 330
=== libgomp Summary ===
# of expected passes 10496
# of unsupported tests 660
=== libitm tests ===
Running target unix
=== libitm Summary for unix ===
# of expected passes 42
# of expected failures 3
# of unsupported tests 1
Running target unix/-m64
=== libitm Summary for unix/-m64 ===
# of expected passes 42
# of expected failures 3
# of unsupported tests 1
=== libitm Summary ===
# of expected passes 84
# of expected failures 6
# of unsupported tests 2
=== libstdc++ tests ===
Running target unix
FAIL: 17_intro/headers/c++1998/complex.cc (test for excess errors)
FAIL: 17_intro/headers/c++2011/all_pedantic_errors.cc (test for excess errors)
FAIL: 17_intro/headers/c++2011/linkage.cc (test for excess errors)
=== libstdc++ Summary for unix ===
# of expected passes 10910
# of unexpected failures 3
# of expected failures 70
# of unsupported tests 618
Running target unix/-m64
=== libstdc++ Summary for unix/-m64 ===
# of expected passes 10905
# of expected failures 70
# of unsupported tests 622
=== libstdc++ Summary ===
# of expected passes 21815
# of unexpected failures 3
# of expected failures 140
# of unsupported tests 1240
Compiler version: 8.0.0 20170901 (experimental) [trunk revision 251580] (GCC)
Platform: i386-pc-solaris2.11
configure flags: --prefix=/vol/gcc --target=i386-pc-solaris2.11 --enable-objc-gc --with-target-bdw-gc-include=/vol/gcc/include --with-target-bdw-gc-lib=/vol/gcc/lib,amd64=/vol/gcc/lib/amd64 --enable-libmudflap --with-as=/vol/gcc/bin/gas-2.29 --with-gnu-as --with-ld=/vol/gcc/bin/gld-2.29 --with-gnu-ld --with-gmp-include=/vol/gcc/include --with-gmp-lib=/vol/gcc/lib --with-mpfr-include=/vol/gcc/include --with-mpfr-lib=/vol/gcc/lib --with-mpc-include=/vol/gcc/include --with-mpc-lib=/vol/gcc/lib --enable-languages=all,ada,obj-c++,go --with-isl-include=/vol/gcc/include --with-isl-lib=/vol/gcc/lib --build=i386-pc-solaris2.11 --host=i386-pc-solaris2.11
BOOT_CFLAGS=-g -O2