This is the mail archive of the
gcc-testresults@gcc.gnu.org
mailing list for the GCC project.
Results for 8.0.0 20170713 (experimental) [master revision 5d163bc:454af3d:15ba4d408b6bf667490d5e42014ee2060b38b950] (Cavium Inc. (Build 4390)) testsuite on x86_64-pc-linux-gnu
- From: jenkins@dell1s-1.localdomain
- To: gcc-testresults at gcc dot gnu dot org
- Date: Thu, 13 Jul 2017 11:41:15 -0700
- Subject: Results for 8.0.0 20170713 (experimental) [master revision 5d163bc:454af3d:15ba4d408b6bf667490d5e42014ee2060b38b950] (Cavium Inc. (Build 4390)) testsuite on x86_64-pc-linux-gnu
- Authentication-results: sourceware.org; auth=none
LAST_UPDATED: Thu Jul 13 15:23:27 UTC 2017 (revision 5d163bc:454af3d:15ba4d408b6bf667490d5e42014ee2060b38b950)
Native configuration is x86_64-pc-linux-gnu
=== gcc tests ===
Running target unix
FAIL: gcc.dg/vect/pr65947-14.c -flto -ffat-lto-objects execution test
FAIL: gcc.dg/vect/pr65947-14.c execution test
FAIL: gcc.dg/vect/pr66636.c (test for excess errors)
FAIL: gcc.dg/vect/pr66636.c -flto -ffat-lto-objects (test for excess errors)
WARNING: gcc.dg/vect/pr66636.c -flto -ffat-lto-objects compilation failed to produce executable
WARNING: gcc.dg/vect/pr66636.c compilation failed to produce executable
FAIL: gcc.target/i386/pr57275.c (test for excess errors)
WARNING: gcc.target/i386/pr57275.c compilation failed to produce executable
FAIL: gcc.target/i386/pr59501-3a.c scan-assembler-not and[^\\n\\r]*sp
=== gcc Summary ===
# of expected passes 124271
# of unexpected failures 6
# of expected failures 366
# of unsupported tests 3373
/home/jenkins/workspace/GCCupstream/objdir/gcc/xgcc version 8.0.0 20170713 (experimental) [master revision 5d163bc:454af3d:15ba4d408b6bf667490d5e42014ee2060b38b950] (Cavium Inc. (Build 4390))
=== gfortran tests ===
Running target unix
FAIL: gfortran.dg/graphite/pr14741.f90 -O scan-tree-dump graphite "tiled by"
FAIL: gfortran.dg/guality/pr41558.f90 -O2 line 7 s == 'foo'
FAIL: gfortran.dg/guality/pr41558.f90 -O3 -fomit-frame-pointer -funroll-loops -fpeel-loops -ftracer -finline-functions line 7 s == 'foo'
FAIL: gfortran.dg/guality/pr41558.f90 -O3 -g line 7 s == 'foo'
FAIL: gfortran.dg/guality/pr41558.f90 -Os line 7 s == 'foo'
=== gfortran Summary ===
# of expected passes 45426
# of unexpected failures 5
# of expected failures 92
# of unsupported tests 87
/home/jenkins/workspace/GCCupstream/objdir/gcc/testsuite/gfortran/../../gfortran version 8.0.0 20170713 (experimental) [master revision 5d163bc:454af3d:15ba4d408b6bf667490d5e42014ee2060b38b950] (Cavium Inc. (Build 4390))
=== g++ tests ===
Running target unix
FAIL: g++.dg/debug/debug9.C -gstabs -O2 (test for excess errors)
FAIL: g++.dg/debug/debug9.C -gstabs -O3 (test for excess errors)
FAIL: g++.dg/debug/debug9.C -gstabs+ -O2 (test for excess errors)
FAIL: g++.dg/debug/debug9.C -gstabs+ -O3 (test for excess errors)
FAIL: g++.dg/debug/debug9.C -gstabs+1 -O2 (test for excess errors)
FAIL: g++.dg/debug/debug9.C -gstabs+1 -O3 (test for excess errors)
FAIL: g++.dg/debug/debug9.C -gstabs+3 -O2 (test for excess errors)
FAIL: g++.dg/debug/debug9.C -gstabs+3 -O3 (test for excess errors)
FAIL: g++.dg/debug/debug9.C -gstabs1 -O2 (test for excess errors)
FAIL: g++.dg/debug/debug9.C -gstabs1 -O3 (test for excess errors)
FAIL: g++.dg/debug/debug9.C -gstabs3 -O2 (test for excess errors)
FAIL: g++.dg/debug/debug9.C -gstabs3 -O3 (test for excess errors)
FAIL: g++.dg/tls/thread_local-order2.C -std=c++11 execution test
FAIL: g++.dg/tls/thread_local-order2.C -std=c++14 execution test
=== g++ Summary ===
# of expected passes 118047
# of unexpected failures 14
# of expected failures 386
# of unsupported tests 4421
/home/jenkins/workspace/GCCupstream/objdir/gcc/testsuite/g++/../../xg++ version 8.0.0 20170713 (experimental) [master revision 5d163bc:454af3d:15ba4d408b6bf667490d5e42014ee2060b38b950] (Cavium Inc. (Build 4390))
=== go tests ===
Running target unix
FAIL: ./index0-out.go execution, -O0 -g -fno-var-tracking-assignments
=== go Summary ===
# of expected passes 7253
# of unexpected failures 1
# of expected failures 1
# of untested testcases 6
# of unsupported tests 1
/home/jenkins/workspace/GCCupstream/objdir/gcc/testsuite/go/../../gccgo version 8.0.0 20170713 (experimental) [master revision 5d163bc:454af3d:15ba4d408b6bf667490d5e42014ee2060b38b950] (Cavium Inc. (Build 4390))
=== gotools tests ===
FAIL: TestCgoHandlesWlORIGIN
FAIL: TestCgoConsistentResults
FAIL: TestCgoCrashHandler
FAIL: TestEnsureDropM
FAIL: TestCgoCCodeSIGPROF
FAIL: TestCgoPanicDeadlock
FAIL: TestCgoCheckBytes
FAIL: TestCgoExternalThreadPanic
FAIL: TestCgoExecSignalMask
FAIL: TestCgoExternalThreadSignal
FAIL: TestCgoExternalThreadSIGPROF
FAIL: TestCgoTraceback
FAIL: TestCgoCallbackGC
FAIL: TestCgoSignalDeadlock
FAIL: TestInstall
FAIL: TestEarlySignalHandler
FAIL: TestSignalForwarding
FAIL: TestSignalForwardingExternal
FAIL: TestOsSignal
FAIL: TestSigaltstack
FAIL: TestPIE
=== gotools Summary ===
# of expected passes 259
# of unexpected failures 21
# of untested testcases 119
/home/jenkins/workspace/GCCupstream/objdir/./gcc/gccgo version 8.0.0 20170713 (experimental) [master revision 5d163bc:454af3d:15ba4d408b6bf667490d5e42014ee2060b38b950] (Cavium Inc. (Build 4390))
=== libatomic tests ===
Running target unix
=== libatomic Summary ===
# of expected passes 54
=== libffi tests ===
Running target unix
=== libffi Summary ===
# of expected passes 2214
=== libgo tests ===
Running target unix
=== libgo Summary ===
# of expected passes 146
/home/jenkins/workspace/GCCupstream/objdir/./gcc/gccgo version 8.0.0 20170713 (experimental) [master revision 5d163bc:454af3d:15ba4d408b6bf667490d5e42014ee2060b38b950] (Cavium Inc. (Build 4390))
=== libgomp tests ===
Running target unix
=== libgomp Summary ===
# of expected passes 5166
# of unsupported tests 363
=== libitm tests ===
Running target unix
=== libitm Summary ===
# of expected passes 42
# of expected failures 3
# of unsupported tests 1
=== libstdc++ tests ===
Running target unix
FAIL: 21_strings/basic_string/modifiers/insert/char/1.cc execution test
FAIL: 21_strings/basic_string/modifiers/insert/wchar_t/1.cc execution test
=== libstdc++ Summary ===
# of expected passes 11831
# of unexpected failures 2
# of expected failures 69
# of unsupported tests 249
Compiler version: 8.0.0 20170713 (experimental) [master revision 5d163bc:454af3d:15ba4d408b6bf667490d5e42014ee2060b38b950] (Cavium Inc. (Build 4390))
Platform: x86_64-pc-linux-gnu
configure flags: --prefix=/home/jenkins/workspace/GCCupstream/objdir/../tools --enable-languages=c,c++,fortran,go --disable-werror --enable-plugins --enable-gnu-indirect-function --with-pkgversion='Cavium Inc. (Build 4390)' --disable-multilib