This is the mail archive of the
gcc-testresults@gcc.gnu.org
mailing list for the GCC project.
Results for 7.0.0 20161028 (experimental) [trunk revision 241642] (GCC) testsuite on x86_64-pc-solaris2.12
- From: Rainer Orth <ro at CeBiTec dot Uni-Bielefeld dot DE>
- To: gcc-testresults at gcc dot gnu dot org
- Date: Sat, 29 Oct 2016 15:56:54 +0200 (MEST)
- Subject: Results for 7.0.0 20161028 (experimental) [trunk revision 241642] (GCC) testsuite on x86_64-pc-solaris2.12
- Authentication-results: sourceware.org; auth=none
LAST_UPDATED: Fri Oct 28 09:45:51 2016 (revision 241642)
Native configuration is x86_64-pc-solaris2.12
=== boehm-gc tests ===
Running target unix/-m32
=== boehm-gc Summary for unix/-m32 ===
# of expected passes 12
# of unsupported tests 1
Running target unix
=== boehm-gc Summary for unix ===
# of expected passes 12
# of unsupported tests 1
=== boehm-gc Summary ===
# of expected passes 24
# of unsupported tests 2
=== libatomic tests ===
Running target unix/-m32
=== libatomic Summary for unix/-m32 ===
# of expected passes 44
# of unsupported tests 5
Running target unix
=== libatomic Summary for unix ===
# of expected passes 54
=== libatomic Summary ===
# of expected passes 98
# of unsupported tests 5
=== libffi tests ===
Running target unix/-m32
=== libffi Summary for unix/-m32 ===
# of expected passes 2799
Running target unix
=== libffi Summary for unix ===
# of expected passes 2214
=== libffi Summary ===
# of expected passes 5013
=== libgo tests ===
Running target unix
FAIL: net
FAIL: go/build
=== libgo Summary for unix ===
# of expected passes 138
# of unexpected failures 2
Running target unix/-m32
FAIL: net
FAIL: go/build
=== libgo Summary for unix/-m32 ===
# of expected passes 138
# of unexpected failures 2
=== libgo Summary ===
# of expected passes 276
# of unexpected failures 4
/var/gcc/regression/trunk/12-gcc-64/build/./gcc/gccgo version 7.0.0 20161028 (experimental) [trunk revision 241642] (GCC)
=== libgomp tests ===
Running target unix/-m32
WARNING: program timed out.
FAIL: libgomp.c++/for-10.C (test for excess errors)
WARNING: libgomp.c++/for-10.C compilation failed to produce executable
=== libgomp Summary for unix/-m32 ===
# of expected passes 5066
# of unexpected failures 1
# of unsupported tests 334
Running target unix
=== libgomp Summary for unix ===
# of expected passes 5068
# of unsupported tests 334
=== libgomp Summary ===
# of expected passes 10134
# of unexpected failures 1
# of unsupported tests 668
=== libitm tests ===
Running target unix/-m32
=== libitm Summary for unix/-m32 ===
# of expected passes 42
# of expected failures 3
# of unsupported tests 1
Running target unix
=== libitm Summary for unix ===
# of expected passes 42
# of expected failures 3
# of unsupported tests 1
=== libitm Summary ===
# of expected passes 84
# of expected failures 6
# of unsupported tests 2
=== libstdc++ tests ===
Running target unix
FAIL: 27_io/headers/cstdio/functions_neg.cc (test for errors, line 24)
=== libstdc++ Summary for unix ===
# of expected passes 10463
# of unexpected failures 1
# of expected failures 66
# of unsupported tests 695
Running target unix/-m32
FAIL: 27_io/headers/cstdio/functions_neg.cc (test for errors, line 24)
FAIL: experimental/memory_resource/resource_adaptor.cc execution test
=== libstdc++ Summary for unix/-m32 ===
# of expected passes 10470
# of unexpected failures 2
# of expected failures 66
# of unsupported tests 691
=== libstdc++ Summary ===
# of expected passes 20933
# of unexpected failures 3
# of expected failures 132
# of unsupported tests 1386
=== acats tests ===
=== acats Summary ===
# of expected passes 2320
# of unexpected failures 0
=== g++ tests ===
Running target unix
FAIL: g++.dg/cilk-plus/AN/array_test_ND_tplt.cc -O3 -fcilkplus (test for excess errors)
WARNING: g++.dg/cilk-plus/AN/array_test_ND_tplt.cc -O3 -fcilkplus compilation failed to produce executable
FAIL: g++.dg/cilk-plus/AN/array_test_ND_tplt.cc -O3 -ftree-vectorize -fcilkplus -g (test for excess errors)
WARNING: g++.dg/cilk-plus/AN/array_test_ND_tplt.cc -O3 -ftree-vectorize -fcilkplus -g compilation failed to produce executable
FAIL: g++.dg/cilk-plus/AN/array_test_ND_tplt.cc -g -O3 -fcilkplus (test for excess errors)
WARNING: g++.dg/cilk-plus/AN/array_test_ND_tplt.cc -g -O3 -fcilkplus compilation failed to produce executable
WARNING: program timed out.
WARNING: program timed out.
WARNING: program timed out.
FAIL: g++.dg/gcov/pr16855-priority.C -std=gnu++11 gcov: 1 failures in line counts, 0 in branch percentages, 0 in return percentages, 0 in intermediate format
FAIL: g++.dg/gcov/pr16855-priority.C -std=gnu++11 line 22: is #####:should be 1
FAIL: g++.dg/gcov/pr16855-priority.C -std=gnu++14 gcov: 1 failures in line counts, 0 in branch percentages, 0 in return percentages, 0 in intermediate format
FAIL: g++.dg/gcov/pr16855-priority.C -std=gnu++14 line 22: is #####:should be 1
FAIL: g++.dg/gcov/pr16855-priority.C -std=gnu++98 gcov: 1 failures in line counts, 0 in branch percentages, 0 in return percentages, 0 in intermediate format
FAIL: g++.dg/gcov/pr16855-priority.C -std=gnu++98 line 22: is #####:should be 1
FAIL: g++.dg/gcov/pr16855.C -std=gnu++11 gcov: 1 failures in line counts, 0 in branch percentages, 0 in return percentages, 0 in intermediate format
FAIL: g++.dg/gcov/pr16855.C -std=gnu++11 line 21: is #####:should be 1
FAIL: g++.dg/gcov/pr16855.C -std=gnu++14 gcov: 1 failures in line counts, 0 in branch percentages, 0 in return percentages, 0 in intermediate format
FAIL: g++.dg/gcov/pr16855.C -std=gnu++14 line 21: is #####:should be 1
FAIL: g++.dg/gcov/pr16855.C -std=gnu++98 gcov: 1 failures in line counts, 0 in branch percentages, 0 in return percentages, 0 in intermediate format
FAIL: g++.dg/gcov/pr16855.C -std=gnu++98 line 21: is #####:should be 1
=== g++ Summary for unix ===
# of expected passes 102889
# of unexpected failures 15
# of expected failures 338
# of unsupported tests 3915
Running target unix/-m32
FAIL: g++.dg/cilk-plus/AN/array_test_ND_tplt.cc -O3 -ftree-vectorize -fcilkplus -g (test for excess errors)
WARNING: g++.dg/cilk-plus/AN/array_test_ND_tplt.cc -O3 -ftree-vectorize -fcilkplus -g compilation failed to produce executable
FAIL: g++.dg/cilk-plus/AN/array_test_ND_tplt.cc -g -O3 -fcilkplus (test for excess errors)
WARNING: g++.dg/cilk-plus/AN/array_test_ND_tplt.cc -g -O3 -fcilkplus compilation failed to produce executable
WARNING: program timed out.
WARNING: program timed out.
FAIL: g++.dg/opt/pr59470.C -std=gnu++11 (test for excess errors)
WARNING: g++.dg/opt/pr59470.C -std=gnu++11 compilation failed to produce executable
FAIL: g++.dg/opt/pr59470.C -std=gnu++14 (test for excess errors)
WARNING: g++.dg/opt/pr59470.C -std=gnu++14 compilation failed to produce executable
FAIL: g++.dg/opt/pr59470.C -std=gnu++98 (test for excess errors)
WARNING: g++.dg/opt/pr59470.C -std=gnu++98 compilation failed to produce executable
FAIL: g++.dg/gcov/pr16855-priority.C -std=gnu++11 gcov: 1 failures in line counts, 0 in branch percentages, 0 in return percentages, 0 in intermediate format
FAIL: g++.dg/gcov/pr16855-priority.C -std=gnu++11 line 22: is #####:should be 1
FAIL: g++.dg/gcov/pr16855-priority.C -std=gnu++14 gcov: 1 failures in line counts, 0 in branch percentages, 0 in return percentages, 0 in intermediate format
FAIL: g++.dg/gcov/pr16855-priority.C -std=gnu++14 line 22: is #####:should be 1
FAIL: g++.dg/gcov/pr16855-priority.C -std=gnu++98 gcov: 1 failures in line counts, 0 in branch percentages, 0 in return percentages, 0 in intermediate format
FAIL: g++.dg/gcov/pr16855-priority.C -std=gnu++98 line 22: is #####:should be 1
FAIL: g++.dg/gcov/pr16855.C -std=gnu++11 gcov: 1 failures in line counts, 0 in branch percentages, 0 in return percentages, 0 in intermediate format
FAIL: g++.dg/gcov/pr16855.C -std=gnu++11 line 21: is #####:should be 1
FAIL: g++.dg/gcov/pr16855.C -std=gnu++14 gcov: 1 failures in line counts, 0 in branch percentages, 0 in return percentages, 0 in intermediate format
FAIL: g++.dg/gcov/pr16855.C -std=gnu++14 line 21: is #####:should be 1
FAIL: g++.dg/gcov/pr16855.C -std=gnu++98 gcov: 1 failures in line counts, 0 in branch percentages, 0 in return percentages, 0 in intermediate format
FAIL: g++.dg/gcov/pr16855.C -std=gnu++98 line 21: is #####:should be 1
=== g++ Summary for unix/-m32 ===
# of expected passes 101524
# of unexpected failures 17
# of expected failures 338
# of unsupported tests 3671
=== g++ Summary ===
# of expected passes 204413
# of unexpected failures 32
# of expected failures 676
# of unsupported tests 7586
/var/gcc/regression/trunk/12-gcc-64/build/gcc/testsuite/g++/../../xg++ version 7.0.0 20161028 (experimental) [trunk revision 241642] (GCC)
=== gcc tests ===
Running target unix
FAIL: gcc.c-torture/compile/pr61159.c -O0 (test for excess errors)
FAIL: gcc.c-torture/compile/pr61159.c -O1 (test for excess errors)
FAIL: gcc.c-torture/compile/pr61159.c -O2 (test for excess errors)
FAIL: gcc.c-torture/compile/pr61159.c -O2 -flto (test for excess errors)
FAIL: gcc.c-torture/compile/pr61159.c -O2 -flto -flto-partition=none (test for excess errors)
FAIL: gcc.c-torture/compile/pr61159.c -O3 -g (test for excess errors)
FAIL: gcc.c-torture/compile/pr61159.c -Os (test for excess errors)
FAIL: gcc.dg/attr-weakref-1.c (test for excess errors)
WARNING: gcc.dg/attr-weakref-1.c compilation failed to produce executable
FAIL: gcc.dg/tree-ssa/pr69270-3.c scan-tree-dump-times uncprop1 ", 1" 4
FAIL: gcc.dg/tree-ssa/slsr-8.c scan-tree-dump-times optimized " w?\\\\* " 7
=== gcc Summary for unix ===
# of expected passes 114238
# of unexpected failures 10
# of expected failures 338
# of unsupported tests 1997
Running target unix/-m32
FAIL: gcc.c-torture/compile/pr61159.c -O0 (test for excess errors)
FAIL: gcc.c-torture/compile/pr61159.c -O1 (test for excess errors)
FAIL: gcc.c-torture/compile/pr61159.c -O2 (test for excess errors)
FAIL: gcc.c-torture/compile/pr61159.c -O2 -flto (test for excess errors)
FAIL: gcc.c-torture/compile/pr61159.c -O2 -flto -flto-partition=none (test for excess errors)
FAIL: gcc.c-torture/compile/pr61159.c -O3 -g (test for excess errors)
FAIL: gcc.c-torture/compile/pr61159.c -Os (test for excess errors)
FAIL: gcc.dg/attr-weakref-1.c (test for excess errors)
WARNING: gcc.dg/attr-weakref-1.c compilation failed to produce executable
FAIL: gcc.dg/graphite/scop-dsyr2k.c scan-tree-dump-times graphite "number of SCoPs: 1" 1
FAIL: gcc.dg/graphite/scop-dsyrk.c scan-tree-dump-times graphite "number of SCoPs: 1" 1
FAIL: gcc.dg/tree-ssa/pr69270-3.c scan-tree-dump-times uncprop1 ", 1" 4
FAIL: gcc.dg/tree-ssa/scev-5.c scan-tree-dump-times optimized "&a" 1
FAIL: gcc.dg/tree-ssa/slsr-8.c scan-tree-dump-times optimized " w?\\\\* " 7
=== gcc Summary for unix/-m32 ===
# of expected passes 112748
# of unexpected failures 13
# of expected failures 342
# of unsupported tests 1976
=== gcc Summary ===
# of expected passes 226986
# of unexpected failures 23
# of expected failures 680
# of unsupported tests 3973
/var/gcc/regression/trunk/12-gcc-64/build/gcc/xgcc version 7.0.0 20161028 (experimental) [trunk revision 241642] (GCC)
=== gfortran tests ===
Running target unix
FAIL: gfortran.dg/graphite/pr68279.f90 -O (internal compiler error)
FAIL: gfortran.dg/graphite/pr68279.f90 -O (test for excess errors)
=== gfortran Summary for unix ===
# of expected passes 43836
# of unexpected failures 2
# of expected failures 76
# of unsupported tests 79
Running target unix/-m32
FAIL: gfortran.dg/coarray/event_2.f90 -fcoarray=lib -O2 -lcaf_single -latomic execution test
FAIL: gfortran.dg/vect/fast-math-mgrid-resid.f -O scan-tree-dump-times pcom "Executing predictive commoning without unrolling" 2
=== gfortran Summary for unix/-m32 ===
# of expected passes 43618
# of unexpected failures 2
# of expected failures 76
# of unsupported tests 182
=== gfortran Summary ===
# of expected passes 87454
# of unexpected failures 4
# of expected failures 152
# of unsupported tests 261
/var/gcc/regression/trunk/12-gcc-64/build/gcc/testsuite/gfortran/../../gfortran version 7.0.0 20161028 (experimental) [trunk revision 241642] (GCC)
=== gnat tests ===
Running target unix
FAIL: gnat.dg/vect3.adb scan-tree-dump-times vect "vectorized 1 loops" 15
FAIL: gnat.dg/vect6.adb scan-tree-dump-times vect "vectorized 1 loops" 15
=== gnat Summary for unix ===
# of expected passes 2542
# of unexpected failures 2
# of expected failures 24
# of unsupported tests 7
Running target unix/-m32
FAIL: gnat.dg/vect3.adb scan-tree-dump-times vect "vectorized 1 loops" 15
FAIL: gnat.dg/vect6.adb scan-tree-dump-times vect "vectorized 1 loops" 15
=== gnat Summary for unix/-m32 ===
# of expected passes 2542
# of unexpected failures 2
# of expected failures 24
# of unsupported tests 7
=== gnat Summary ===
# of expected passes 5084
# of unexpected failures 4
# of expected failures 48
# of unsupported tests 14
/var/gcc/regression/trunk/12-gcc-64/build/gcc/gnatmake version 7.0.0 20161028 (experimental) [trunk revision 241642]
=== go tests ===
Running target unix
=== go Summary for unix ===
# of expected passes 7247
# of expected failures 1
# of untested testcases 10
# of unsupported tests 1
Running target unix/-m32
FAIL: go.test/test/fixedbugs/bug114.go compilation, -O2 -g
FAIL: go.test/test/printbig.go -O (test for excess errors)
FAIL: go.test/test/printbig.go execution
=== go Summary for unix/-m32 ===
# of expected passes 7361
# of unexpected failures 3
# of expected failures 1
# of untested testcases 12
# of unsupported tests 2
=== go Summary ===
# of expected passes 14608
# of unexpected failures 3
# of expected failures 2
# of untested testcases 22
# of unsupported tests 3
=== obj-c++ tests ===
Running target unix/-m32
=== obj-c++ Summary for unix/-m32 ===
# of expected passes 1458
# of expected failures 2
# of unsupported tests 77
Running target unix
=== obj-c++ Summary for unix ===
# of expected passes 1450
# of expected failures 10
# of unsupported tests 77
=== obj-c++ Summary ===
# of expected passes 2908
# of expected failures 12
# of unsupported tests 154
/var/gcc/regression/trunk/12-gcc-64/build/gcc/testsuite/obj-c++/../../xg++ version 7.0.0 20161028 (experimental) [trunk revision 241642] (GCC)
=== objc tests ===
Running target unix
=== objc Summary for unix ===
# of expected passes 2797
# of expected failures 6
# of unsupported tests 68
Running target unix/-m32
=== objc Summary for unix/-m32 ===
# of expected passes 2797
# of expected failures 6
# of unsupported tests 68
=== objc Summary ===
# of expected passes 5594
# of expected failures 12
# of unsupported tests 136
/var/gcc/regression/trunk/12-gcc-64/build/gcc/xgcc version 7.0.0 20161028 (experimental) [trunk revision 241642] (GCC)
Compiler version: 7.0.0 20161028 (experimental) [trunk revision 241642] (GCC)
Platform: x86_64-pc-solaris2.12
configure flags: --prefix=/vol/gcc --target=amd64-pc-solaris2.12 --enable-objc-gc --with-as=/usr/ccs/bin/as --without-gnu-as --with-gmp-include=/vol/gcc/include --with-gmp-lib=/vol/gcc/lib/amd64 --with-mpfr-include=/vol/gcc/include --with-mpfr-lib=/vol/gcc/lib/amd64 --with-mpc-include=/vol/gcc/include --with-mpc-lib=/vol/gcc/lib/amd64 --enable-languages=all,ada,obj-c++,go --with-isl-include=/vol/gcc/include --with-isl-lib=/vol/gcc/lib/amd64 --build=amd64-pc-solaris2.12 --host=amd64-pc-solaris2.12
BOOT_CFLAGS=-g -O2