This is the mail archive of the gcc-testresults@gcc.gnu.org mailing list for the GCC project.


Index Nav: [Date Index] [Subject Index] [Author Index] [Thread Index]
Message Nav: [Date Prev] [Date Next] [Thread Prev] [Thread Next]
Other format: [Raw text]

Results for 5.4.1 20161019 (Debian 5.4.1-3) testsuite on i686-pc-kfreebsd-gnu


LAST_UPDATED: Wed Oct 19 12:33:25 UTC 2016 (revision 241340)

Target: i686-kfreebsd-gnu
gcc version 5.4.1 20161019 (Debian 5.4.1-3) 

Native configuration is i686-pc-kfreebsd-gnu

		=== g++ tests ===


Running target unix
FAIL: g++.dg/abi/abi-tag19.C  -std=c++11  scan-assembler _ZN1YIiE1fB1aEv
FAIL: g++.dg/abi/abi-tag19.C  -std=c++14  scan-assembler _ZN1YIiE1fB1aEv
FAIL: g++.dg/abi/abi-tag19.C  -std=c++98  scan-assembler _ZN1YIiE1fB1aEv
FAIL: g++.dg/cpp0x/lambda/lambda-70218.C  -std=c++11  (test for errors, line 16)
FAIL: g++.dg/cpp0x/lambda/lambda-70218.C  -std=c++11 (test for excess errors)
FAIL: g++.dg/cpp0x/lambda/lambda-70218.C  -std=c++14  (test for errors, line 16)
FAIL: g++.dg/cpp0x/lambda/lambda-70218.C  -std=c++14 (test for excess errors)
FAIL: g++.dg/guality/pr55665.C   -O2  line 23 p == 40
FAIL: g++.dg/guality/pr55665.C   -O3 -fomit-frame-pointer  line 23 p == 40
FAIL: g++.dg/guality/pr55665.C   -O3 -g  line 23 p == 40
XPASS: g++.dg/tls/thread_local-order2.C  -std=c++11 execution test
XPASS: g++.dg/tls/thread_local-order2.C  -std=c++14 execution test

		=== g++ Summary for unix ===

# of expected passes		84403
# of unexpected failures	10
# of unexpected successes	2
# of expected failures		286
# of unsupported tests		3294

Running target unix/-fstack-protector
FAIL: g++.dg/abi/abi-tag19.C  -std=c++11  scan-assembler _ZN1YIiE1fB1aEv
FAIL: g++.dg/abi/abi-tag19.C  -std=c++14  scan-assembler _ZN1YIiE1fB1aEv
FAIL: g++.dg/abi/abi-tag19.C  -std=c++98  scan-assembler _ZN1YIiE1fB1aEv
FAIL: g++.dg/cpp0x/lambda/lambda-70218.C  -std=c++11  (test for errors, line 16)
FAIL: g++.dg/cpp0x/lambda/lambda-70218.C  -std=c++11 (test for excess errors)
FAIL: g++.dg/cpp0x/lambda/lambda-70218.C  -std=c++14  (test for errors, line 16)
FAIL: g++.dg/cpp0x/lambda/lambda-70218.C  -std=c++14 (test for excess errors)
FAIL: g++.dg/guality/pr55665.C   -O2  line 23 p == 40
FAIL: g++.dg/guality/pr55665.C   -O3 -fomit-frame-pointer  line 23 p == 40
FAIL: g++.dg/guality/pr55665.C   -O3 -g  line 23 p == 40
XPASS: g++.dg/tls/thread_local-order2.C  -std=c++11 execution test
XPASS: g++.dg/tls/thread_local-order2.C  -std=c++14 execution test

		=== g++ Summary for unix/-fstack-protector ===

# of expected passes		84403
# of unexpected failures	10
# of unexpected successes	2
# of expected failures		286
# of unsupported tests		3294

		=== g++ Summary ===

# of expected passes		168806
# of unexpected failures	20
# of unexpected successes	4
# of expected failures		572
# of unsupported tests		6588
/build/gcc-5-Mdf1OU/gcc-5-5.4.1/build/gcc/xg++  version 5.4.1 20161019 (Debian 5.4.1-3) 

		=== gcc tests ===


Running target unix
FAIL: gcc.dg/pr45352-1.c (test for excess errors)
FAIL: gcc.dg/pr63914.c (test for excess errors)
XPASS: gcc.dg/guality/example.c   -O0  execution test
XPASS: gcc.dg/guality/example.c   -O1  execution test
XPASS: gcc.dg/guality/guality.c   -O0  execution test
XPASS: gcc.dg/guality/guality.c   -O1  execution test
XPASS: gcc.dg/guality/guality.c   -O2  execution test
XPASS: gcc.dg/guality/guality.c   -O2 -flto -fno-use-linker-plugin -flto-partition=none  execution test
XPASS: gcc.dg/guality/guality.c   -O2 -flto -fuse-linker-plugin -fno-fat-lto-objects  execution test
XPASS: gcc.dg/guality/guality.c   -O3 -fomit-frame-pointer  execution test
XPASS: gcc.dg/guality/guality.c   -O3 -g  execution test
XPASS: gcc.dg/guality/guality.c   -Os  execution test
XPASS: gcc.dg/guality/inline-params.c   -O2  execution test
XPASS: gcc.dg/guality/inline-params.c   -O2 -flto -fno-use-linker-plugin -flto-partition=none  execution test
XPASS: gcc.dg/guality/inline-params.c   -O3 -fomit-frame-pointer  execution test
XPASS: gcc.dg/guality/inline-params.c   -O3 -g  execution test
XPASS: gcc.dg/guality/inline-params.c   -Os  execution test
XPASS: gcc.dg/guality/pr41353-1.c   -O0  line 28 j == 28 + 37
XPASS: gcc.dg/guality/pr41353-1.c   -Os  line 28 j == 28 + 37
FAIL: gcc.dg/guality/pr41447-1.c   -O2  execution test
FAIL: gcc.dg/guality/pr41447-1.c   -O2 -flto -fno-use-linker-plugin -flto-partition=none  execution test
FAIL: gcc.dg/guality/pr41447-1.c   -O3 -fomit-frame-pointer  execution test
FAIL: gcc.dg/guality/pr41447-1.c   -O3 -g  execution test
FAIL: gcc.dg/guality/pr41616-1.c   -O2 -flto -fuse-linker-plugin -fno-fat-lto-objects  execution test
FAIL: gcc.dg/guality/pr43177.c   -O2 -flto -fuse-linker-plugin -fno-fat-lto-objects  line 15 l == 10
FAIL: gcc.dg/guality/pr43177.c   -O2 -flto -fuse-linker-plugin -fno-fat-lto-objects  line 15 x == 7
FAIL: gcc.dg/guality/pr43479.c   -O1  line 13 h == 9
FAIL: gcc.dg/guality/pr43479.c   -O1  line 18 h == 9
FAIL: gcc.dg/guality/pr43479.c   -O2  line 13 h == 9
FAIL: gcc.dg/guality/pr43479.c   -O2  line 18 h == 9
FAIL: gcc.dg/guality/pr43479.c   -O2 -flto -fno-use-linker-plugin -flto-partition=none  line 13 h == 9
FAIL: gcc.dg/guality/pr43479.c   -O2 -flto -fno-use-linker-plugin -flto-partition=none  line 18 h == 9
FAIL: gcc.dg/guality/pr43479.c   -O2 -flto -fuse-linker-plugin -fno-fat-lto-objects  line 13 h == 9
FAIL: gcc.dg/guality/pr43479.c   -O2 -flto -fuse-linker-plugin -fno-fat-lto-objects  line 18 h == 9
FAIL: gcc.dg/guality/pr43479.c   -O3 -fomit-frame-pointer  line 13 h == 9
FAIL: gcc.dg/guality/pr43479.c   -O3 -fomit-frame-pointer  line 18 h == 9
FAIL: gcc.dg/guality/pr43479.c   -O3 -g  line 13 h == 9
FAIL: gcc.dg/guality/pr43479.c   -O3 -g  line 18 h == 9
FAIL: gcc.dg/guality/pr43479.c   -Os  line 13 h == 9
FAIL: gcc.dg/guality/pr43479.c   -Os  line 18 h == 9
FAIL: gcc.dg/guality/pr45882.c   -O2 -flto -fuse-linker-plugin -fno-fat-lto-objects  line 16 d == 112
FAIL: gcc.dg/guality/pr45882.c   -O2 -flto -fuse-linker-plugin -fno-fat-lto-objects  line 16 e == 142
FAIL: gcc.dg/guality/pr54200.c   -O2 -flto -fuse-linker-plugin -fno-fat-lto-objects  line 20 z == 3
FAIL: gcc.dg/guality/pr54519-1.c   -O2 -flto -fno-use-linker-plugin -flto-partition=none  line 20 y == 25
FAIL: gcc.dg/guality/pr54519-1.c   -O2 -flto -fno-use-linker-plugin -flto-partition=none  line 20 z == 6
FAIL: gcc.dg/guality/pr54519-1.c   -O2 -flto -fno-use-linker-plugin -flto-partition=none  line 23 y == 117
FAIL: gcc.dg/guality/pr54519-1.c   -O2 -flto -fno-use-linker-plugin -flto-partition=none  line 23 z == 8
FAIL: gcc.dg/guality/pr54519-2.c   -O2 -flto -fno-use-linker-plugin -flto-partition=none  line 17 y == 25
FAIL: gcc.dg/guality/pr54519-2.c   -O2 -flto -fuse-linker-plugin -fno-fat-lto-objects  line 17 y == 25
FAIL: gcc.dg/guality/pr54519-3.c   -O2 -flto -fno-use-linker-plugin -flto-partition=none  line 20 y == 25
FAIL: gcc.dg/guality/pr54519-3.c   -O2 -flto -fno-use-linker-plugin -flto-partition=none  line 20 z == 6
FAIL: gcc.dg/guality/pr54519-3.c   -O2 -flto -fno-use-linker-plugin -flto-partition=none  line 23 y == 117
FAIL: gcc.dg/guality/pr54519-3.c   -O2 -flto -fno-use-linker-plugin -flto-partition=none  line 23 z == 8
FAIL: gcc.dg/guality/pr54519-3.c   -O2 -flto -fuse-linker-plugin -fno-fat-lto-objects  line 20 y == 25
FAIL: gcc.dg/guality/pr54519-3.c   -O2 -flto -fuse-linker-plugin -fno-fat-lto-objects  line 20 z == 6
FAIL: gcc.dg/guality/pr54519-3.c   -O2 -flto -fuse-linker-plugin -fno-fat-lto-objects  line 23 y == 117
FAIL: gcc.dg/guality/pr54519-3.c   -O2 -flto -fuse-linker-plugin -fno-fat-lto-objects  line 23 z == 8
FAIL: gcc.dg/guality/pr54519-4.c   -O2 -flto -fno-use-linker-plugin -flto-partition=none  line 17 y == 25
FAIL: gcc.dg/guality/pr54519-4.c   -O2 -flto -fuse-linker-plugin -fno-fat-lto-objects  line 17 y == 25
FAIL: gcc.dg/guality/pr54519-5.c   -O2 -flto -fno-use-linker-plugin -flto-partition=none  line 17 y == 25
FAIL: gcc.dg/guality/pr54519-5.c   -O2 -flto -fuse-linker-plugin -fno-fat-lto-objects  line 17 y == 25
FAIL: gcc.dg/guality/pr54970.c   -Os  line 15 a[0] == 1
FAIL: gcc.dg/guality/pr54970.c   -Os  line 20 a[0] == 1
FAIL: gcc.dg/guality/pr54970.c   -Os  line 25 a[0] == 1
FAIL: gcc.dg/guality/pr54970.c   -Os  line 31 a[0] == 4
FAIL: gcc.dg/guality/pr54970.c   -Os  line 36 a[0] == 4
FAIL: gcc.dg/guality/pr54970.c   -Os  line 45 a[0] == 4
FAIL: gcc.dg/guality/pr54970.c   -Os  line 45 p[-2] == 4
FAIL: gcc.dg/guality/pr54970.c   -Os  line 45 q[-1] == 4
FAIL: gcc.dg/guality/sra-1.c   -O2  line 21 a.i == 4
FAIL: gcc.dg/guality/sra-1.c   -O2  line 32 a[0] == 4
FAIL: gcc.dg/guality/sra-1.c   -O2  line 43 a.i == 4
FAIL: gcc.dg/guality/sra-1.c   -O2 -flto -fno-use-linker-plugin -flto-partition=none  line 21 a.i == 4
FAIL: gcc.dg/guality/sra-1.c   -O2 -flto -fno-use-linker-plugin -flto-partition=none  line 32 a[0] == 4
FAIL: gcc.dg/guality/sra-1.c   -O2 -flto -fno-use-linker-plugin -flto-partition=none  line 43 a.i == 4
FAIL: gcc.dg/guality/sra-1.c   -O2 -flto -fuse-linker-plugin -fno-fat-lto-objects  line 21 a.i == 4
FAIL: gcc.dg/guality/sra-1.c   -O3 -fomit-frame-pointer  line 21 a.i == 4
FAIL: gcc.dg/guality/sra-1.c   -O3 -fomit-frame-pointer  line 32 a[0] == 4
FAIL: gcc.dg/guality/sra-1.c   -O3 -fomit-frame-pointer  line 43 a.i == 4
FAIL: gcc.dg/guality/sra-1.c   -O3 -g  line 21 a.i == 4
FAIL: gcc.dg/guality/sra-1.c   -O3 -g  line 32 a[0] == 4
FAIL: gcc.dg/guality/sra-1.c   -O3 -g  line 43 a.i == 4
FAIL: gcc.dg/guality/sra-1.c   -Os  line 21 a.i == 4
FAIL: gcc.dg/guality/sra-1.c   -Os  line 32 a[0] == 4
FAIL: gcc.dg/guality/sra-1.c   -Os  line 43 a.i == 4
FAIL: gcc.dg/guality/vla-1.c   -O1  line 17 sizeof (a) == 6
FAIL: gcc.dg/guality/vla-1.c   -O2  line 17 sizeof (a) == 6
FAIL: gcc.dg/guality/vla-1.c   -O2 -flto -fno-use-linker-plugin -flto-partition=none  line 17 sizeof (a) == 6
FAIL: gcc.dg/guality/vla-1.c   -O2 -flto -fuse-linker-plugin -fno-fat-lto-objects  line 17 sizeof (a) == 6
FAIL: gcc.dg/guality/vla-1.c   -O3 -fomit-frame-pointer  line 17 sizeof (a) == 6
FAIL: gcc.dg/guality/vla-1.c   -O3 -g  line 17 sizeof (a) == 6
FAIL: gcc.dg/guality/vla-1.c   -Os  line 17 sizeof (a) == 6
FAIL: gcc.dg/pch/largefile.c   -O0  assembly comparison
FAIL: gcc.dg/pch/largefile.c   -O1  assembly comparison
FAIL: gcc.dg/pch/largefile.c   -O2  assembly comparison
FAIL: gcc.dg/pch/largefile.c   -O3 -fomit-frame-pointer  assembly comparison
FAIL: gcc.dg/pch/largefile.c   -O3 -g  assembly comparison
FAIL: gcc.dg/pch/largefile.c   -Os  assembly comparison
FAIL: gcc.dg/pch/largefile.c  -O0 -g assembly comparison
FAIL: largefile.c   -O0  -I. -Dwith_PCH (internal compiler error)
FAIL: largefile.c   -O0  -I. -Dwith_PCH (test for excess errors)
FAIL: largefile.c   -O1  -I. -Dwith_PCH (internal compiler error)
FAIL: largefile.c   -O1  -I. -Dwith_PCH (test for excess errors)
FAIL: largefile.c   -O2  -I. -Dwith_PCH (internal compiler error)
FAIL: largefile.c   -O2  -I. -Dwith_PCH (test for excess errors)
FAIL: largefile.c   -O3 -fomit-frame-pointer  -I. -Dwith_PCH (internal compiler error)
FAIL: largefile.c   -O3 -fomit-frame-pointer  -I. -Dwith_PCH (test for excess errors)
FAIL: largefile.c   -O3 -g  -I. -Dwith_PCH (internal compiler error)
FAIL: largefile.c   -O3 -g  -I. -Dwith_PCH (test for excess errors)
FAIL: largefile.c   -Os  -I. -Dwith_PCH (internal compiler error)
FAIL: largefile.c   -Os  -I. -Dwith_PCH (test for excess errors)
FAIL: largefile.c  -O0 -g -I. -Dwith_PCH (internal compiler error)
FAIL: largefile.c  -O0 -g -I. -Dwith_PCH (test for excess errors)
FAIL: gcc.target/i386/pcommit-1.c (test for excess errors)

		=== gcc Summary for unix ===

# of expected passes		111656
# of unexpected failures	97
# of unexpected successes	17
# of expected failures		295
# of unsupported tests		1555

Running target unix/-fstack-protector
FAIL: gcc.dg/pr45352-1.c (test for excess errors)
FAIL: gcc.dg/pr63914.c (test for excess errors)
FAIL: gcc.dg/stack-usage-1.c scan-file foo\\t(256|264)\\tstatic
FAIL: gcc.dg/superblock.c scan-rtl-dump-times sched2 "ADVANCING TO" 2
XPASS: gcc.dg/guality/example.c   -O0  execution test
XPASS: gcc.dg/guality/example.c   -O1  execution test
XPASS: gcc.dg/guality/guality.c   -O0  execution test
XPASS: gcc.dg/guality/guality.c   -O1  execution test
XPASS: gcc.dg/guality/guality.c   -O2  execution test
XPASS: gcc.dg/guality/guality.c   -O2 -flto -fno-use-linker-plugin -flto-partition=none  execution test
XPASS: gcc.dg/guality/guality.c   -O2 -flto -fuse-linker-plugin -fno-fat-lto-objects  execution test
XPASS: gcc.dg/guality/guality.c   -O3 -fomit-frame-pointer  execution test
XPASS: gcc.dg/guality/guality.c   -O3 -g  execution test
XPASS: gcc.dg/guality/guality.c   -Os  execution test
XPASS: gcc.dg/guality/inline-params.c   -O2  execution test
XPASS: gcc.dg/guality/inline-params.c   -O2 -flto -fno-use-linker-plugin -flto-partition=none  execution test
XPASS: gcc.dg/guality/inline-params.c   -O3 -fomit-frame-pointer  execution test
XPASS: gcc.dg/guality/inline-params.c   -O3 -g  execution test
XPASS: gcc.dg/guality/inline-params.c   -Os  execution test
XPASS: gcc.dg/guality/pr41353-1.c   -O0  line 28 j == 28 + 37
XPASS: gcc.dg/guality/pr41353-1.c   -Os  line 28 j == 28 + 37
FAIL: gcc.dg/guality/pr41447-1.c   -O2  execution test
FAIL: gcc.dg/guality/pr41447-1.c   -O2 -flto -fno-use-linker-plugin -flto-partition=none  execution test
FAIL: gcc.dg/guality/pr41447-1.c   -O3 -fomit-frame-pointer  execution test
FAIL: gcc.dg/guality/pr41447-1.c   -O3 -g  execution test
FAIL: gcc.dg/guality/pr41616-1.c   -O2 -flto -fuse-linker-plugin -fno-fat-lto-objects  execution test
FAIL: gcc.dg/guality/pr43177.c   -O2 -flto -fuse-linker-plugin -fno-fat-lto-objects  line 15 l == 10
FAIL: gcc.dg/guality/pr43177.c   -O2 -flto -fuse-linker-plugin -fno-fat-lto-objects  line 15 x == 7
FAIL: gcc.dg/guality/pr43479.c   -O1  line 13 h == 9
FAIL: gcc.dg/guality/pr43479.c   -O1  line 18 h == 9
FAIL: gcc.dg/guality/pr43479.c   -O2  line 13 h == 9
FAIL: gcc.dg/guality/pr43479.c   -O2  line 18 h == 9
FAIL: gcc.dg/guality/pr43479.c   -O2 -flto -fno-use-linker-plugin -flto-partition=none  line 13 h == 9
FAIL: gcc.dg/guality/pr43479.c   -O2 -flto -fno-use-linker-plugin -flto-partition=none  line 18 h == 9
FAIL: gcc.dg/guality/pr43479.c   -O2 -flto -fuse-linker-plugin -fno-fat-lto-objects  line 13 h == 9
FAIL: gcc.dg/guality/pr43479.c   -O2 -flto -fuse-linker-plugin -fno-fat-lto-objects  line 18 h == 9
FAIL: gcc.dg/guality/pr43479.c   -O3 -fomit-frame-pointer  line 13 h == 9
FAIL: gcc.dg/guality/pr43479.c   -O3 -fomit-frame-pointer  line 18 h == 9
FAIL: gcc.dg/guality/pr43479.c   -O3 -g  line 13 h == 9
FAIL: gcc.dg/guality/pr43479.c   -O3 -g  line 18 h == 9
FAIL: gcc.dg/guality/pr43479.c   -Os  line 13 h == 9
FAIL: gcc.dg/guality/pr43479.c   -Os  line 18 h == 9
FAIL: gcc.dg/guality/pr45882.c   -O2 -flto -fuse-linker-plugin -fno-fat-lto-objects  line 16 d == 112
FAIL: gcc.dg/guality/pr45882.c   -O2 -flto -fuse-linker-plugin -fno-fat-lto-objects  line 16 e == 142
FAIL: gcc.dg/guality/pr54200.c   -O2 -flto -fuse-linker-plugin -fno-fat-lto-objects  line 20 z == 3
FAIL: gcc.dg/guality/pr54519-1.c   -O2 -flto -fno-use-linker-plugin -flto-partition=none  line 20 y == 25
FAIL: gcc.dg/guality/pr54519-1.c   -O2 -flto -fno-use-linker-plugin -flto-partition=none  line 20 z == 6
FAIL: gcc.dg/guality/pr54519-1.c   -O2 -flto -fno-use-linker-plugin -flto-partition=none  line 23 y == 117
FAIL: gcc.dg/guality/pr54519-1.c   -O2 -flto -fno-use-linker-plugin -flto-partition=none  line 23 z == 8
FAIL: gcc.dg/guality/pr54519-2.c   -O2 -flto -fno-use-linker-plugin -flto-partition=none  line 17 y == 25
FAIL: gcc.dg/guality/pr54519-2.c   -O2 -flto -fuse-linker-plugin -fno-fat-lto-objects  line 17 y == 25
FAIL: gcc.dg/guality/pr54519-3.c   -O2 -flto -fno-use-linker-plugin -flto-partition=none  line 20 y == 25
FAIL: gcc.dg/guality/pr54519-3.c   -O2 -flto -fno-use-linker-plugin -flto-partition=none  line 20 z == 6
FAIL: gcc.dg/guality/pr54519-3.c   -O2 -flto -fno-use-linker-plugin -flto-partition=none  line 23 y == 117
FAIL: gcc.dg/guality/pr54519-3.c   -O2 -flto -fno-use-linker-plugin -flto-partition=none  line 23 z == 8
FAIL: gcc.dg/guality/pr54519-3.c   -O2 -flto -fuse-linker-plugin -fno-fat-lto-objects  line 20 y == 25
FAIL: gcc.dg/guality/pr54519-3.c   -O2 -flto -fuse-linker-plugin -fno-fat-lto-objects  line 20 z == 6
FAIL: gcc.dg/guality/pr54519-3.c   -O2 -flto -fuse-linker-plugin -fno-fat-lto-objects  line 23 y == 117
FAIL: gcc.dg/guality/pr54519-3.c   -O2 -flto -fuse-linker-plugin -fno-fat-lto-objects  line 23 z == 8
FAIL: gcc.dg/guality/pr54519-4.c   -O2 -flto -fno-use-linker-plugin -flto-partition=none  line 17 y == 25
FAIL: gcc.dg/guality/pr54519-4.c   -O2 -flto -fuse-linker-plugin -fno-fat-lto-objects  line 17 y == 25
FAIL: gcc.dg/guality/pr54519-5.c   -O2 -flto -fno-use-linker-plugin -flto-partition=none  line 17 y == 25
FAIL: gcc.dg/guality/pr54519-5.c   -O2 -flto -fuse-linker-plugin -fno-fat-lto-objects  line 17 y == 25
FAIL: gcc.dg/guality/pr54970.c   -Os  line 15 a[0] == 1
FAIL: gcc.dg/guality/pr54970.c   -Os  line 20 a[0] == 1
FAIL: gcc.dg/guality/pr54970.c   -Os  line 25 a[0] == 1
FAIL: gcc.dg/guality/pr54970.c   -Os  line 31 a[0] == 4
FAIL: gcc.dg/guality/pr54970.c   -Os  line 36 a[0] == 4
FAIL: gcc.dg/guality/pr54970.c   -Os  line 45 a[0] == 4
FAIL: gcc.dg/guality/pr54970.c   -Os  line 45 p[-2] == 4
FAIL: gcc.dg/guality/pr54970.c   -Os  line 45 q[-1] == 4
FAIL: gcc.dg/guality/sra-1.c   -O2  line 21 a.i == 4
FAIL: gcc.dg/guality/sra-1.c   -O2  line 32 a[0] == 4
FAIL: gcc.dg/guality/sra-1.c   -O2  line 43 a.i == 4
FAIL: gcc.dg/guality/sra-1.c   -O2 -flto -fno-use-linker-plugin -flto-partition=none  line 21 a.i == 4
FAIL: gcc.dg/guality/sra-1.c   -O2 -flto -fno-use-linker-plugin -flto-partition=none  line 32 a[0] == 4
FAIL: gcc.dg/guality/sra-1.c   -O2 -flto -fno-use-linker-plugin -flto-partition=none  line 43 a.i == 4
FAIL: gcc.dg/guality/sra-1.c   -O2 -flto -fuse-linker-plugin -fno-fat-lto-objects  line 21 a.i == 4
FAIL: gcc.dg/guality/sra-1.c   -O3 -fomit-frame-pointer  line 21 a.i == 4
FAIL: gcc.dg/guality/sra-1.c   -O3 -fomit-frame-pointer  line 32 a[0] == 4
FAIL: gcc.dg/guality/sra-1.c   -O3 -fomit-frame-pointer  line 43 a.i == 4
FAIL: gcc.dg/guality/sra-1.c   -O3 -g  line 21 a.i == 4
FAIL: gcc.dg/guality/sra-1.c   -O3 -g  line 32 a[0] == 4
FAIL: gcc.dg/guality/sra-1.c   -O3 -g  line 43 a.i == 4
FAIL: gcc.dg/guality/sra-1.c   -Os  line 21 a.i == 4
FAIL: gcc.dg/guality/sra-1.c   -Os  line 32 a[0] == 4
FAIL: gcc.dg/guality/sra-1.c   -Os  line 43 a.i == 4
FAIL: gcc.dg/guality/vla-1.c   -O1  line 17 sizeof (a) == 6
FAIL: gcc.dg/guality/vla-1.c   -O2  line 17 sizeof (a) == 6
FAIL: gcc.dg/guality/vla-1.c   -O2 -flto -fno-use-linker-plugin -flto-partition=none  line 17 sizeof (a) == 6
FAIL: gcc.dg/guality/vla-1.c   -O2 -flto -fuse-linker-plugin -fno-fat-lto-objects  line 17 sizeof (a) == 6
FAIL: gcc.dg/guality/vla-1.c   -O3 -fomit-frame-pointer  line 17 sizeof (a) == 6
FAIL: gcc.dg/guality/vla-1.c   -O3 -g  line 17 sizeof (a) == 6
FAIL: gcc.dg/guality/vla-1.c   -Os  line 17 sizeof (a) == 6
FAIL: gcc.dg/guality/vla-2.c   -O2  line 25 sizeof (a) == 6 * sizeof (int)
FAIL: gcc.dg/guality/vla-2.c   -O2 -flto -fno-use-linker-plugin -flto-partition=none  line 25 sizeof (a) == 6 * sizeof (int)
FAIL: gcc.dg/guality/vla-2.c   -O2 -flto -fuse-linker-plugin -fno-fat-lto-objects  line 25 sizeof (a) == 6 * sizeof (int)
FAIL: gcc.dg/guality/vla-2.c   -O3 -fomit-frame-pointer  line 25 sizeof (a) == 6 * sizeof (int)
FAIL: gcc.dg/guality/vla-2.c   -O3 -g  line 25 sizeof (a) == 6 * sizeof (int)
FAIL: gcc.dg/guality/vla-2.c   -Os  line 25 sizeof (a) == 6 * sizeof (int)
FAIL: gcc.dg/pch/largefile.c   -O0  assembly comparison
FAIL: gcc.dg/pch/largefile.c   -O1  assembly comparison
FAIL: gcc.dg/pch/largefile.c   -O2  assembly comparison
FAIL: gcc.dg/pch/largefile.c   -O3 -fomit-frame-pointer  assembly comparison
FAIL: gcc.dg/pch/largefile.c   -O3 -g  assembly comparison
FAIL: gcc.dg/pch/largefile.c   -Os  assembly comparison
FAIL: gcc.dg/pch/largefile.c  -O0 -g assembly comparison
FAIL: largefile.c   -O0  -I. -Dwith_PCH (internal compiler error)
FAIL: largefile.c   -O0  -I. -Dwith_PCH (test for excess errors)
FAIL: largefile.c   -O1  -I. -Dwith_PCH (internal compiler error)
FAIL: largefile.c   -O1  -I. -Dwith_PCH (test for excess errors)
FAIL: largefile.c   -O2  -I. -Dwith_PCH (internal compiler error)
FAIL: largefile.c   -O2  -I. -Dwith_PCH (test for excess errors)
FAIL: largefile.c   -O3 -fomit-frame-pointer  -I. -Dwith_PCH (internal compiler error)
FAIL: largefile.c   -O3 -fomit-frame-pointer  -I. -Dwith_PCH (test for excess errors)
FAIL: largefile.c   -O3 -g  -I. -Dwith_PCH (internal compiler error)
FAIL: largefile.c   -O3 -g  -I. -Dwith_PCH (test for excess errors)
FAIL: largefile.c   -Os  -I. -Dwith_PCH (internal compiler error)
FAIL: largefile.c   -Os  -I. -Dwith_PCH (test for excess errors)
FAIL: largefile.c  -O0 -g -I. -Dwith_PCH (internal compiler error)
FAIL: largefile.c  -O0 -g -I. -Dwith_PCH (test for excess errors)
FAIL: gcc.target/i386/pcommit-1.c (test for excess errors)

		=== gcc Summary for unix/-fstack-protector ===

# of expected passes		111648
# of unexpected failures	105
# of unexpected successes	17
# of expected failures		295
# of unsupported tests		1555

		=== gcc Summary ===

# of expected passes		223304
# of unexpected failures	202
# of unexpected successes	34
# of expected failures		590
# of unsupported tests		3110
/build/gcc-5-Mdf1OU/gcc-5-5.4.1/build/gcc/xgcc  version 5.4.1 20161019 (Debian 5.4.1-3) 

		=== gfortran tests ===


Running target unix
FAIL: gfortran.dg/derived_constructor_comps_6.f90   -O0  execution test
FAIL: gfortran.dg/derived_constructor_comps_6.f90   -O1  execution test

		=== gfortran Summary for unix ===

# of expected passes		49695
# of unexpected failures	2
# of expected failures		80
# of unsupported tests		210

Running target unix/-fstack-protector

		=== gfortran Summary for unix/-fstack-protector ===

# of expected passes		49697
# of expected failures		80
# of unsupported tests		210

		=== gfortran Summary ===

# of expected passes		99392
# of unexpected failures	2
# of expected failures		160
# of unsupported tests		420
/build/gcc-5-Mdf1OU/gcc-5-5.4.1/build/gcc/gfortran  version 5.4.1 20161019 (Debian 5.4.1-3) 

		=== gnat tests ===


Running target unix
FAIL: gnat.dg/null_pointer_deref1.adb execution test
FAIL: gnat.dg/null_pointer_deref3.adb execution test
FAIL: gnat.dg/stack_check1.adb execution test
FAIL: gnat.dg/stack_check2.adb execution test

		=== gnat Summary for unix ===

# of expected passes		1336
# of unexpected failures	4
# of expected failures		20
# of unsupported tests		6

Running target unix/-fstack-protector
FAIL: gnat.dg/null_pointer_deref1.adb execution test
FAIL: gnat.dg/null_pointer_deref3.adb execution test
FAIL: gnat.dg/stack_check1.adb execution test
FAIL: gnat.dg/stack_check2.adb execution test

		=== gnat Summary for unix/-fstack-protector ===

# of expected passes		1336
# of unexpected failures	4
# of expected failures		20
# of unsupported tests		6

		=== gnat Summary ===

# of expected passes		2672
# of unexpected failures	8
# of expected failures		40
# of unsupported tests		12
/build/gcc-5-Mdf1OU/gcc-5-5.4.1/build/gnattools/gnatmake version 5.4.1

		=== obj-c++ tests ===


Running target unix

		=== obj-c++ Summary for unix ===

# of expected passes		1453
# of expected failures		2
# of unsupported tests		86

Running target unix/-fstack-protector

		=== obj-c++ Summary for unix/-fstack-protector ===

# of expected passes		1453
# of expected failures		2
# of unsupported tests		86

		=== obj-c++ Summary ===

# of expected passes		2906
# of expected failures		4
# of unsupported tests		172
/build/gcc-5-Mdf1OU/gcc-5-5.4.1/build/gcc/xg++  version 5.4.1 20161019 (Debian 5.4.1-3) 

		=== objc tests ===


Running target unix

		=== objc Summary for unix ===

# of expected passes		3010
# of expected failures		6
# of unsupported tests		74

Running target unix/-fstack-protector

		=== objc Summary for unix/-fstack-protector ===

# of expected passes		3010
# of expected failures		6
# of unsupported tests		74

		=== objc Summary ===

# of expected passes		6020
# of expected failures		12
# of unsupported tests		148
/build/gcc-5-Mdf1OU/gcc-5-5.4.1/build/gcc/xgcc  version 5.4.1 20161019 (Debian 5.4.1-3) 

		=== boehm-gc tests ===


Running target unix

		=== boehm-gc Summary for unix ===

# of expected passes		12
# of unsupported tests		1

Running target unix/-fstack-protector

		=== boehm-gc Summary for unix/-fstack-protector ===

# of expected passes		12
# of unsupported tests		1

		=== boehm-gc Summary ===

# of expected passes		24
# of unsupported tests		2
		=== libatomic tests ===


Running target unix

		=== libatomic Summary for unix ===

# of expected passes		44
# of unsupported tests		5

Running target unix/-fstack-protector

		=== libatomic Summary for unix/-fstack-protector ===

# of expected passes		44
# of unsupported tests		5

		=== libatomic Summary ===

# of expected passes		88
# of unsupported tests		10
		=== libffi tests ===


Running target unix

		=== libffi Summary for unix ===

# of expected passes		2799

Running target unix/-fstack-protector

		=== libffi Summary for unix/-fstack-protector ===

# of expected passes		2799

		=== libffi Summary ===

# of expected passes		5598
		=== libgomp tests ===


Running target unix
FAIL: libgomp.c/lock-2.c execution test

		=== libgomp Summary for unix ===

# of expected passes		5942
# of unexpected failures	1
# of unsupported tests		262

Running target unix/-fstack-protector
FAIL: libgomp.c/lock-2.c execution test

		=== libgomp Summary for unix/-fstack-protector ===

# of expected passes		5942
# of unexpected failures	1
# of unsupported tests		262

		=== libgomp Summary ===

# of expected passes		11884
# of unexpected failures	2
# of unsupported tests		524
		=== libjava tests ===


Running target unix
FAIL: Throw_2 execution - source compiled test
FAIL: Throw_2 -findirect-dispatch execution - source compiled test
FAIL: Throw_2 -O3 execution - source compiled test
FAIL: Throw_2 -O3 -findirect-dispatch execution - source compiled test

		=== libjava Summary for unix ===

# of expected passes		2574
# of unexpected failures	4
# of expected failures		4
# of untested testcases		4

Running target unix/-fstack-protector
FAIL: Throw_2 execution - source compiled test
FAIL: Throw_2 -findirect-dispatch execution - source compiled test
FAIL: Throw_2 -O3 execution - source compiled test
FAIL: Throw_2 -O3 -findirect-dispatch execution - source compiled test

		=== libjava Summary for unix/-fstack-protector ===

# of expected passes		2574
# of unexpected failures	4
# of expected failures		4
# of untested testcases		4

		=== libjava Summary ===

# of expected passes		5148
# of unexpected failures	8
# of expected failures		8
# of untested testcases		8
		=== libstdc++ tests ===


Running target unix
FAIL: 22_locale/numpunct/members/char/3.cc execution test
FAIL: 22_locale/time_get/get_date/wchar_t/4.cc execution test
FAIL: 27_io/basic_ios/copyfmt/char/1.cc execution test
FAIL: 27_io/basic_ios/exceptions/char/1.cc execution test
FAIL: 27_io/basic_istream/extractors_arithmetic/char/exceptions_failbit.cc execution test
FAIL: 27_io/basic_istream/extractors_arithmetic/wchar_t/exceptions_failbit.cc execution test
FAIL: 27_io/basic_istream/extractors_other/char/exceptions_null.cc execution test
FAIL: 27_io/basic_istream/extractors_other/wchar_t/exceptions_null.cc execution test
FAIL: 27_io/basic_istream/sentry/char/12297.cc execution test
FAIL: 27_io/basic_istream/sentry/wchar_t/12297.cc execution test
FAIL: 27_io/basic_ostream/inserters_other/char/exceptions_null.cc execution test
FAIL: 27_io/basic_ostream/inserters_other/wchar_t/exceptions_null.cc execution test
FAIL: 27_io/ios_base/storage/2.cc execution test

		=== libstdc++ Summary for unix ===

# of expected passes		10770
# of unexpected failures	13
# of expected failures		65
# of unsupported tests		252

Running target unix/-fstack-protector
FAIL: 22_locale/numpunct/members/char/3.cc execution test
FAIL: 22_locale/time_get/get_date/wchar_t/4.cc execution test
XPASS: 26_numerics/headers/cmath/c_math.cc execution test
FAIL: 27_io/basic_ios/copyfmt/char/1.cc execution test
FAIL: 27_io/basic_ios/exceptions/char/1.cc execution test
FAIL: 27_io/basic_istream/extractors_arithmetic/char/exceptions_failbit.cc execution test
FAIL: 27_io/basic_istream/extractors_arithmetic/wchar_t/exceptions_failbit.cc execution test
FAIL: 27_io/basic_istream/extractors_other/char/exceptions_null.cc execution test
FAIL: 27_io/basic_istream/extractors_other/wchar_t/exceptions_null.cc execution test
FAIL: 27_io/basic_istream/sentry/char/12297.cc execution test
FAIL: 27_io/basic_istream/sentry/wchar_t/12297.cc execution test
FAIL: 27_io/basic_ostream/inserters_other/char/exceptions_null.cc execution test
FAIL: 27_io/basic_ostream/inserters_other/wchar_t/exceptions_null.cc execution test
FAIL: 27_io/ios_base/storage/2.cc execution test

		=== libstdc++ Summary for unix/-fstack-protector ===

# of expected passes		4757
# of unexpected failures	13
# of unexpected successes	1
# of expected failures		61
# of unsupported tests		252

		=== libstdc++ Summary ===

# of expected passes		15527
# of unexpected failures	26
# of unexpected successes	1
# of expected failures		126
# of unsupported tests		504

Compiler version: 5.4.1 20161019 (Debian 5.4.1-3) 
Platform: i686-pc-kfreebsd-gnu
configure flags: -v --with-pkgversion='Debian 5.4.1-3' --with-bugurl=file:///usr/share/doc/gcc-5/README.Bugs --enable-languages=c,ada,c++,java,d,fortran,objc,obj-c++ --prefix=/usr --program-suffix=-5 --enable-shared --enable-linker-build-id --libexecdir=/usr/lib --without-included-gettext --enable-threads=posix --libdir=/usr/lib --enable-nls --with-sysroot=/ --enable-clocale=gnu --enable-libstdcxx-debug --enable-libstdcxx-time=yes --with-default-libstdcxx-abi=new --disable-libitm --disable-libsanitizer --enable-plugin --with-system-zlib --disable-browser-plugin --enable-java-awt=gtk --enable-gtk-cairo --with-java-home=/usr/lib/jvm/java-1.5.0-gcj-5-kfreebsd-i386/jre --enable-java-home --with-jvm-root-dir=/usr/lib/jvm/java-1.5.0-gcj-5-kfreebsd-i386 --with-jvm-jar-dir=/usr/lib/jvm-exports/java-1.5.0-gcj-5-kfreebsd-i386 --with-arch-directory=i386 --with-ecj-jar=/usr/share/java/eclipse-ecj.jar --enable-objc-gc --enable-multiarch --with-arch-32=i686 --with-tune=generic --enable-checking=release --build=i686-kfreebsd-gnu --host=i686-kfreebsd-gnu --target=i686-kfreebsd-gnu
BOOT_CFLAGS=


Build Dependencies:
Desired=Unknown/Install/Remove/Purge/Hold
| Status=Not/Inst/Conf-files/Unpacked/halF-conf/Half-inst/trig-aWait/Trig-pend
|/ Err?=(none)/Reinst-required (Status,Err: uppercase=bad)
||/ Name                      Version        Architecture  Description
+++-=========================-==============-=============-===============================================================================
ii  binutils                  2.27-8         kfreebsd-i386 GNU assembler, linker and binary utilities
ii  g++-5                     5.4.1-2        kfreebsd-i386 GNU C++ compiler
ii  g++-6                     6.2.0-6        kfreebsd-i386 GNU C++ compiler
ii  libc0.1:kfreebsd-i386     2.24-5         kfreebsd-i386 GNU C Library: Shared libraries
ii  libgmp-dev:kfreebsd-i386  2:6.1.1+dfsg-1 kfreebsd-i386 Multiprecision arithmetic library developers tools
ii  libisl-dev:kfreebsd-i386  0.17.1-1       kfreebsd-i386 manipulating sets and relations of integer points bounded by linear constraints
ii  libmpc-dev:kfreebsd-i386  1.0.3-1        kfreebsd-i386 multiple precision complex floating-point library development package
ii  libmpfr-dev:kfreebsd-i386 3.1.5-1        kfreebsd-i386 multiple precision floating-point computation developers tools


svn-updates:
  updates from the 5 branch upto 20161019 (r241340).

gcc-gfdl-build:
  Build a dummy s-tm-texi without access to the texinfo sources

gcc-textdomain:
  Set gettext's domain and textdomain to the versioned package name.

gcc-driver-extra-langs:
  Add options and specs for languages that are not built from a source
  (but built from separate sources).

gcc-hash-style-gnu:
  Link using --hash-style=gnu (aarch64, alpha, amd64, armel, armhf, ia64,
  i386, powerpc, ppc64, s390, sparc)

gcc-abi_tag-backport:
  C++ PATCH for implicit abi_tag on template member function

libstdc++-pic:
  Build and install libstdc++_pic.a library.

libstdc++-doclink:
  adjust hrefs to point to the local documentation

libstdc++-man-3cxx:
  Install libstdc++ man pages with suffix .3cxx instead of .3

libstdc++-test-installed:
  Add support to run the libstdc++-v3 testsuite using the
  installed shared libraries.

libjava-stacktrace:
  libgcj: Lookup source file name and line number in separated
  debug files found in /usr/lib/debug

libjava-jnipath:
  - Add /usr/lib/jni and /usr/lib/<multiarch>/jni to java.library.path.
  - When running the i386 binaries on amd64, look in
  - /usr/lib32/gcj-x.y and /usr/lib32/jni instead.

libjava-sjlj:
  Don't try to use _Unwind_Backtrace on SJLJ targets.
  See bug #387875, #388505, GCC PR 29206.

libjava-disable-plugin:
  Don't build the gcjwebplugin, even when configured with --enable-plugin

alpha-no-ev4-directive:
  never emit .ev4 directive.

boehm-gc-getnprocs:
  boehm-gc/pthread_support.c (GC_get_nprocs): Use sysconf as fallback.

note-gnu-stack:
  Add .note.GNU-stack sections for gcc's crt files, libffi and boehm-gc
  Taken from FC.

libgomp-omp_h-multilib:
  Fix up omp.h for multilibs.

gccgo-version:
  Omit the subminor number from the go libdir

pr47818:
  Fix PR ada/47818: Pragma Assert is rejected with No_Implementation_Pragmas restriction.

gcc-base-version:
  Set base version to 5, introduce full version 5.x.y.

libgo-testsuite:
  Only run the libgo testsuite for flags configured in RUNTESTFLAGS

gcc-target-include-asm:
  Search \$(builddir)/sys-include for the asm header files

libgo-revert-timeout-exp:

libgo-setcontext-config:
  libgo: Overwrite the setcontext_clobbers_tls check on mips*

gcc-auto-build:
  Fix cross building a native compiler.

kfreebsd-unwind:
  DWARF2 EH unwinding support for AMD x86-64 and x86 KFreeBSD.

kfreebsd-boehm-gc:
  boehm-gc: use mmap instead of brk also on kfreebsd-*.

hurd-boehm-gc:

hurd-gprof:

libitm-no-fortify-source:
  Build libitm with -U_FORTIFY_SOURCE on x86 and x86_64.

sparc64-biarch-long-double-128:
  Fix --with-long-double-128 for sparc32 when defaulting to 64-bit.

gcc-ia64-bootstrap-ignore:
  Ignore bootstrap comparison failure on ia64. Filed upstream as
  PR middle-end/65874.

gotools-configury:
  Fix gotools cross build.

pr66368:
  PR go/66368, build libgo with -fno-stack-protector

pr67508:
  libgo: Fix PR go/67508, rewrite lfstack packing/unpacking
  to look more like that in Go

pr67590:
  Fix PR67590, setting objdump macro.

gcc-configure-pie:
  Add --enable-default-pie option to GCC configure

ada-gnattools-ldflags:
  Link gnat tools with the defaults LDFLAGS

libjit-ldflags:

pr69144:

pr66904:
  PR go/66904, pass linker flags from "#cgo pkg-config:" directives.

pr68273:

pr70218:
  Fix PR c++/70218 (illegal access to private field succeeds)

pr69148:
  Fix PR target/69148 (s390x), taken from the trunk

gcc-SOURCE_DATE_EPOCH:
  Allow embedded timestamps by C/C++ macros to be set externally

gcc-SOURCE_DATE_EPOCH-2:

pr70192:
  Fix PR driver/70192, taken from the trunk

gcc-ignore-fdebug-prefix-map-in-producer-string:
  Ignore -fdebug-prefix-map in producer string (taken from the trunk)

sparc64-cpu32-support:

libjava-mips64el:

libffi-pax:

libffi-race-condition:

libstdc++-functexcept:
  PR libstdc++/66145, std::ios_base::failure objects thrown from libstdc++.so use old ABI
  Just build src/c++11/functexcept.cc using the new ABI. It will break
  code, which will be handled in the archive by adding Breaks for the
  affected packages.  Third party code using such code will need a rebuild.

ada-arm:

ada-hurd:

ada-kfreebsd:
  add support for GNU/kFreeBSD.

ada-revert-pr63225:
  Revert the changes made to allow bootstrapping with -fno-inline.
  We allow inlining during bootstrap and this change breaks aliversion compatibility
  with earlier uploads of libgnatvsn5.  This patch shall be removed in the next
  major version of GNAT.

ada-driver-check:
  Simplify Ada driver check (we always build using the required
  Ada version. Needed for warnings on alpha.

ada-gcc-name:
  use gcc-5 instead of gcc as the command name.

ada-default-project-path:
  - Change the default search path for project files to the one specified
  by the Debian Policy for Ada: /usr/share/ada/adainclude.

ada-library-project-files-soname:
  - in project files, use the exact Library_Version provided, if any, as
  the soname of libraries; do not strip minor version numbers
  (PR ada/40025).

ada-link-lib:
  - Install the shared Ada libraries as '.so.1', not '.so' to conform
  to the Debian policy.
  - Don't include a runtime link path (-rpath), when linking binaries.
  - Build the shared libraries on hppa-linux.
  - Instead of building libada as a target library only, build it as
  both a host and, if different, target library.
  - Build the GNAT tools in their top-level directory; do not use
  recursive makefiles.
  - Link the GNAT tools dynamically.

ada-libgnatvsn:
  - Introduce a new shared library named libgnatvsn, containing
  common components of GNAT under the GNAT-Modified GPL, for
  use in GNAT tools, ASIS, GLADE and GPS.   Link the gnat tools
  against this new library.

ada-libgnatprj:
  - Introduce a new shared library named libgnatprj, containing
  the GNAT project file manager licensed under the pure GPL, for
  use in GNAT tools, GLADE and GPS.  Link the GNAT tools against
  this new library.

ada-gnattools-cross:
  - When building the native gnat, link the gnat tools against
  the build tree (build/\$(host_alias)/{libgnatvsn,libgnatprj}.)
  - When building a cross gnat, link against the libgnatvsn-5-dev
  and libgnatprj-5-dev packages.
  This link will be done by /usr/bin/\$(host_alias)-gnat*, thus
  the native gnat with the same major version will be required.

ada-acats:
  - When running the ACATS, look for the gnat tools in their new
  directory (build/gnattools), and for the shared libraries in
  build/gcc/ada/rts, build/libgnatvsn and build/libgnatprj.

libgnatprj-cross-hack:

ada-sjlj:

ada-link-shlib:
  In gnatlink, pass the options and libraries after objects to the
  linker to avoid link failures with --as-needed. Closes: #680292.

gdc-5:
  This implements D language support in the GCC back end, and adds
  relevant documentation about the GDC front end (code part).

gdc-versym-cpu:
  Implements D CPU version conditions.

gdc-versym-os:
  Implements D OS version conditions.

gdc-frontend-posix:
  Fix build of the D frontend on the Hurd and KFreeBSD.

gdc-base-version:
  Use the GCC base version for the D include dir name

gdc-profiledbuild:
  Don't build gdc build tools idgen and impcnvgen with profiling flags

gdc-libphobos-link:
  gdc: Always link with -ldl when linking with -lgphobos.

gdc-texinfo:
  Add macros for the gdc texinfo documentation.

gdc-driver-nophobos:
  Modify gdc driver to have no libphobos by default.

disable-gdc-tests:
  Disable D tests, hang on many buildds

gcc-sysroot:
  Allow building --with-sysroot=/

sys-auxv-header:
  Check for the sys/auxv.h header file.

libcilkrts-targets:
  Disable libcilkrts on KFreeBSD and the Hurd. See #734973.

go-use-gold:
  Pass -fuse-ld=gold to gccgo on targets supporting -fsplit-stack

arm-multilib-defaults:
  Set MULTILIB_DEFAULTS for ARM multilib builds

gcc-ice-dump:
  For ICEs, dump the preprocessed source file to stderr
  when in a distro build environment.

gcc-ice-apport:
  Report an ICE to apport (if apport is available
  and the environment variable GCC_NOAPPORT is not set)

skip-bootstrap-multilib:
  Skip non-default multilib and libstdc++-v3 debug builds in bootstrap builds

libjava-fixed-symlinks:
  Remove unneed '..' elements from symlinks in JAVA_HOME

libffi-ro-eh_frame_sect:
  PR libffi/47248, force a read only eh frame section.

pr67899:
  Proposed patch for PR sanitizer/67899

gcc-multiarch:
  - Remaining multiarch patches, not yet submitted upstream.
  - Add MULTIARCH_DIRNAME definitions for multilib configurations,
  which are used for the non-multilib builds.

libjava-multiarch:
  Install libjava libraries to multiarch location

libjava-nobiarch-check:
  For biarch builds, disable the testsuite for the non-default architecture
  for runtime libraries, which are not built by default (libjava).

config-ml:
  - Disable some biarch libraries for biarch builds.
  - Fix multilib builds on kernels which don't support all multilibs.

g++-multiarch-incdir:
  Use /usr/include/<multiarch>/c++/4.x as the include directory
  for host dependent c++ header files.

canonical-cpppath:
  Don't use any relative path names for the standard include paths.

gcc-multilib-multiarch:
  Don't auto-detect multilib osdirnames.

libgomp-kfreebsd-testsuite:
  Disable lock-2.c test on kfreebsd-*

go-testsuite:
  Skip Go testcase on AArch64 which hangs on the buildds.

ada-749574:

ada-mips:
  Improve support for mips.

ada-bootstrap-compare:
  For the bootstrap comparison, ignore gcc/ada/a-except.o on
  mips and mipsel. See PR ada/65618.


Index Nav: [Date Index] [Subject Index] [Author Index] [Thread Index]
Message Nav: [Date Prev] [Date Next] [Thread Prev] [Thread Next]