This is the mail archive of the
gcc-testresults@gcc.gnu.org
mailing list for the GCC project.
Results for 7.0.0 20161018 (experimental) (AVR_8_bit_GNU_Toolchain_4.0.0_263) gcc testsuite on avr-unknown-none
- From: <avr-atmega1280@e1709037731c>
- To: <gcc-testresults at gcc dot gnu dot org>
- Date: Wed, 19 Oct 2016 13:45:29 +0000
- Subject: Results for 7.0.0 20161018 (experimental) (AVR_8_bit_GNU_Toolchain_4.0.0_263) gcc testsuite on avr-unknown-none
- Authentication-results: sourceware.org; auth=none
Target is avr-unknown-none
Host is x86_64-pc-linux-gnu
=== gcc tests ===
Running target atmeldbg-avr
FAIL: gcc.c-torture/execute/pr70460.c -O0 execution test
FAIL: gcc.c-torture/execute/pr70460.c -O2 execution test
FAIL: gcc.c-torture/execute/pr70460.c -O2 -flto -flto-partition=none execution test
FAIL: gcc.c-torture/execute/pr70460.c -O2 -flto execution test
FAIL: gcc.dg/compat/struct-by-value-16a c_compat_x_tst.o-c_compat_y_tst.o execute "-Os -mno-interrupts -mcall-prologues","-Os -mno-interrupts -mcall-prologues"
FAIL: gcc.dg/compat/struct-by-value-17a c_compat_x_tst.o-c_compat_y_tst.o execute "-Os -mno-interrupts -mcall-prologues","-Os -mno-interrupts -mcall-prologues"
FAIL: gcc.dg/compat/struct-by-value-18a c_compat_x_tst.o-c_compat_y_tst.o execute "-Os -mno-interrupts -mcall-prologues","-Os -mno-interrupts -mcall-prologues"
FAIL: gcc.dg/compat/struct-by-value-2 c_compat_x_tst.o-c_compat_y_tst.o execute "-Os -mno-interrupts -mcall-prologues","-Os -mno-interrupts -mcall-prologues"
FAIL: gcc.dg/compat/struct-by-value-4 c_compat_x_tst.o-c_compat_y_tst.o execute "-Os -mno-interrupts -mcall-prologues","-Os -mno-interrupts -mcall-prologues"
FAIL: gcc.dg/compat/struct-by-value-8 c_compat_x_tst.o-c_compat_y_tst.o execute "-Os -mno-interrupts -mcall-prologues","-Os -mno-interrupts -mcall-prologues"
FAIL: gcc.dg/compat/struct-by-value-9 c_compat_x_tst.o-c_compat_y_tst.o execute "-Os -mno-interrupts -mcall-prologues","-Os -mno-interrupts -mcall-prologues"
FAIL: gcc.dg/compat/struct-return-2 c_compat_x_tst.o-c_compat_y_tst.o execute "-Os -mno-interrupts -mcall-prologues","-Os -mno-interrupts -mcall-prologues"
FAIL: gcc.dg/20141029-1.c scan-rtl-dump-times final "mem/v(/.)*:HI" 4
XPASS: gcc.dg/Wtype-limits-Wextra.c (test for excess errors)
FAIL: gcc.dg/addr_equal-1.c execution test
FAIL: gcc.dg/builtin-object-size-16.c (test for excess errors)
UNRESOLVED: gcc.dg/builtin-object-size-16.c compilation failed to produce executable
FAIL: gcc.dg/builtin-object-size-17.c (test for excess errors)
UNRESOLVED: gcc.dg/builtin-object-size-17.c scan-tree-dump-not ssa "failure_on_line"
XPASS: gcc.dg/builtin-return-1.c execution test
FAIL: gcc.dg/ifcvt-4.c scan-rtl-dump ce1 "2 true changes made"
XPASS: gcc.dg/memcpy-1.c scan-tree-dump-times optimized "nasty_local\\\\." 0
FAIL: gcc.dg/pr63387-2.c scan-tree-dump-not optimized "ccc[^\\n\\r]* ord ddd"
FAIL: gcc.dg/pr63387.c scan-tree-dump-not optimized "ccc[^\\n\\r]* unord ddd"
FAIL: gcc.dg/pr64277.c scan-tree-dump cunroll "loop with 5 iterations completely unrolled"
FAIL: gcc.dg/pr64277.c scan-tree-dump cunroll "loop with 6 iterations completely unrolled"
FAIL: gcc.dg/pr67786.c output pattern test, is , should match 15
FAIL: gcc.dg/stack-layout-dynamic-1.c (internal compiler error)
FAIL: gcc.dg/stack-layout-dynamic-1.c (test for excess errors)
UNRESOLVED: gcc.dg/stack-layout-dynamic-1.c scan-assembler-not cfi_def_cfa_register
XPASS: gcc.dg/strlenopt-8.c scan-tree-dump-times strlen "strlen \\\\(" 0
FAIL: gcc.dg/strlenopt-8.c scan-tree-dump-times strlen "memcpy \\\\(" 2
FAIL: gcc.dg/uninit-19.c (test for warnings, line 13)
FAIL: gcc.dg/uninit-19.c (test for excess errors)
FAIL: c-c++-common/Wlogical-op-1.c -Wc++-compat (test for excess errors)
FAIL: c-c++-common/pr27336.c -Wc++-compat scan-tree-dump vrp1 "return 1;"
FAIL: gcc.dg/lto/pr60449 c_lto_pr60449_0.o-c_lto_pr60449_1.o link, -O0 -flto -flto-partition=none
UNRESOLVED: gcc.dg/lto/pr60449 c_lto_pr60449_0.o-c_lto_pr60449_1.o execute -O0 -flto -flto-partition=none
FAIL: gcc.dg/lto/pr60449 c_lto_pr60449_0.o-c_lto_pr60449_1.o link, -O2 -flto -flto-partition=none
UNRESOLVED: gcc.dg/lto/pr60449 c_lto_pr60449_0.o-c_lto_pr60449_1.o execute -O2 -flto -flto-partition=none
FAIL: gcc.dg/lto/pr60449 c_lto_pr60449_0.o-c_lto_pr60449_1.o link, -O0 -flto -flto-partition=1to1
UNRESOLVED: gcc.dg/lto/pr60449 c_lto_pr60449_0.o-c_lto_pr60449_1.o execute -O0 -flto -flto-partition=1to1
FAIL: gcc.dg/lto/pr60449 c_lto_pr60449_0.o-c_lto_pr60449_1.o link, -O2 -flto -flto-partition=1to1
UNRESOLVED: gcc.dg/lto/pr60449 c_lto_pr60449_0.o-c_lto_pr60449_1.o execute -O2 -flto -flto-partition=1to1
FAIL: gcc.dg/lto/pr60449 c_lto_pr60449_0.o-c_lto_pr60449_1.o link, -O0 -flto
UNRESOLVED: gcc.dg/lto/pr60449 c_lto_pr60449_0.o-c_lto_pr60449_1.o execute -O0 -flto
FAIL: gcc.dg/lto/pr60449 c_lto_pr60449_0.o-c_lto_pr60449_1.o link, -O2 -flto
UNRESOLVED: gcc.dg/lto/pr60449 c_lto_pr60449_0.o-c_lto_pr60449_1.o execute -O2 -flto
FAIL: c-c++-common/torture/builtin-arith-overflow-14.c -O0 (test for excess errors)
UNRESOLVED: c-c++-common/torture/builtin-arith-overflow-14.c -O0 compilation failed to produce executable
FAIL: c-c++-common/torture/builtin-arith-overflow-14.c -O2 (test for excess errors)
UNRESOLVED: c-c++-common/torture/builtin-arith-overflow-14.c -O2 compilation failed to produce executable
FAIL: c-c++-common/torture/builtin-arith-overflow-14.c -O2 -flto -flto-partition=none (test for excess errors)
UNRESOLVED: c-c++-common/torture/builtin-arith-overflow-14.c -O2 -flto -flto-partition=none compilation failed to produce executable
FAIL: c-c++-common/torture/builtin-arith-overflow-14.c -O2 -flto (test for excess errors)
UNRESOLVED: c-c++-common/torture/builtin-arith-overflow-14.c -O2 -flto compilation failed to produce executable
FAIL: c-c++-common/torture/builtin-arith-overflow-3.c -O0 (test for excess errors)
UNRESOLVED: c-c++-common/torture/builtin-arith-overflow-3.c -O0 compilation failed to produce executable
FAIL: c-c++-common/torture/builtin-arith-overflow-p-14.c -O0 (test for excess errors)
UNRESOLVED: c-c++-common/torture/builtin-arith-overflow-p-14.c -O0 compilation failed to produce executable
FAIL: c-c++-common/torture/builtin-arith-overflow-p-3.c -O0 (test for excess errors)
UNRESOLVED: c-c++-common/torture/builtin-arith-overflow-p-3.c -O0 compilation failed to produce executable
FAIL: gcc.dg/torture/pr68955.c -O0 output pattern test, is , should match ONE1ONE
FAIL: gcc.dg/torture/pr68955.c -O1 output pattern test, is , should match ONE1ONE
FAIL: gcc.dg/torture/pr68955.c -O2 output pattern test, is , should match ONE1ONE
FAIL: gcc.dg/torture/pr68955.c -O3 -fomit-frame-pointer -funroll-loops -fpeel-loops -ftracer -finline-functions output pattern test, is , should match ONE1ONE
FAIL: gcc.dg/torture/pr68955.c -O3 -g output pattern test, is , should match ONE1ONE
FAIL: gcc.dg/torture/pr68955.c -Os output pattern test, is , should match ONE1ONE
FAIL: gcc.dg/torture/pr68955.c -O2 -flto -flto-partition=none output pattern test, is , should match ONE1ONE
FAIL: gcc.dg/torture/pr68955.c -O2 -flto output pattern test, is , should match ONE1ONE
XPASS: gcc.dg/tree-ssa/20040204-1.c scan-tree-dump-times optimized "link_error" 0
FAIL: gcc.dg/tree-ssa/alias-32.c scan-tree-dump-times cddce1 "\\\\*[^ ]" 1
FAIL: gcc.dg/tree-ssa/builtin-sprintf-warn-3.c (test for warnings, line 218)
FAIL: gcc.dg/tree-ssa/builtin-sprintf-warn-3.c (test for warnings, line 224)
FAIL: gcc.dg/tree-ssa/builtin-sprintf-warn-3.c (test for warnings, line 225)
FAIL: gcc.dg/tree-ssa/builtin-sprintf-warn-3.c (test for warnings, line 228)
FAIL: gcc.dg/tree-ssa/builtin-sprintf-warn-3.c (test for warnings, line 233)
FAIL: gcc.dg/tree-ssa/builtin-sprintf-warn-3.c (test for excess errors)
XPASS: gcc.dg/tree-ssa/builtin-sprintf-warn-6.c unsigned long long (test for bogus messages, line 91)
FAIL: gcc.dg/tree-ssa/builtin-sprintf-warn-6.c (test for excess errors)
FAIL: gcc.dg/tree-ssa/builtin-sprintf.c (test for excess errors)
UNRESOLVED: gcc.dg/tree-ssa/builtin-sprintf.c compilation failed to produce executable
FAIL: gcc.dg/tree-ssa/cunroll-13.c scan-tree-dump-times cunroll "Loop 1 iterates 123454 times" 1
FAIL: gcc.dg/tree-ssa/cunroll-13.c scan-tree-dump-times cunroll "Exit condition of peeled iterations was eliminated" 1
FAIL: gcc.dg/tree-ssa/overflow-1.c scan-tree-dump optimized "a_[0-9]+.D. > 4294967263;"
FAIL: gcc.dg/tree-ssa/pr65136.c (test for excess errors)
FAIL: gcc.dg/tree-ssa/pr66449.c (test for excess errors)
FAIL: gcc.dg/tree-ssa/pr66726.c scan-tree-dump-times phiopt1 "factor conversion out" 1
FAIL: gcc.dg/tree-ssa/pr68529-3.c (test for excess errors)
UNRESOLVED: gcc.dg/tree-ssa/pr68529-3.c scan-tree-dump-times ldist "failed: evolution of offset is not affine" 3
FAIL: gcc.dg/tree-ssa/pr69270-3.c scan-tree-dump-times uncprop1 ", 1" 4
FAIL: gcc.dg/tree-ssa/pr70919.c (test for excess errors)
UNRESOLVED: gcc.dg/tree-ssa/pr70919.c compilation failed to produce executable
FAIL: gcc.dg/tree-ssa/pr71408.c (test for excess errors)
UNRESOLVED: gcc.dg/tree-ssa/pr71408.c compilation failed to produce executable
XPASS: gcc.dg/tree-ssa/pr71947-6.c scan-tree-dump dom2 "Folded to: ret_[0-9]+ = 0;"
FAIL: gcc.dg/tree-ssa/scev-3.c scan-tree-dump-times optimized "&a" 1
FAIL: gcc.dg/tree-ssa/scev-4.c scan-tree-dump-times optimized "&a" 1
FAIL: gcc.dg/tree-ssa/scev-5.c scan-tree-dump-times optimized "&a" 1
FAIL: gcc.dg/tree-ssa/scev-8.c scan-tree-dump-not ivopts " Type:\\\\tADDRESS\\n Use [0-9].[0-9]:"
FAIL: gcc.dg/tree-ssa/slsr-8.c scan-tree-dump-times optimized " w?\\\\* " 7
FAIL: gcc.dg/tree-ssa/sra-20.c (test for excess errors)
FAIL: gcc.dg/tree-ssa/ssa-dom-thread-8.c (test for excess errors)
XPASS: gcc.dg/tree-ssa/ssa-fre-26.c scan-tree-dump fre1 "Replaced u.i with 0 in"
FAIL: gcc.dg/tree-ssa/ssa-hoist-4.c scan-tree-dump-times optimized "= \\\\*" 2
FAIL: gcc.dg/tree-ssa/ssa-hoist-4.c scan-tree-dump-times optimized "MAX_EXPR" 1
FAIL: gcc.dg/tree-ssa/ssa-sink-11.c scan-tree-dump optimized "MEM\\\\[.* \\\\+ 252B\\\\]"
FAIL: gcc.dg/tree-ssa/ssa-sink-12.c scan-tree-dump optimized "MEM\\\\[.* \\\\+ 252B\\\\]"
FAIL: gcc.target/avr/pr58545.c (test for excess errors)
FAIL: gcc.target/avr/tiny-caller-save.c (test for excess errors)
FAIL: gcc.target/avr/tiny-memx.c (test for errors, line 4)
FAIL: gcc.target/avr/tiny-memx.c (test for excess errors)
FAIL: gcc.target/avr/torture/addr-space-1-1.c -O0 (test for excess errors)
UNRESOLVED: gcc.target/avr/torture/addr-space-1-1.c -O0 compilation failed to produce executable
FAIL: gcc.target/avr/torture/addr-space-1-1.c -O1 (test for excess errors)
UNRESOLVED: gcc.target/avr/torture/addr-space-1-1.c -O1 compilation failed to produce executable
FAIL: gcc.target/avr/torture/addr-space-1-1.c -O2 (test for excess errors)
UNRESOLVED: gcc.target/avr/torture/addr-space-1-1.c -O2 compilation failed to produce executable
FAIL: gcc.target/avr/torture/addr-space-1-1.c -Os -flto (test for excess errors)
UNRESOLVED: gcc.target/avr/torture/addr-space-1-1.c -Os -flto compilation failed to produce executable
FAIL: gcc.target/avr/torture/addr-space-1-1.c -O2 -mcall-prologues (test for excess errors)
UNRESOLVED: gcc.target/avr/torture/addr-space-1-1.c -O2 -mcall-prologues compilation failed to produce executable
FAIL: gcc.target/avr/torture/addr-space-1-1.c -O2 -fdata-sections (test for excess errors)
UNRESOLVED: gcc.target/avr/torture/addr-space-1-1.c -O2 -fdata-sections compilation failed to produce executable
FAIL: gcc.target/avr/torture/addr-space-1-1.c -O2 -fmerge-all-constants (test for excess errors)
UNRESOLVED: gcc.target/avr/torture/addr-space-1-1.c -O2 -fmerge-all-constants compilation failed to produce executable
FAIL: gcc.target/avr/torture/addr-space-1-1.c -Os -fomit-frame-pointer (test for excess errors)
UNRESOLVED: gcc.target/avr/torture/addr-space-1-1.c -Os -fomit-frame-pointer compilation failed to produce executable
FAIL: gcc.target/avr/torture/addr-space-1-1.c -Os -fomit-frame-pointer -finline-functions (test for excess errors)
UNRESOLVED: gcc.target/avr/torture/addr-space-1-1.c -Os -fomit-frame-pointer -finline-functions compilation failed to produce executable
FAIL: gcc.target/avr/torture/addr-space-1-1.c -O3 -g (test for excess errors)
UNRESOLVED: gcc.target/avr/torture/addr-space-1-1.c -O3 -g compilation failed to produce executable
FAIL: gcc.target/avr/torture/addr-space-1-1.c -Os -mcall-prologues (test for excess errors)
UNRESOLVED: gcc.target/avr/torture/addr-space-1-1.c -Os -mcall-prologues compilation failed to produce executable
FAIL: gcc.target/avr/torture/addr-space-2-1.c -O0 (test for excess errors)
UNRESOLVED: gcc.target/avr/torture/addr-space-2-1.c -O0 compilation failed to produce executable
FAIL: gcc.target/avr/torture/addr-space-2-1.c -O1 (test for excess errors)
UNRESOLVED: gcc.target/avr/torture/addr-space-2-1.c -O1 compilation failed to produce executable
FAIL: gcc.target/avr/torture/addr-space-2-1.c -O2 (test for excess errors)
UNRESOLVED: gcc.target/avr/torture/addr-space-2-1.c -O2 compilation failed to produce executable
FAIL: gcc.target/avr/torture/addr-space-2-1.c -Os -flto (test for excess errors)
UNRESOLVED: gcc.target/avr/torture/addr-space-2-1.c -Os -flto compilation failed to produce executable
FAIL: gcc.target/avr/torture/addr-space-2-1.c -O2 -mcall-prologues (test for excess errors)
UNRESOLVED: gcc.target/avr/torture/addr-space-2-1.c -O2 -mcall-prologues compilation failed to produce executable
FAIL: gcc.target/avr/torture/addr-space-2-1.c -O2 -fdata-sections (test for excess errors)
UNRESOLVED: gcc.target/avr/torture/addr-space-2-1.c -O2 -fdata-sections compilation failed to produce executable
FAIL: gcc.target/avr/torture/addr-space-2-1.c -O2 -fmerge-all-constants (test for excess errors)
UNRESOLVED: gcc.target/avr/torture/addr-space-2-1.c -O2 -fmerge-all-constants compilation failed to produce executable
FAIL: gcc.target/avr/torture/addr-space-2-1.c -Os -fomit-frame-pointer (test for excess errors)
UNRESOLVED: gcc.target/avr/torture/addr-space-2-1.c -Os -fomit-frame-pointer compilation failed to produce executable
FAIL: gcc.target/avr/torture/addr-space-2-1.c -Os -fomit-frame-pointer -finline-functions (test for excess errors)
UNRESOLVED: gcc.target/avr/torture/addr-space-2-1.c -Os -fomit-frame-pointer -finline-functions compilation failed to produce executable
FAIL: gcc.target/avr/torture/addr-space-2-1.c -O3 -g (test for excess errors)
UNRESOLVED: gcc.target/avr/torture/addr-space-2-1.c -O3 -g compilation failed to produce executable
FAIL: gcc.target/avr/torture/addr-space-2-1.c -Os -mcall-prologues (test for excess errors)
UNRESOLVED: gcc.target/avr/torture/addr-space-2-1.c -Os -mcall-prologues compilation failed to produce executable
FAIL: gcc.target/avr/torture/builtins-2.c -O0 (test for excess errors)
UNRESOLVED: gcc.target/avr/torture/builtins-2.c -O0 compilation failed to produce executable
FAIL: gcc.target/avr/torture/builtins-2.c -O1 (test for excess errors)
UNRESOLVED: gcc.target/avr/torture/builtins-2.c -O1 compilation failed to produce executable
FAIL: gcc.target/avr/torture/builtins-2.c -O2 (test for excess errors)
UNRESOLVED: gcc.target/avr/torture/builtins-2.c -O2 compilation failed to produce executable
FAIL: gcc.target/avr/torture/builtins-2.c -Os -flto (test for excess errors)
UNRESOLVED: gcc.target/avr/torture/builtins-2.c -Os -flto compilation failed to produce executable
FAIL: gcc.target/avr/torture/builtins-2.c -O2 -mcall-prologues (test for excess errors)
UNRESOLVED: gcc.target/avr/torture/builtins-2.c -O2 -mcall-prologues compilation failed to produce executable
FAIL: gcc.target/avr/torture/builtins-2.c -O2 -fdata-sections (test for excess errors)
UNRESOLVED: gcc.target/avr/torture/builtins-2.c -O2 -fdata-sections compilation failed to produce executable
FAIL: gcc.target/avr/torture/builtins-2.c -O2 -fmerge-all-constants (test for excess errors)
UNRESOLVED: gcc.target/avr/torture/builtins-2.c -O2 -fmerge-all-constants compilation failed to produce executable
FAIL: gcc.target/avr/torture/builtins-2.c -Os -fomit-frame-pointer (test for excess errors)
UNRESOLVED: gcc.target/avr/torture/builtins-2.c -Os -fomit-frame-pointer compilation failed to produce executable
FAIL: gcc.target/avr/torture/builtins-2.c -Os -fomit-frame-pointer -finline-functions (test for excess errors)
UNRESOLVED: gcc.target/avr/torture/builtins-2.c -Os -fomit-frame-pointer -finline-functions compilation failed to produce executable
FAIL: gcc.target/avr/torture/builtins-2.c -O3 -g (test for excess errors)
UNRESOLVED: gcc.target/avr/torture/builtins-2.c -O3 -g compilation failed to produce executable
FAIL: gcc.target/avr/torture/builtins-2.c -Os -mcall-prologues (test for excess errors)
UNRESOLVED: gcc.target/avr/torture/builtins-2.c -Os -mcall-prologues compilation failed to produce executable
FAIL: gcc.target/avr/torture/builtins-3-absfx.c -Os -flto (test for excess errors)
FAIL: gcc.target/avr/torture/builtins-5-countlsfx.c -Os -flto (test for excess errors)
=== gcc Summary ===
# of expected passes 80990
# of unexpected failures 119
# of unexpected successes 8
# of expected failures 114
# of unresolved testcases 53
# of untested testcases 174
# of unsupported tests 3663
/home/toolsbuild/workspace/avr8-gnu-regression-test-mega-trunk/build-linux_x86_64/avr-gcc-full/gcc/xgcc version 7.0.0 20161018 (experimental) (AVR_8_bit_GNU_Toolchain_4.0.0_263)
Compiler version: 7.0.0 20161018 (experimental) (AVR_8_bit_GNU_Toolchain_4.0.0_263) gcc
Platform: avr-unknown-none
configure flags: LDFLAGS=-L/home/toolsbuild/workspace/avr8-gnu-regression-test-mega-trunk/avr8-gnu-regression-test-mega-trunk-linux_x86_64-hostlibs/lib CPPFLAGS= --target=avr --host=x86_64-pc-linux-gnu --build=x86_64-pc-linux-gnu --prefix=/home/toolsbuild/workspace/avr8-gnu-regression-test-mega-trunk/avr8-gnu-regression-test-mega-trunk-linux_x86_64 --libdir=/home/toolsbuild/workspace/avr8-gnu-regression-test-mega-trunk/avr8-gnu-regression-test-mega-trunk-linux_x86_64/lib --enable-languages=c,c++ --with-dwarf2 --enable-doc --disable-shared --disable-libada --disable-libssp --disable-nls --with-avrlibc=yes --with-mpfr=/home/toolsbuild/workspace/avr8-gnu-regression-test-mega-trunk/avr8-gnu-regression-test-mega-trunk-linux_x86_64-hostlibs --with-gmp=/home/toolsbuild/workspace/avr8-gnu-regression-test-mega-trunk/avr8-gnu-regression-test-mega-trunk-linux_x86_64-hostlibs --with-mpc=/home/toolsbuild/workspace/avr8-gnu-regression-test-mega-trunk/avr8-gnu-regression-test-mega-trunk-linux_x86_64-hostlibs --with-pkgversion=AVR_8_bit_GNU_Toolchain_4.0.0_263 --with-bugurl=http://www.atmel.com