This is the mail archive of the
gcc-testresults@gcc.gnu.org
mailing list for the GCC project.
Results for 7.0.0 20161015 (experimental) [trunk revision 241197] (GCC) testsuite on x86_64-pc-linux-gnu
- From: "Intel Automatic Testing System [Intel64 Core AVX2 PIC]" <i64corei7avx2PIC at ecsmtp dot ims dot intel dot com>
- To: gcc-testresults at gcc dot gnu dot org
- Date: Sat, 15 Oct 2016 17:55:51 +0300
- Subject: Results for 7.0.0 20161015 (experimental) [trunk revision 241197] (GCC) testsuite on x86_64-pc-linux-gnu
- Authentication-results: sourceware.org; auth=none
LAST_UPDATED: Sat Oct 15 07:55:45 UTC 2016 (revision 241197)
Native configuration is x86_64-pc-linux-gnu
=== gcc tests ===
Running target unix
XPASS: gcc.dg/guality/example.c -O0 execution test
XPASS: gcc.dg/guality/example.c -O1 execution test
XPASS: gcc.dg/guality/guality.c -O0 execution test
XPASS: gcc.dg/guality/guality.c -O1 execution test
XPASS: gcc.dg/guality/guality.c -O2 execution test
XPASS: gcc.dg/guality/guality.c -O2 -flto -fno-use-linker-plugin -flto-partition=none execution test
XPASS: gcc.dg/guality/guality.c -O2 -flto -fuse-linker-plugin -fno-fat-lto-objects execution test
XPASS: gcc.dg/guality/guality.c -O3 -g execution test
XPASS: gcc.dg/guality/guality.c -Os execution test
XPASS: gcc.dg/guality/inline-params.c -O2 execution test
XPASS: gcc.dg/guality/inline-params.c -O2 -flto -fno-use-linker-plugin -flto-partition=none execution test
XPASS: gcc.dg/guality/inline-params.c -O3 -g execution test
XPASS: gcc.dg/guality/inline-params.c -Os execution test
XPASS: gcc.dg/guality/pr41353-1.c -O0 line 28 j == 28 + 37
XPASS: gcc.dg/guality/pr41353-1.c -O1 line 28 j == 28 + 37
XPASS: gcc.dg/guality/pr41353-1.c -O2 line 28 j == 28 + 37
XPASS: gcc.dg/guality/pr41353-1.c -O2 -flto -fno-use-linker-plugin -flto-partition=none line 28 j == 28 + 37
XPASS: gcc.dg/guality/pr41353-1.c -O2 -flto -fuse-linker-plugin -fno-fat-lto-objects line 28 j == 28 + 37
XPASS: gcc.dg/guality/pr41353-1.c -O3 -g line 28 j == 28 + 37
XPASS: gcc.dg/guality/pr41353-1.c -Os line 28 j == 28 + 37
FAIL: gcc.dg/guality/pr41616-1.c -O2 -flto -fuse-linker-plugin -fno-fat-lto-objects execution test
FAIL: gcc.dg/guality/pr43051-1.c -O3 -fomit-frame-pointer -funroll-loops -fpeel-loops -ftracer -finline-functions line 34 c == &a[0]
FAIL: gcc.dg/guality/pr43051-1.c -O3 -fomit-frame-pointer -funroll-loops -fpeel-loops -ftracer -finline-functions line 36 e == &a[1]
FAIL: gcc.dg/guality/pr45882.c -O2 -flto -fuse-linker-plugin -fno-fat-lto-objects line 16 d == 112
FAIL: gcc.dg/guality/pr45882.c -O2 -flto -fuse-linker-plugin -fno-fat-lto-objects line 16 e == 142
FAIL: gcc.dg/guality/pr54200.c -Os line 20 z == 3
FAIL: gcc.dg/guality/pr54519-1.c -O2 -flto -fno-use-linker-plugin -flto-partition=none line 20 y == 25
FAIL: gcc.dg/guality/pr54519-1.c -O2 -flto -fno-use-linker-plugin -flto-partition=none line 20 z == 6
FAIL: gcc.dg/guality/pr54519-1.c -O2 -flto -fno-use-linker-plugin -flto-partition=none line 23 y == 117
FAIL: gcc.dg/guality/pr54519-1.c -O2 -flto -fno-use-linker-plugin -flto-partition=none line 23 z == 8
FAIL: gcc.dg/guality/pr54519-2.c -O2 -flto -fno-use-linker-plugin -flto-partition=none line 17 y == 25
FAIL: gcc.dg/guality/pr54519-2.c -O2 -flto -fuse-linker-plugin -fno-fat-lto-objects line 17 y == 25
FAIL: gcc.dg/guality/pr54519-3.c -O2 -flto -fno-use-linker-plugin -flto-partition=none line 20 y == 25
FAIL: gcc.dg/guality/pr54519-3.c -O2 -flto -fno-use-linker-plugin -flto-partition=none line 20 z == 6
FAIL: gcc.dg/guality/pr54519-3.c -O2 -flto -fno-use-linker-plugin -flto-partition=none line 23 y == 117
FAIL: gcc.dg/guality/pr54519-3.c -O2 -flto -fno-use-linker-plugin -flto-partition=none line 23 z == 8
FAIL: gcc.dg/guality/pr54519-3.c -O2 -flto -fuse-linker-plugin -fno-fat-lto-objects line 20 y == 25
FAIL: gcc.dg/guality/pr54519-3.c -O2 -flto -fuse-linker-plugin -fno-fat-lto-objects line 20 z == 6
FAIL: gcc.dg/guality/pr54519-3.c -O2 -flto -fuse-linker-plugin -fno-fat-lto-objects line 23 y == 117
FAIL: gcc.dg/guality/pr54519-3.c -O2 -flto -fuse-linker-plugin -fno-fat-lto-objects line 23 z == 8
FAIL: gcc.dg/guality/pr54519-4.c -O2 -flto -fno-use-linker-plugin -flto-partition=none line 17 y == 25
FAIL: gcc.dg/guality/pr54519-4.c -O2 -flto -fuse-linker-plugin -fno-fat-lto-objects line 17 y == 25
FAIL: gcc.dg/guality/pr54519-5.c -O2 -flto -fno-use-linker-plugin -flto-partition=none line 17 y == 25
FAIL: gcc.dg/guality/pr54519-5.c -O2 -flto -fuse-linker-plugin -fno-fat-lto-objects line 17 y == 25
FAIL: gcc.dg/guality/pr68860-1.c -O2 -flto -fno-use-linker-plugin -flto-partition=none line 14 arg1 == 1
FAIL: gcc.dg/guality/pr68860-1.c -O2 -flto -fno-use-linker-plugin -flto-partition=none line 14 arg2 == 2
FAIL: gcc.dg/guality/pr68860-1.c -O2 -flto -fno-use-linker-plugin -flto-partition=none line 14 arg3 == 3
FAIL: gcc.dg/guality/pr68860-1.c -O2 -flto -fno-use-linker-plugin -flto-partition=none line 14 arg4 == 4
FAIL: gcc.dg/guality/pr68860-1.c -O2 -flto -fno-use-linker-plugin -flto-partition=none line 14 arg5 == 5
FAIL: gcc.dg/guality/pr68860-1.c -O2 -flto -fno-use-linker-plugin -flto-partition=none line 14 arg6 == 6
FAIL: gcc.dg/guality/pr68860-1.c -O2 -flto -fno-use-linker-plugin -flto-partition=none line 16 arg1 == 1
FAIL: gcc.dg/guality/pr68860-1.c -O2 -flto -fno-use-linker-plugin -flto-partition=none line 16 arg2 == 2
FAIL: gcc.dg/guality/pr68860-1.c -O2 -flto -fno-use-linker-plugin -flto-partition=none line 16 arg3 == 3
FAIL: gcc.dg/guality/pr68860-1.c -O2 -flto -fno-use-linker-plugin -flto-partition=none line 16 arg4 == 4
FAIL: gcc.dg/guality/pr68860-1.c -O2 -flto -fno-use-linker-plugin -flto-partition=none line 16 arg5 == 5
FAIL: gcc.dg/guality/pr68860-1.c -O2 -flto -fno-use-linker-plugin -flto-partition=none line 16 arg6 == 6
FAIL: gcc.dg/guality/pr68860-1.c -O2 -flto -fuse-linker-plugin -fno-fat-lto-objects line 14 arg1 == 1
FAIL: gcc.dg/guality/pr68860-1.c -O2 -flto -fuse-linker-plugin -fno-fat-lto-objects line 14 arg2 == 2
FAIL: gcc.dg/guality/pr68860-1.c -O2 -flto -fuse-linker-plugin -fno-fat-lto-objects line 14 arg3 == 3
FAIL: gcc.dg/guality/pr68860-1.c -O2 -flto -fuse-linker-plugin -fno-fat-lto-objects line 14 arg4 == 4
FAIL: gcc.dg/guality/pr68860-1.c -O2 -flto -fuse-linker-plugin -fno-fat-lto-objects line 14 arg5 == 5
FAIL: gcc.dg/guality/pr68860-1.c -O2 -flto -fuse-linker-plugin -fno-fat-lto-objects line 14 arg6 == 6
FAIL: gcc.dg/guality/pr68860-1.c -O2 -flto -fuse-linker-plugin -fno-fat-lto-objects line 16 arg1 == 1
FAIL: gcc.dg/guality/pr68860-1.c -O2 -flto -fuse-linker-plugin -fno-fat-lto-objects line 16 arg2 == 2
FAIL: gcc.dg/guality/pr68860-1.c -O2 -flto -fuse-linker-plugin -fno-fat-lto-objects line 16 arg3 == 3
FAIL: gcc.dg/guality/pr68860-1.c -O2 -flto -fuse-linker-plugin -fno-fat-lto-objects line 16 arg4 == 4
FAIL: gcc.dg/guality/pr68860-1.c -O2 -flto -fuse-linker-plugin -fno-fat-lto-objects line 16 arg5 == 5
FAIL: gcc.dg/guality/pr68860-1.c -O2 -flto -fuse-linker-plugin -fno-fat-lto-objects line 16 arg6 == 6
FAIL: gcc.dg/guality/vla-1.c -O2 -flto -fuse-linker-plugin -fno-fat-lto-objects line 17 sizeof (a) == 6
FAIL: gcc.dg/guality/vla-1.c -O3 -g line 17 sizeof (a) == 6
FAIL: gcc.dg/tree-ssa/pr69270-3.c scan-tree-dump-times uncprop1 ", 1" 4
FAIL: gcc.dg/tree-ssa/slsr-8.c scan-tree-dump-times optimized " w?\\\\* " 7
FAIL: gcc.dg/vect/no-section-anchors-vect-31.c scan-tree-dump-times vect "Alignment of access forced using peeling" 2
FAIL: gcc.dg/vect/no-section-anchors-vect-31.c scan-tree-dump-times vect "Vectorizing an unaligned access" 0
XPASS: gcc.dg/vect/pr65947-1.c -flto -ffat-lto-objects scan-tree-dump-times vect "LOOP VECTORIZED" 2
XPASS: gcc.dg/vect/pr65947-1.c -flto -ffat-lto-objects scan-tree-dump-times vect "condition expression based on integer induction." 4
XPASS: gcc.dg/vect/pr65947-1.c scan-tree-dump-times vect "LOOP VECTORIZED" 2
XPASS: gcc.dg/vect/pr65947-1.c scan-tree-dump-times vect "condition expression based on integer induction." 4
XPASS: gcc.dg/vect/pr65947-10.c -flto -ffat-lto-objects scan-tree-dump-times vect "LOOP VECTORIZED" 2
XPASS: gcc.dg/vect/pr65947-10.c scan-tree-dump-times vect "LOOP VECTORIZED" 2
XPASS: gcc.dg/vect/pr65947-12.c -flto -ffat-lto-objects scan-tree-dump-times vect "LOOP VECTORIZED" 2
XPASS: gcc.dg/vect/pr65947-12.c scan-tree-dump-times vect "LOOP VECTORIZED" 2
XPASS: gcc.dg/vect/pr65947-13.c -flto -ffat-lto-objects scan-tree-dump-times vect "LOOP VECTORIZED" 2
XPASS: gcc.dg/vect/pr65947-13.c scan-tree-dump-times vect "LOOP VECTORIZED" 2
XPASS: gcc.dg/vect/pr65947-2.c -flto -ffat-lto-objects scan-tree-dump-times vect "LOOP VECTORIZED" 2
XPASS: gcc.dg/vect/pr65947-2.c scan-tree-dump-times vect "LOOP VECTORIZED" 2
XPASS: gcc.dg/vect/pr65947-3.c -flto -ffat-lto-objects scan-tree-dump-times vect "LOOP VECTORIZED" 2
XPASS: gcc.dg/vect/pr65947-3.c scan-tree-dump-times vect "LOOP VECTORIZED" 2
XPASS: gcc.dg/vect/pr65947-4.c -flto -ffat-lto-objects scan-tree-dump-times vect "LOOP VECTORIZED" 2
XPASS: gcc.dg/vect/pr65947-4.c -flto -ffat-lto-objects scan-tree-dump-times vect "condition expression based on integer induction." 4
XPASS: gcc.dg/vect/pr65947-4.c scan-tree-dump-times vect "LOOP VECTORIZED" 2
XPASS: gcc.dg/vect/pr65947-4.c scan-tree-dump-times vect "condition expression based on integer induction." 4
XPASS: gcc.dg/vect/pr65947-5.c -flto -ffat-lto-objects scan-tree-dump vect "loop size is greater than data size"
XPASS: gcc.dg/vect/pr65947-5.c scan-tree-dump vect "loop size is greater than data size"
XPASS: gcc.dg/vect/pr65947-6.c -flto -ffat-lto-objects scan-tree-dump-times vect "LOOP VECTORIZED" 2
XPASS: gcc.dg/vect/pr65947-6.c scan-tree-dump-times vect "LOOP VECTORIZED" 2
XPASS: gcc.dg/vect/pr65947-9.c -flto -ffat-lto-objects scan-tree-dump vect "loop size is greater than data size"
XPASS: gcc.dg/vect/pr65947-9.c scan-tree-dump vect "loop size is greater than data size"
FAIL: gcc.dg/vect/slp-perm-9.c -flto -ffat-lto-objects scan-tree-dump-times vect "vectorized 1 loops" 2
FAIL: gcc.dg/vect/slp-perm-9.c scan-tree-dump-times vect "vectorized 1 loops" 2
FAIL: gcc.dg/vect/vect-92.c -flto -ffat-lto-objects scan-tree-dump-times vect "Alignment of access forced using peeling" 3
FAIL: gcc.dg/vect/vect-92.c -flto -ffat-lto-objects scan-tree-dump-times vect "Vectorizing an unaligned access" 0
FAIL: gcc.dg/vect/vect-92.c scan-tree-dump-times vect "Alignment of access forced using peeling" 3
FAIL: gcc.dg/vect/vect-92.c scan-tree-dump-times vect "Vectorizing an unaligned access" 0
FAIL: gcc.dg/vect/vect-93.c -flto -ffat-lto-objects scan-tree-dump-times vect "Vectorizing an unaligned access" 1
FAIL: gcc.dg/vect/vect-93.c scan-tree-dump-times vect "Vectorizing an unaligned access" 1
FAIL: gcc.dg/vect/vect-nb-iter-ub-2.c -flto -ffat-lto-objects scan-tree-dump cunroll "loop turned into non-loop; it never loops"
FAIL: gcc.dg/vect/vect-nb-iter-ub-2.c scan-tree-dump cunroll "loop turned into non-loop; it never loops"
FAIL: gcc.dg/vect/vect-nb-iter-ub-3.c -flto -ffat-lto-objects scan-tree-dump-not cunroll "loop turned into non-loop; it never loops"
FAIL: gcc.dg/vect/vect-nb-iter-ub-3.c scan-tree-dump-not cunroll "loop turned into non-loop; it never loops"
XPASS: gcc.dg/vect/vect-pr69848.c -flto -ffat-lto-objects scan-tree-dump vect "vectorized 1 loops"
XPASS: gcc.dg/vect/vect-pr69848.c scan-tree-dump vect "vectorized 1 loops"
=== gcc Summary for unix ===
Running target unix/-m32
XPASS: gcc.dg/guality/example.c -O0 execution test
XPASS: gcc.dg/guality/example.c -O1 execution test
XPASS: gcc.dg/guality/guality.c -O0 execution test
XPASS: gcc.dg/guality/guality.c -O1 execution test
XPASS: gcc.dg/guality/guality.c -O2 execution test
XPASS: gcc.dg/guality/guality.c -O2 -flto -fno-use-linker-plugin -flto-partition=none execution test
XPASS: gcc.dg/guality/guality.c -O2 -flto -fuse-linker-plugin -fno-fat-lto-objects execution test
XPASS: gcc.dg/guality/guality.c -O3 -g execution test
XPASS: gcc.dg/guality/guality.c -Os execution test
XPASS: gcc.dg/guality/inline-params.c -O2 execution test
XPASS: gcc.dg/guality/inline-params.c -O2 -flto -fno-use-linker-plugin -flto-partition=none execution test
XPASS: gcc.dg/guality/inline-params.c -O3 -g execution test
XPASS: gcc.dg/guality/inline-params.c -Os execution test
XPASS: gcc.dg/guality/pr41353-1.c -O0 line 28 j == 28 + 37
XPASS: gcc.dg/guality/pr41353-1.c -O1 line 28 j == 28 + 37
XPASS: gcc.dg/guality/pr41353-1.c -O2 line 28 j == 28 + 37
XPASS: gcc.dg/guality/pr41353-1.c -O2 -flto -fno-use-linker-plugin -flto-partition=none line 28 j == 28 + 37
XPASS: gcc.dg/guality/pr41353-1.c -O2 -flto -fuse-linker-plugin -fno-fat-lto-objects line 28 j == 28 + 37
XPASS: gcc.dg/guality/pr41353-1.c -O3 -g line 28 j == 28 + 37
XPASS: gcc.dg/guality/pr41353-1.c -Os line 28 j == 28 + 37
FAIL: gcc.dg/guality/pr41447-1.c -O2 execution test
FAIL: gcc.dg/guality/pr41447-1.c -O2 -flto -fno-use-linker-plugin -flto-partition=none execution test
FAIL: gcc.dg/guality/pr41447-1.c -O3 -g execution test
FAIL: gcc.dg/guality/pr41616-1.c -O2 -flto -fuse-linker-plugin -fno-fat-lto-objects execution test
FAIL: gcc.dg/guality/pr45882.c -O2 -flto -fuse-linker-plugin -fno-fat-lto-objects line 16 d == 112
FAIL: gcc.dg/guality/pr45882.c -O2 -flto -fuse-linker-plugin -fno-fat-lto-objects line 16 e == 142
FAIL: gcc.dg/guality/pr54519-1.c -O2 -flto -fno-use-linker-plugin -flto-partition=none line 20 y == 25
FAIL: gcc.dg/guality/pr54519-1.c -O2 -flto -fno-use-linker-plugin -flto-partition=none line 20 z == 6
FAIL: gcc.dg/guality/pr54519-1.c -O2 -flto -fno-use-linker-plugin -flto-partition=none line 23 y == 117
FAIL: gcc.dg/guality/pr54519-1.c -O2 -flto -fno-use-linker-plugin -flto-partition=none line 23 z == 8
FAIL: gcc.dg/guality/pr54519-2.c -O2 -flto -fno-use-linker-plugin -flto-partition=none line 17 y == 25
FAIL: gcc.dg/guality/pr54519-2.c -O2 -flto -fuse-linker-plugin -fno-fat-lto-objects line 17 y == 25
FAIL: gcc.dg/guality/pr54519-3.c -O2 -flto -fno-use-linker-plugin -flto-partition=none line 20 y == 25
FAIL: gcc.dg/guality/pr54519-3.c -O2 -flto -fno-use-linker-plugin -flto-partition=none line 20 z == 6
FAIL: gcc.dg/guality/pr54519-3.c -O2 -flto -fno-use-linker-plugin -flto-partition=none line 23 y == 117
FAIL: gcc.dg/guality/pr54519-3.c -O2 -flto -fno-use-linker-plugin -flto-partition=none line 23 z == 8
FAIL: gcc.dg/guality/pr54519-3.c -O2 -flto -fuse-linker-plugin -fno-fat-lto-objects line 20 y == 25
FAIL: gcc.dg/guality/pr54519-3.c -O2 -flto -fuse-linker-plugin -fno-fat-lto-objects line 20 z == 6
FAIL: gcc.dg/guality/pr54519-3.c -O2 -flto -fuse-linker-plugin -fno-fat-lto-objects line 23 y == 117
FAIL: gcc.dg/guality/pr54519-3.c -O2 -flto -fuse-linker-plugin -fno-fat-lto-objects line 23 z == 8
FAIL: gcc.dg/guality/pr54519-4.c -O2 -flto -fno-use-linker-plugin -flto-partition=none line 17 y == 25
FAIL: gcc.dg/guality/pr54519-4.c -O2 -flto -fuse-linker-plugin -fno-fat-lto-objects line 17 y == 25
FAIL: gcc.dg/guality/pr54519-5.c -O2 -flto -fno-use-linker-plugin -flto-partition=none line 17 y == 25
FAIL: gcc.dg/guality/pr54519-5.c -O2 -flto -fuse-linker-plugin -fno-fat-lto-objects line 17 y == 25
FAIL: gcc.dg/guality/pr68860-1.c -O2 -flto -fno-use-linker-plugin -flto-partition=none line 14 arg1 == 1
FAIL: gcc.dg/guality/pr68860-1.c -O2 -flto -fno-use-linker-plugin -flto-partition=none line 14 arg2 == 2
FAIL: gcc.dg/guality/pr68860-1.c -O2 -flto -fno-use-linker-plugin -flto-partition=none line 14 arg3 == 3
FAIL: gcc.dg/guality/pr68860-1.c -O2 -flto -fno-use-linker-plugin -flto-partition=none line 14 arg4 == 4
FAIL: gcc.dg/guality/pr68860-1.c -O2 -flto -fno-use-linker-plugin -flto-partition=none line 14 arg5 == 5
FAIL: gcc.dg/guality/pr68860-1.c -O2 -flto -fno-use-linker-plugin -flto-partition=none line 14 arg6 == 6
FAIL: gcc.dg/guality/pr68860-1.c -O2 -flto -fno-use-linker-plugin -flto-partition=none line 16 arg1 == 1
FAIL: gcc.dg/guality/pr68860-1.c -O2 -flto -fno-use-linker-plugin -flto-partition=none line 16 arg2 == 2
FAIL: gcc.dg/guality/pr68860-1.c -O2 -flto -fno-use-linker-plugin -flto-partition=none line 16 arg3 == 3
FAIL: gcc.dg/guality/pr68860-1.c -O2 -flto -fno-use-linker-plugin -flto-partition=none line 16 arg4 == 4
FAIL: gcc.dg/guality/pr68860-1.c -O2 -flto -fno-use-linker-plugin -flto-partition=none line 16 arg5 == 5
FAIL: gcc.dg/guality/pr68860-1.c -O2 -flto -fno-use-linker-plugin -flto-partition=none line 16 arg6 == 6
FAIL: gcc.dg/guality/pr68860-1.c -O2 -flto -fuse-linker-plugin -fno-fat-lto-objects line 14 arg1 == 1
FAIL: gcc.dg/guality/pr68860-1.c -O2 -flto -fuse-linker-plugin -fno-fat-lto-objects line 14 arg2 == 2
FAIL: gcc.dg/guality/pr68860-1.c -O2 -flto -fuse-linker-plugin -fno-fat-lto-objects line 14 arg3 == 3
FAIL: gcc.dg/guality/pr68860-1.c -O2 -flto -fuse-linker-plugin -fno-fat-lto-objects line 14 arg4 == 4
FAIL: gcc.dg/guality/pr68860-1.c -O2 -flto -fuse-linker-plugin -fno-fat-lto-objects line 14 arg5 == 5
FAIL: gcc.dg/guality/pr68860-1.c -O2 -flto -fuse-linker-plugin -fno-fat-lto-objects line 14 arg6 == 6
FAIL: gcc.dg/guality/pr68860-1.c -O2 -flto -fuse-linker-plugin -fno-fat-lto-objects line 16 arg1 == 1
FAIL: gcc.dg/guality/pr68860-1.c -O2 -flto -fuse-linker-plugin -fno-fat-lto-objects line 16 arg2 == 2
FAIL: gcc.dg/guality/pr68860-1.c -O2 -flto -fuse-linker-plugin -fno-fat-lto-objects line 16 arg3 == 3
FAIL: gcc.dg/guality/pr68860-1.c -O2 -flto -fuse-linker-plugin -fno-fat-lto-objects line 16 arg4 == 4
FAIL: gcc.dg/guality/pr68860-1.c -O2 -flto -fuse-linker-plugin -fno-fat-lto-objects line 16 arg5 == 5
FAIL: gcc.dg/guality/pr68860-1.c -O2 -flto -fuse-linker-plugin -fno-fat-lto-objects line 16 arg6 == 6
FAIL: gcc.dg/guality/vla-1.c -O2 -flto -fuse-linker-plugin -fno-fat-lto-objects line 17 sizeof (a) == 6
FAIL: gcc.dg/guality/vla-1.c -O3 -g line 17 sizeof (a) == 6
FAIL: gcc.dg/tree-ssa/builtin-sprintf-warn-1.c (test for warnings, line 1229)
FAIL: gcc.dg/tree-ssa/builtin-sprintf-warn-1.c (test for warnings, line 1279)
FAIL: gcc.dg/tree-ssa/builtin-sprintf-warn-1.c (test for warnings, line 1390)
FAIL: gcc.dg/tree-ssa/builtin-sprintf-warn-1.c (test for excess errors)
XPASS: gcc.dg/tree-ssa/builtin-sprintf-warn-6.c unsigned long long (test for bogus messages, line 91)
FAIL: gcc.dg/tree-ssa/pr69270-3.c scan-tree-dump-times uncprop1 ", 1" 4
FAIL: gcc.dg/tree-ssa/pr71078-3.c scan-tree-dump forwprop1 "__builtin_copysign"
FAIL: gcc.dg/tree-ssa/scev-5.c scan-tree-dump-times optimized "&a" 1
FAIL: gcc.dg/tree-ssa/slsr-8.c scan-tree-dump-times optimized " w?\\\\* " 7
FAIL: gcc.dg/vect/no-section-anchors-vect-31.c scan-tree-dump-times vect "Alignment of access forced using peeling" 2
FAIL: gcc.dg/vect/no-section-anchors-vect-31.c scan-tree-dump-times vect "Vectorizing an unaligned access" 0
XPASS: gcc.dg/vect/pr65947-1.c -flto -ffat-lto-objects scan-tree-dump-times vect "LOOP VECTORIZED" 2
XPASS: gcc.dg/vect/pr65947-1.c -flto -ffat-lto-objects scan-tree-dump-times vect "condition expression based on integer induction." 4
XPASS: gcc.dg/vect/pr65947-1.c scan-tree-dump-times vect "LOOP VECTORIZED" 2
XPASS: gcc.dg/vect/pr65947-1.c scan-tree-dump-times vect "condition expression based on integer induction." 4
XPASS: gcc.dg/vect/pr65947-10.c -flto -ffat-lto-objects scan-tree-dump-times vect "LOOP VECTORIZED" 2
XPASS: gcc.dg/vect/pr65947-10.c scan-tree-dump-times vect "LOOP VECTORIZED" 2
XPASS: gcc.dg/vect/pr65947-12.c -flto -ffat-lto-objects scan-tree-dump-times vect "LOOP VECTORIZED" 2
XPASS: gcc.dg/vect/pr65947-12.c scan-tree-dump-times vect "LOOP VECTORIZED" 2
XPASS: gcc.dg/vect/pr65947-13.c -flto -ffat-lto-objects scan-tree-dump-times vect "LOOP VECTORIZED" 2
XPASS: gcc.dg/vect/pr65947-13.c scan-tree-dump-times vect "LOOP VECTORIZED" 2
XPASS: gcc.dg/vect/pr65947-2.c -flto -ffat-lto-objects scan-tree-dump-times vect "LOOP VECTORIZED" 2
XPASS: gcc.dg/vect/pr65947-2.c scan-tree-dump-times vect "LOOP VECTORIZED" 2
XPASS: gcc.dg/vect/pr65947-3.c -flto -ffat-lto-objects scan-tree-dump-times vect "LOOP VECTORIZED" 2
XPASS: gcc.dg/vect/pr65947-3.c scan-tree-dump-times vect "LOOP VECTORIZED" 2
XPASS: gcc.dg/vect/pr65947-4.c -flto -ffat-lto-objects scan-tree-dump-times vect "LOOP VECTORIZED" 2
XPASS: gcc.dg/vect/pr65947-4.c -flto -ffat-lto-objects scan-tree-dump-times vect "condition expression based on integer induction." 4
XPASS: gcc.dg/vect/pr65947-4.c scan-tree-dump-times vect "LOOP VECTORIZED" 2
XPASS: gcc.dg/vect/pr65947-4.c scan-tree-dump-times vect "condition expression based on integer induction." 4
XPASS: gcc.dg/vect/pr65947-5.c -flto -ffat-lto-objects scan-tree-dump vect "loop size is greater than data size"
XPASS: gcc.dg/vect/pr65947-5.c scan-tree-dump vect "loop size is greater than data size"
XPASS: gcc.dg/vect/pr65947-6.c -flto -ffat-lto-objects scan-tree-dump-times vect "LOOP VECTORIZED" 2
XPASS: gcc.dg/vect/pr65947-6.c scan-tree-dump-times vect "LOOP VECTORIZED" 2
XPASS: gcc.dg/vect/pr65947-9.c -flto -ffat-lto-objects scan-tree-dump vect "loop size is greater than data size"
XPASS: gcc.dg/vect/pr65947-9.c scan-tree-dump vect "loop size is greater than data size"
FAIL: gcc.dg/vect/slp-perm-9.c -flto -ffat-lto-objects scan-tree-dump-times vect "vectorized 1 loops" 2
FAIL: gcc.dg/vect/slp-perm-9.c scan-tree-dump-times vect "vectorized 1 loops" 2
FAIL: gcc.dg/vect/vect-92.c -flto -ffat-lto-objects scan-tree-dump-times vect "Alignment of access forced using peeling" 3
FAIL: gcc.dg/vect/vect-92.c -flto -ffat-lto-objects scan-tree-dump-times vect "Vectorizing an unaligned access" 0
FAIL: gcc.dg/vect/vect-92.c scan-tree-dump-times vect "Alignment of access forced using peeling" 3
FAIL: gcc.dg/vect/vect-92.c scan-tree-dump-times vect "Vectorizing an unaligned access" 0
FAIL: gcc.dg/vect/vect-93.c -flto -ffat-lto-objects scan-tree-dump-times vect "Vectorizing an unaligned access" 1
FAIL: gcc.dg/vect/vect-93.c scan-tree-dump-times vect "Vectorizing an unaligned access" 1
FAIL: gcc.dg/vect/vect-nb-iter-ub-2.c -flto -ffat-lto-objects scan-tree-dump cunroll "loop turned into non-loop; it never loops"
FAIL: gcc.dg/vect/vect-nb-iter-ub-2.c scan-tree-dump cunroll "loop turned into non-loop; it never loops"
FAIL: gcc.dg/vect/vect-nb-iter-ub-3.c -flto -ffat-lto-objects scan-tree-dump-not cunroll "loop turned into non-loop; it never loops"
FAIL: gcc.dg/vect/vect-nb-iter-ub-3.c scan-tree-dump-not cunroll "loop turned into non-loop; it never loops"
XPASS: gcc.dg/vect/vect-pr69848.c -flto -ffat-lto-objects scan-tree-dump vect "vectorized 1 loops"
XPASS: gcc.dg/vect/vect-pr69848.c scan-tree-dump vect "vectorized 1 loops"
=== gcc Summary for unix/-m32 ===
=== gcc Summary ===
/export/users1/nightly/gcc.svn/test-intel64corei7avx2PIC/gcc-build-trunk/bld/gcc/xgcc version 7.0.0 20161015 (experimental) [trunk revision 241197] (GCC)
=== gfortran tests ===
Running target unix
FAIL: gfortran.dg/argument_checking_11.f90 -O (test for errors, line 134)
FAIL: gfortran.dg/argument_checking_11.f90 -O (test for errors, line 135)
FAIL: gfortran.dg/argument_checking_11.f90 -O (test for errors, line 139)
FAIL: gfortran.dg/argument_checking_11.f90 -O (test for errors, line 141)
FAIL: gfortran.dg/argument_checking_11.f90 -O (test for errors, line 142)
FAIL: gfortran.dg/argument_checking_11.f90 -O (test for errors, line 144)
FAIL: gfortran.dg/argument_checking_11.f90 -O (test for errors, line 145)
FAIL: gfortran.dg/argument_checking_11.f90 -O (test for errors, line 148)
FAIL: gfortran.dg/argument_checking_11.f90 -O (test for errors, line 149)
FAIL: gfortran.dg/argument_checking_11.f90 -O (test for errors, line 150)
FAIL: gfortran.dg/argument_checking_11.f90 -O (test for errors, line 151)
FAIL: gfortran.dg/argument_checking_11.f90 -O (test for errors, line 174)
FAIL: gfortran.dg/argument_checking_11.f90 -O (test for errors, line 175)
FAIL: gfortran.dg/argument_checking_11.f90 -O (test for errors, line 176)
FAIL: gfortran.dg/argument_checking_11.f90 -O (test for errors, line 177)
FAIL: gfortran.dg/argument_checking_11.f90 -O (test for errors, line 181)
FAIL: gfortran.dg/argument_checking_11.f90 -O (test for errors, line 183)
FAIL: gfortran.dg/argument_checking_11.f90 -O (test for errors, line 184)
FAIL: gfortran.dg/argument_checking_11.f90 -O (test for errors, line 188)
FAIL: gfortran.dg/argument_checking_11.f90 -O (test for errors, line 190)
FAIL: gfortran.dg/argument_checking_11.f90 -O (test for errors, line 191)
FAIL: gfortran.dg/argument_checking_11.f90 -O (test for errors, line 193)
FAIL: gfortran.dg/argument_checking_11.f90 -O (test for errors, line 194)
FAIL: gfortran.dg/argument_checking_11.f90 -O (test for errors, line 195)
FAIL: gfortran.dg/argument_checking_11.f90 -O (test for errors, line 196)
FAIL: gfortran.dg/argument_checking_11.f90 -O (test for errors, line 219)
FAIL: gfortran.dg/argument_checking_11.f90 -O (test for errors, line 220)
FAIL: gfortran.dg/argument_checking_11.f90 -O (test for errors, line 221)
FAIL: gfortran.dg/argument_checking_11.f90 -O (test for errors, line 222)
FAIL: gfortran.dg/argument_checking_11.f90 -O (test for errors, line 228)
FAIL: gfortran.dg/argument_checking_11.f90 -O (test for errors, line 229)
FAIL: gfortran.dg/argument_checking_11.f90 -O (test for errors, line 233)
FAIL: gfortran.dg/argument_checking_11.f90 -O (test for errors, line 235)
FAIL: gfortran.dg/argument_checking_11.f90 -O (test for errors, line 236)
FAIL: gfortran.dg/argument_checking_11.f90 -O (test for errors, line 238)
FAIL: gfortran.dg/argument_checking_11.f90 -O (test for errors, line 239)
FAIL: gfortran.dg/argument_checking_11.f90 -O (test for errors, line 24)
FAIL: gfortran.dg/argument_checking_11.f90 -O (test for errors, line 242)
FAIL: gfortran.dg/argument_checking_11.f90 -O (test for errors, line 243)
FAIL: gfortran.dg/argument_checking_11.f90 -O (test for errors, line 244)
FAIL: gfortran.dg/argument_checking_11.f90 -O (test for errors, line 245)
FAIL: gfortran.dg/argument_checking_11.f90 -O (test for errors, line 25)
FAIL: gfortran.dg/argument_checking_11.f90 -O (test for errors, line 268)
FAIL: gfortran.dg/argument_checking_11.f90 -O (test for errors, line 269)
FAIL: gfortran.dg/argument_checking_11.f90 -O (test for errors, line 270)
FAIL: gfortran.dg/argument_checking_11.f90 -O (test for errors, line 271)
FAIL: gfortran.dg/argument_checking_11.f90 -O (test for errors, line 29)
FAIL: gfortran.dg/argument_checking_11.f90 -O (test for errors, line 31)
FAIL: gfortran.dg/argument_checking_11.f90 -O (test for errors, line 32)
FAIL: gfortran.dg/argument_checking_11.f90 -O (test for errors, line 33)
FAIL: gfortran.dg/argument_checking_11.f90 -O (test for errors, line 36)
FAIL: gfortran.dg/argument_checking_11.f90 -O (test for errors, line 37)
FAIL: gfortran.dg/argument_checking_11.f90 -O (test for errors, line 38)
FAIL: gfortran.dg/argument_checking_11.f90 -O (test for errors, line 39)
FAIL: gfortran.dg/argument_checking_11.f90 -O (test for errors, line 51)
FAIL: gfortran.dg/argument_checking_11.f90 -O (test for errors, line 53)
FAIL: gfortran.dg/argument_checking_11.f90 -O (test for errors, line 54)
FAIL: gfortran.dg/argument_checking_11.f90 -O (test for errors, line 58)
FAIL: gfortran.dg/argument_checking_11.f90 -O (test for errors, line 60)
FAIL: gfortran.dg/argument_checking_11.f90 -O (test for errors, line 61)
FAIL: gfortran.dg/argument_checking_11.f90 -O (test for errors, line 63)
FAIL: gfortran.dg/argument_checking_11.f90 -O (test for errors, line 64)
FAIL: gfortran.dg/argument_checking_11.f90 -O (test for errors, line 65)
FAIL: gfortran.dg/argument_checking_11.f90 -O (test for errors, line 66)
FAIL: gfortran.dg/argument_checking_11.f90 -O (test for errors, line 67)
FAIL: gfortran.dg/argument_checking_11.f90 -O (test for errors, line 68)
FAIL: gfortran.dg/argument_checking_11.f90 -O (test for errors, line 69)
FAIL: gfortran.dg/argument_checking_11.f90 -O (test for errors, line 70)
FAIL: gfortran.dg/argument_checking_11.f90 -O (test for errors, line 84)
FAIL: gfortran.dg/argument_checking_11.f90 -O (test for errors, line 85)
FAIL: gfortran.dg/argument_checking_11.f90 -O (test for errors, line 89)
FAIL: gfortran.dg/argument_checking_11.f90 -O (test for errors, line 91)
FAIL: gfortran.dg/argument_checking_11.f90 -O (test for errors, line 92)
FAIL: gfortran.dg/argument_checking_11.f90 -O (test for errors, line 93)
FAIL: gfortran.dg/argument_checking_11.f90 -O (test for errors, line 96)
FAIL: gfortran.dg/argument_checking_11.f90 -O (test for errors, line 97)
FAIL: gfortran.dg/argument_checking_11.f90 -O (test for errors, line 98)
FAIL: gfortran.dg/argument_checking_11.f90 -O (test for errors, line 99)
FAIL: gfortran.dg/argument_checking_11.f90 -O (internal compiler error)
FAIL: gfortran.dg/argument_checking_11.f90 -O (test for excess errors)
FAIL: gfortran.dg/argument_checking_9.f90 -O (test for errors, line 15)
FAIL: gfortran.dg/argument_checking_9.f90 -O (test for errors, line 16)
FAIL: gfortran.dg/argument_checking_9.f90 -O (test for errors, line 17)
FAIL: gfortran.dg/argument_checking_9.f90 -O (test for errors, line 18)
FAIL: gfortran.dg/argument_checking_9.f90 -O (test for errors, line 19)
FAIL: gfortran.dg/argument_checking_9.f90 -O (test for errors, line 20)
FAIL: gfortran.dg/argument_checking_9.f90 -O (test for errors, line 21)
FAIL: gfortran.dg/argument_checking_9.f90 -O (test for errors, line 22)
FAIL: gfortran.dg/argument_checking_9.f90 -O (test for errors, line 23)
FAIL: gfortran.dg/argument_checking_9.f90 -O (test for errors, line 24)
FAIL: gfortran.dg/argument_checking_9.f90 -O (test for errors, line 25)
FAIL: gfortran.dg/argument_checking_9.f90 -O (test for errors, line 26)
FAIL: gfortran.dg/argument_checking_9.f90 -O (test for errors, line 27)
FAIL: gfortran.dg/argument_checking_9.f90 -O (test for errors, line 28)
FAIL: gfortran.dg/argument_checking_9.f90 -O (test for errors, line 29)
FAIL: gfortran.dg/argument_checking_9.f90 -O (test for errors, line 30)
FAIL: gfortran.dg/argument_checking_9.f90 -O (test for errors, line 31)
FAIL: gfortran.dg/argument_checking_9.f90 -O (test for errors, line 32)
FAIL: gfortran.dg/argument_checking_9.f90 -O (test for errors, line 33)
FAIL: gfortran.dg/argument_checking_9.f90 -O (test for errors, line 34)
FAIL: gfortran.dg/argument_checking_9.f90 -O (test for errors, line 35)
FAIL: gfortran.dg/argument_checking_9.f90 -O (test for errors, line 36)
FAIL: gfortran.dg/argument_checking_9.f90 -O (test for errors, line 37)
FAIL: gfortran.dg/argument_checking_9.f90 -O (test for errors, line 38)
FAIL: gfortran.dg/argument_checking_9.f90 -O (test for errors, line 39)
FAIL: gfortran.dg/argument_checking_9.f90 -O (test for errors, line 40)
FAIL: gfortran.dg/argument_checking_9.f90 -O (test for errors, line 41)
FAIL: gfortran.dg/argument_checking_9.f90 -O (test for errors, line 42)
FAIL: gfortran.dg/argument_checking_9.f90 -O (test for errors, line 43)
FAIL: gfortran.dg/argument_checking_9.f90 -O (test for errors, line 44)
FAIL: gfortran.dg/argument_checking_9.f90 -O (test for errors, line 45)
FAIL: gfortran.dg/argument_checking_9.f90 -O (test for errors, line 46)
FAIL: gfortran.dg/argument_checking_9.f90 -O (test for errors, line 47)
FAIL: gfortran.dg/argument_checking_9.f90 -O (test for errors, line 48)
FAIL: gfortran.dg/argument_checking_9.f90 -O (test for errors, line 49)
FAIL: gfortran.dg/argument_checking_9.f90 -O (internal compiler error)
FAIL: gfortran.dg/argument_checking_9.f90 -O (test for excess errors)
FAIL: gfortran.dg/coarray_7.f90 -O (test for errors, line 101)
FAIL: gfortran.dg/coarray_7.f90 -O (test for errors, line 114)
FAIL: gfortran.dg/coarray_7.f90 -O (test for errors, line 115)
FAIL: gfortran.dg/coarray_7.f90 -O (test for errors, line 128)
FAIL: gfortran.dg/coarray_7.f90 -O (test for errors, line 130)
FAIL: gfortran.dg/coarray_7.f90 -O (test for errors, line 140)
FAIL: gfortran.dg/coarray_7.f90 -O (test for errors, line 173)
FAIL: gfortran.dg/coarray_7.f90 -O (test for errors, line 29)
FAIL: gfortran.dg/coarray_7.f90 -O (test for errors, line 34)
FAIL: gfortran.dg/coarray_7.f90 -O (test for errors, line 36)
FAIL: gfortran.dg/coarray_7.f90 -O (test for errors, line 38)
FAIL: gfortran.dg/coarray_7.f90 -O (test for errors, line 40)
FAIL: gfortran.dg/coarray_7.f90 -O (test for errors, line 46)
FAIL: gfortran.dg/coarray_7.f90 -O (test for errors, line 47)
FAIL: gfortran.dg/coarray_7.f90 -O (test for errors, line 51)
FAIL: gfortran.dg/coarray_7.f90 -O (test for errors, line 53)
FAIL: gfortran.dg/coarray_7.f90 -O (test for errors, line 91)
FAIL: gfortran.dg/coarray_7.f90 -O (test for errors, line 92)
FAIL: gfortran.dg/coarray_7.f90 -O (internal compiler error)
FAIL: gfortran.dg/coarray_7.f90 -O (test for excess errors)
FAIL: gfortran.dg/coarray_8.f90 -O (test for errors, line 115)
FAIL: gfortran.dg/coarray_8.f90 -O (test for errors, line 134)
FAIL: gfortran.dg/coarray_8.f90 -O (test for errors, line 135)
FAIL: gfortran.dg/coarray_8.f90 -O (test for errors, line 138)
FAIL: gfortran.dg/coarray_8.f90 -O (test for errors, line 141)
FAIL: gfortran.dg/coarray_8.f90 -O (test for errors, line 148)
FAIL: gfortran.dg/coarray_8.f90 -O (test for errors, line 149)
FAIL: gfortran.dg/coarray_8.f90 -O (test for errors, line 150)
FAIL: gfortran.dg/coarray_8.f90 -O (test for errors, line 156)
FAIL: gfortran.dg/coarray_8.f90 -O (test for errors, line 157)
FAIL: gfortran.dg/coarray_8.f90 -O (test for errors, line 158)
FAIL: gfortran.dg/coarray_8.f90 -O (test for errors, line 169)
FAIL: gfortran.dg/coarray_8.f90 -O (test for errors, line 176)
FAIL: gfortran.dg/coarray_8.f90 -O (test for errors, line 36)
FAIL: gfortran.dg/coarray_8.f90 -O (test for errors, line 42)
FAIL: gfortran.dg/coarray_8.f90 -O (test for errors, line 48)
FAIL: gfortran.dg/coarray_8.f90 -O (test for errors, line 49)
FAIL: gfortran.dg/coarray_8.f90 -O (test for errors, line 76)
FAIL: gfortran.dg/coarray_8.f90 -O (test for errors, line 78)
FAIL: gfortran.dg/coarray_8.f90 -O (test for errors, line 79)
FAIL: gfortran.dg/coarray_8.f90 -O (test for errors, line 80)
FAIL: gfortran.dg/coarray_8.f90 -O (test for errors, line 81)
FAIL: gfortran.dg/coarray_8.f90 -O (test for errors, line 82)
FAIL: gfortran.dg/coarray_8.f90 -O (test for errors, line 83)
FAIL: gfortran.dg/coarray_8.f90 -O (test for errors, line 90)
FAIL: gfortran.dg/coarray_8.f90 -O (test for errors, line 91)
FAIL: gfortran.dg/coarray_8.f90 -O (test for errors, line 92)
FAIL: gfortran.dg/coarray_8.f90 -O (internal compiler error)
FAIL: gfortran.dg/coarray_8.f90 -O (test for excess errors)
FAIL: gfortran.dg/coarray_atomic_3.f90 -O (test for errors, line 100)
FAIL: gfortran.dg/coarray_atomic_3.f90 -O (test for errors, line 101)
FAIL: gfortran.dg/coarray_atomic_3.f90 -O (test for errors, line 102)
FAIL: gfortran.dg/coarray_atomic_3.f90 -O (test for errors, line 103)
FAIL: gfortran.dg/coarray_atomic_3.f90 -O (test for errors, line 107)
FAIL: gfortran.dg/coarray_atomic_3.f90 -O (test for errors, line 108)
FAIL: gfortran.dg/coarray_atomic_3.f90 -O (test for errors, line 109)
FAIL: gfortran.dg/coarray_atomic_3.f90 -O (test for errors, line 110)
FAIL: gfortran.dg/coarray_atomic_3.f90 -O (test for errors, line 111)
FAIL: gfortran.dg/coarray_atomic_3.f90 -O (test for errors, line 26)
FAIL: gfortran.dg/coarray_atomic_3.f90 -O (test for errors, line 27)
FAIL: gfortran.dg/coarray_atomic_3.f90 -O (test for errors, line 28)
FAIL: gfortran.dg/coarray_atomic_3.f90 -O (test for errors, line 29)
FAIL: gfortran.dg/coarray_atomic_3.f90 -O (test for errors, line 30)
FAIL: gfortran.dg/coarray_atomic_3.f90 -O (test for errors, line 34)
FAIL: gfortran.dg/coarray_atomic_3.f90 -O (test for errors, line 35)
FAIL: gfortran.dg/coarray_atomic_3.f90 -O (test for errors, line 36)
FAIL: gfortran.dg/coarray_atomic_3.f90 -O (test for errors, line 37)
FAIL: gfortran.dg/coarray_atomic_3.f90 -O (test for errors, line 40)
FAIL: gfortran.dg/coarray_atomic_3.f90 -O (test for errors, line 41)
FAIL: gfortran.dg/coarray_atomic_3.f90 -O (test for errors, line 42)
FAIL: gfortran.dg/coarray_atomic_3.f90 -O (test for errors, line 43)
FAIL: gfortran.dg/coarray_atomic_3.f90 -O (test for errors, line 44)
FAIL: gfortran.dg/coarray_atomic_3.f90 -O (test for errors, line 46)
FAIL: gfortran.dg/coarray_atomic_3.f90 -O (test for errors, line 47)
FAIL: gfortran.dg/coarray_atomic_3.f90 -O (test for errors, line 48)
FAIL: gfortran.dg/coarray_atomic_3.f90 -O (test for errors, line 49)
FAIL: gfortran.dg/coarray_atomic_3.f90 -O (test for errors, line 50)
FAIL: gfortran.dg/coarray_atomic_3.f90 -O (test for errors, line 51)
FAIL: gfortran.dg/coarray_atomic_3.f90 -O (test for errors, line 55)
FAIL: gfortran.dg/coarray_atomic_3.f90 -O (test for errors, line 56)
FAIL: gfortran.dg/coarray_atomic_3.f90 -O (test for errors, line 57)
FAIL: gfortran.dg/coarray_atomic_3.f90 -O (test for errors, line 58)
FAIL: gfortran.dg/coarray_atomic_3.f90 -O (test for errors, line 62)
FAIL: gfortran.dg/coarray_atomic_3.f90 -O (test for errors, line 63)
FAIL: gfortran.dg/coarray_atomic_3.f90 -O (test for errors, line 64)
FAIL: gfortran.dg/coarray_atomic_3.f90 -O (test for errors, line 65)
FAIL: gfortran.dg/coarray_atomic_3.f90 -O (test for errors, line 69)
FAIL: gfortran.dg/coarray_atomic_3.f90 -O (test for errors, line 70)
FAIL: gfortran.dg/coarray_atomic_3.f90 -O (test for errors, line 71)
FAIL: gfortran.dg/coarray_atomic_3.f90 -O (test for errors, line 72)
FAIL: gfortran.dg/coarray_atomic_3.f90 -O (test for errors, line 76)
FAIL: gfortran.dg/coarray_atomic_3.f90 -O (test for errors, line 77)
FAIL: gfortran.dg/coarray_atomic_3.f90 -O (test for errors, line 78)
FAIL: gfortran.dg/coarray_atomic_3.f90 -O (test for errors, line 79)
FAIL: gfortran.dg/coarray_atomic_3.f90 -O (test for errors, line 83)
FAIL: gfortran.dg/coarray_atomic_3.f90 -O (test for errors, line 84)
FAIL: gfortran.dg/coarray_atomic_3.f90 -O (test for errors, line 85)
FAIL: gfortran.dg/coarray_atomic_3.f90 -O (test for errors, line 86)
FAIL: gfortran.dg/coarray_atomic_3.f90 -O (test for errors, line 87)
FAIL: gfortran.dg/coarray_atomic_3.f90 -O (test for errors, line 91)
FAIL: gfortran.dg/coarray_atomic_3.f90 -O (test for errors, line 92)
FAIL: gfortran.dg/coarray_atomic_3.f90 -O (test for errors, line 93)
FAIL: gfortran.dg/coarray_atomic_3.f90 -O (test for errors, line 94)
FAIL: gfortran.dg/coarray_atomic_3.f90 -O (test for errors, line 95)
FAIL: gfortran.dg/coarray_atomic_3.f90 -O (test for errors, line 99)
FAIL: gfortran.dg/coarray_atomic_3.f90 -O (internal compiler error)
FAIL: gfortran.dg/coarray_atomic_3.f90 -O (test for excess errors)
FAIL: gfortran.dg/coarray_collectives_14.f90 -O (test for errors, line 45)
FAIL: gfortran.dg/coarray_collectives_14.f90 -O (test for errors, line 46)
FAIL: gfortran.dg/coarray_collectives_14.f90 -O (test for errors, line 47)
FAIL: gfortran.dg/coarray_collectives_14.f90 -O (test for errors, line 48)
FAIL: gfortran.dg/coarray_collectives_14.f90 -O (test for errors, line 49)
FAIL: gfortran.dg/coarray_collectives_14.f90 -O (test for errors, line 53)
FAIL: gfortran.dg/coarray_collectives_14.f90 -O (test for errors, line 54)
FAIL: gfortran.dg/coarray_collectives_14.f90 -O (test for errors, line 55)
FAIL: gfortran.dg/coarray_collectives_14.f90 -O (test for errors, line 56)
FAIL: gfortran.dg/coarray_collectives_14.f90 -O (test for errors, line 57)
FAIL: gfortran.dg/coarray_collectives_14.f90 -O (test for errors, line 58)
FAIL: gfortran.dg/coarray_collectives_14.f90 -O (test for errors, line 59)
FAIL: gfortran.dg/coarray_collectives_14.f90 -O (test for errors, line 60)
FAIL: gfortran.dg/coarray_collectives_14.f90 -O (test for errors, line 61)
FAIL: gfortran.dg/coarray_collectives_14.f90 -O (test for errors, line 62)
FAIL: gfortran.dg/coarray_collectives_14.f90 -O (test for errors, line 63)
FAIL: gfortran.dg/coarray_collectives_14.f90 -O (test for errors, line 64)
FAIL: gfortran.dg/coarray_collectives_14.f90 -O (test for errors, line 65)
FAIL: gfortran.dg/coarray_collectives_14.f90 -O (test for errors, line 66)
FAIL: gfortran.dg/coarray_collectives_14.f90 -O (test for errors, line 67)
FAIL: gfortran.dg/coarray_collectives_14.f90 -O (test for errors, line 68)
FAIL: gfortran.dg/coarray_collectives_14.f90 -O (test for errors, line 69)
FAIL: gfortran.dg/coarray_collectives_14.f90 -O (test for errors, line 70)
FAIL: gfortran.dg/coarray_collectives_14.f90 -O (test for errors, line 71)
FAIL: gfortran.dg/coarray_collectives_14.f90 -O (test for errors, line 72)
FAIL: gfortran.dg/coarray_collectives_14.f90 -O (test for errors, line 73)
FAIL: gfortran.dg/coarray_collectives_14.f90 -O (test for errors, line 74)
FAIL: gfortran.dg/coarray_collectives_14.f90 -O (test for errors, line 75)
FAIL: gfortran.dg/coarray_collectives_14.f90 -O (test for errors, line 76)
FAIL: gfortran.dg/coarray_collectives_14.f90 -O (test for errors, line 77)
FAIL: gfortran.dg/coarray_collectives_14.f90 -O (test for errors, line 78)
FAIL: gfortran.dg/coarray_collectives_14.f90 -O (test for errors, line 79)
FAIL: gfortran.dg/coarray_collectives_14.f90 -O (test for errors, line 80)
FAIL: gfortran.dg/coarray_collectives_14.f90 -O (test for errors, line 81)
FAIL: gfortran.dg/coarray_collectives_14.f90 -O (test for errors, line 82)
FAIL: gfortran.dg/coarray_collectives_14.f90 -O (test for errors, line 83)
FAIL: gfortran.dg/coarray_collectives_14.f90 -O (test for errors, line 86)
FAIL: gfortran.dg/coarray_collectives_14.f90 -O (test for errors, line 87)
FAIL: gfortran.dg/coarray_collectives_14.f90 -O (test for errors, line 88)
FAIL: gfortran.dg/coarray_collectives_14.f90 -O (test for errors, line 89)
FAIL: gfortran.dg/coarray_collectives_14.f90 -O (internal compiler error)
FAIL: gfortran.dg/coarray_collectives_14.f90 -O (test for excess errors)
FAIL: gfortran.dg/coarray_collectives_9.f90 -O (test for errors, line 28)
FAIL: gfortran.dg/coarray_collectives_9.f90 -O (test for errors, line 29)
FAIL: gfortran.dg/coarray_collectives_9.f90 -O (test for errors, line 30)
FAIL: gfortran.dg/coarray_collectives_9.f90 -O (test for errors, line 31)
FAIL: gfortran.dg/coarray_collectives_9.f90 -O (test for errors, line 32)
FAIL: gfortran.dg/coarray_collectives_9.f90 -O (test for errors, line 34)
FAIL: gfortran.dg/coarray_collectives_9.f90 -O (test for errors, line 35)
FAIL: gfortran.dg/coarray_collectives_9.f90 -O (test for errors, line 36)
FAIL: gfortran.dg/coarray_collectives_9.f90 -O (test for errors, line 37)
FAIL: gfortran.dg/coarray_collectives_9.f90 -O (test for errors, line 38)
FAIL: gfortran.dg/coarray_collectives_9.f90 -O (test for errors, line 41)
FAIL: gfortran.dg/coarray_collectives_9.f90 -O (test for errors, line 42)
FAIL: gfortran.dg/coarray_collectives_9.f90 -O (test for errors, line 43)
FAIL: gfortran.dg/coarray_collectives_9.f90 -O (test for errors, line 44)
FAIL: gfortran.dg/coarray_collectives_9.f90 -O (test for errors, line 45)
FAIL: gfortran.dg/coarray_collectives_9.f90 -O (test for errors, line 47)
FAIL: gfortran.dg/coarray_collectives_9.f90 -O (test for errors, line 48)
FAIL: gfortran.dg/coarray_collectives_9.f90 -O (test for errors, line 49)
FAIL: gfortran.dg/coarray_collectives_9.f90 -O (test for errors, line 50)
FAIL: gfortran.dg/coarray_collectives_9.f90 -O (test for errors, line 51)
FAIL: gfortran.dg/coarray_collectives_9.f90 -O (test for errors, line 54)
FAIL: gfortran.dg/coarray_collectives_9.f90 -O (test for errors, line 55)
FAIL: gfortran.dg/coarray_collectives_9.f90 -O (test for errors, line 56)
FAIL: gfortran.dg/coarray_collectives_9.f90 -O (test for errors, line 57)
FAIL: gfortran.dg/coarray_collectives_9.f90 -O (test for errors, line 58)
FAIL: gfortran.dg/coarray_collectives_9.f90 -O (test for errors, line 60)
FAIL: gfortran.dg/coarray_collectives_9.f90 -O (test for errors, line 61)
FAIL: gfortran.dg/coarray_collectives_9.f90 -O (internal compiler error)
FAIL: gfortran.dg/coarray_collectives_9.f90 -O (test for excess errors)
FAIL: gfortran.dg/io_constraints_3.f90 -O (test for errors, line 109)
FAIL: gfortran.dg/io_constraints_3.f90 -O (test for errors, line 110)
FAIL: gfortran.dg/io_constraints_3.f90 -O (test for errors, line 137)
FAIL: gfortran.dg/io_constraints_3.f90 -O (test for errors, line 138)
FAIL: gfortran.dg/io_constraints_3.f90 -O (test for errors, line 146)
FAIL: gfortran.dg/io_constraints_3.f90 -O (test for errors, line 150)
FAIL: gfortran.dg/io_constraints_3.f90 -O (test for errors, line 155)
FAIL: gfortran.dg/io_constraints_3.f90 -O (test for errors, line 159)
FAIL: gfortran.dg/io_constraints_3.f90 -O (test for errors, line 163)
FAIL: gfortran.dg/io_constraints_3.f90 -O (test for errors, line 168)
FAIL: gfortran.dg/io_constraints_3.f90 -O (test for errors, line 170)
FAIL: gfortran.dg/io_constraints_3.f90 -O (test for errors, line 171)
FAIL: gfortran.dg/io_constraints_3.f90 -O (test for errors, line 172)
FAIL: gfortran.dg/io_constraints_3.f90 -O (test for errors, line 173)
FAIL: gfortran.dg/io_constraints_3.f90 -O (test for errors, line 177)
FAIL: gfortran.dg/io_constraints_3.f90 -O (test for errors, line 179)
FAIL: gfortran.dg/io_constraints_3.f90 -O (test for errors, line 180)
FAIL: gfortran.dg/io_constraints_3.f90 -O (test for errors, line 181)
FAIL: gfortran.dg/io_constraints_3.f90 -O (test for errors, line 183)
FAIL: gfortran.dg/io_constraints_3.f90 -O (test for errors, line 184)
FAIL: gfortran.dg/io_constraints_3.f90 -O (test for errors, line 185)
FAIL: gfortran.dg/io_constraints_3.f90 -O (test for errors, line 187)
FAIL: gfortran.dg/io_constraints_3.f90 -O (test for errors, line 191)
FAIL: gfortran.dg/io_constraints_3.f90 -O (test for errors, line 47)
FAIL: gfortran.dg/io_constraints_3.f90 -O (test for errors, line 48)
FAIL: gfortran.dg/io_constraints_3.f90 -O (test for errors, line 69)
FAIL: gfortran.dg/io_constraints_3.f90 -O (test for warnings, line 102)
FAIL: gfortran.dg/io_constraints_3.f90 -O (test for warnings, line 107)
FAIL: gfortran.dg/io_constraints_3.f90 -O (test for warnings, line 111)
FAIL: gfortran.dg/io_constraints_3.f90 -O (test for warnings, line 112)
FAIL: gfortran.dg/io_constraints_3.f90 -O (test for warnings, line 116)
FAIL: gfortran.dg/io_constraints_3.f90 -O (test for warnings, line 118)
FAIL: gfortran.dg/io_constraints_3.f90 -O (test for warnings, line 119)
FAIL: gfortran.dg/io_constraints_3.f90 -O (test for warnings, line 120)
FAIL: gfortran.dg/io_constraints_3.f90 -O (test for warnings, line 122)
FAIL: gfortran.dg/io_constraints_3.f90 -O (test for warnings, line 123)
FAIL: gfortran.dg/io_constraints_3.f90 -O (test for warnings, line 124)
FAIL: gfortran.dg/io_constraints_3.f90 -O (test for warnings, line 126)
FAIL: gfortran.dg/io_constraints_3.f90 -O (test for warnings, line 130)
FAIL: gfortran.dg/io_constraints_3.f90 -O (test for warnings, line 14)
FAIL: gfortran.dg/io_constraints_3.f90 -O (test for warnings, line 141)
FAIL: gfortran.dg/io_constraints_3.f90 -O (test for warnings, line 15)
FAIL: gfortran.dg/io_constraints_3.f90 -O (test for warnings, line 18)
FAIL: gfortran.dg/io_constraints_3.f90 -O (test for warnings, line 23)
FAIL: gfortran.dg/io_constraints_3.f90 -O (test for warnings, line 27)
FAIL: gfortran.dg/io_constraints_3.f90 -O (test for warnings, line 32)
FAIL: gfortran.dg/io_constraints_3.f90 -O (test for warnings, line 36)
FAIL: gfortran.dg/io_constraints_3.f90 -O (test for warnings, line 40)
FAIL: gfortran.dg/io_constraints_3.f90 -O (test for warnings, line 45)
FAIL: gfortran.dg/io_constraints_3.f90 -O (test for warnings, line 49)
FAIL: gfortran.dg/io_constraints_3.f90 -O (test for warnings, line 50)
FAIL: gfortran.dg/io_constraints_3.f90 -O (test for warnings, line 54)
FAIL: gfortran.dg/io_constraints_3.f90 -O (test for warnings, line 56)
FAIL: gfortran.dg/io_constraints_3.f90 -O (test for warnings, line 57)
FAIL: gfortran.dg/io_constraints_3.f90 -O (test for warnings, line 58)
FAIL: gfortran.dg/io_constraints_3.f90 -O (test for warnings, line 60)
FAIL: gfortran.dg/io_constraints_3.f90 -O (test for warnings, line 61)
FAIL: gfortran.dg/io_constraints_3.f90 -O (test for warnings, line 62)
FAIL: gfortran.dg/io_constraints_3.f90 -O (test for warnings, line 64)
FAIL: gfortran.dg/io_constraints_3.f90 -O (test for warnings, line 68)
FAIL: gfortran.dg/io_constraints_3.f90 -O (test for warnings, line 76)
FAIL: gfortran.dg/io_constraints_3.f90 -O (test for warnings, line 77)
FAIL: gfortran.dg/io_constraints_3.f90 -O (test for warnings, line 80)
FAIL: gfortran.dg/io_constraints_3.f90 -O (test for warnings, line 85)
FAIL: gfortran.dg/io_constraints_3.f90 -O (test for warnings, line 89)
FAIL: gfortran.dg/io_constraints_3.f90 -O (test for warnings, line 94)
FAIL: gfortran.dg/io_constraints_3.f90 -O (test for warnings, line 98)
FAIL: gfortran.dg/io_constraints_3.f90 -O (internal compiler error)
FAIL: gfortran.dg/io_constraints_3.f90 -O (test for excess errors)
FAIL: gfortran.dg/io_constraints_8.f90 -O (test for errors, line 15)
FAIL: gfortran.dg/io_constraints_8.f90 -O (test for errors, line 16)
FAIL: gfortran.dg/io_constraints_8.f90 -O (test for errors, line 17)
FAIL: gfortran.dg/io_constraints_8.f90 -O (test for errors, line 18)
FAIL: gfortran.dg/io_constraints_8.f90 -O (test for errors, line 19)
FAIL: gfortran.dg/io_constraints_8.f90 -O (test for errors, line 20)
FAIL: gfortran.dg/io_constraints_8.f90 -O (test for errors, line 21)
FAIL: gfortran.dg/io_constraints_8.f90 -O (test for errors, line 22)
FAIL: gfortran.dg/io_constraints_8.f90 -O (test for errors, line 23)
FAIL: gfortran.dg/io_constraints_8.f90 -O (test for errors, line 24)
FAIL: gfortran.dg/io_constraints_8.f90 -O (test for errors, line 25)
FAIL: gfortran.dg/io_constraints_8.f90 -O (test for errors, line 26)
FAIL: gfortran.dg/io_constraints_8.f90 -O (test for errors, line 27)
FAIL: gfortran.dg/io_constraints_8.f90 -O (test for errors, line 28)
FAIL: gfortran.dg/io_constraints_8.f90 -O (test for errors, line 29)
FAIL: gfortran.dg/io_constraints_8.f90 -O (test for errors, line 31)
FAIL: gfortran.dg/io_constraints_8.f90 -O (test for errors, line 32)
FAIL: gfortran.dg/io_constraints_8.f90 -O (test for errors, line 34)
FAIL: gfortran.dg/io_constraints_8.f90 -O (test for errors, line 35)
FAIL: gfortran.dg/io_constraints_8.f90 -O (test for errors, line 36)
FAIL: gfortran.dg/io_constraints_8.f90 -O (test for errors, line 37)
FAIL: gfortran.dg/io_constraints_8.f90 -O (test for errors, line 38)
FAIL: gfortran.dg/io_constraints_8.f90 -O (test for errors, line 39)
FAIL: gfortran.dg/io_constraints_8.f90 -O (test for errors, line 40)
FAIL: gfortran.dg/io_constraints_8.f90 -O (test for errors, line 42)
FAIL: gfortran.dg/io_constraints_8.f90 -O (test for errors, line 44)
FAIL: gfortran.dg/io_constraints_8.f90 -O (test for errors, line 45)
FAIL: gfortran.dg/io_constraints_8.f90 -O (test for errors, line 46)
FAIL: gfortran.dg/io_constraints_8.f90 -O (test for errors, line 47)
FAIL: gfortran.dg/io_constraints_8.f90 -O (test for errors, line 49)
FAIL: gfortran.dg/io_constraints_8.f90 -O (test for errors, line 50)
FAIL: gfortran.dg/io_constraints_8.f90 -O (test for errors, line 51)
FAIL: gfortran.dg/io_constraints_8.f90 -O (test for errors, line 52)
FAIL: gfortran.dg/io_constraints_8.f90 -O (test for errors, line 53)
FAIL: gfortran.dg/io_constraints_8.f90 -O (test for errors, line 54)
FAIL: gfortran.dg/io_constraints_8.f90 -O (test for errors, line 55)
FAIL: gfortran.dg/io_constraints_8.f90 -O (test for errors, line 56)
FAIL: gfortran.dg/io_constraints_8.f90 -O (test for errors, line 57)
FAIL: gfortran.dg/io_constraints_8.f90 -O (test for errors, line 58)
FAIL: gfortran.dg/io_constraints_8.f90 -O (test for errors, line 59)
FAIL: gfortran.dg/io_constraints_8.f90 -O (test for errors, line 60)
FAIL: gfortran.dg/io_constraints_8.f90 -O (test for errors, line 61)
FAIL: gfortran.dg/io_constraints_8.f90 -O (test for errors, line 62)
FAIL: gfortran.dg/io_constraints_8.f90 -O (test for errors, line 63)
FAIL: gfortran.dg/io_constraints_8.f90 -O (test for errors, line 64)
FAIL: gfortran.dg/io_constraints_8.f90 -O (test for errors, line 65)
FAIL: gfortran.dg/io_constraints_8.f90 -O (test for errors, line 66)
FAIL: gfortran.dg/io_constraints_8.f90 -O (test for errors, line 67)
FAIL: gfortran.dg/io_constraints_8.f90 -O (test for errors, line 68)
FAIL: gfortran.dg/io_constraints_8.f90 -O (test for errors, line 70)
FAIL: gfortran.dg/io_constraints_8.f90 -O (test for errors, line 71)
FAIL: gfortran.dg/io_constraints_8.f90 -O (internal compiler error)
FAIL: gfortran.dg/io_constraints_8.f90 -O (test for excess errors)
FAIL: gfortran.dg/maxerrors.f90 -O (test for errors, line 9)
FAIL: gfortran.dg/maxerrors.f90 -O (internal compiler error)
FAIL: gfortran.dg/maxerrors.f90 -O (test for excess errors)
FAIL: gfortran.dg/widechar_3.f90 -O (test for errors, line 100)
FAIL: gfortran.dg/widechar_3.f90 -O (test for errors, line 102)
FAIL: gfortran.dg/widechar_3.f90 -O (test for errors, line 104)
FAIL: gfortran.dg/widechar_3.f90 -O (test for errors, line 106)
FAIL: gfortran.dg/widechar_3.f90 -O (test for errors, line 108)
FAIL: gfortran.dg/widechar_3.f90 -O (test for errors, line 110)
FAIL: gfortran.dg/widechar_3.f90 -O (test for errors, line 13)
FAIL: gfortran.dg/widechar_3.f90 -O (test for errors, line 14)
FAIL: gfortran.dg/widechar_3.f90 -O (test for errors, line 18)
FAIL: gfortran.dg/widechar_3.f90 -O (test for errors, line 19)
FAIL: gfortran.dg/widechar_3.f90 -O (test for errors, line 23)
FAIL: gfortran.dg/widechar_3.f90 -O (test for errors, line 24)
FAIL: gfortran.dg/widechar_3.f90 -O (test for errors, line 28)
FAIL: gfortran.dg/widechar_3.f90 -O (test for errors, line 29)
FAIL: gfortran.dg/widechar_3.f90 -O (test for errors, line 33)
FAIL: gfortran.dg/widechar_3.f90 -O (test for errors, line 34)
FAIL: gfortran.dg/widechar_3.f90 -O (test for errors, line 38)
FAIL: gfortran.dg/widechar_3.f90 -O (test for errors, line 39)
FAIL: gfortran.dg/widechar_3.f90 -O (test for errors, line 43)
FAIL: gfortran.dg/widechar_3.f90 -O (test for errors, line 44)
FAIL: gfortran.dg/widechar_3.f90 -O (test for errors, line 48)
FAIL: gfortran.dg/widechar_3.f90 -O (test for errors, line 49)
FAIL: gfortran.dg/widechar_3.f90 -O (test for errors, line 53)
FAIL: gfortran.dg/widechar_3.f90 -O (test for errors, line 54)
FAIL: gfortran.dg/widechar_3.f90 -O (test for errors, line 58)
FAIL: gfortran.dg/widechar_3.f90 -O (test for errors, line 59)
FAIL: gfortran.dg/widechar_3.f90 -O (test for errors, line 63)
FAIL: gfortran.dg/widechar_3.f90 -O (test for errors, line 64)
FAIL: gfortran.dg/widechar_3.f90 -O (test for errors, line 68)
FAIL: gfortran.dg/widechar_3.f90 -O (test for errors, line 69)
FAIL: gfortran.dg/widechar_3.f90 -O (test for errors, line 73)
FAIL: gfortran.dg/widechar_3.f90 -O (test for errors, line 74)
FAIL: gfortran.dg/widechar_3.f90 -O (test for errors, line 78)
FAIL: gfortran.dg/widechar_3.f90 -O (test for errors, line 79)
FAIL: gfortran.dg/widechar_3.f90 -O (test for errors, line 8)
FAIL: gfortran.dg/widechar_3.f90 -O (test for errors, line 83)
FAIL: gfortran.dg/widechar_3.f90 -O (test for errors, line 84)
FAIL: gfortran.dg/widechar_3.f90 -O (test for errors, line 88)
FAIL: gfortran.dg/widechar_3.f90 -O (test for errors, line 9)
FAIL: gfortran.dg/widechar_3.f90 -O (test for errors, line 90)
FAIL: gfortran.dg/widechar_3.f90 -O (test for errors, line 92)
FAIL: gfortran.dg/widechar_3.f90 -O (test for errors, line 94)
FAIL: gfortran.dg/widechar_3.f90 -O (test for errors, line 96)
FAIL: gfortran.dg/widechar_3.f90 -O (test for errors, line 98)
FAIL: gfortran.dg/widechar_3.f90 -O (internal compiler error)
FAIL: gfortran.dg/widechar_3.f90 -O (test for excess errors)
FAIL: gfortran.dg/widechar_intrinsics_1.f90 -O (test for errors, line 101)
FAIL: gfortran.dg/widechar_intrinsics_1.f90 -O (test for errors, line 102)
FAIL: gfortran.dg/widechar_intrinsics_1.f90 -O (test for errors, line 103)
FAIL: gfortran.dg/widechar_intrinsics_1.f90 -O (test for errors, line 104)
FAIL: gfortran.dg/widechar_intrinsics_1.f90 -O (test for errors, line 106)
FAIL: gfortran.dg/widechar_intrinsics_1.f90 -O (test for errors, line 107)
FAIL: gfortran.dg/widechar_intrinsics_1.f90 -O (test for errors, line 108)
FAIL: gfortran.dg/widechar_intrinsics_1.f90 -O (test for errors, line 109)
FAIL: gfortran.dg/widechar_intrinsics_1.f90 -O (test for errors, line 112)
FAIL: gfortran.dg/widechar_intrinsics_1.f90 -O (test for errors, line 114)
FAIL: gfortran.dg/widechar_intrinsics_1.f90 -O (test for errors, line 12)
FAIL: gfortran.dg/widechar_intrinsics_1.f90 -O (test for errors, line 13)
FAIL: gfortran.dg/widechar_intrinsics_1.f90 -O (test for errors, line 14)
FAIL: gfortran.dg/widechar_intrinsics_1.f90 -O (test for errors, line 15)
FAIL: gfortran.dg/widechar_intrinsics_1.f90 -O (test for errors, line 18)
FAIL: gfortran.dg/widechar_intrinsics_1.f90 -O (test for errors, line 21)
FAIL: gfortran.dg/widechar_intrinsics_1.f90 -O (test for errors, line 26)
FAIL: gfortran.dg/widechar_intrinsics_1.f90 -O (test for errors, line 27)
FAIL: gfortran.dg/widechar_intrinsics_1.f90 -O (test for errors, line 28)
FAIL: gfortran.dg/widechar_intrinsics_1.f90 -O (test for errors, line 29)
FAIL: gfortran.dg/widechar_intrinsics_1.f90 -O (test for errors, line 36)
FAIL: gfortran.dg/widechar_intrinsics_1.f90 -O (test for errors, line 37)
FAIL: gfortran.dg/widechar_intrinsics_1.f90 -O (test for errors, line 38)
FAIL: gfortran.dg/widechar_intrinsics_1.f90 -O (test for errors, line 39)
FAIL: gfortran.dg/widechar_intrinsics_1.f90 -O (test for errors, line 41)
FAIL: gfortran.dg/widechar_intrinsics_1.f90 -O (test for errors, line 42)
FAIL: gfortran.dg/widechar_intrinsics_1.f90 -O (test for errors, line 43)
FAIL: gfortran.dg/widechar_intrinsics_1.f90 -O (test for errors, line 44)
FAIL: gfortran.dg/widechar_intrinsics_1.f90 -O (test for errors, line 46)
FAIL: gfortran.dg/widechar_intrinsics_1.f90 -O (test for errors, line 47)
FAIL: gfortran.dg/widechar_intrinsics_1.f90 -O (test for errors, line 48)
FAIL: gfortran.dg/widechar_intrinsics_1.f90 -O (test for errors, line 49)
FAIL: gfortran.dg/widechar_intrinsics_1.f90 -O (test for errors, line 56)
FAIL: gfortran.dg/widechar_intrinsics_1.f90 -O (test for errors, line 57)
FAIL: gfortran.dg/widechar_intrinsics_1.f90 -O (test for errors, line 58)
FAIL: gfortran.dg/widechar_intrinsics_1.f90 -O (test for errors, line 59)
FAIL: gfortran.dg/widechar_intrinsics_1.f90 -O (test for errors, line 61)
FAIL: gfortran.dg/widechar_intrinsics_1.f90 -O (test for errors, line 62)
FAIL: gfortran.dg/widechar_intrinsics_1.f90 -O (test for errors, line 63)
FAIL: gfortran.dg/widechar_intrinsics_1.f90 -O (test for errors, line 64)
FAIL: gfortran.dg/widechar_intrinsics_1.f90 -O (test for errors, line 66)
FAIL: gfortran.dg/widechar_intrinsics_1.f90 -O (test for errors, line 67)
FAIL: gfortran.dg/widechar_intrinsics_1.f90 -O (test for errors, line 68)
FAIL: gfortran.dg/widechar_intrinsics_1.f90 -O (test for errors, line 69)
FAIL: gfortran.dg/widechar_intrinsics_1.f90 -O (test for errors, line 76)
FAIL: gfortran.dg/widechar_intrinsics_1.f90 -O (test for errors, line 77)
FAIL: gfortran.dg/widechar_intrinsics_1.f90 -O (test for errors, line 78)
FAIL: gfortran.dg/widechar_intrinsics_1.f90 -O (test for errors, line 79)
FAIL: gfortran.dg/widechar_intrinsics_1.f90 -O (test for errors, line 81)
FAIL: gfortran.dg/widechar_intrinsics_1.f90 -O (test for errors, line 82)
FAIL: gfortran.dg/widechar_intrinsics_1.f90 -O (test for errors, line 83)
FAIL: gfortran.dg/widechar_intrinsics_1.f90 -O (test for errors, line 84)
FAIL: gfortran.dg/widechar_intrinsics_1.f90 -O (test for errors, line 86)
FAIL: gfortran.dg/widechar_intrinsics_1.f90 -O (test for errors, line 87)
FAIL: gfortran.dg/widechar_intrinsics_1.f90 -O (test for errors, line 88)
FAIL: gfortran.dg/widechar_intrinsics_1.f90 -O (test for errors, line 89)
FAIL: gfortran.dg/widechar_intrinsics_1.f90 -O (test for errors, line 96)
FAIL: gfortran.dg/widechar_intrinsics_1.f90 -O (test for errors, line 97)
FAIL: gfortran.dg/widechar_intrinsics_1.f90 -O (test for errors, line 98)
FAIL: gfortran.dg/widechar_intrinsics_1.f90 -O (test for errors, line 99)
FAIL: gfortran.dg/widechar_intrinsics_1.f90 -O (internal compiler error)
FAIL: gfortran.dg/widechar_intrinsics_1.f90 -O (test for excess errors)
FAIL: gfortran.dg/widechar_intrinsics_2.f90 -O (test for errors, line 100)
FAIL: gfortran.dg/widechar_intrinsics_2.f90 -O (test for errors, line 104)
FAIL: gfortran.dg/widechar_intrinsics_2.f90 -O (test for errors, line 105)
FAIL: gfortran.dg/widechar_intrinsics_2.f90 -O (test for errors, line 108)
FAIL: gfortran.dg/widechar_intrinsics_2.f90 -O (test for errors, line 109)
FAIL: gfortran.dg/widechar_intrinsics_2.f90 -O (test for errors, line 110)
FAIL: gfortran.dg/widechar_intrinsics_2.f90 -O (test for errors, line 112)
FAIL: gfortran.dg/widechar_intrinsics_2.f90 -O (test for errors, line 113)
FAIL: gfortran.dg/widechar_intrinsics_2.f90 -O (test for errors, line 114)
FAIL: gfortran.dg/widechar_intrinsics_2.f90 -O (test for errors, line 118)
FAIL: gfortran.dg/widechar_intrinsics_2.f90 -O (test for errors, line 119)
FAIL: gfortran.dg/widechar_intrinsics_2.f90 -O (test for errors, line 122)
FAIL: gfortran.dg/widechar_intrinsics_2.f90 -O (test for errors, line 126)
FAIL: gfortran.dg/widechar_intrinsics_2.f90 -O (test for errors, line 127)
FAIL: gfortran.dg/widechar_intrinsics_2.f90 -O (test for errors, line 13)
FAIL: gfortran.dg/widechar_intrinsics_2.f90 -O (test for errors, line 17)
FAIL: gfortran.dg/widechar_intrinsics_2.f90 -O (test for errors, line 18)
FAIL: gfortran.dg/widechar_intrinsics_2.f90 -O (test for errors, line 21)
FAIL: gfortran.dg/widechar_intrinsics_2.f90 -O (test for errors, line 22)
FAIL: gfortran.dg/widechar_intrinsics_2.f90 -O (test for errors, line 23)
FAIL: gfortran.dg/widechar_intrinsics_2.f90 -O (test for errors, line 25)
FAIL: gfortran.dg/widechar_intrinsics_2.f90 -O (test for errors, line 26)
FAIL: gfortran.dg/widechar_intrinsics_2.f90 -O (test for errors, line 27)
FAIL: gfortran.dg/widechar_intrinsics_2.f90 -O (test for errors, line 30)
FAIL: gfortran.dg/widechar_intrinsics_2.f90 -O (test for errors, line 33)
FAIL: gfortran.dg/widechar_intrinsics_2.f90 -O (test for errors, line 37)
FAIL: gfortran.dg/widechar_intrinsics_2.f90 -O (test for errors, line 38)
FAIL: gfortran.dg/widechar_intrinsics_2.f90 -O (test for errors, line 41)
FAIL: gfortran.dg/widechar_intrinsics_2.f90 -O (test for errors, line 42)
FAIL: gfortran.dg/widechar_intrinsics_2.f90 -O (test for errors, line 43)
FAIL: gfortran.dg/widechar_intrinsics_2.f90 -O (test for errors, line 46)
FAIL: gfortran.dg/widechar_intrinsics_2.f90 -O (test for errors, line 49)
FAIL: gfortran.dg/widechar_intrinsics_2.f90 -O (test for errors, line 53)
FAIL: gfortran.dg/widechar_intrinsics_2.f90 -O (test for errors, line 54)
FAIL: gfortran.dg/widechar_intrinsics_2.f90 -O (test for errors, line 58)
FAIL: gfortran.dg/widechar_intrinsics_2.f90 -O (test for errors, line 59)
FAIL: gfortran.dg/widechar_intrinsics_2.f90 -O (test for errors, line 63)
FAIL: gfortran.dg/widechar_intrinsics_2.f90 -O (test for errors, line 64)
FAIL: gfortran.dg/widechar_intrinsics_2.f90 -O (test for errors, line 68)
FAIL: gfortran.dg/widechar_intrinsics_2.f90 -O (test for errors, line 69)
FAIL: gfortran.dg/widechar_intrinsics_2.f90 -O (test for errors, line 73)
FAIL: gfortran.dg/widechar_intrinsics_2.f90 -O (test for errors, line 74)
FAIL: gfortran.dg/widechar_intrinsics_2.f90 -O (test for errors, line 77)
FAIL: gfortran.dg/widechar_intrinsics_2.f90 -O (test for errors, line 78)
FAIL: gfortran.dg/widechar_intrinsics_2.f90 -O (test for errors, line 79)
FAIL: gfortran.dg/widechar_intrinsics_2.f90 -O (test for errors, line 81)
FAIL: gfortran.dg/widechar_intrinsics_2.f90 -O (test for errors, line 82)
FAIL: gfortran.dg/widechar_intrinsics_2.f90 -O (test for errors, line 83)
FAIL: gfortran.dg/widechar_intrinsics_2.f90 -O (test for errors, line 86)
FAIL: gfortran.dg/widechar_intrinsics_2.f90 -O (test for errors, line 89)
FAIL: gfortran.dg/widechar_intrinsics_2.f90 -O (test for errors, line 90)
FAIL: gfortran.dg/widechar_intrinsics_2.f90 -O (test for errors, line 91)
FAIL: gfortran.dg/widechar_intrinsics_2.f90 -O (test for errors, line 93)
FAIL: gfortran.dg/widechar_intrinsics_2.f90 -O (test for errors, line 94)
FAIL: gfortran.dg/widechar_intrinsics_2.f90 -O (test for errors, line 95)
FAIL: gfortran.dg/widechar_intrinsics_2.f90 -O (test for errors, line 99)
FAIL: gfortran.dg/widechar_intrinsics_2.f90 -O (internal compiler error)
FAIL: gfortran.dg/widechar_intrinsics_2.f90 -O (test for excess errors)
FAIL: gfortran.dg/widechar_intrinsics_3.f90 -O (test for errors, line 13)
FAIL: gfortran.dg/widechar_intrinsics_3.f90 -O (test for errors, line 14)
FAIL: gfortran.dg/widechar_intrinsics_3.f90 -O (test for errors, line 15)
FAIL: gfortran.dg/widechar_intrinsics_3.f90 -O (test for errors, line 18)
FAIL: gfortran.dg/widechar_intrinsics_3.f90 -O (test for errors, line 21)
FAIL: gfortran.dg/widechar_intrinsics_3.f90 -O (test for errors, line 22)
FAIL: gfortran.dg/widechar_intrinsics_3.f90 -O (test for errors, line 23)
FAIL: gfortran.dg/widechar_intrinsics_3.f90 -O (test for errors, line 26)
FAIL: gfortran.dg/widechar_intrinsics_3.f90 -O (test for errors, line 29)
FAIL: gfortran.dg/widechar_intrinsics_3.f90 -O (test for errors, line 32)
FAIL: gfortran.dg/widechar_intrinsics_3.f90 -O (test for errors, line 35)
FAIL: gfortran.dg/widechar_intrinsics_3.f90 -O (test for errors, line 38)
FAIL: gfortran.dg/widechar_intrinsics_3.f90 -O (test for errors, line 41)
FAIL: gfortran.dg/widechar_intrinsics_3.f90 -O (test for errors, line 44)
FAIL: gfortran.dg/widechar_intrinsics_3.f90 -O (test for errors, line 45)
FAIL: gfortran.dg/widechar_intrinsics_3.f90 -O (test for errors, line 46)
FAIL: gfortran.dg/widechar_intrinsics_3.f90 -O (test for errors, line 49)
FAIL: gfortran.dg/widechar_intrinsics_3.f90 -O (test for errors, line 51)
FAIL: gfortran.dg/widechar_intrinsics_3.f90 -O (test for errors, line 54)
FAIL: gfortran.dg/widechar_intrinsics_3.f90 -O (test for errors, line 55)
FAIL: gfortran.dg/widechar_intrinsics_3.f90 -O (test for errors, line 56)
FAIL: gfortran.dg/widechar_intrinsics_3.f90 -O (test for errors, line 59)
FAIL: gfortran.dg/widechar_intrinsics_3.f90 -O (test for errors, line 60)
FAIL: gfortran.dg/widechar_intrinsics_3.f90 -O (test for errors, line 61)
FAIL: gfortran.dg/widechar_intrinsics_3.f90 -O (test for errors, line 64)
FAIL: gfortran.dg/widechar_intrinsics_3.f90 -O (test for errors, line 67)
FAIL: gfortran.dg/widechar_intrinsics_3.f90 -O (internal compiler error)
FAIL: gfortran.dg/widechar_intrinsics_3.f90 -O (test for excess errors)
FAIL: gfortran.dg/goacc/assumed.f95 -O (test for errors, line 10)
FAIL: gfortran.dg/goacc/assumed.f95 -O (test for errors, line 12)
FAIL: gfortran.dg/goacc/assumed.f95 -O (test for errors, line 14)
FAIL: gfortran.dg/goacc/assumed.f95 -O (test for errors, line 16)
FAIL: gfortran.dg/goacc/assumed.f95 -O (test for errors, line 18)
FAIL: gfortran.dg/goacc/assumed.f95 -O (test for errors, line 18)
FAIL: gfortran.dg/goacc/assumed.f95 -O (test for errors, line 22)
FAIL: gfortran.dg/goacc/assumed.f95 -O (test for errors, line 23)
FAIL: gfortran.dg/goacc/assumed.f95 -O (test for errors, line 24)
FAIL: gfortran.dg/goacc/assumed.f95 -O (test for errors, line 30)
FAIL: gfortran.dg/goacc/assumed.f95 -O (test for errors, line 31)
FAIL: gfortran.dg/goacc/assumed.f95 -O (test for errors, line 33)
FAIL: gfortran.dg/goacc/assumed.f95 -O (test for errors, line 35)
FAIL: gfortran.dg/goacc/assumed.f95 -O (test for errors, line 37)
FAIL: gfortran.dg/goacc/assumed.f95 -O (test for errors, line 39)
FAIL: gfortran.dg/goacc/assumed.f95 -O (test for errors, line 39)
FAIL: gfortran.dg/goacc/assumed.f95 -O (test for errors, line 43)
FAIL: gfortran.dg/goacc/assumed.f95 -O (test for errors, line 44)
FAIL: gfortran.dg/goacc/assumed.f95 -O (test for errors, line 45)
FAIL: gfortran.dg/goacc/assumed.f95 -O (test for errors, line 9)
FAIL: gfortran.dg/goacc/assumed.f95 -O (internal compiler error)
FAIL: gfortran.dg/goacc/assumed.f95 -O (test for excess errors)
FAIL: gfortran.dg/goacc/data-clauses.f95 -O (test for errors, line 101)
FAIL: gfortran.dg/goacc/data-clauses.f95 -O (test for errors, line 103)
FAIL: gfortran.dg/goacc/data-clauses.f95 -O (test for errors, line 114)
FAIL: gfortran.dg/goacc/data-clauses.f95 -O (test for errors, line 116)
FAIL: gfortran.dg/goacc/data-clauses.f95 -O (test for errors, line 118)
FAIL: gfortran.dg/goacc/data-clauses.f95 -O (test for errors, line 120)
FAIL: gfortran.dg/goacc/data-clauses.f95 -O (test for errors, line 122)
FAIL: gfortran.dg/goacc/data-clauses.f95 -O (test for errors, line 124)
FAIL: gfortran.dg/goacc/data-clauses.f95 -O (test for errors, line 126)
FAIL: gfortran.dg/goacc/data-clauses.f95 -O (test for errors, line 147)
FAIL: gfortran.dg/goacc/data-clauses.f95 -O (test for errors, line 149)
FAIL: gfortran.dg/goacc/data-clauses.f95 -O (test for errors, line 151)
FAIL: gfortran.dg/goacc/data-clauses.f95 -O (test for errors, line 153)
FAIL: gfortran.dg/goacc/data-clauses.f95 -O (test for errors, line 155)
FAIL: gfortran.dg/goacc/data-clauses.f95 -O (test for errors, line 157)
FAIL: gfortran.dg/goacc/data-clauses.f95 -O (test for errors, line 159)
FAIL: gfortran.dg/goacc/data-clauses.f95 -O (test for errors, line 161)
FAIL: gfortran.dg/goacc/data-clauses.f95 -O (test for errors, line 172)
FAIL: gfortran.dg/goacc/data-clauses.f95 -O (test for errors, line 174)
FAIL: gfortran.dg/goacc/data-clauses.f95 -O (test for errors, line 176)
FAIL: gfortran.dg/goacc/data-clauses.f95 -O (test for errors, line 178)
FAIL: gfortran.dg/goacc/data-clauses.f95 -O (test for errors, line 180)
FAIL: gfortran.dg/goacc/data-clauses.f95 -O (test for errors, line 182)
FAIL: gfortran.dg/goacc/data-clauses.f95 -O (test for errors, line 184)
FAIL: gfortran.dg/goacc/data-clauses.f95 -O (test for errors, line 186)
FAIL: gfortran.dg/goacc/data-clauses.f95 -O (test for errors, line 188)
FAIL: gfortran.dg/goacc/data-clauses.f95 -O (test for errors, line 199)
FAIL: gfortran.dg/goacc/data-clauses.f95 -O (test for errors, line 201)
FAIL: gfortran.dg/goacc/data-clauses.f95 -O (test for errors, line 203)
FAIL: gfortran.dg/goacc/data-clauses.f95 -O (test for errors, line 205)
FAIL: gfortran.dg/goacc/data-clauses.f95 -O (test for errors, line 207)
FAIL: gfortran.dg/goacc/data-clauses.f95 -O (test for errors, line 209)
FAIL: gfortran.dg/goacc/data-clauses.f95 -O (test for errors, line 211)
FAIL: gfortran.dg/goacc/data-clauses.f95 -O (test for errors, line 213)
FAIL: gfortran.dg/goacc/data-clauses.f95 -O (test for errors, line 215)
FAIL: gfortran.dg/goacc/data-clauses.f95 -O (test for errors, line 217)
FAIL: gfortran.dg/goacc/data-clauses.f95 -O (test for errors, line 228)
FAIL: gfortran.dg/goacc/data-clauses.f95 -O (test for errors, line 230)
FAIL: gfortran.dg/goacc/data-clauses.f95 -O (test for errors, line 232)
FAIL: gfortran.dg/goacc/data-clauses.f95 -O (test for errors, line 234)
FAIL: gfortran.dg/goacc/data-clauses.f95 -O (test for errors, line 236)
FAIL: gfortran.dg/goacc/data-clauses.f95 -O (test for errors, line 238)
FAIL: gfortran.dg/goacc/data-clauses.f95 -O (test for errors, line 240)
FAIL: gfortran.dg/goacc/data-clauses.f95 -O (test for errors, line 242)
FAIL: gfortran.dg/goacc/data-clauses.f95 -O (test for errors, line 244)
FAIL: gfortran.dg/goacc/data-clauses.f95 -O (test for errors, line 246)
FAIL: gfortran.dg/goacc/data-clauses.f95 -O (test for errors, line 248)
FAIL: gfortran.dg/goacc/data-clauses.f95 -O (test for errors, line 27)
FAIL: gfortran.dg/goacc/data-clauses.f95 -O (test for errors, line 29)
FAIL: gfortran.dg/goacc/data-clauses.f95 -O (test for errors, line 31)
FAIL: gfortran.dg/goacc/data-clauses.f95 -O (test for errors, line 42)
FAIL: gfortran.dg/goacc/data-clauses.f95 -O (test for errors, line 44)
FAIL: gfortran.dg/goacc/data-clauses.f95 -O (test for errors, line 46)
FAIL: gfortran.dg/goacc/data-clauses.f95 -O (test for errors, line 57)
FAIL: gfortran.dg/goacc/data-clauses.f95 -O (test for errors, line 59)
FAIL: gfortran.dg/goacc/data-clauses.f95 -O (test for errors, line 61)
FAIL: gfortran.dg/goacc/data-clauses.f95 -O (test for errors, line 63)
FAIL: gfortran.dg/goacc/data-clauses.f95 -O (test for errors, line 74)
FAIL: gfortran.dg/goacc/data-clauses.f95 -O (test for errors, line 76)
FAIL: gfortran.dg/goacc/data-clauses.f95 -O (test for errors, line 78)
FAIL: gfortran.dg/goacc/data-clauses.f95 -O (test for errors, line 80)
FAIL: gfortran.dg/goacc/data-clauses.f95 -O (test for errors, line 82)
FAIL: gfortran.dg/goacc/data-clauses.f95 -O (test for errors, line 93)
FAIL: gfortran.dg/goacc/data-clauses.f95 -O (test for errors, line 95)
FAIL: gfortran.dg/goacc/data-clauses.f95 -O (test for errors, line 97)
FAIL: gfortran.dg/goacc/data-clauses.f95 -O (test for errors, line 99)
FAIL: gfortran.dg/goacc/data-clauses.f95 -O (internal compiler error)
FAIL: gfortran.dg/goacc/data-clauses.f95 -O (test for excess errors)
FAIL: gfortran.dg/goacc/enter-exit-data.f95 -O (test for errors, line 31)
FAIL: gfortran.dg/goacc/enter-exit-data.f95 -O (test for errors, line 32)
FAIL: gfortran.dg/goacc/enter-exit-data.f95 -O (test for errors, line 33)
FAIL: gfortran.dg/goacc/enter-exit-data.f95 -O (test for errors, line 34)
FAIL: gfortran.dg/goacc/enter-exit-data.f95 -O (test for errors, line 35)
FAIL: gfortran.dg/goacc/enter-exit-data.f95 -O (test for errors, line 36)
FAIL: gfortran.dg/goacc/enter-exit-data.f95 -O (test for errors, line 37)
FAIL: gfortran.dg/goacc/enter-exit-data.f95 -O (test for errors, line 40)
FAIL: gfortran.dg/goacc/enter-exit-data.f95 -O (test for errors, line 41)
FAIL: gfortran.dg/goacc/enter-exit-data.f95 -O (test for errors, line 42)
FAIL: gfortran.dg/goacc/enter-exit-data.f95 -O (test for errors, line 43)
FAIL: gfortran.dg/goacc/enter-exit-data.f95 -O (test for errors, line 45)
FAIL: gfortran.dg/goacc/enter-exit-data.f95 -O (test for errors, line 46)
FAIL: gfortran.dg/goacc/enter-exit-data.f95 -O (test for errors, line 47)
FAIL: gfortran.dg/goacc/enter-exit-data.f95 -O (test for errors, line 48)
FAIL: gfortran.dg/goacc/enter-exit-data.f95 -O (test for errors, line 49)
FAIL: gfortran.dg/goacc/enter-exit-data.f95 -O (test for errors, line 50)
FAIL: gfortran.dg/goacc/enter-exit-data.f95 -O (test for errors, line 51)
FAIL: gfortran.dg/goacc/enter-exit-data.f95 -O (test for errors, line 52)
FAIL: gfortran.dg/goacc/enter-exit-data.f95 -O (test for errors, line 53)
FAIL: gfortran.dg/goacc/enter-exit-data.f95 -O (test for errors, line 54)
FAIL: gfortran.dg/goacc/enter-exit-data.f95 -O (test for errors, line 55)
FAIL: gfortran.dg/goacc/enter-exit-data.f95 -O (test for errors, line 56)
FAIL: gfortran.dg/goacc/enter-exit-data.f95 -O (test for errors, line 57)
FAIL: gfortran.dg/goacc/enter-exit-data.f95 -O (test for errors, line 58)
FAIL: gfortran.dg/goacc/enter-exit-data.f95 -O (test for errors, line 59)
FAIL: gfortran.dg/goacc/enter-exit-data.f95 -O (test for errors, line 60)
FAIL: gfortran.dg/goacc/enter-exit-data.f95 -O (test for errors, line 66)
FAIL: gfortran.dg/goacc/enter-exit-data.f95 -O (test for errors, line 67)
FAIL: gfortran.dg/goacc/enter-exit-data.f95 -O (test for errors, line 68)
FAIL: gfortran.dg/goacc/enter-exit-data.f95 -O (test for errors, line 69)
FAIL: gfortran.dg/goacc/enter-exit-data.f95 -O (test for errors, line 70)
FAIL: gfortran.dg/goacc/enter-exit-data.f95 -O (test for errors, line 71)
FAIL: gfortran.dg/goacc/enter-exit-data.f95 -O (test for errors, line 72)
FAIL: gfortran.dg/goacc/enter-exit-data.f95 -O (test for errors, line 75)
FAIL: gfortran.dg/goacc/enter-exit-data.f95 -O (test for errors, line 76)
FAIL: gfortran.dg/goacc/enter-exit-data.f95 -O (test for errors, line 77)
FAIL: gfortran.dg/goacc/enter-exit-data.f95 -O (test for errors, line 78)
FAIL: gfortran.dg/goacc/enter-exit-data.f95 -O (test for errors, line 80)
FAIL: gfortran.dg/goacc/enter-exit-data.f95 -O (test for errors, line 81)
FAIL: gfortran.dg/goacc/enter-exit-data.f95 -O (test for errors, line 82)
FAIL: gfortran.dg/goacc/enter-exit-data.f95 -O (test for errors, line 83)
FAIL: gfortran.dg/goacc/enter-exit-data.f95 -O (test for errors, line 84)
FAIL: gfortran.dg/goacc/enter-exit-data.f95 -O (test for errors, line 85)
FAIL: gfortran.dg/goacc/enter-exit-data.f95 -O (test for errors, line 86)
FAIL: gfortran.dg/goacc/enter-exit-data.f95 -O (internal compiler error)
FAIL: gfortran.dg/goacc/enter-exit-data.f95 -O (test for excess errors)
FAIL: gfortran.dg/goacc/fixed-2.f -O (test for errors, line 12)
FAIL: gfortran.dg/goacc/fixed-2.f -O (test for errors, line 8)
FAIL: gfortran.dg/goacc/fixed-2.f -O (internal compiler error)
FAIL: gfortran.dg/goacc/fixed-2.f -O (test for excess errors)
FAIL: gfortran.dg/goacc/list.f95 -O (test for errors, line 100)
FAIL: gfortran.dg/goacc/list.f95 -O (test for errors, line 102)
FAIL: gfortran.dg/goacc/list.f95 -O (test for errors, line 102)
FAIL: gfortran.dg/goacc/list.f95 -O (test for errors, line 107)
FAIL: gfortran.dg/goacc/list.f95 -O (test for errors, line 107)
FAIL: gfortran.dg/goacc/list.f95 -O (test for errors, line 27)
FAIL: gfortran.dg/goacc/list.f95 -O (test for errors, line 29)
FAIL: gfortran.dg/goacc/list.f95 -O (test for errors, line 31)
FAIL: gfortran.dg/goacc/list.f95 -O (test for errors, line 33)
FAIL: gfortran.dg/goacc/list.f95 -O (test for errors, line 35)
FAIL: gfortran.dg/goacc/list.f95 -O (test for errors, line 38)
FAIL: gfortran.dg/goacc/list.f95 -O (test for errors, line 59)
FAIL: gfortran.dg/goacc/list.f95 -O (test for errors, line 61)
FAIL: gfortran.dg/goacc/list.f95 -O (test for errors, line 63)
FAIL: gfortran.dg/goacc/list.f95 -O (test for errors, line 65)
FAIL: gfortran.dg/goacc/list.f95 -O (test for errors, line 67)
FAIL: gfortran.dg/goacc/list.f95 -O (test for errors, line 70)
FAIL: gfortran.dg/goacc/list.f95 -O (test for errors, line 76)
FAIL: gfortran.dg/goacc/list.f95 -O (test for errors, line 79)
FAIL: gfortran.dg/goacc/list.f95 -O (test for errors, line 82)
FAIL: gfortran.dg/goacc/list.f95 -O (test for errors, line 88)
FAIL: gfortran.dg/goacc/list.f95 -O (test for errors, line 91)
FAIL: gfortran.dg/goacc/list.f95 -O (test for errors, line 94)
FAIL: gfortran.dg/goacc/list.f95 -O (test for errors, line 96)
FAIL: gfortran.dg/goacc/list.f95 -O (test for errors, line 98)
FAIL: gfortran.dg/goacc/list.f95 -O (internal compiler error)
FAIL: gfortran.dg/goacc/list.f95 -O (test for excess errors)
FAIL: gfortran.dg/goacc/loop-2.f95 -O (test for errors, line 107)
FAIL: gfortran.dg/goacc/loop-2.f95 -O (test for errors, line 110)
FAIL: gfortran.dg/goacc/loop-2.f95 -O (test for errors, line 113)
FAIL: gfortran.dg/goacc/loop-2.f95 -O (test for errors, line 116)
FAIL: gfortran.dg/goacc/loop-2.f95 -O (test for errors, line 120)
FAIL: gfortran.dg/goacc/loop-2.f95 -O (test for errors, line 123)
FAIL: gfortran.dg/goacc/loop-2.f95 -O (test for errors, line 149)
FAIL: gfortran.dg/goacc/loop-2.f95 -O (test for errors, line 152)
FAIL: gfortran.dg/goacc/loop-2.f95 -O (test for errors, line 159)
FAIL: gfortran.dg/goacc/loop-2.f95 -O (test for errors, line 190)
FAIL: gfortran.dg/goacc/loop-2.f95 -O (test for errors, line 193)
FAIL: gfortran.dg/goacc/loop-2.f95 -O (test for errors, line 210)
FAIL: gfortran.dg/goacc/loop-2.f95 -O (test for errors, line 214)
FAIL: gfortran.dg/goacc/loop-2.f95 -O (test for errors, line 221)
FAIL: gfortran.dg/goacc/loop-2.f95 -O (test for errors, line 224)
FAIL: gfortran.dg/goacc/loop-2.f95 -O (test for errors, line 232)
FAIL: gfortran.dg/goacc/loop-2.f95 -O (test for errors, line 235)
FAIL: gfortran.dg/goacc/loop-2.f95 -O (test for errors, line 239)
FAIL: gfortran.dg/goacc/loop-2.f95 -O (test for errors, line 249)
FAIL: gfortran.dg/goacc/loop-2.f95 -O (test for errors, line 252)
FAIL: gfortran.dg/goacc/loop-2.f95 -O (test for errors, line 257)
FAIL: gfortran.dg/goacc/loop-2.f95 -O (test for errors, line 260)
FAIL: gfortran.dg/goacc/loop-2.f95 -O (test for errors, line 263)
FAIL: gfortran.dg/goacc/loop-2.f95 -O (test for errors, line 267)
FAIL: gfortran.dg/goacc/loop-2.f95 -O (test for errors, line 280)
FAIL: gfortran.dg/goacc/loop-2.f95 -O (test for errors, line 283)
FAIL: gfortran.dg/goacc/loop-2.f95 -O (test for errors, line 286)
FAIL: gfortran.dg/goacc/loop-2.f95 -O (test for errors, line 289)
FAIL: gfortran.dg/goacc/loop-2.f95 -O (test for errors, line 293)
FAIL: gfortran.dg/goacc/loop-2.f95 -O (test for errors, line 296)
FAIL: gfortran.dg/goacc/loop-2.f95 -O (test for errors, line 313)
FAIL: gfortran.dg/goacc/loop-2.f95 -O (test for errors, line 316)
FAIL: gfortran.dg/goacc/loop-2.f95 -O (test for errors, line 323)
FAIL: gfortran.dg/goacc/loop-2.f95 -O (test for errors, line 37)
FAIL: gfortran.dg/goacc/loop-2.f95 -O (test for errors, line 370)
FAIL: gfortran.dg/goacc/loop-2.f95 -O (test for errors, line 392)
FAIL: gfortran.dg/goacc/loop-2.f95 -O (test for errors, line 41)
FAIL: gfortran.dg/goacc/loop-2.f95 -O (test for errors, line 420)
FAIL: gfortran.dg/goacc/loop-2.f95 -O (test for errors, line 433)
FAIL: gfortran.dg/goacc/loop-2.f95 -O (test for errors, line 436)
FAIL: gfortran.dg/goacc/loop-2.f95 -O (test for errors, line 439)
FAIL: gfortran.dg/goacc/loop-2.f95 -O (test for errors, line 442)
FAIL: gfortran.dg/goacc/loop-2.f95 -O (test for errors, line 446)
FAIL: gfortran.dg/goacc/loop-2.f95 -O (test for errors, line 449)
FAIL: gfortran.dg/goacc/loop-2.f95 -O (test for errors, line 466)
FAIL: gfortran.dg/goacc/loop-2.f95 -O (test for errors, line 469)
FAIL: gfortran.dg/goacc/loop-2.f95 -O (test for errors, line 476)
FAIL: gfortran.dg/goacc/loop-2.f95 -O (test for errors, line 504)
FAIL: gfortran.dg/goacc/loop-2.f95 -O (test for errors, line 507)
FAIL: gfortran.dg/goacc/loop-2.f95 -O (test for errors, line 522)
FAIL: gfortran.dg/goacc/loop-2.f95 -O (test for errors, line 529)
FAIL: gfortran.dg/goacc/loop-2.f95 -O (test for errors, line 532)
FAIL: gfortran.dg/goacc/loop-2.f95 -O (test for errors, line 544)
FAIL: gfortran.dg/goacc/loop-2.f95 -O (test for errors, line 554)
FAIL: gfortran.dg/goacc/loop-2.f95 -O (test for errors, line 557)
FAIL: gfortran.dg/goacc/loop-2.f95 -O (test for errors, line 572)
FAIL: gfortran.dg/goacc/loop-2.f95 -O (test for errors, line 585)
FAIL: gfortran.dg/goacc/loop-2.f95 -O (test for errors, line 588)
FAIL: gfortran.dg/goacc/loop-2.f95 -O (test for errors, line 59)
FAIL: gfortran.dg/goacc/loop-2.f95 -O (test for errors, line 591)
FAIL: gfortran.dg/goacc/loop-2.f95 -O (test for errors, line 594)
FAIL: gfortran.dg/goacc/loop-2.f95 -O (test for errors, line 598)
FAIL: gfortran.dg/goacc/loop-2.f95 -O (test for errors, line 601)
FAIL: gfortran.dg/goacc/loop-2.f95 -O (test for errors, line 618)
FAIL: gfortran.dg/goacc/loop-2.f95 -O (test for errors, line 62)
FAIL: gfortran.dg/goacc/loop-2.f95 -O (test for errors, line 621)
FAIL: gfortran.dg/goacc/loop-2.f95 -O (test for errors, line 628)
FAIL: gfortran.dg/goacc/loop-2.f95 -O (test for errors, line 66)
FAIL: gfortran.dg/goacc/loop-2.f95 -O (test for errors, line 84)
FAIL: gfortran.dg/goacc/loop-2.f95 -O (test for errors, line 87)
FAIL: gfortran.dg/goacc/loop-2.f95 -O (test for errors, line 90)
FAIL: gfortran.dg/goacc/loop-2.f95 -O (test for errors, line 94)
FAIL: gfortran.dg/goacc/loop-2.f95 -O (test for warnings, line 146)
FAIL: gfortran.dg/goacc/loop-2.f95 -O (test for warnings, line 310)
FAIL: gfortran.dg/goacc/loop-2.f95 -O (test for warnings, line 463)
FAIL: gfortran.dg/goacc/loop-2.f95 -O (test for warnings, line 615)
FAIL: gfortran.dg/goacc/loop-2.f95 -O (internal compiler error)
FAIL: gfortran.dg/goacc/loop-2.f95 -O (test for excess errors)
FAIL: gfortran.dg/goacc/loop-7.f95 -O (test for errors, line 110)
FAIL: gfortran.dg/goacc/loop-7.f95 -O (test for errors, line 113)
FAIL: gfortran.dg/goacc/loop-7.f95 -O (test for errors, line 18)
FAIL: gfortran.dg/goacc/loop-7.f95 -O (test for errors, line 21)
FAIL: gfortran.dg/goacc/loop-7.f95 -O (test for errors, line 33)
FAIL: gfortran.dg/goacc/loop-7.f95 -O (test for errors, line 36)
FAIL: gfortran.dg/goacc/loop-7.f95 -O (test for errors, line 39)
FAIL: gfortran.dg/goacc/loop-7.f95 -O (test for errors, line 48)
FAIL: gfortran.dg/goacc/loop-7.f95 -O (test for errors, line 61)
FAIL: gfortran.dg/goacc/loop-7.f95 -O (test for errors, line 64)
FAIL: gfortran.dg/goacc/loop-7.f95 -O (test for errors, line 67)
FAIL: gfortran.dg/goacc/loop-7.f95 -O (test for errors, line 73)
FAIL: gfortran.dg/goacc/loop-7.f95 -O (test for errors, line 76)
FAIL: gfortran.dg/goacc/loop-7.f95 -O (test for errors, line 92)
FAIL: gfortran.dg/goacc/loop-7.f95 -O (test for errors, line 95)
FAIL: gfortran.dg/goacc/loop-7.f95 -O (test for errors, line 98)
FAIL: gfortran.dg/goacc/loop-7.f95 -O (internal compiler error)
FAIL: gfortran.dg/goacc/loop-7.f95 -O (test for excess errors)
FAIL: gfortran.dg/goacc/parallel-kernels-clauses.f95 -O (test for errors, line 19)
FAIL: gfortran.dg/goacc/parallel-kernels-clauses.f95 -O (test for errors, line 20)
FAIL: gfortran.dg/goacc/parallel-kernels-clauses.f95 -O (test for errors, line 37)
FAIL: gfortran.dg/goacc/parallel-kernels-clauses.f95 -O (test for errors, line 38)
FAIL: gfortran.dg/goacc/parallel-kernels-clauses.f95 -O (test for errors, line 40)
FAIL: gfortran.dg/goacc/parallel-kernels-clauses.f95 -O (test for errors, line 41)
FAIL: gfortran.dg/goacc/parallel-kernels-clauses.f95 -O (test for errors, line 43)
FAIL: gfortran.dg/goacc/parallel-kernels-clauses.f95 -O (test for errors, line 44)
FAIL: gfortran.dg/goacc/parallel-kernels-clauses.f95 -O (test for errors, line 62)
FAIL: gfortran.dg/goacc/parallel-kernels-clauses.f95 -O (test for errors, line 63)
FAIL: gfortran.dg/goacc/parallel-kernels-clauses.f95 -O (test for errors, line 65)
FAIL: gfortran.dg/goacc/parallel-kernels-clauses.f95 -O (test for errors, line 66)
FAIL: gfortran.dg/goacc/parallel-kernels-clauses.f95 -O (test for errors, line 68)
FAIL: gfortran.dg/goacc/parallel-kernels-clauses.f95 -O (test for errors, line 69)
FAIL: gfortran.dg/goacc/parallel-kernels-clauses.f95 -O (test for errors, line 71)
FAIL: gfortran.dg/goacc/parallel-kernels-clauses.f95 -O (test for errors, line 72)
FAIL: gfortran.dg/goacc/parallel-kernels-clauses.f95 -O (test for errors, line 75)
FAIL: gfortran.dg/goacc/parallel-kernels-clauses.f95 -O (test for errors, line 77)
FAIL: gfortran.dg/goacc/parallel-kernels-clauses.f95 -O (test for errors, line 81)
FAIL: gfortran.dg/goacc/parallel-kernels-clauses.f95 -O (test for errors, line 83)
FAIL: gfortran.dg/goacc/parallel-kernels-clauses.f95 -O (test for errors, line 86)
FAIL: gfortran.dg/goacc/parallel-kernels-clauses.f95 -O (test for errors, line 88)
FAIL: gfortran.dg/goacc/parallel-kernels-clauses.f95 -O (test for errors, line 92)
FAIL: gfortran.dg/goacc/parallel-kernels-clauses.f95 -O (test for errors, line 94)
FAIL: gfortran.dg/goacc/parallel-kernels-clauses.f95 -O (internal compiler error)
FAIL: gfortran.dg/goacc/parallel-kernels-clauses.f95 -O (test for excess errors)
FAIL: gfortran.dg/goacc/reduction.f95 -O (test for errors, line 101)
FAIL: gfortran.dg/goacc/reduction.f95 -O (test for errors, line 103)
FAIL: gfortran.dg/goacc/reduction.f95 -O (test for errors, line 103)
FAIL: gfortran.dg/goacc/reduction.f95 -O (test for errors, line 105)
FAIL: gfortran.dg/goacc/reduction.f95 -O (test for errors, line 107)
FAIL: gfortran.dg/goacc/reduction.f95 -O (test for errors, line 107)
FAIL: gfortran.dg/goacc/reduction.f95 -O (test for errors, line 109)
FAIL: gfortran.dg/goacc/reduction.f95 -O (test for errors, line 111)
FAIL: gfortran.dg/goacc/reduction.f95 -O (test for errors, line 113)
FAIL: gfortran.dg/goacc/reduction.f95 -O (test for errors, line 113)
FAIL: gfortran.dg/goacc/reduction.f95 -O (test for errors, line 115)
FAIL: gfortran.dg/goacc/reduction.f95 -O (test for errors, line 117)
FAIL: gfortran.dg/goacc/reduction.f95 -O (test for errors, line 117)
FAIL: gfortran.dg/goacc/reduction.f95 -O (test for errors, line 119)
FAIL: gfortran.dg/goacc/reduction.f95 -O (test for errors, line 121)
FAIL: gfortran.dg/goacc/reduction.f95 -O (test for errors, line 121)
FAIL: gfortran.dg/goacc/reduction.f95 -O (test for errors, line 123)
FAIL: gfortran.dg/goacc/reduction.f95 -O (test for errors, line 125)
FAIL: gfortran.dg/goacc/reduction.f95 -O (test for errors, line 125)
FAIL: gfortran.dg/goacc/reduction.f95 -O (test for errors, line 127)
FAIL: gfortran.dg/goacc/reduction.f95 -O (test for errors, line 129)
FAIL: gfortran.dg/goacc/reduction.f95 -O (test for errors, line 129)
FAIL: gfortran.dg/goacc/reduction.f95 -O (test for errors, line 131)
FAIL: gfortran.dg/goacc/reduction.f95 -O (test for errors, line 133)
FAIL: gfortran.dg/goacc/reduction.f95 -O (test for errors, line 135)
FAIL: gfortran.dg/goacc/reduction.f95 -O (test for errors, line 135)
FAIL: gfortran.dg/goacc/reduction.f95 -O (test for errors, line 27)
FAIL: gfortran.dg/goacc/reduction.f95 -O (test for errors, line 29)
FAIL: gfortran.dg/goacc/reduction.f95 -O (test for errors, line 31)
FAIL: gfortran.dg/goacc/reduction.f95 -O (test for errors, line 33)
FAIL: gfortran.dg/goacc/reduction.f95 -O (test for errors, line 35)
FAIL: gfortran.dg/goacc/reduction.f95 -O (test for errors, line 61)
FAIL: gfortran.dg/goacc/reduction.f95 -O (test for errors, line 62)
FAIL: gfortran.dg/goacc/reduction.f95 -O (test for errors, line 63)
FAIL: gfortran.dg/goacc/reduction.f95 -O (test for errors, line 65)
FAIL: gfortran.dg/goacc/reduction.f95 -O (test for errors, line 67)
FAIL: gfortran.dg/goacc/reduction.f95 -O (test for errors, line 67)
FAIL: gfortran.dg/goacc/reduction.f95 -O (test for errors, line 69)
FAIL: gfortran.dg/goacc/reduction.f95 -O (test for errors, line 71)
FAIL: gfortran.dg/goacc/reduction.f95 -O (test for errors, line 71)
FAIL: gfortran.dg/goacc/reduction.f95 -O (test for errors, line 73)
FAIL: gfortran.dg/goacc/reduction.f95 -O (test for errors, line 75)
FAIL: gfortran.dg/goacc/reduction.f95 -O (test for errors, line 77)
FAIL: gfortran.dg/goacc/reduction.f95 -O (test for errors, line 77)
FAIL: gfortran.dg/goacc/reduction.f95 -O (test for errors, line 79)
FAIL: gfortran.dg/goacc/reduction.f95 -O (test for errors, line 81)
FAIL: gfortran.dg/goacc/reduction.f95 -O (test for errors, line 81)
FAIL: gfortran.dg/goacc/reduction.f95 -O (test for errors, line 83)
FAIL: gfortran.dg/goacc/reduction.f95 -O (test for errors, line 85)
FAIL: gfortran.dg/goacc/reduction.f95 -O (test for errors, line 85)
FAIL: gfortran.dg/goacc/reduction.f95 -O (test for errors, line 87)
FAIL: gfortran.dg/goacc/reduction.f95 -O (test for errors, line 89)
FAIL: gfortran.dg/goacc/reduction.f95 -O (test for errors, line 89)
FAIL: gfortran.dg/goacc/reduction.f95 -O (test for errors, line 91)
FAIL: gfortran.dg/goacc/reduction.f95 -O (test for errors, line 93)
FAIL: gfortran.dg/goacc/reduction.f95 -O (test for errors, line 93)
FAIL: gfortran.dg/goacc/reduction.f95 -O (test for errors, line 95)
FAIL: gfortran.dg/goacc/reduction.f95 -O (test for errors, line 97)
FAIL: gfortran.dg/goacc/reduction.f95 -O (test for errors, line 99)
FAIL: gfortran.dg/goacc/reduction.f95 -O (test for errors, line 99)
FAIL: gfortran.dg/goacc/reduction.f95 -O (internal compiler error)
FAIL: gfortran.dg/goacc/reduction.f95 -O (test for excess errors)
FAIL: gfortran.dg/goacc/sie.f95 -O (test for errors, line 116)
FAIL: gfortran.dg/goacc/sie.f95 -O (test for errors, line 118)
FAIL: gfortran.dg/goacc/sie.f95 -O (test for errors, line 121)
FAIL: gfortran.dg/goacc/sie.f95 -O (test for errors, line 124)
FAIL: gfortran.dg/goacc/sie.f95 -O (test for errors, line 128)
FAIL: gfortran.dg/goacc/sie.f95 -O (test for errors, line 145)
FAIL: gfortran.dg/goacc/sie.f95 -O (test for errors, line 147)
FAIL: gfortran.dg/goacc/sie.f95 -O (test for errors, line 150)
FAIL: gfortran.dg/goacc/sie.f95 -O (test for errors, line 153)
FAIL: gfortran.dg/goacc/sie.f95 -O (test for errors, line 175)
FAIL: gfortran.dg/goacc/sie.f95 -O (test for errors, line 178)
FAIL: gfortran.dg/goacc/sie.f95 -O (test for errors, line 181)
FAIL: gfortran.dg/goacc/sie.f95 -O (test for errors, line 184)
FAIL: gfortran.dg/goacc/sie.f95 -O (test for errors, line 207)
FAIL: gfortran.dg/goacc/sie.f95 -O (test for errors, line 210)
FAIL: gfortran.dg/goacc/sie.f95 -O (test for errors, line 213)
FAIL: gfortran.dg/goacc/sie.f95 -O (test for errors, line 216)
FAIL: gfortran.dg/goacc/sie.f95 -O (test for errors, line 239)
FAIL: gfortran.dg/goacc/sie.f95 -O (test for errors, line 242)
FAIL: gfortran.dg/goacc/sie.f95 -O (test for errors, line 245)
FAIL: gfortran.dg/goacc/sie.f95 -O (test for errors, line 248)
FAIL: gfortran.dg/goacc/sie.f95 -O (test for errors, line 29)
FAIL: gfortran.dg/goacc/sie.f95 -O (test for errors, line 31)
FAIL: gfortran.dg/goacc/sie.f95 -O (test for errors, line 34)
FAIL: gfortran.dg/goacc/sie.f95 -O (test for errors, line 37)
FAIL: gfortran.dg/goacc/sie.f95 -O (test for errors, line 58)
FAIL: gfortran.dg/goacc/sie.f95 -O (test for errors, line 60)
FAIL: gfortran.dg/goacc/sie.f95 -O (test for errors, line 63)
FAIL: gfortran.dg/goacc/sie.f95 -O (test for errors, line 66)
FAIL: gfortran.dg/goacc/sie.f95 -O (test for errors, line 70)
FAIL: gfortran.dg/goacc/sie.f95 -O (test for errors, line 87)
FAIL: gfortran.dg/goacc/sie.f95 -O (test for errors, line 89)
FAIL: gfortran.dg/goacc/sie.f95 -O (test for errors, line 92)
FAIL: gfortran.dg/goacc/sie.f95 -O (test for errors, line 95)
FAIL: gfortran.dg/goacc/sie.f95 -O (test for errors, line 99)
FAIL: gfortran.dg/goacc/sie.f95 -O (test for warnings, line 110)
FAIL: gfortran.dg/goacc/sie.f95 -O (test for warnings, line 113)
FAIL: gfortran.dg/goacc/sie.f95 -O (test for warnings, line 139)
FAIL: gfortran.dg/goacc/sie.f95 -O (test for warnings, line 142)
FAIL: gfortran.dg/goacc/sie.f95 -O (test for warnings, line 169)
FAIL: gfortran.dg/goacc/sie.f95 -O (test for warnings, line 172)
FAIL: gfortran.dg/goacc/sie.f95 -O (test for warnings, line 201)
FAIL: gfortran.dg/goacc/sie.f95 -O (test for warnings, line 204)
FAIL: gfortran.dg/goacc/sie.f95 -O (test for warnings, line 233)
FAIL: gfortran.dg/goacc/sie.f95 -O (test for warnings, line 236)
FAIL: gfortran.dg/goacc/sie.f95 -O (test for warnings, line 81)
FAIL: gfortran.dg/goacc/sie.f95 -O (test for warnings, line 84)
FAIL: gfortran.dg/goacc/sie.f95 -O (internal compiler error)
FAIL: gfortran.dg/goacc/sie.f95 -O (test for excess errors)
FAIL: gfortran.dg/gomp/reduction1.f90 -O (test for errors, line 101)
FAIL: gfortran.dg/gomp/reduction1.f90 -O (test for errors, line 103)
FAIL: gfortran.dg/gomp/reduction1.f90 -O (test for errors, line 105)
FAIL: gfortran.dg/gomp/reduction1.f90 -O (test for errors, line 107)
FAIL: gfortran.dg/gomp/reduction1.f90 -O (test for errors, line 109)
FAIL: gfortran.dg/gomp/reduction1.f90 -O (test for errors, line 111)
FAIL: gfortran.dg/gomp/reduction1.f90 -O (test for errors, line 113)
FAIL: gfortran.dg/gomp/reduction1.f90 -O (test for errors, line 115)
FAIL: gfortran.dg/gomp/reduction1.f90 -O (test for errors, line 117)
FAIL: gfortran.dg/gomp/reduction1.f90 -O (test for errors, line 119)
FAIL: gfortran.dg/gomp/reduction1.f90 -O (test for errors, line 121)
FAIL: gfortran.dg/gomp/reduction1.f90 -O (test for errors, line 123)
FAIL: gfortran.dg/gomp/reduction1.f90 -O (test for errors, line 125)
FAIL: gfortran.dg/gomp/reduction1.f90 -O (test for errors, line 127)
FAIL: gfortran.dg/gomp/reduction1.f90 -O (test for errors, line 129)
FAIL: gfortran.dg/gomp/reduction1.f90 -O (test for errors, line 53)
FAIL: gfortran.dg/gomp/reduction1.f90 -O (test for errors, line 54)
FAIL: gfortran.dg/gomp/reduction1.f90 -O (test for errors, line 55)
FAIL: gfortran.dg/gomp/reduction1.f90 -O (test for errors, line 57)
FAIL: gfortran.dg/gomp/reduction1.f90 -O (test for errors, line 61)
FAIL: gfortran.dg/gomp/reduction1.f90 -O (test for errors, line 63)
FAIL: gfortran.dg/gomp/reduction1.f90 -O (test for errors, line 65)
FAIL: gfortran.dg/gomp/reduction1.f90 -O (test for errors, line 67)
FAIL: gfortran.dg/gomp/reduction1.f90 -O (test for errors, line 69)
FAIL: gfortran.dg/gomp/reduction1.f90 -O (test for errors, line 71)
FAIL: gfortran.dg/gomp/reduction1.f90 -O (test for errors, line 73)
FAIL: gfortran.dg/gomp/reduction1.f90 -O (test for errors, line 75)
FAIL: gfortran.dg/gomp/reduction1.f90 -O (test for errors, line 77)
FAIL: gfortran.dg/gomp/reduction1.f90 -O (test for errors, line 79)
FAIL: gfortran.dg/gomp/reduction1.f90 -O (test for errors, line 81)
FAIL: gfortran.dg/gomp/reduction1.f90 -O (test for errors, line 83)
FAIL: gfortran.dg/gomp/reduction1.f90 -O (test for errors, line 85)
FAIL: gfortran.dg/gomp/reduction1.f90 -O (test for errors, line 87)
FAIL: gfortran.dg/gomp/reduction1.f90 -O (test for errors, line 89)
FAIL: gfortran.dg/gomp/reduction1.f90 -O (test for errors, line 91)
FAIL: gfortran.dg/gomp/reduction1.f90 -O (test for errors, line 93)
FAIL: gfortran.dg/gomp/reduction1.f90 -O (test for errors, line 95)
FAIL: gfortran.dg/gomp/reduction1.f90 -O (test for errors, line 97)
FAIL: gfortran.dg/gomp/reduction1.f90 -O (test for errors, line 99)
FAIL: gfortran.dg/gomp/reduction1.f90 -O (internal compiler error)
FAIL: gfortran.dg/gomp/reduction1.f90 -O (test for excess errors)
FAIL: gfortran.dg/gomp/udr6.f90 -O (test for errors, line 104)
FAIL: gfortran.dg/gomp/udr6.f90 -O (test for errors, line 11)
FAIL: gfortran.dg/gomp/udr6.f90 -O (test for errors, line 112)
FAIL: gfortran.dg/gomp/udr6.f90 -O (test for errors, line 12)
FAIL: gfortran.dg/gomp/udr6.f90 -O (test for errors, line 120)
FAIL: gfortran.dg/gomp/udr6.f90 -O (test for errors, line 128)
FAIL: gfortran.dg/gomp/udr6.f90 -O (test for errors, line 13)
FAIL: gfortran.dg/gomp/udr6.f90 -O (test for errors, line 131)
FAIL: gfortran.dg/gomp/udr6.f90 -O (test for errors, line 132)
FAIL: gfortran.dg/gomp/udr6.f90 -O (test for errors, line 133)
FAIL: gfortran.dg/gomp/udr6.f90 -O (test for errors, line 134)
FAIL: gfortran.dg/gomp/udr6.f90 -O (test for errors, line 135)
FAIL: gfortran.dg/gomp/udr6.f90 -O (test for errors, line 136)
FAIL: gfortran.dg/gomp/udr6.f90 -O (test for errors, line 137)
FAIL: gfortran.dg/gomp/udr6.f90 -O (test for errors, line 138)
FAIL: gfortran.dg/gomp/udr6.f90 -O (test for errors, line 139)
FAIL: gfortran.dg/gomp/udr6.f90 -O (test for errors, line 14)
FAIL: gfortran.dg/gomp/udr6.f90 -O (test for errors, line 142)
FAIL: gfortran.dg/gomp/udr6.f90 -O (test for errors, line 143)
FAIL: gfortran.dg/gomp/udr6.f90 -O (test for errors, line 144)
FAIL: gfortran.dg/gomp/udr6.f90 -O (test for errors, line 145)
FAIL: gfortran.dg/gomp/udr6.f90 -O (test for errors, line 146)
FAIL: gfortran.dg/gomp/udr6.f90 -O (test for errors, line 147)
FAIL: gfortran.dg/gomp/udr6.f90 -O (test for errors, line 148)
FAIL: gfortran.dg/gomp/udr6.f90 -O (test for errors, line 149)
FAIL: gfortran.dg/gomp/udr6.f90 -O (test for errors, line 150)
FAIL: gfortran.dg/gomp/udr6.f90 -O (test for errors, line 16)
FAIL: gfortran.dg/gomp/udr6.f90 -O (test for errors, line 17)
FAIL: gfortran.dg/gomp/udr6.f90 -O (test for errors, line 35)
FAIL: gfortran.dg/gomp/udr6.f90 -O (test for errors, line 36)
FAIL: gfortran.dg/gomp/udr6.f90 -O (test for errors, line 37)
FAIL: gfortran.dg/gomp/udr6.f90 -O (test for errors, line 38)
FAIL: gfortran.dg/gomp/udr6.f90 -O (test for errors, line 40)
FAIL: gfortran.dg/gomp/udr6.f90 -O (test for errors, line 41)
FAIL: gfortran.dg/gomp/udr6.f90 -O (test for errors, line 52)
FAIL: gfortran.dg/gomp/udr6.f90 -O (test for errors, line 53)
FAIL: gfortran.dg/gomp/udr6.f90 -O (test for errors, line 54)
FAIL: gfortran.dg/gomp/udr6.f90 -O (test for errors, line 55)
FAIL: gfortran.dg/gomp/udr6.f90 -O (test for errors, line 57)
FAIL: gfortran.dg/gomp/udr6.f90 -O (test for errors, line 58)
FAIL: gfortran.dg/gomp/udr6.f90 -O (test for errors, line 69)
FAIL: gfortran.dg/gomp/udr6.f90 -O (test for errors, line 77)
FAIL: gfortran.dg/gomp/udr6.f90 -O (test for errors, line 85)
FAIL: gfortran.dg/gomp/udr6.f90 -O (test for errors, line 93)
FAIL: gfortran.dg/gomp/udr6.f90 -O (internal compiler error)
FAIL: gfortran.dg/gomp/udr6.f90 -O (test for excess errors)
FAIL: gfortran.dg/gomp/udr8.f90 -O (test for errors, line 120)
FAIL: gfortran.dg/gomp/udr8.f90 -O (test for errors, line 121)
FAIL: gfortran.dg/gomp/udr8.f90 -O (test for errors, line 122)
FAIL: gfortran.dg/gomp/udr8.f90 -O (test for errors, line 123)
FAIL: gfortran.dg/gomp/udr8.f90 -O (test for errors, line 167)
FAIL: gfortran.dg/gomp/udr8.f90 -O (test for errors, line 168)
FAIL: gfortran.dg/gomp/udr8.f90 -O (test for errors, line 169)
FAIL: gfortran.dg/gomp/udr8.f90 -O (test for errors, line 170)
FAIL: gfortran.dg/gomp/udr8.f90 -O (test for errors, line 198)
FAIL: gfortran.dg/gomp/udr8.f90 -O (test for errors, line 199)
FAIL: gfortran.dg/gomp/udr8.f90 -O (test for errors, line 200)
FAIL: gfortran.dg/gomp/udr8.f90 -O (test for errors, line 201)
FAIL: gfortran.dg/gomp/udr8.f90 -O (test for errors, line 229)
FAIL: gfortran.dg/gomp/udr8.f90 -O (test for errors, line 230)
FAIL: gfortran.dg/gomp/udr8.f90 -O (test for errors, line 231)
FAIL: gfortran.dg/gomp/udr8.f90 -O (test for errors, line 232)
FAIL: gfortran.dg/gomp/udr8.f90 -O (test for errors, line 260)
FAIL: gfortran.dg/gomp/udr8.f90 -O (test for errors, line 261)
FAIL: gfortran.dg/gomp/udr8.f90 -O (test for errors, line 262)
FAIL: gfortran.dg/gomp/udr8.f90 -O (test for errors, line 263)
FAIL: gfortran.dg/gomp/udr8.f90 -O (test for errors, line 276)
FAIL: gfortran.dg/gomp/udr8.f90 -O (test for errors, line 280)
FAIL: gfortran.dg/gomp/udr8.f90 -O (test for errors, line 293)
FAIL: gfortran.dg/gomp/udr8.f90 -O (test for errors, line 294)
FAIL: gfortran.dg/gomp/udr8.f90 -O (test for errors, line 295)
FAIL: gfortran.dg/gomp/udr8.f90 -O (test for errors, line 296)
FAIL: gfortran.dg/gomp/udr8.f90 -O (test for errors, line 308)
FAIL: gfortran.dg/gomp/udr8.f90 -O (test for errors, line 309)
FAIL: gfortran.dg/gomp/udr8.f90 -O (test for errors, line 310)
FAIL: gfortran.dg/gomp/udr8.f90 -O (test for errors, line 311)
FAIL: gfortran.dg/gomp/udr8.f90 -O (test for errors, line 339)
FAIL: gfortran.dg/gomp/udr8.f90 -O (test for errors, line 340)
FAIL: gfortran.dg/gomp/udr8.f90 -O (test for errors, line 341)
FAIL: gfortran.dg/gomp/udr8.f90 -O (test for errors, line 342)
FAIL: gfortran.dg/gomp/udr8.f90 -O (test for errors, line 90)
FAIL: gfortran.dg/gomp/udr8.f90 -O (test for errors, line 91)
FAIL: gfortran.dg/gomp/udr8.f90 -O (test for errors, line 92)
FAIL: gfortran.dg/gomp/udr8.f90 -O (test for errors, line 93)
FAIL: gfortran.dg/gomp/udr8.f90 -O (test for warnings, line 277)
FAIL: gfortran.dg/gomp/udr8.f90 -O (test for warnings, line 278)
FAIL: gfortran.dg/gomp/udr8.f90 -O (test for warnings, line 279)
FAIL: gfortran.dg/gomp/udr8.f90 -O (test for warnings, line 281)
FAIL: gfortran.dg/gomp/udr8.f90 -O (internal compiler error)
FAIL: gfortran.dg/gomp/udr8.f90 -O (test for excess errors)
FAIL: gfortran.dg/vect/fast-math-mgrid-resid.f -O scan-tree-dump-times pcom "Executing predictive commoning without unrolling" 1
FAIL: gfortran.dg/vect/fast-math-mgrid-resid.f -O scan-tree-dump-times pcom "Loop iterates only 1 time, nothing to do" 1
FAIL: gfortran.dg/vect/fast-math-mgrid-resid.f -O scan-tree-dump-times pcom "Predictive commoning failed: no suitable chains" 0
=== gfortran Summary for unix ===
# of expected passes 4050
Running target unix/-m32
FAIL: gfortran.dg/argument_checking_11.f90 -O (test for errors, line 134)
FAIL: gfortran.dg/argument_checking_11.f90 -O (test for errors, line 135)
FAIL: gfortran.dg/argument_checking_11.f90 -O (test for errors, line 139)
FAIL: gfortran.dg/argument_checking_11.f90 -O (test for errors, line 141)
FAIL: gfortran.dg/argument_checking_11.f90 -O (test for errors, line 142)
FAIL: gfortran.dg/argument_checking_11.f90 -O (test for errors, line 144)
FAIL: gfortran.dg/argument_checking_11.f90 -O (test for errors, line 145)
FAIL: gfortran.dg/argument_checking_11.f90 -O (test for errors, line 148)
FAIL: gfortran.dg/argument_checking_11.f90 -O (test for errors, line 149)
FAIL: gfortran.dg/argument_checking_11.f90 -O (test for errors, line 150)
FAIL: gfortran.dg/argument_checking_11.f90 -O (test for errors, line 151)
FAIL: gfortran.dg/argument_checking_11.f90 -O (test for errors, line 174)
FAIL: gfortran.dg/argument_checking_11.f90 -O (test for errors, line 175)
FAIL: gfortran.dg/argument_checking_11.f90 -O (test for errors, line 176)
FAIL: gfortran.dg/argument_checking_11.f90 -O (test for errors, line 177)
FAIL: gfortran.dg/argument_checking_11.f90 -O (test for errors, line 181)
FAIL: gfortran.dg/argument_checking_11.f90 -O (test for errors, line 183)
FAIL: gfortran.dg/argument_checking_11.f90 -O (test for errors, line 184)
FAIL: gfortran.dg/argument_checking_11.f90 -O (test for errors, line 188)
FAIL: gfortran.dg/argument_checking_11.f90 -O (test for errors, line 190)
FAIL: gfortran.dg/argument_checking_11.f90 -O (test for errors, line 191)
FAIL: gfortran.dg/argument_checking_11.f90 -O (test for errors, line 193)
FAIL: gfortran.dg/argument_checking_11.f90 -O (test for errors, line 194)
FAIL: gfortran.dg/argument_checking_11.f90 -O (test for errors, line 195)
FAIL: gfortran.dg/argument_checking_11.f90 -O (test for errors, line 196)
FAIL: gfortran.dg/argument_checking_11.f90 -O (test for errors, line 219)
FAIL: gfortran.dg/argument_checking_11.f90 -O (test for errors, line 220)
FAIL: gfortran.dg/argument_checking_11.f90 -O (test for errors, line 221)
FAIL: gfortran.dg/argument_checking_11.f90 -O (test for errors, line 222)
FAIL: gfortran.dg/argument_checking_11.f90 -O (test for errors, line 228)
FAIL: gfortran.dg/argument_checking_11.f90 -O (test for errors, line 229)
FAIL: gfortran.dg/argument_checking_11.f90 -O (test for errors, line 233)
FAIL: gfortran.dg/argument_checking_11.f90 -O (test for errors, line 235)
FAIL: gfortran.dg/argument_checking_11.f90 -O (test for errors, line 236)
FAIL: gfortran.dg/argument_checking_11.f90 -O (test for errors, line 238)
FAIL: gfortran.dg/argument_checking_11.f90 -O (test for errors, line 239)
FAIL: gfortran.dg/argument_checking_11.f90 -O (test for errors, line 24)
FAIL: gfortran.dg/argument_checking_11.f90 -O (test for errors, line 242)
FAIL: gfortran.dg/argument_checking_11.f90 -O (test for errors, line 243)
FAIL: gfortran.dg/argument_checking_11.f90 -O (test for errors, line 244)
FAIL: gfortran.dg/argument_checking_11.f90 -O (test for errors, line 245)
FAIL: gfortran.dg/argument_checking_11.f90 -O (test for errors, line 25)
FAIL: gfortran.dg/argument_checking_11.f90 -O (test for errors, line 268)
FAIL: gfortran.dg/argument_checking_11.f90 -O (test for errors, line 269)
FAIL: gfortran.dg/argument_checking_11.f90 -O (test for errors, line 270)
FAIL: gfortran.dg/argument_checking_11.f90 -O (test for errors, line 271)
FAIL: gfortran.dg/argument_checking_11.f90 -O (test for errors, line 29)
FAIL: gfortran.dg/argument_checking_11.f90 -O (test for errors, line 31)
FAIL: gfortran.dg/argument_checking_11.f90 -O (test for errors, line 32)
FAIL: gfortran.dg/argument_checking_11.f90 -O (test for errors, line 33)
FAIL: gfortran.dg/argument_checking_11.f90 -O (test for errors, line 36)
FAIL: gfortran.dg/argument_checking_11.f90 -O (test for errors, line 37)
FAIL: gfortran.dg/argument_checking_11.f90 -O (test for errors, line 38)
FAIL: gfortran.dg/argument_checking_11.f90 -O (test for errors, line 39)
FAIL: gfortran.dg/argument_checking_11.f90 -O (test for errors, line 51)
FAIL: gfortran.dg/argument_checking_11.f90 -O (test for errors, line 53)
FAIL: gfortran.dg/argument_checking_11.f90 -O (test for errors, line 54)
FAIL: gfortran.dg/argument_checking_11.f90 -O (test for errors, line 58)
FAIL: gfortran.dg/argument_checking_11.f90 -O (test for errors, line 60)
FAIL: gfortran.dg/argument_checking_11.f90 -O (test for errors, line 61)
FAIL: gfortran.dg/argument_checking_11.f90 -O (test for errors, line 63)
FAIL: gfortran.dg/argument_checking_11.f90 -O (test for errors, line 64)
FAIL: gfortran.dg/argument_checking_11.f90 -O (test for errors, line 65)
FAIL: gfortran.dg/argument_checking_11.f90 -O (test for errors, line 66)
FAIL: gfortran.dg/argument_checking_11.f90 -O (test for errors, line 67)
FAIL: gfortran.dg/argument_checking_11.f90 -O (test for errors, line 68)
FAIL: gfortran.dg/argument_checking_11.f90 -O (test for errors, line 69)
FAIL: gfortran.dg/argument_checking_11.f90 -O (test for errors, line 70)
FAIL: gfortran.dg/argument_checking_11.f90 -O (test for errors, line 84)
FAIL: gfortran.dg/argument_checking_11.f90 -O (test for errors, line 85)
FAIL: gfortran.dg/argument_checking_11.f90 -O (test for errors, line 89)
FAIL: gfortran.dg/argument_checking_11.f90 -O (test for errors, line 91)
FAIL: gfortran.dg/argument_checking_11.f90 -O (test for errors, line 92)
FAIL: gfortran.dg/argument_checking_11.f90 -O (test for errors, line 93)
FAIL: gfortran.dg/argument_checking_11.f90 -O (test for errors, line 96)
FAIL: gfortran.dg/argument_checking_11.f90 -O (test for errors, line 97)
FAIL: gfortran.dg/argument_checking_11.f90 -O (test for errors, line 98)
FAIL: gfortran.dg/argument_checking_11.f90 -O (test for errors, line 99)
FAIL: gfortran.dg/argument_checking_11.f90 -O (internal compiler error)
FAIL: gfortran.dg/argument_checking_11.f90 -O (test for excess errors)
FAIL: gfortran.dg/argument_checking_9.f90 -O (test for errors, line 15)
FAIL: gfortran.dg/argument_checking_9.f90 -O (test for errors, line 16)
FAIL: gfortran.dg/argument_checking_9.f90 -O (test for errors, line 17)
FAIL: gfortran.dg/argument_checking_9.f90 -O (test for errors, line 18)
FAIL: gfortran.dg/argument_checking_9.f90 -O (test for errors, line 19)
FAIL: gfortran.dg/argument_checking_9.f90 -O (test for errors, line 20)
FAIL: gfortran.dg/argument_checking_9.f90 -O (test for errors, line 21)
FAIL: gfortran.dg/argument_checking_9.f90 -O (test for errors, line 22)
FAIL: gfortran.dg/argument_checking_9.f90 -O (test for errors, line 23)
FAIL: gfortran.dg/argument_checking_9.f90 -O (test for errors, line 24)
FAIL: gfortran.dg/argument_checking_9.f90 -O (test for errors, line 25)
FAIL: gfortran.dg/argument_checking_9.f90 -O (test for errors, line 26)
FAIL: gfortran.dg/argument_checking_9.f90 -O (test for errors, line 27)
FAIL: gfortran.dg/argument_checking_9.f90 -O (test for errors, line 28)
FAIL: gfortran.dg/argument_checking_9.f90 -O (test for errors, line 29)
FAIL: gfortran.dg/argument_checking_9.f90 -O (test for errors, line 30)
FAIL: gfortran.dg/argument_checking_9.f90 -O (test for errors, line 31)
FAIL: gfortran.dg/argument_checking_9.f90 -O (test for errors, line 32)
FAIL: gfortran.dg/argument_checking_9.f90 -O (test for errors, line 33)
FAIL: gfortran.dg/argument_checking_9.f90 -O (test for errors, line 34)
FAIL: gfortran.dg/argument_checking_9.f90 -O (test for errors, line 35)
FAIL: gfortran.dg/argument_checking_9.f90 -O (test for errors, line 36)
FAIL: gfortran.dg/argument_checking_9.f90 -O (test for errors, line 37)
FAIL: gfortran.dg/argument_checking_9.f90 -O (test for errors, line 38)
FAIL: gfortran.dg/argument_checking_9.f90 -O (test for errors, line 39)
FAIL: gfortran.dg/argument_checking_9.f90 -O (test for errors, line 40)
FAIL: gfortran.dg/argument_checking_9.f90 -O (test for errors, line 41)
FAIL: gfortran.dg/argument_checking_9.f90 -O (test for errors, line 42)
FAIL: gfortran.dg/argument_checking_9.f90 -O (test for errors, line 43)
FAIL: gfortran.dg/argument_checking_9.f90 -O (test for errors, line 44)
FAIL: gfortran.dg/argument_checking_9.f90 -O (test for errors, line 45)
FAIL: gfortran.dg/argument_checking_9.f90 -O (test for errors, line 46)
FAIL: gfortran.dg/argument_checking_9.f90 -O (test for errors, line 47)
FAIL: gfortran.dg/argument_checking_9.f90 -O (test for errors, line 48)
FAIL: gfortran.dg/argument_checking_9.f90 -O (test for errors, line 49)
FAIL: gfortran.dg/argument_checking_9.f90 -O (internal compiler error)
FAIL: gfortran.dg/argument_checking_9.f90 -O (test for excess errors)
FAIL: gfortran.dg/coarray_7.f90 -O (test for errors, line 101)
FAIL: gfortran.dg/coarray_7.f90 -O (test for errors, line 114)
FAIL: gfortran.dg/coarray_7.f90 -O (test for errors, line 115)
FAIL: gfortran.dg/coarray_7.f90 -O (test for errors, line 128)
FAIL: gfortran.dg/coarray_7.f90 -O (test for errors, line 130)
FAIL: gfortran.dg/coarray_7.f90 -O (test for errors, line 140)
FAIL: gfortran.dg/coarray_7.f90 -O (test for errors, line 173)
FAIL: gfortran.dg/coarray_7.f90 -O (test for errors, line 29)
FAIL: gfortran.dg/coarray_7.f90 -O (test for errors, line 34)
FAIL: gfortran.dg/coarray_7.f90 -O (test for errors, line 36)
FAIL: gfortran.dg/coarray_7.f90 -O (test for errors, line 38)
FAIL: gfortran.dg/coarray_7.f90 -O (test for errors, line 40)
FAIL: gfortran.dg/coarray_7.f90 -O (test for errors, line 46)
FAIL: gfortran.dg/coarray_7.f90 -O (test for errors, line 47)
FAIL: gfortran.dg/coarray_7.f90 -O (test for errors, line 51)
FAIL: gfortran.dg/coarray_7.f90 -O (test for errors, line 53)
FAIL: gfortran.dg/coarray_7.f90 -O (test for errors, line 91)
FAIL: gfortran.dg/coarray_7.f90 -O (test for errors, line 92)
FAIL: gfortran.dg/coarray_7.f90 -O (internal compiler error)
FAIL: gfortran.dg/coarray_7.f90 -O (test for excess errors)
FAIL: gfortran.dg/coarray_8.f90 -O (test for errors, line 115)
FAIL: gfortran.dg/coarray_8.f90 -O (test for errors, line 134)
FAIL: gfortran.dg/coarray_8.f90 -O (test for errors, line 135)
FAIL: gfortran.dg/coarray_8.f90 -O (test for errors, line 138)
FAIL: gfortran.dg/coarray_8.f90 -O (test for errors, line 141)
FAIL: gfortran.dg/coarray_8.f90 -O (test for errors, line 148)
FAIL: gfortran.dg/coarray_8.f90 -O (test for errors, line 149)
FAIL: gfortran.dg/coarray_8.f90 -O (test for errors, line 150)
FAIL: gfortran.dg/coarray_8.f90 -O (test for errors, line 156)
FAIL: gfortran.dg/coarray_8.f90 -O (test for errors, line 157)
FAIL: gfortran.dg/coarray_8.f90 -O (test for errors, line 158)
FAIL: gfortran.dg/coarray_8.f90 -O (test for errors, line 169)
FAIL: gfortran.dg/coarray_8.f90 -O (test for errors, line 176)
FAIL: gfortran.dg/coarray_8.f90 -O (test for errors, line 36)
FAIL: gfortran.dg/coarray_8.f90 -O (test for errors, line 42)
FAIL: gfortran.dg/coarray_8.f90 -O (test for errors, line 48)
FAIL: gfortran.dg/coarray_8.f90 -O (test for errors, line 49)
FAIL: gfortran.dg/coarray_8.f90 -O (test for errors, line 76)
FAIL: gfortran.dg/coarray_8.f90 -O (test for errors, line 78)
FAIL: gfortran.dg/coarray_8.f90 -O (test for errors, line 79)
FAIL: gfortran.dg/coarray_8.f90 -O (test for errors, line 80)
FAIL: gfortran.dg/coarray_8.f90 -O (test for errors, line 81)
FAIL: gfortran.dg/coarray_8.f90 -O (test for errors, line 82)
FAIL: gfortran.dg/coarray_8.f90 -O (test for errors, line 83)
FAIL: gfortran.dg/coarray_8.f90 -O (test for errors, line 90)
FAIL: gfortran.dg/coarray_8.f90 -O (test for errors, line 91)
FAIL: gfortran.dg/coarray_8.f90 -O (test for errors, line 92)
FAIL: gfortran.dg/coarray_8.f90 -O (internal compiler error)
FAIL: gfortran.dg/coarray_8.f90 -O (test for excess errors)
FAIL: gfortran.dg/coarray_atomic_3.f90 -O (test for errors, line 100)
FAIL: gfortran.dg/coarray_atomic_3.f90 -O (test for errors, line 101)
FAIL: gfortran.dg/coarray_atomic_3.f90 -O (test for errors, line 102)
FAIL: gfortran.dg/coarray_atomic_3.f90 -O (test for errors, line 103)
FAIL: gfortran.dg/coarray_atomic_3.f90 -O (test for errors, line 107)
FAIL: gfortran.dg/coarray_atomic_3.f90 -O (test for errors, line 108)
FAIL: gfortran.dg/coarray_atomic_3.f90 -O (test for errors, line 109)
FAIL: gfortran.dg/coarray_atomic_3.f90 -O (test for errors, line 110)
FAIL: gfortran.dg/coarray_atomic_3.f90 -O (test for errors, line 111)
FAIL: gfortran.dg/coarray_atomic_3.f90 -O (test for errors, line 26)
FAIL: gfortran.dg/coarray_atomic_3.f90 -O (test for errors, line 27)
FAIL: gfortran.dg/coarray_atomic_3.f90 -O (test for errors, line 28)
FAIL: gfortran.dg/coarray_atomic_3.f90 -O (test for errors, line 29)
FAIL: gfortran.dg/coarray_atomic_3.f90 -O (test for errors, line 30)
FAIL: gfortran.dg/coarray_atomic_3.f90 -O (test for errors, line 34)
FAIL: gfortran.dg/coarray_atomic_3.f90 -O (test for errors, line 35)
FAIL: gfortran.dg/coarray_atomic_3.f90 -O (test for errors, line 36)
FAIL: gfortran.dg/coarray_atomic_3.f90 -O (test for errors, line 37)
FAIL: gfortran.dg/coarray_atomic_3.f90 -O (test for errors, line 40)
FAIL: gfortran.dg/coarray_atomic_3.f90 -O (test for errors, line 41)
FAIL: gfortran.dg/coarray_atomic_3.f90 -O (test for errors, line 42)
FAIL: gfortran.dg/coarray_atomic_3.f90 -O (test for errors, line 43)
FAIL: gfortran.dg/coarray_atomic_3.f90 -O (test for errors, line 44)
FAIL: gfortran.dg/coarray_atomic_3.f90 -O (test for errors, line 46)
FAIL: gfortran.dg/coarray_atomic_3.f90 -O (test for errors, line 47)
FAIL: gfortran.dg/coarray_atomic_3.f90 -O (test for errors, line 48)
FAIL: gfortran.dg/coarray_atomic_3.f90 -O (test for errors, line 49)
FAIL: gfortran.dg/coarray_atomic_3.f90 -O (test for errors, line 50)
FAIL: gfortran.dg/coarray_atomic_3.f90 -O (test for errors, line 51)
FAIL: gfortran.dg/coarray_atomic_3.f90 -O (test for errors, line 55)
FAIL: gfortran.dg/coarray_atomic_3.f90 -O (test for errors, line 56)
FAIL: gfortran.dg/coarray_atomic_3.f90 -O (test for errors, line 57)
FAIL: gfortran.dg/coarray_atomic_3.f90 -O (test for errors, line 58)
FAIL: gfortran.dg/coarray_atomic_3.f90 -O (test for errors, line 62)
FAIL: gfortran.dg/coarray_atomic_3.f90 -O (test for errors, line 63)
FAIL: gfortran.dg/coarray_atomic_3.f90 -O (test for errors, line 64)
FAIL: gfortran.dg/coarray_atomic_3.f90 -O (test for errors, line 65)
FAIL: gfortran.dg/coarray_atomic_3.f90 -O (test for errors, line 69)
FAIL: gfortran.dg/coarray_atomic_3.f90 -O (test for errors, line 70)
FAIL: gfortran.dg/coarray_atomic_3.f90 -O (test for errors, line 71)
FAIL: gfortran.dg/coarray_atomic_3.f90 -O (test for errors, line 72)
FAIL: gfortran.dg/coarray_atomic_3.f90 -O (test for errors, line 76)
FAIL: gfortran.dg/coarray_atomic_3.f90 -O (test for errors, line 77)
FAIL: gfortran.dg/coarray_atomic_3.f90 -O (test for errors, line 78)
FAIL: gfortran.dg/coarray_atomic_3.f90 -O (test for errors, line 79)
FAIL: gfortran.dg/coarray_atomic_3.f90 -O (test for errors, line 83)
FAIL: gfortran.dg/coarray_atomic_3.f90 -O (test for errors, line 84)
FAIL: gfortran.dg/coarray_atomic_3.f90 -O (test for errors, line 85)
FAIL: gfortran.dg/coarray_atomic_3.f90 -O (test for errors, line 86)
FAIL: gfortran.dg/coarray_atomic_3.f90 -O (test for errors, line 87)
FAIL: gfortran.dg/coarray_atomic_3.f90 -O (test for errors, line 91)
FAIL: gfortran.dg/coarray_atomic_3.f90 -O (test for errors, line 92)
FAIL: gfortran.dg/coarray_atomic_3.f90 -O (test for errors, line 93)
FAIL: gfortran.dg/coarray_atomic_3.f90 -O (test for errors, line 94)
FAIL: gfortran.dg/coarray_atomic_3.f90 -O (test for errors, line 95)
FAIL: gfortran.dg/coarray_atomic_3.f90 -O (test for errors, line 99)
FAIL: gfortran.dg/coarray_atomic_3.f90 -O (internal compiler error)
FAIL: gfortran.dg/coarray_atomic_3.f90 -O (test for excess errors)
FAIL: gfortran.dg/coarray_collectives_14.f90 -O (test for errors, line 45)
FAIL: gfortran.dg/coarray_collectives_14.f90 -O (test for errors, line 46)
FAIL: gfortran.dg/coarray_collectives_14.f90 -O (test for errors, line 47)
FAIL: gfortran.dg/coarray_collectives_14.f90 -O (test for errors, line 48)
FAIL: gfortran.dg/coarray_collectives_14.f90 -O (test for errors, line 49)
FAIL: gfortran.dg/coarray_collectives_14.f90 -O (test for errors, line 53)
FAIL: gfortran.dg/coarray_collectives_14.f90 -O (test for errors, line 54)
FAIL: gfortran.dg/coarray_collectives_14.f90 -O (test for errors, line 55)
FAIL: gfortran.dg/coarray_collectives_14.f90 -O (test for errors, line 56)
FAIL: gfortran.dg/coarray_collectives_14.f90 -O (test for errors, line 57)
FAIL: gfortran.dg/coarray_collectives_14.f90 -O (test for errors, line 58)
FAIL: gfortran.dg/coarray_collectives_14.f90 -O (test for errors, line 59)
FAIL: gfortran.dg/coarray_collectives_14.f90 -O (test for errors, line 60)
FAIL: gfortran.dg/coarray_collectives_14.f90 -O (test for errors, line 61)
FAIL: gfortran.dg/coarray_collectives_14.f90 -O (test for errors, line 62)
FAIL: gfortran.dg/coarray_collectives_14.f90 -O (test for errors, line 63)
FAIL: gfortran.dg/coarray_collectives_14.f90 -O (test for errors, line 64)
FAIL: gfortran.dg/coarray_collectives_14.f90 -O (test for errors, line 65)
FAIL: gfortran.dg/coarray_collectives_14.f90 -O (test for errors, line 66)
FAIL: gfortran.dg/coarray_collectives_14.f90 -O (test for errors, line 67)
FAIL: gfortran.dg/coarray_collectives_14.f90 -O (test for errors, line 68)
FAIL: gfortran.dg/coarray_collectives_14.f90 -O (test for errors, line 69)
FAIL: gfortran.dg/coarray_collectives_14.f90 -O (test for errors, line 70)
FAIL: gfortran.dg/coarray_collectives_14.f90 -O (test for errors, line 71)
FAIL: gfortran.dg/coarray_collectives_14.f90 -O (test for errors, line 72)
FAIL: gfortran.dg/coarray_collectives_14.f90 -O (test for errors, line 73)
FAIL: gfortran.dg/coarray_collectives_14.f90 -O (test for errors, line 74)
FAIL: gfortran.dg/coarray_collectives_14.f90 -O (test for errors, line 75)
FAIL: gfortran.dg/coarray_collectives_14.f90 -O (test for errors, line 76)
FAIL: gfortran.dg/coarray_collectives_14.f90 -O (test for errors, line 77)
FAIL: gfortran.dg/coarray_collectives_14.f90 -O (test for errors, line 78)
FAIL: gfortran.dg/coarray_collectives_14.f90 -O (test for errors, line 79)
FAIL: gfortran.dg/coarray_collectives_14.f90 -O (test for errors, line 80)
FAIL: gfortran.dg/coarray_collectives_14.f90 -O (test for errors, line 81)
FAIL: gfortran.dg/coarray_collectives_14.f90 -O (test for errors, line 82)
FAIL: gfortran.dg/coarray_collectives_14.f90 -O (test for errors, line 83)
FAIL: gfortran.dg/coarray_collectives_14.f90 -O (test for errors, line 86)
FAIL: gfortran.dg/coarray_collectives_14.f90 -O (test for errors, line 87)
FAIL: gfortran.dg/coarray_collectives_14.f90 -O (test for errors, line 88)
FAIL: gfortran.dg/coarray_collectives_14.f90 -O (test for errors, line 89)
FAIL: gfortran.dg/coarray_collectives_14.f90 -O (internal compiler error)
FAIL: gfortran.dg/coarray_collectives_14.f90 -O (test for excess errors)
FAIL: gfortran.dg/coarray_collectives_9.f90 -O (test for errors, line 28)
FAIL: gfortran.dg/coarray_collectives_9.f90 -O (test for errors, line 29)
FAIL: gfortran.dg/coarray_collectives_9.f90 -O (test for errors, line 30)
FAIL: gfortran.dg/coarray_collectives_9.f90 -O (test for errors, line 31)
FAIL: gfortran.dg/coarray_collectives_9.f90 -O (test for errors, line 32)
FAIL: gfortran.dg/coarray_collectives_9.f90 -O (test for errors, line 34)
FAIL: gfortran.dg/coarray_collectives_9.f90 -O (test for errors, line 35)
FAIL: gfortran.dg/coarray_collectives_9.f90 -O (test for errors, line 36)
FAIL: gfortran.dg/coarray_collectives_9.f90 -O (test for errors, line 37)
FAIL: gfortran.dg/coarray_collectives_9.f90 -O (test for errors, line 38)
FAIL: gfortran.dg/coarray_collectives_9.f90 -O (test for errors, line 41)
FAIL: gfortran.dg/coarray_collectives_9.f90 -O (test for errors, line 42)
FAIL: gfortran.dg/coarray_collectives_9.f90 -O (test for errors, line 43)
FAIL: gfortran.dg/coarray_collectives_9.f90 -O (test for errors, line 44)
FAIL: gfortran.dg/coarray_collectives_9.f90 -O (test for errors, line 45)
FAIL: gfortran.dg/coarray_collectives_9.f90 -O (test for errors, line 47)
FAIL: gfortran.dg/coarray_collectives_9.f90 -O (test for errors, line 48)
FAIL: gfortran.dg/coarray_collectives_9.f90 -O (test for errors, line 49)
FAIL: gfortran.dg/coarray_collectives_9.f90 -O (test for errors, line 50)
FAIL: gfortran.dg/coarray_collectives_9.f90 -O (test for errors, line 51)
FAIL: gfortran.dg/coarray_collectives_9.f90 -O (test for errors, line 54)
FAIL: gfortran.dg/coarray_collectives_9.f90 -O (test for errors, line 55)
FAIL: gfortran.dg/coarray_collectives_9.f90 -O (test for errors, line 56)
FAIL: gfortran.dg/coarray_collectives_9.f90 -O (test for errors, line 57)
FAIL: gfortran.dg/coarray_collectives_9.f90 -O (test for errors, line 58)
FAIL: gfortran.dg/coarray_collectives_9.f90 -O (test for errors, line 60)
FAIL: gfortran.dg/coarray_collectives_9.f90 -O (test for errors, line 61)
FAIL: gfortran.dg/coarray_collectives_9.f90 -O (internal compiler error)
FAIL: gfortran.dg/coarray_collectives_9.f90 -O (test for excess errors)
FAIL: gfortran.dg/io_constraints_3.f90 -O (test for errors, line 109)
FAIL: gfortran.dg/io_constraints_3.f90 -O (test for errors, line 110)
FAIL: gfortran.dg/io_constraints_3.f90 -O (test for errors, line 137)
FAIL: gfortran.dg/io_constraints_3.f90 -O (test for errors, line 138)
FAIL: gfortran.dg/io_constraints_3.f90 -O (test for errors, line 146)
FAIL: gfortran.dg/io_constraints_3.f90 -O (test for errors, line 150)
FAIL: gfortran.dg/io_constraints_3.f90 -O (test for errors, line 155)
FAIL: gfortran.dg/io_constraints_3.f90 -O (test for errors, line 159)
FAIL: gfortran.dg/io_constraints_3.f90 -O (test for errors, line 163)
FAIL: gfortran.dg/io_constraints_3.f90 -O (test for errors, line 168)
FAIL: gfortran.dg/io_constraints_3.f90 -O (test for errors, line 170)
FAIL: gfortran.dg/io_constraints_3.f90 -O (test for errors, line 171)
FAIL: gfortran.dg/io_constraints_3.f90 -O (test for errors, line 172)
FAIL: gfortran.dg/io_constraints_3.f90 -O (test for errors, line 173)
FAIL: gfortran.dg/io_constraints_3.f90 -O (test for errors, line 177)
FAIL: gfortran.dg/io_constraints_3.f90 -O (test for errors, line 179)
FAIL: gfortran.dg/io_constraints_3.f90 -O (test for errors, line 180)
FAIL: gfortran.dg/io_constraints_3.f90 -O (test for errors, line 181)
FAIL: gfortran.dg/io_constraints_3.f90 -O (test for errors, line 183)
FAIL: gfortran.dg/io_constraints_3.f90 -O (test for errors, line 184)
FAIL: gfortran.dg/io_constraints_3.f90 -O (test for errors, line 185)
FAIL: gfortran.dg/io_constraints_3.f90 -O (test for errors, line 187)
FAIL: gfortran.dg/io_constraints_3.f90 -O (test for errors, line 191)
FAIL: gfortran.dg/io_constraints_3.f90 -O (test for errors, line 47)
FAIL: gfortran.dg/io_constraints_3.f90 -O (test for errors, line 48)
FAIL: gfortran.dg/io_constraints_3.f90 -O (test for errors, line 69)
FAIL: gfortran.dg/io_constraints_3.f90 -O (test for warnings, line 102)
FAIL: gfortran.dg/io_constraints_3.f90 -O (test for warnings, line 107)
FAIL: gfortran.dg/io_constraints_3.f90 -O (test for warnings, line 111)
FAIL: gfortran.dg/io_constraints_3.f90 -O (test for warnings, line 112)
FAIL: gfortran.dg/io_constraints_3.f90 -O (test for warnings, line 116)
FAIL: gfortran.dg/io_constraints_3.f90 -O (test for warnings, line 118)
FAIL: gfortran.dg/io_constraints_3.f90 -O (test for warnings, line 119)
FAIL: gfortran.dg/io_constraints_3.f90 -O (test for warnings, line 120)
FAIL: gfortran.dg/io_constraints_3.f90 -O (test for warnings, line 122)
FAIL: gfortran.dg/io_constraints_3.f90 -O (test for warnings, line 123)
FAIL: gfortran.dg/io_constraints_3.f90 -O (test for warnings, line 124)
FAIL: gfortran.dg/io_constraints_3.f90 -O (test for warnings, line 126)
FAIL: gfortran.dg/io_constraints_3.f90 -O (test for warnings, line 130)
FAIL: gfortran.dg/io_constraints_3.f90 -O (test for warnings, line 14)
FAIL: gfortran.dg/io_constraints_3.f90 -O (test for warnings, line 141)
FAIL: gfortran.dg/io_constraints_3.f90 -O (test for warnings, line 15)
FAIL: gfortran.dg/io_constraints_3.f90 -O (test for warnings, line 18)
FAIL: gfortran.dg/io_constraints_3.f90 -O (test for warnings, line 23)
FAIL: gfortran.dg/io_constraints_3.f90 -O (test for warnings, line 27)
FAIL: gfortran.dg/io_constraints_3.f90 -O (test for warnings, line 32)
FAIL: gfortran.dg/io_constraints_3.f90 -O (test for warnings, line 36)
FAIL: gfortran.dg/io_constraints_3.f90 -O (test for warnings, line 40)
FAIL: gfortran.dg/io_constraints_3.f90 -O (test for warnings, line 45)
FAIL: gfortran.dg/io_constraints_3.f90 -O (test for warnings, line 49)
FAIL: gfortran.dg/io_constraints_3.f90 -O (test for warnings, line 50)
FAIL: gfortran.dg/io_constraints_3.f90 -O (test for warnings, line 54)
FAIL: gfortran.dg/io_constraints_3.f90 -O (test for warnings, line 56)
FAIL: gfortran.dg/io_constraints_3.f90 -O (test for warnings, line 57)
FAIL: gfortran.dg/io_constraints_3.f90 -O (test for warnings, line 58)
FAIL: gfortran.dg/io_constraints_3.f90 -O (test for warnings, line 60)
FAIL: gfortran.dg/io_constraints_3.f90 -O (test for warnings, line 61)
FAIL: gfortran.dg/io_constraints_3.f90 -O (test for warnings, line 62)
FAIL: gfortran.dg/io_constraints_3.f90 -O (test for warnings, line 64)
FAIL: gfortran.dg/io_constraints_3.f90 -O (test for warnings, line 68)
FAIL: gfortran.dg/io_constraints_3.f90 -O (test for warnings, line 76)
FAIL: gfortran.dg/io_constraints_3.f90 -O (test for warnings, line 77)
FAIL: gfortran.dg/io_constraints_3.f90 -O (test for warnings, line 80)
FAIL: gfortran.dg/io_constraints_3.f90 -O (test for warnings, line 85)
FAIL: gfortran.dg/io_constraints_3.f90 -O (test for warnings, line 89)
FAIL: gfortran.dg/io_constraints_3.f90 -O (test for warnings, line 94)
FAIL: gfortran.dg/io_constraints_3.f90 -O (test for warnings, line 98)
FAIL: gfortran.dg/io_constraints_3.f90 -O (internal compiler error)
FAIL: gfortran.dg/io_constraints_3.f90 -O (test for excess errors)
FAIL: gfortran.dg/io_constraints_8.f90 -O (test for errors, line 15)
FAIL: gfortran.dg/io_constraints_8.f90 -O (test for errors, line 16)
FAIL: gfortran.dg/io_constraints_8.f90 -O (test for errors, line 17)
FAIL: gfortran.dg/io_constraints_8.f90 -O (test for errors, line 18)
FAIL: gfortran.dg/io_constraints_8.f90 -O (test for errors, line 19)
FAIL: gfortran.dg/io_constraints_8.f90 -O (test for errors, line 20)
FAIL: gfortran.dg/io_constraints_8.f90 -O (test for errors, line 21)
FAIL: gfortran.dg/io_constraints_8.f90 -O (test for errors, line 22)
FAIL: gfortran.dg/io_constraints_8.f90 -O (test for errors, line 23)
FAIL: gfortran.dg/io_constraints_8.f90 -O (test for errors, line 24)
FAIL: gfortran.dg/io_constraints_8.f90 -O (test for errors, line 25)
FAIL: gfortran.dg/io_constraints_8.f90 -O (test for errors, line 26)
FAIL: gfortran.dg/io_constraints_8.f90 -O (test for errors, line 27)
FAIL: gfortran.dg/io_constraints_8.f90 -O (test for errors, line 28)
FAIL: gfortran.dg/io_constraints_8.f90 -O (test for errors, line 29)
FAIL: gfortran.dg/io_constraints_8.f90 -O (test for errors, line 31)
FAIL: gfortran.dg/io_constraints_8.f90 -O (test for errors, line 32)
FAIL: gfortran.dg/io_constraints_8.f90 -O (test for errors, line 34)
FAIL: gfortran.dg/io_constraints_8.f90 -O (test for errors, line 35)
FAIL: gfortran.dg/io_constraints_8.f90 -O (test for errors, line 36)
FAIL: gfortran.dg/io_constraints_8.f90 -O (test for errors, line 37)
FAIL: gfortran.dg/io_constraints_8.f90 -O (test for errors, line 38)
FAIL: gfortran.dg/io_constraints_8.f90 -O (test for errors, line 39)
FAIL: gfortran.dg/io_constraints_8.f90 -O (test for errors, line 40)
FAIL: gfortran.dg/io_constraints_8.f90 -O (test for errors, line 42)
FAIL: gfortran.dg/io_constraints_8.f90 -O (test for errors, line 44)
FAIL: gfortran.dg/io_constraints_8.f90 -O (test for errors, line 45)
FAIL: gfortran.dg/io_constraints_8.f90 -O (test for errors, line 46)
FAIL: gfortran.dg/io_constraints_8.f90 -O (test for errors, line 47)
FAIL: gfortran.dg/io_constraints_8.f90 -O (test for errors, line 49)
FAIL: gfortran.dg/io_constraints_8.f90 -O (test for errors, line 50)
FAIL: gfortran.dg/io_constraints_8.f90 -O (test for errors, line 51)
FAIL: gfortran.dg/io_constraints_8.f90 -O (test for errors, line 52)
FAIL: gfortran.dg/io_constraints_8.f90 -O (test for errors, line 53)
FAIL: gfortran.dg/io_constraints_8.f90 -O (test for errors, line 54)
FAIL: gfortran.dg/io_constraints_8.f90 -O (test for errors, line 55)
FAIL: gfortran.dg/io_constraints_8.f90 -O (test for errors, line 56)
FAIL: gfortran.dg/io_constraints_8.f90 -O (test for errors, line 57)
FAIL: gfortran.dg/io_constraints_8.f90 -O (test for errors, line 58)
FAIL: gfortran.dg/io_constraints_8.f90 -O (test for errors, line 59)
FAIL: gfortran.dg/io_constraints_8.f90 -O (test for errors, line 60)
FAIL: gfortran.dg/io_constraints_8.f90 -O (test for errors, line 61)
FAIL: gfortran.dg/io_constraints_8.f90 -O (test for errors, line 62)
FAIL: gfortran.dg/io_constraints_8.f90 -O (test for errors, line 63)
FAIL: gfortran.dg/io_constraints_8.f90 -O (test for errors, line 64)
FAIL: gfortran.dg/io_constraints_8.f90 -O (test for errors, line 65)
FAIL: gfortran.dg/io_constraints_8.f90 -O (test for errors, line 66)
FAIL: gfortran.dg/io_constraints_8.f90 -O (test for errors, line 67)
FAIL: gfortran.dg/io_constraints_8.f90 -O (test for errors, line 68)
FAIL: gfortran.dg/io_constraints_8.f90 -O (test for errors, line 70)
FAIL: gfortran.dg/io_constraints_8.f90 -O (test for errors, line 71)
FAIL: gfortran.dg/io_constraints_8.f90 -O (internal compiler error)
FAIL: gfortran.dg/io_constraints_8.f90 -O (test for excess errors)
FAIL: gfortran.dg/maxerrors.f90 -O (test for errors, line 9)
FAIL: gfortran.dg/maxerrors.f90 -O (internal compiler error)
FAIL: gfortran.dg/maxerrors.f90 -O (test for excess errors)
FAIL: gfortran.dg/widechar_3.f90 -O (test for errors, line 100)
FAIL: gfortran.dg/widechar_3.f90 -O (test for errors, line 102)
FAIL: gfortran.dg/widechar_3.f90 -O (test for errors, line 104)
FAIL: gfortran.dg/widechar_3.f90 -O (test for errors, line 106)
FAIL: gfortran.dg/widechar_3.f90 -O (test for errors, line 108)
FAIL: gfortran.dg/widechar_3.f90 -O (test for errors, line 110)
FAIL: gfortran.dg/widechar_3.f90 -O (test for errors, line 13)
FAIL: gfortran.dg/widechar_3.f90 -O (test for errors, line 14)
FAIL: gfortran.dg/widechar_3.f90 -O (test for errors, line 18)
FAIL: gfortran.dg/widechar_3.f90 -O (test for errors, line 19)
FAIL: gfortran.dg/widechar_3.f90 -O (test for errors, line 23)
FAIL: gfortran.dg/widechar_3.f90 -O (test for errors, line 24)
FAIL: gfortran.dg/widechar_3.f90 -O (test for errors, line 28)
FAIL: gfortran.dg/widechar_3.f90 -O (test for errors, line 29)
FAIL: gfortran.dg/widechar_3.f90 -O (test for errors, line 33)
FAIL: gfortran.dg/widechar_3.f90 -O (test for errors, line 34)
FAIL: gfortran.dg/widechar_3.f90 -O (test for errors, line 38)
FAIL: gfortran.dg/widechar_3.f90 -O (test for errors, line 39)
FAIL: gfortran.dg/widechar_3.f90 -O (test for errors, line 43)
FAIL: gfortran.dg/widechar_3.f90 -O (test for errors, line 44)
FAIL: gfortran.dg/widechar_3.f90 -O (test for errors, line 48)
FAIL: gfortran.dg/widechar_3.f90 -O (test for errors, line 49)
FAIL: gfortran.dg/widechar_3.f90 -O (test for errors, line 53)
FAIL: gfortran.dg/widechar_3.f90 -O (test for errors, line 54)
FAIL: gfortran.dg/widechar_3.f90 -O (test for errors, line 58)
FAIL: gfortran.dg/widechar_3.f90 -O (test for errors, line 59)
FAIL: gfortran.dg/widechar_3.f90 -O (test for errors, line 63)
FAIL: gfortran.dg/widechar_3.f90 -O (test for errors, line 64)
FAIL: gfortran.dg/widechar_3.f90 -O (test for errors, line 68)
FAIL: gfortran.dg/widechar_3.f90 -O (test for errors, line 69)
FAIL: gfortran.dg/widechar_3.f90 -O (test for errors, line 73)
FAIL: gfortran.dg/widechar_3.f90 -O (test for errors, line 74)
FAIL: gfortran.dg/widechar_3.f90 -O (test for errors, line 78)
FAIL: gfortran.dg/widechar_3.f90 -O (test for errors, line 79)
FAIL: gfortran.dg/widechar_3.f90 -O (test for errors, line 8)
FAIL: gfortran.dg/widechar_3.f90 -O (test for errors, line 83)
FAIL: gfortran.dg/widechar_3.f90 -O (test for errors, line 84)
FAIL: gfortran.dg/widechar_3.f90 -O (test for errors, line 88)
FAIL: gfortran.dg/widechar_3.f90 -O (test for errors, line 9)
FAIL: gfortran.dg/widechar_3.f90 -O (test for errors, line 90)
FAIL: gfortran.dg/widechar_3.f90 -O (test for errors, line 92)
FAIL: gfortran.dg/widechar_3.f90 -O (test for errors, line 94)
FAIL: gfortran.dg/widechar_3.f90 -O (test for errors, line 96)
FAIL: gfortran.dg/widechar_3.f90 -O (test for errors, line 98)
FAIL: gfortran.dg/widechar_3.f90 -O (internal compiler error)
FAIL: gfortran.dg/widechar_3.f90 -O (test for excess errors)
FAIL: gfortran.dg/widechar_intrinsics_1.f90 -O (test for errors, line 101)
FAIL: gfortran.dg/widechar_intrinsics_1.f90 -O (test for errors, line 102)
FAIL: gfortran.dg/widechar_intrinsics_1.f90 -O (test for errors, line 103)
FAIL: gfortran.dg/widechar_intrinsics_1.f90 -O (test for errors, line 104)
FAIL: gfortran.dg/widechar_intrinsics_1.f90 -O (test for errors, line 106)
FAIL: gfortran.dg/widechar_intrinsics_1.f90 -O (test for errors, line 107)
FAIL: gfortran.dg/widechar_intrinsics_1.f90 -O (test for errors, line 108)
FAIL: gfortran.dg/widechar_intrinsics_1.f90 -O (test for errors, line 109)
FAIL: gfortran.dg/widechar_intrinsics_1.f90 -O (test for errors, line 112)
FAIL: gfortran.dg/widechar_intrinsics_1.f90 -O (test for errors, line 114)
FAIL: gfortran.dg/widechar_intrinsics_1.f90 -O (test for errors, line 12)
FAIL: gfortran.dg/widechar_intrinsics_1.f90 -O (test for errors, line 13)
FAIL: gfortran.dg/widechar_intrinsics_1.f90 -O (test for errors, line 14)
FAIL: gfortran.dg/widechar_intrinsics_1.f90 -O (test for errors, line 15)
FAIL: gfortran.dg/widechar_intrinsics_1.f90 -O (test for errors, line 18)
FAIL: gfortran.dg/widechar_intrinsics_1.f90 -O (test for errors, line 21)
FAIL: gfortran.dg/widechar_intrinsics_1.f90 -O (test for errors, line 26)
FAIL: gfortran.dg/widechar_intrinsics_1.f90 -O (test for errors, line 27)
FAIL: gfortran.dg/widechar_intrinsics_1.f90 -O (test for errors, line 28)
FAIL: gfortran.dg/widechar_intrinsics_1.f90 -O (test for errors, line 29)
FAIL: gfortran.dg/widechar_intrinsics_1.f90 -O (test for errors, line 36)
FAIL: gfortran.dg/widechar_intrinsics_1.f90 -O (test for errors, line 37)
FAIL: gfortran.dg/widechar_intrinsics_1.f90 -O (test for errors, line 38)
FAIL: gfortran.dg/widechar_intrinsics_1.f90 -O (test for errors, line 39)
FAIL: gfortran.dg/widechar_intrinsics_1.f90 -O (test for errors, line 41)
FAIL: gfortran.dg/widechar_intrinsics_1.f90 -O (test for errors, line 42)
FAIL: gfortran.dg/widechar_intrinsics_1.f90 -O (test for errors, line 43)
FAIL: gfortran.dg/widechar_intrinsics_1.f90 -O (test for errors, line 44)
FAIL: gfortran.dg/widechar_intrinsics_1.f90 -O (test for errors, line 46)
FAIL: gfortran.dg/widechar_intrinsics_1.f90 -O (test for errors, line 47)
FAIL: gfortran.dg/widechar_intrinsics_1.f90 -O (test for errors, line 48)
FAIL: gfortran.dg/widechar_intrinsics_1.f90 -O (test for errors, line 49)
FAIL: gfortran.dg/widechar_intrinsics_1.f90 -O (test for errors, line 56)
FAIL: gfortran.dg/widechar_intrinsics_1.f90 -O (test for errors, line 57)
FAIL: gfortran.dg/widechar_intrinsics_1.f90 -O (test for errors, line 58)
FAIL: gfortran.dg/widechar_intrinsics_1.f90 -O (test for errors, line 59)
FAIL: gfortran.dg/widechar_intrinsics_1.f90 -O (test for errors, line 61)
FAIL: gfortran.dg/widechar_intrinsics_1.f90 -O (test for errors, line 62)
FAIL: gfortran.dg/widechar_intrinsics_1.f90 -O (test for errors, line 63)
FAIL: gfortran.dg/widechar_intrinsics_1.f90 -O (test for errors, line 64)
FAIL: gfortran.dg/widechar_intrinsics_1.f90 -O (test for errors, line 66)
FAIL: gfortran.dg/widechar_intrinsics_1.f90 -O (test for errors, line 67)
FAIL: gfortran.dg/widechar_intrinsics_1.f90 -O (test for errors, line 68)
FAIL: gfortran.dg/widechar_intrinsics_1.f90 -O (test for errors, line 69)
FAIL: gfortran.dg/widechar_intrinsics_1.f90 -O (test for errors, line 76)
FAIL: gfortran.dg/widechar_intrinsics_1.f90 -O (test for errors, line 77)
FAIL: gfortran.dg/widechar_intrinsics_1.f90 -O (test for errors, line 78)
FAIL: gfortran.dg/widechar_intrinsics_1.f90 -O (test for errors, line 79)
FAIL: gfortran.dg/widechar_intrinsics_1.f90 -O (test for errors, line 81)
FAIL: gfortran.dg/widechar_intrinsics_1.f90 -O (test for errors, line 82)
FAIL: gfortran.dg/widechar_intrinsics_1.f90 -O (test for errors, line 83)
FAIL: gfortran.dg/widechar_intrinsics_1.f90 -O (test for errors, line 84)
FAIL: gfortran.dg/widechar_intrinsics_1.f90 -O (test for errors, line 86)
FAIL: gfortran.dg/widechar_intrinsics_1.f90 -O (test for errors, line 87)
FAIL: gfortran.dg/widechar_intrinsics_1.f90 -O (test for errors, line 88)
FAIL: gfortran.dg/widechar_intrinsics_1.f90 -O (test for errors, line 89)
FAIL: gfortran.dg/widechar_intrinsics_1.f90 -O (test for errors, line 96)
FAIL: gfortran.dg/widechar_intrinsics_1.f90 -O (test for errors, line 97)
FAIL: gfortran.dg/widechar_intrinsics_1.f90 -O (test for errors, line 98)
FAIL: gfortran.dg/widechar_intrinsics_1.f90 -O (test for errors, line 99)
FAIL: gfortran.dg/widechar_intrinsics_1.f90 -O (internal compiler error)
FAIL: gfortran.dg/widechar_intrinsics_1.f90 -O (test for excess errors)
FAIL: gfortran.dg/widechar_intrinsics_2.f90 -O (test for errors, line 100)
FAIL: gfortran.dg/widechar_intrinsics_2.f90 -O (test for errors, line 104)
FAIL: gfortran.dg/widechar_intrinsics_2.f90 -O (test for errors, line 105)
FAIL: gfortran.dg/widechar_intrinsics_2.f90 -O (test for errors, line 108)
FAIL: gfortran.dg/widechar_intrinsics_2.f90 -O (test for errors, line 109)
FAIL: gfortran.dg/widechar_intrinsics_2.f90 -O (test for errors, line 110)
FAIL: gfortran.dg/widechar_intrinsics_2.f90 -O (test for errors, line 112)
FAIL: gfortran.dg/widechar_intrinsics_2.f90 -O (test for errors, line 113)
FAIL: gfortran.dg/widechar_intrinsics_2.f90 -O (test for errors, line 114)
FAIL: gfortran.dg/widechar_intrinsics_2.f90 -O (test for errors, line 118)
FAIL: gfortran.dg/widechar_intrinsics_2.f90 -O (test for errors, line 119)
FAIL: gfortran.dg/widechar_intrinsics_2.f90 -O (test for errors, line 122)
FAIL: gfortran.dg/widechar_intrinsics_2.f90 -O (test for errors, line 126)
FAIL: gfortran.dg/widechar_intrinsics_2.f90 -O (test for errors, line 127)
FAIL: gfortran.dg/widechar_intrinsics_2.f90 -O (test for errors, line 13)
FAIL: gfortran.dg/widechar_intrinsics_2.f90 -O (test for errors, line 17)
FAIL: gfortran.dg/widechar_intrinsics_2.f90 -O (test for errors, line 18)
FAIL: gfortran.dg/widechar_intrinsics_2.f90 -O (test for errors, line 21)
FAIL: gfortran.dg/widechar_intrinsics_2.f90 -O (test for errors, line 22)
FAIL: gfortran.dg/widechar_intrinsics_2.f90 -O (test for errors, line 23)
FAIL: gfortran.dg/widechar_intrinsics_2.f90 -O (test for errors, line 25)
FAIL: gfortran.dg/widechar_intrinsics_2.f90 -O (test for errors, line 26)
FAIL: gfortran.dg/widechar_intrinsics_2.f90 -O (test for errors, line 27)
FAIL: gfortran.dg/widechar_intrinsics_2.f90 -O (test for errors, line 30)
FAIL: gfortran.dg/widechar_intrinsics_2.f90 -O (test for errors, line 33)
FAIL: gfortran.dg/widechar_intrinsics_2.f90 -O (test for errors, line 37)
FAIL: gfortran.dg/widechar_intrinsics_2.f90 -O (test for errors, line 38)
FAIL: gfortran.dg/widechar_intrinsics_2.f90 -O (test for errors, line 41)
FAIL: gfortran.dg/widechar_intrinsics_2.f90 -O (test for errors, line 42)
FAIL: gfortran.dg/widechar_intrinsics_2.f90 -O (test for errors, line 43)
FAIL: gfortran.dg/widechar_intrinsics_2.f90 -O (test for errors, line 46)
FAIL: gfortran.dg/widechar_intrinsics_2.f90 -O (test for errors, line 49)
FAIL: gfortran.dg/widechar_intrinsics_2.f90 -O (test for errors, line 53)
FAIL: gfortran.dg/widechar_intrinsics_2.f90 -O (test for errors, line 54)
FAIL: gfortran.dg/widechar_intrinsics_2.f90 -O (test for errors, line 58)
FAIL: gfortran.dg/widechar_intrinsics_2.f90 -O (test for errors, line 59)
FAIL: gfortran.dg/widechar_intrinsics_2.f90 -O (test for errors, line 63)
FAIL: gfortran.dg/widechar_intrinsics_2.f90 -O (test for errors, line 64)
FAIL: gfortran.dg/widechar_intrinsics_2.f90 -O (test for errors, line 68)
FAIL: gfortran.dg/widechar_intrinsics_2.f90 -O (test for errors, line 69)
FAIL: gfortran.dg/widechar_intrinsics_2.f90 -O (test for errors, line 73)
FAIL: gfortran.dg/widechar_intrinsics_2.f90 -O (test for errors, line 74)
FAIL: gfortran.dg/widechar_intrinsics_2.f90 -O (test for errors, line 77)
FAIL: gfortran.dg/widechar_intrinsics_2.f90 -O (test for errors, line 78)
FAIL: gfortran.dg/widechar_intrinsics_2.f90 -O (test for errors, line 79)
FAIL: gfortran.dg/widechar_intrinsics_2.f90 -O (test for errors, line 81)
FAIL: gfortran.dg/widechar_intrinsics_2.f90 -O (test for errors, line 82)
FAIL: gfortran.dg/widechar_intrinsics_2.f90 -O (test for errors, line 83)
FAIL: gfortran.dg/widechar_intrinsics_2.f90 -O (test for errors, line 86)
FAIL: gfortran.dg/widechar_intrinsics_2.f90 -O (test for errors, line 89)
FAIL: gfortran.dg/widechar_intrinsics_2.f90 -O (test for errors, line 90)
FAIL: gfortran.dg/widechar_intrinsics_2.f90 -O (test for errors, line 91)
FAIL: gfortran.dg/widechar_intrinsics_2.f90 -O (test for errors, line 93)
FAIL: gfortran.dg/widechar_intrinsics_2.f90 -O (test for errors, line 94)
FAIL: gfortran.dg/widechar_intrinsics_2.f90 -O (test for errors, line 95)
FAIL: gfortran.dg/widechar_intrinsics_2.f90 -O (test for errors, line 99)
FAIL: gfortran.dg/widechar_intrinsics_2.f90 -O (internal compiler error)
FAIL: gfortran.dg/widechar_intrinsics_2.f90 -O (test for excess errors)
FAIL: gfortran.dg/widechar_intrinsics_3.f90 -O (test for errors, line 13)
FAIL: gfortran.dg/widechar_intrinsics_3.f90 -O (test for errors, line 14)
FAIL: gfortran.dg/widechar_intrinsics_3.f90 -O (test for errors, line 15)
FAIL: gfortran.dg/widechar_intrinsics_3.f90 -O (test for errors, line 18)
FAIL: gfortran.dg/widechar_intrinsics_3.f90 -O (test for errors, line 21)
FAIL: gfortran.dg/widechar_intrinsics_3.f90 -O (test for errors, line 22)
FAIL: gfortran.dg/widechar_intrinsics_3.f90 -O (test for errors, line 23)
FAIL: gfortran.dg/widechar_intrinsics_3.f90 -O (test for errors, line 26)
FAIL: gfortran.dg/widechar_intrinsics_3.f90 -O (test for errors, line 29)
FAIL: gfortran.dg/widechar_intrinsics_3.f90 -O (test for errors, line 32)
FAIL: gfortran.dg/widechar_intrinsics_3.f90 -O (test for errors, line 35)
FAIL: gfortran.dg/widechar_intrinsics_3.f90 -O (test for errors, line 38)
FAIL: gfortran.dg/widechar_intrinsics_3.f90 -O (test for errors, line 41)
FAIL: gfortran.dg/widechar_intrinsics_3.f90 -O (test for errors, line 44)
FAIL: gfortran.dg/widechar_intrinsics_3.f90 -O (test for errors, line 45)
FAIL: gfortran.dg/widechar_intrinsics_3.f90 -O (test for errors, line 46)
FAIL: gfortran.dg/widechar_intrinsics_3.f90 -O (test for errors, line 49)
FAIL: gfortran.dg/widechar_intrinsics_3.f90 -O (test for errors, line 51)
FAIL: gfortran.dg/widechar_intrinsics_3.f90 -O (test for errors, line 54)
FAIL: gfortran.dg/widechar_intrinsics_3.f90 -O (test for errors, line 55)
FAIL: gfortran.dg/widechar_intrinsics_3.f90 -O (test for errors, line 56)
FAIL: gfortran.dg/widechar_intrinsics_3.f90 -O (test for errors, line 59)
FAIL: gfortran.dg/widechar_intrinsics_3.f90 -O (test for errors, line 60)
FAIL: gfortran.dg/widechar_intrinsics_3.f90 -O (test for errors, line 61)
FAIL: gfortran.dg/widechar_intrinsics_3.f90 -O (test for errors, line 64)
FAIL: gfortran.dg/widechar_intrinsics_3.f90 -O (test for errors, line 67)
FAIL: gfortran.dg/widechar_intrinsics_3.f90 -O (internal compiler error)
FAIL: gfortran.dg/widechar_intrinsics_3.f90 -O (test for excess errors)
FAIL: gfortran.dg/goacc/assumed.f95 -O (test for errors, line 10)
FAIL: gfortran.dg/goacc/assumed.f95 -O (test for errors, line 12)
FAIL: gfortran.dg/goacc/assumed.f95 -O (test for errors, line 14)
FAIL: gfortran.dg/goacc/assumed.f95 -O (test for errors, line 16)
FAIL: gfortran.dg/goacc/assumed.f95 -O (test for errors, line 18)
FAIL: gfortran.dg/goacc/assumed.f95 -O (test for errors, line 18)
FAIL: gfortran.dg/goacc/assumed.f95 -O (test for errors, line 22)
FAIL: gfortran.dg/goacc/assumed.f95 -O (test for errors, line 23)
FAIL: gfortran.dg/goacc/assumed.f95 -O (test for errors, line 24)
FAIL: gfortran.dg/goacc/assumed.f95 -O (test for errors, line 30)
FAIL: gfortran.dg/goacc/assumed.f95 -O (test for errors, line 31)
FAIL: gfortran.dg/goacc/assumed.f95 -O (test for errors, line 33)
FAIL: gfortran.dg/goacc/assumed.f95 -O (test for errors, line 35)
FAIL: gfortran.dg/goacc/assumed.f95 -O (test for errors, line 37)
FAIL: gfortran.dg/goacc/assumed.f95 -O (test for errors, line 39)
FAIL: gfortran.dg/goacc/assumed.f95 -O (test for errors, line 39)
FAIL: gfortran.dg/goacc/assumed.f95 -O (test for errors, line 43)
FAIL: gfortran.dg/goacc/assumed.f95 -O (test for errors, line 44)
FAIL: gfortran.dg/goacc/assumed.f95 -O (test for errors, line 45)
FAIL: gfortran.dg/goacc/assumed.f95 -O (test for errors, line 9)
FAIL: gfortran.dg/goacc/assumed.f95 -O (internal compiler error)
FAIL: gfortran.dg/goacc/assumed.f95 -O (test for excess errors)
FAIL: gfortran.dg/goacc/data-clauses.f95 -O (test for errors, line 101)
FAIL: gfortran.dg/goacc/data-clauses.f95 -O (test for errors, line 103)
FAIL: gfortran.dg/goacc/data-clauses.f95 -O (test for errors, line 114)
FAIL: gfortran.dg/goacc/data-clauses.f95 -O (test for errors, line 116)
FAIL: gfortran.dg/goacc/data-clauses.f95 -O (test for errors, line 118)
FAIL: gfortran.dg/goacc/data-clauses.f95 -O (test for errors, line 120)
FAIL: gfortran.dg/goacc/data-clauses.f95 -O (test for errors, line 122)
FAIL: gfortran.dg/goacc/data-clauses.f95 -O (test for errors, line 124)
FAIL: gfortran.dg/goacc/data-clauses.f95 -O (test for errors, line 126)
FAIL: gfortran.dg/goacc/data-clauses.f95 -O (test for errors, line 147)
FAIL: gfortran.dg/goacc/data-clauses.f95 -O (test for errors, line 149)
FAIL: gfortran.dg/goacc/data-clauses.f95 -O (test for errors, line 151)
FAIL: gfortran.dg/goacc/data-clauses.f95 -O (test for errors, line 153)
FAIL: gfortran.dg/goacc/data-clauses.f95 -O (test for errors, line 155)
FAIL: gfortran.dg/goacc/data-clauses.f95 -O (test for errors, line 157)
FAIL: gfortran.dg/goacc/data-clauses.f95 -O (test for errors, line 159)
FAIL: gfortran.dg/goacc/data-clauses.f95 -O (test for errors, line 161)
FAIL: gfortran.dg/goacc/data-clauses.f95 -O (test for errors, line 172)
FAIL: gfortran.dg/goacc/data-clauses.f95 -O (test for errors, line 174)
FAIL: gfortran.dg/goacc/data-clauses.f95 -O (test for errors, line 176)
FAIL: gfortran.dg/goacc/data-clauses.f95 -O (test for errors, line 178)
FAIL: gfortran.dg/goacc/data-clauses.f95 -O (test for errors, line 180)
FAIL: gfortran.dg/goacc/data-clauses.f95 -O (test for errors, line 182)
FAIL: gfortran.dg/goacc/data-clauses.f95 -O (test for errors, line 184)
FAIL: gfortran.dg/goacc/data-clauses.f95 -O (test for errors, line 186)
FAIL: gfortran.dg/goacc/data-clauses.f95 -O (test for errors, line 188)
FAIL: gfortran.dg/goacc/data-clauses.f95 -O (test for errors, line 199)
FAIL: gfortran.dg/goacc/data-clauses.f95 -O (test for errors, line 201)
FAIL: gfortran.dg/goacc/data-clauses.f95 -O (test for errors, line 203)
FAIL: gfortran.dg/goacc/data-clauses.f95 -O (test for errors, line 205)
FAIL: gfortran.dg/goacc/data-clauses.f95 -O (test for errors, line 207)
FAIL: gfortran.dg/goacc/data-clauses.f95 -O (test for errors, line 209)
FAIL: gfortran.dg/goacc/data-clauses.f95 -O (test for errors, line 211)
FAIL: gfortran.dg/goacc/data-clauses.f95 -O (test for errors, line 213)
FAIL: gfortran.dg/goacc/data-clauses.f95 -O (test for errors, line 215)
FAIL: gfortran.dg/goacc/data-clauses.f95 -O (test for errors, line 217)
FAIL: gfortran.dg/goacc/data-clauses.f95 -O (test for errors, line 228)
FAIL: gfortran.dg/goacc/data-clauses.f95 -O (test for errors, line 230)
FAIL: gfortran.dg/goacc/data-clauses.f95 -O (test for errors, line 232)
FAIL: gfortran.dg/goacc/data-clauses.f95 -O (test for errors, line 234)
FAIL: gfortran.dg/goacc/data-clauses.f95 -O (test for errors, line 236)
FAIL: gfortran.dg/goacc/data-clauses.f95 -O (test for errors, line 238)
FAIL: gfortran.dg/goacc/data-clauses.f95 -O (test for errors, line 240)
FAIL: gfortran.dg/goacc/data-clauses.f95 -O (test for errors, line 242)
FAIL: gfortran.dg/goacc/data-clauses.f95 -O (test for errors, line 244)
FAIL: gfortran.dg/goacc/data-clauses.f95 -O (test for errors, line 246)
FAIL: gfortran.dg/goacc/data-clauses.f95 -O (test for errors, line 248)
FAIL: gfortran.dg/goacc/data-clauses.f95 -O (test for errors, line 27)
FAIL: gfortran.dg/goacc/data-clauses.f95 -O (test for errors, line 29)
FAIL: gfortran.dg/goacc/data-clauses.f95 -O (test for errors, line 31)
FAIL: gfortran.dg/goacc/data-clauses.f95 -O (test for errors, line 42)
FAIL: gfortran.dg/goacc/data-clauses.f95 -O (test for errors, line 44)
FAIL: gfortran.dg/goacc/data-clauses.f95 -O (test for errors, line 46)
FAIL: gfortran.dg/goacc/data-clauses.f95 -O (test for errors, line 57)
FAIL: gfortran.dg/goacc/data-clauses.f95 -O (test for errors, line 59)
FAIL: gfortran.dg/goacc/data-clauses.f95 -O (test for errors, line 61)
FAIL: gfortran.dg/goacc/data-clauses.f95 -O (test for errors, line 63)
FAIL: gfortran.dg/goacc/data-clauses.f95 -O (test for errors, line 74)
FAIL: gfortran.dg/goacc/data-clauses.f95 -O (test for errors, line 76)
FAIL: gfortran.dg/goacc/data-clauses.f95 -O (test for errors, line 78)
FAIL: gfortran.dg/goacc/data-clauses.f95 -O (test for errors, line 80)
FAIL: gfortran.dg/goacc/data-clauses.f95 -O (test for errors, line 82)
FAIL: gfortran.dg/goacc/data-clauses.f95 -O (test for errors, line 93)
FAIL: gfortran.dg/goacc/data-clauses.f95 -O (test for errors, line 95)
FAIL: gfortran.dg/goacc/data-clauses.f95 -O (test for errors, line 97)
FAIL: gfortran.dg/goacc/data-clauses.f95 -O (test for errors, line 99)
FAIL: gfortran.dg/goacc/data-clauses.f95 -O (internal compiler error)
FAIL: gfortran.dg/goacc/data-clauses.f95 -O (test for excess errors)
FAIL: gfortran.dg/goacc/enter-exit-data.f95 -O (test for errors, line 31)
FAIL: gfortran.dg/goacc/enter-exit-data.f95 -O (test for errors, line 32)
FAIL: gfortran.dg/goacc/enter-exit-data.f95 -O (test for errors, line 33)
FAIL: gfortran.dg/goacc/enter-exit-data.f95 -O (test for errors, line 34)
FAIL: gfortran.dg/goacc/enter-exit-data.f95 -O (test for errors, line 35)
FAIL: gfortran.dg/goacc/enter-exit-data.f95 -O (test for errors, line 36)
FAIL: gfortran.dg/goacc/enter-exit-data.f95 -O (test for errors, line 37)
FAIL: gfortran.dg/goacc/enter-exit-data.f95 -O (test for errors, line 40)
FAIL: gfortran.dg/goacc/enter-exit-data.f95 -O (test for errors, line 41)
FAIL: gfortran.dg/goacc/enter-exit-data.f95 -O (test for errors, line 42)
FAIL: gfortran.dg/goacc/enter-exit-data.f95 -O (test for errors, line 43)
FAIL: gfortran.dg/goacc/enter-exit-data.f95 -O (test for errors, line 45)
FAIL: gfortran.dg/goacc/enter-exit-data.f95 -O (test for errors, line 46)
FAIL: gfortran.dg/goacc/enter-exit-data.f95 -O (test for errors, line 47)
FAIL: gfortran.dg/goacc/enter-exit-data.f95 -O (test for errors, line 48)
FAIL: gfortran.dg/goacc/enter-exit-data.f95 -O (test for errors, line 49)
FAIL: gfortran.dg/goacc/enter-exit-data.f95 -O (test for errors, line 50)
FAIL: gfortran.dg/goacc/enter-exit-data.f95 -O (test for errors, line 51)
FAIL: gfortran.dg/goacc/enter-exit-data.f95 -O (test for errors, line 52)
FAIL: gfortran.dg/goacc/enter-exit-data.f95 -O (test for errors, line 53)
FAIL: gfortran.dg/goacc/enter-exit-data.f95 -O (test for errors, line 54)
FAIL: gfortran.dg/goacc/enter-exit-data.f95 -O (test for errors, line 55)
FAIL: gfortran.dg/goacc/enter-exit-data.f95 -O (test for errors, line 56)
FAIL: gfortran.dg/goacc/enter-exit-data.f95 -O (test for errors, line 57)
FAIL: gfortran.dg/goacc/enter-exit-data.f95 -O (test for errors, line 58)
FAIL: gfortran.dg/goacc/enter-exit-data.f95 -O (test for errors, line 59)
FAIL: gfortran.dg/goacc/enter-exit-data.f95 -O (test for errors, line 60)
FAIL: gfortran.dg/goacc/enter-exit-data.f95 -O (test for errors, line 66)
FAIL: gfortran.dg/goacc/enter-exit-data.f95 -O (test for errors, line 67)
FAIL: gfortran.dg/goacc/enter-exit-data.f95 -O (test for errors, line 68)
FAIL: gfortran.dg/goacc/enter-exit-data.f95 -O (test for errors, line 69)
FAIL: gfortran.dg/goacc/enter-exit-data.f95 -O (test for errors, line 70)
FAIL: gfortran.dg/goacc/enter-exit-data.f95 -O (test for errors, line 71)
FAIL: gfortran.dg/goacc/enter-exit-data.f95 -O (test for errors, line 72)
FAIL: gfortran.dg/goacc/enter-exit-data.f95 -O (test for errors, line 75)
FAIL: gfortran.dg/goacc/enter-exit-data.f95 -O (test for errors, line 76)
FAIL: gfortran.dg/goacc/enter-exit-data.f95 -O (test for errors, line 77)
FAIL: gfortran.dg/goacc/enter-exit-data.f95 -O (test for errors, line 78)
FAIL: gfortran.dg/goacc/enter-exit-data.f95 -O (test for errors, line 80)
FAIL: gfortran.dg/goacc/enter-exit-data.f95 -O (test for errors, line 81)
FAIL: gfortran.dg/goacc/enter-exit-data.f95 -O (test for errors, line 82)
FAIL: gfortran.dg/goacc/enter-exit-data.f95 -O (test for errors, line 83)
FAIL: gfortran.dg/goacc/enter-exit-data.f95 -O (test for errors, line 84)
FAIL: gfortran.dg/goacc/enter-exit-data.f95 -O (test for errors, line 85)
FAIL: gfortran.dg/goacc/enter-exit-data.f95 -O (test for errors, line 86)
FAIL: gfortran.dg/goacc/enter-exit-data.f95 -O (internal compiler error)
FAIL: gfortran.dg/goacc/enter-exit-data.f95 -O (test for excess errors)
FAIL: gfortran.dg/goacc/fixed-2.f -O (test for errors, line 12)
FAIL: gfortran.dg/goacc/fixed-2.f -O (test for errors, line 8)
FAIL: gfortran.dg/goacc/fixed-2.f -O (internal compiler error)
FAIL: gfortran.dg/goacc/fixed-2.f -O (test for excess errors)
FAIL: gfortran.dg/goacc/list.f95 -O (test for errors, line 100)
FAIL: gfortran.dg/goacc/list.f95 -O (test for errors, line 102)
FAIL: gfortran.dg/goacc/list.f95 -O (test for errors, line 102)
FAIL: gfortran.dg/goacc/list.f95 -O (test for errors, line 107)
FAIL: gfortran.dg/goacc/list.f95 -O (test for errors, line 107)
FAIL: gfortran.dg/goacc/list.f95 -O (test for errors, line 27)
FAIL: gfortran.dg/goacc/list.f95 -O (test for errors, line 29)
FAIL: gfortran.dg/goacc/list.f95 -O (test for errors, line 31)
FAIL: gfortran.dg/goacc/list.f95 -O (test for errors, line 33)
FAIL: gfortran.dg/goacc/list.f95 -O (test for errors, line 35)
FAIL: gfortran.dg/goacc/list.f95 -O (test for errors, line 38)
FAIL: gfortran.dg/goacc/list.f95 -O (test for errors, line 59)
FAIL: gfortran.dg/goacc/list.f95 -O (test for errors, line 61)
FAIL: gfortran.dg/goacc/list.f95 -O (test for errors, line 63)
FAIL: gfortran.dg/goacc/list.f95 -O (test for errors, line 65)
FAIL: gfortran.dg/goacc/list.f95 -O (test for errors, line 67)
FAIL: gfortran.dg/goacc/list.f95 -O (test for errors, line 70)
FAIL: gfortran.dg/goacc/list.f95 -O (test for errors, line 76)
FAIL: gfortran.dg/goacc/list.f95 -O (test for errors, line 79)
FAIL: gfortran.dg/goacc/list.f95 -O (test for errors, line 82)
FAIL: gfortran.dg/goacc/list.f95 -O (test for errors, line 88)
FAIL: gfortran.dg/goacc/list.f95 -O (test for errors, line 91)
FAIL: gfortran.dg/goacc/list.f95 -O (test for errors, line 94)
FAIL: gfortran.dg/goacc/list.f95 -O (test for errors, line 96)
FAIL: gfortran.dg/goacc/list.f95 -O (test for errors, line 98)
FAIL: gfortran.dg/goacc/list.f95 -O (internal compiler error)
FAIL: gfortran.dg/goacc/list.f95 -O (test for excess errors)
FAIL: gfortran.dg/goacc/loop-2.f95 -O (test for errors, line 107)
FAIL: gfortran.dg/goacc/loop-2.f95 -O (test for errors, line 110)
FAIL: gfortran.dg/goacc/loop-2.f95 -O (test for errors, line 113)
FAIL: gfortran.dg/goacc/loop-2.f95 -O (test for errors, line 116)
FAIL: gfortran.dg/goacc/loop-2.f95 -O (test for errors, line 120)
FAIL: gfortran.dg/goacc/loop-2.f95 -O (test for errors, line 123)
FAIL: gfortran.dg/goacc/loop-2.f95 -O (test for errors, line 149)
FAIL: gfortran.dg/goacc/loop-2.f95 -O (test for errors, line 152)
FAIL: gfortran.dg/goacc/loop-2.f95 -O (test for errors, line 159)
FAIL: gfortran.dg/goacc/loop-2.f95 -O (test for errors, line 190)
FAIL: gfortran.dg/goacc/loop-2.f95 -O (test for errors, line 193)
FAIL: gfortran.dg/goacc/loop-2.f95 -O (test for errors, line 210)
FAIL: gfortran.dg/goacc/loop-2.f95 -O (test for errors, line 214)
FAIL: gfortran.dg/goacc/loop-2.f95 -O (test for errors, line 221)
FAIL: gfortran.dg/goacc/loop-2.f95 -O (test for errors, line 224)
FAIL: gfortran.dg/goacc/loop-2.f95 -O (test for errors, line 232)
FAIL: gfortran.dg/goacc/loop-2.f95 -O (test for errors, line 235)
FAIL: gfortran.dg/goacc/loop-2.f95 -O (test for errors, line 239)
FAIL: gfortran.dg/goacc/loop-2.f95 -O (test for errors, line 249)
FAIL: gfortran.dg/goacc/loop-2.f95 -O (test for errors, line 252)
FAIL: gfortran.dg/goacc/loop-2.f95 -O (test for errors, line 257)
FAIL: gfortran.dg/goacc/loop-2.f95 -O (test for errors, line 260)
FAIL: gfortran.dg/goacc/loop-2.f95 -O (test for errors, line 263)
FAIL: gfortran.dg/goacc/loop-2.f95 -O (test for errors, line 267)
FAIL: gfortran.dg/goacc/loop-2.f95 -O (test for errors, line 280)
FAIL: gfortran.dg/goacc/loop-2.f95 -O (test for errors, line 283)
FAIL: gfortran.dg/goacc/loop-2.f95 -O (test for errors, line 286)
FAIL: gfortran.dg/goacc/loop-2.f95 -O (test for errors, line 289)
FAIL: gfortran.dg/goacc/loop-2.f95 -O (test for errors, line 293)
FAIL: gfortran.dg/goacc/loop-2.f95 -O (test for errors, line 296)
FAIL: gfortran.dg/goacc/loop-2.f95 -O (test for errors, line 313)
FAIL: gfortran.dg/goacc/loop-2.f95 -O (test for errors, line 316)
FAIL: gfortran.dg/goacc/loop-2.f95 -O (test for errors, line 323)
FAIL: gfortran.dg/goacc/loop-2.f95 -O (test for errors, line 37)
FAIL: gfortran.dg/goacc/loop-2.f95 -O (test for errors, line 370)
FAIL: gfortran.dg/goacc/loop-2.f95 -O (test for errors, line 392)
FAIL: gfortran.dg/goacc/loop-2.f95 -O (test for errors, line 41)
FAIL: gfortran.dg/goacc/loop-2.f95 -O (test for errors, line 420)
FAIL: gfortran.dg/goacc/loop-2.f95 -O (test for errors, line 433)
FAIL: gfortran.dg/goacc/loop-2.f95 -O (test for errors, line 436)
FAIL: gfortran.dg/goacc/loop-2.f95 -O (test for errors, line 439)
FAIL: gfortran.dg/goacc/loop-2.f95 -O (test for errors, line 442)
FAIL: gfortran.dg/goacc/loop-2.f95 -O (test for errors, line 446)
FAIL: gfortran.dg/goacc/loop-2.f95 -O (test for errors, line 449)
FAIL: gfortran.dg/goacc/loop-2.f95 -O (test for errors, line 466)
FAIL: gfortran.dg/goacc/loop-2.f95 -O (test for errors, line 469)
FAIL: gfortran.dg/goacc/loop-2.f95 -O (test for errors, line 476)
FAIL: gfortran.dg/goacc/loop-2.f95 -O (test for errors, line 504)
FAIL: gfortran.dg/goacc/loop-2.f95 -O (test for errors, line 507)
FAIL: gfortran.dg/goacc/loop-2.f95 -O (test for errors, line 522)
FAIL: gfortran.dg/goacc/loop-2.f95 -O (test for errors, line 529)
FAIL: gfortran.dg/goacc/loop-2.f95 -O (test for errors, line 532)
FAIL: gfortran.dg/goacc/loop-2.f95 -O (test for errors, line 544)
FAIL: gfortran.dg/goacc/loop-2.f95 -O (test for errors, line 554)
FAIL: gfortran.dg/goacc/loop-2.f95 -O (test for errors, line 557)
FAIL: gfortran.dg/goacc/loop-2.f95 -O (test for errors, line 572)
FAIL: gfortran.dg/goacc/loop-2.f95 -O (test for errors, line 585)
FAIL: gfortran.dg/goacc/loop-2.f95 -O (test for errors, line 588)
FAIL: gfortran.dg/goacc/loop-2.f95 -O (test for errors, line 59)
FAIL: gfortran.dg/goacc/loop-2.f95 -O (test for errors, line 591)
FAIL: gfortran.dg/goacc/loop-2.f95 -O (test for errors, line 594)
FAIL: gfortran.dg/goacc/loop-2.f95 -O (test for errors, line 598)
FAIL: gfortran.dg/goacc/loop-2.f95 -O (test for errors, line 601)
FAIL: gfortran.dg/goacc/loop-2.f95 -O (test for errors, line 618)
FAIL: gfortran.dg/goacc/loop-2.f95 -O (test for errors, line 62)
FAIL: gfortran.dg/goacc/loop-2.f95 -O (test for errors, line 621)
FAIL: gfortran.dg/goacc/loop-2.f95 -O (test for errors, line 628)
FAIL: gfortran.dg/goacc/loop-2.f95 -O (test for errors, line 66)
FAIL: gfortran.dg/goacc/loop-2.f95 -O (test for errors, line 84)
FAIL: gfortran.dg/goacc/loop-2.f95 -O (test for errors, line 87)
FAIL: gfortran.dg/goacc/loop-2.f95 -O (test for errors, line 90)
FAIL: gfortran.dg/goacc/loop-2.f95 -O (test for errors, line 94)
FAIL: gfortran.dg/goacc/loop-2.f95 -O (test for warnings, line 146)
FAIL: gfortran.dg/goacc/loop-2.f95 -O (test for warnings, line 310)
FAIL: gfortran.dg/goacc/loop-2.f95 -O (test for warnings, line 463)
FAIL: gfortran.dg/goacc/loop-2.f95 -O (test for warnings, line 615)
FAIL: gfortran.dg/goacc/loop-2.f95 -O (internal compiler error)
FAIL: gfortran.dg/goacc/loop-2.f95 -O (test for excess errors)
FAIL: gfortran.dg/goacc/loop-7.f95 -O (test for errors, line 110)
FAIL: gfortran.dg/goacc/loop-7.f95 -O (test for errors, line 113)
FAIL: gfortran.dg/goacc/loop-7.f95 -O (test for errors, line 18)
FAIL: gfortran.dg/goacc/loop-7.f95 -O (test for errors, line 21)
FAIL: gfortran.dg/goacc/loop-7.f95 -O (test for errors, line 33)
FAIL: gfortran.dg/goacc/loop-7.f95 -O (test for errors, line 36)
FAIL: gfortran.dg/goacc/loop-7.f95 -O (test for errors, line 39)
FAIL: gfortran.dg/goacc/loop-7.f95 -O (test for errors, line 48)
FAIL: gfortran.dg/goacc/loop-7.f95 -O (test for errors, line 61)
FAIL: gfortran.dg/goacc/loop-7.f95 -O (test for errors, line 64)
FAIL: gfortran.dg/goacc/loop-7.f95 -O (test for errors, line 67)
FAIL: gfortran.dg/goacc/loop-7.f95 -O (test for errors, line 73)
FAIL: gfortran.dg/goacc/loop-7.f95 -O (test for errors, line 76)
FAIL: gfortran.dg/goacc/loop-7.f95 -O (test for errors, line 92)
FAIL: gfortran.dg/goacc/loop-7.f95 -O (test for errors, line 95)
FAIL: gfortran.dg/goacc/loop-7.f95 -O (test for errors, line 98)
FAIL: gfortran.dg/goacc/loop-7.f95 -O (internal compiler error)
FAIL: gfortran.dg/goacc/loop-7.f95 -O (test for excess errors)
FAIL: gfortran.dg/goacc/parallel-kernels-clauses.f95 -O (test for errors, line 19)
FAIL: gfortran.dg/goacc/parallel-kernels-clauses.f95 -O (test for errors, line 20)
FAIL: gfortran.dg/goacc/parallel-kernels-clauses.f95 -O (test for errors, line 37)
FAIL: gfortran.dg/goacc/parallel-kernels-clauses.f95 -O (test for errors, line 38)
FAIL: gfortran.dg/goacc/parallel-kernels-clauses.f95 -O (test for errors, line 40)
FAIL: gfortran.dg/goacc/parallel-kernels-clauses.f95 -O (test for errors, line 41)
FAIL: gfortran.dg/goacc/parallel-kernels-clauses.f95 -O (test for errors, line 43)
FAIL: gfortran.dg/goacc/parallel-kernels-clauses.f95 -O (test for errors, line 44)
FAIL: gfortran.dg/goacc/parallel-kernels-clauses.f95 -O (test for errors, line 62)
FAIL: gfortran.dg/goacc/parallel-kernels-clauses.f95 -O (test for errors, line 63)
FAIL: gfortran.dg/goacc/parallel-kernels-clauses.f95 -O (test for errors, line 65)
FAIL: gfortran.dg/goacc/parallel-kernels-clauses.f95 -O (test for errors, line 66)
FAIL: gfortran.dg/goacc/parallel-kernels-clauses.f95 -O (test for errors, line 68)
FAIL: gfortran.dg/goacc/parallel-kernels-clauses.f95 -O (test for errors, line 69)
FAIL: gfortran.dg/goacc/parallel-kernels-clauses.f95 -O (test for errors, line 71)
FAIL: gfortran.dg/goacc/parallel-kernels-clauses.f95 -O (test for errors, line 72)
FAIL: gfortran.dg/goacc/parallel-kernels-clauses.f95 -O (test for errors, line 75)
FAIL: gfortran.dg/goacc/parallel-kernels-clauses.f95 -O (test for errors, line 77)
FAIL: gfortran.dg/goacc/parallel-kernels-clauses.f95 -O (test for errors, line 81)
FAIL: gfortran.dg/goacc/parallel-kernels-clauses.f95 -O (test for errors, line 83)
FAIL: gfortran.dg/goacc/parallel-kernels-clauses.f95 -O (test for errors, line 86)
FAIL: gfortran.dg/goacc/parallel-kernels-clauses.f95 -O (test for errors, line 88)
FAIL: gfortran.dg/goacc/parallel-kernels-clauses.f95 -O (test for errors, line 92)
FAIL: gfortran.dg/goacc/parallel-kernels-clauses.f95 -O (test for errors, line 94)
FAIL: gfortran.dg/goacc/parallel-kernels-clauses.f95 -O (internal compiler error)
FAIL: gfortran.dg/goacc/parallel-kernels-clauses.f95 -O (test for excess errors)
FAIL: gfortran.dg/goacc/reduction.f95 -O (test for errors, line 101)
FAIL: gfortran.dg/goacc/reduction.f95 -O (test for errors, line 103)
FAIL: gfortran.dg/goacc/reduction.f95 -O (test for errors, line 103)
FAIL: gfortran.dg/goacc/reduction.f95 -O (test for errors, line 105)
FAIL: gfortran.dg/goacc/reduction.f95 -O (test for errors, line 107)
FAIL: gfortran.dg/goacc/reduction.f95 -O (test for errors, line 107)
FAIL: gfortran.dg/goacc/reduction.f95 -O (test for errors, line 109)
FAIL: gfortran.dg/goacc/reduction.f95 -O (test for errors, line 111)
FAIL: gfortran.dg/goacc/reduction.f95 -O (test for errors, line 113)
FAIL: gfortran.dg/goacc/reduction.f95 -O (test for errors, line 113)
FAIL: gfortran.dg/goacc/reduction.f95 -O (test for errors, line 115)
FAIL: gfortran.dg/goacc/reduction.f95 -O (test for errors, line 117)
FAIL: gfortran.dg/goacc/reduction.f95 -O (test for errors, line 117)
FAIL: gfortran.dg/goacc/reduction.f95 -O (test for errors, line 119)
FAIL: gfortran.dg/goacc/reduction.f95 -O (test for errors, line 121)
FAIL: gfortran.dg/goacc/reduction.f95 -O (test for errors, line 121)
FAIL: gfortran.dg/goacc/reduction.f95 -O (test for errors, line 123)
FAIL: gfortran.dg/goacc/reduction.f95 -O (test for errors, line 125)
FAIL: gfortran.dg/goacc/reduction.f95 -O (test for errors, line 125)
FAIL: gfortran.dg/goacc/reduction.f95 -O (test for errors, line 127)
FAIL: gfortran.dg/goacc/reduction.f95 -O (test for errors, line 129)
FAIL: gfortran.dg/goacc/reduction.f95 -O (test for errors, line 129)
FAIL: gfortran.dg/goacc/reduction.f95 -O (test for errors, line 131)
FAIL: gfortran.dg/goacc/reduction.f95 -O (test for errors, line 133)
FAIL: gfortran.dg/goacc/reduction.f95 -O (test for errors, line 135)
FAIL: gfortran.dg/goacc/reduction.f95 -O (test for errors, line 135)
FAIL: gfortran.dg/goacc/reduction.f95 -O (test for errors, line 27)
FAIL: gfortran.dg/goacc/reduction.f95 -O (test for errors, line 29)
FAIL: gfortran.dg/goacc/reduction.f95 -O (test for errors, line 31)
FAIL: gfortran.dg/goacc/reduction.f95 -O (test for errors, line 33)
FAIL: gfortran.dg/goacc/reduction.f95 -O (test for errors, line 35)
FAIL: gfortran.dg/goacc/reduction.f95 -O (test for errors, line 61)
FAIL: gfortran.dg/goacc/reduction.f95 -O (test for errors, line 62)
FAIL: gfortran.dg/goacc/reduction.f95 -O (test for errors, line 63)
FAIL: gfortran.dg/goacc/reduction.f95 -O (test for errors, line 65)
FAIL: gfortran.dg/goacc/reduction.f95 -O (test for errors, line 67)
FAIL: gfortran.dg/goacc/reduction.f95 -O (test for errors, line 67)
FAIL: gfortran.dg/goacc/reduction.f95 -O (test for errors, line 69)
FAIL: gfortran.dg/goacc/reduction.f95 -O (test for errors, line 71)
FAIL: gfortran.dg/goacc/reduction.f95 -O (test for errors, line 71)
FAIL: gfortran.dg/goacc/reduction.f95 -O (test for errors, line 73)
FAIL: gfortran.dg/goacc/reduction.f95 -O (test for errors, line 75)
FAIL: gfortran.dg/goacc/reduction.f95 -O (test for errors, line 77)
FAIL: gfortran.dg/goacc/reduction.f95 -O (test for errors, line 77)
FAIL: gfortran.dg/goacc/reduction.f95 -O (test for errors, line 79)
FAIL: gfortran.dg/goacc/reduction.f95 -O (test for errors, line 81)
FAIL: gfortran.dg/goacc/reduction.f95 -O (test for errors, line 81)
FAIL: gfortran.dg/goacc/reduction.f95 -O (test for errors, line 83)
FAIL: gfortran.dg/goacc/reduction.f95 -O (test for errors, line 85)
FAIL: gfortran.dg/goacc/reduction.f95 -O (test for errors, line 85)
FAIL: gfortran.dg/goacc/reduction.f95 -O (test for errors, line 87)
FAIL: gfortran.dg/goacc/reduction.f95 -O (test for errors, line 89)
FAIL: gfortran.dg/goacc/reduction.f95 -O (test for errors, line 89)
FAIL: gfortran.dg/goacc/reduction.f95 -O (test for errors, line 91)
FAIL: gfortran.dg/goacc/reduction.f95 -O (test for errors, line 93)
FAIL: gfortran.dg/goacc/reduction.f95 -O (test for errors, line 93)
FAIL: gfortran.dg/goacc/reduction.f95 -O (test for errors, line 95)
FAIL: gfortran.dg/goacc/reduction.f95 -O (test for errors, line 97)
FAIL: gfortran.dg/goacc/reduction.f95 -O (test for errors, line 99)
FAIL: gfortran.dg/goacc/reduction.f95 -O (test for errors, line 99)
FAIL: gfortran.dg/goacc/reduction.f95 -O (internal compiler error)
FAIL: gfortran.dg/goacc/reduction.f95 -O (test for excess errors)
FAIL: gfortran.dg/goacc/sie.f95 -O (test for errors, line 116)
FAIL: gfortran.dg/goacc/sie.f95 -O (test for errors, line 118)
FAIL: gfortran.dg/goacc/sie.f95 -O (test for errors, line 121)
FAIL: gfortran.dg/goacc/sie.f95 -O (test for errors, line 124)
FAIL: gfortran.dg/goacc/sie.f95 -O (test for errors, line 128)
FAIL: gfortran.dg/goacc/sie.f95 -O (test for errors, line 145)
FAIL: gfortran.dg/goacc/sie.f95 -O (test for errors, line 147)
FAIL: gfortran.dg/goacc/sie.f95 -O (test for errors, line 150)
FAIL: gfortran.dg/goacc/sie.f95 -O (test for errors, line 153)
FAIL: gfortran.dg/goacc/sie.f95 -O (test for errors, line 175)
FAIL: gfortran.dg/goacc/sie.f95 -O (test for errors, line 178)
FAIL: gfortran.dg/goacc/sie.f95 -O (test for errors, line 181)
FAIL: gfortran.dg/goacc/sie.f95 -O (test for errors, line 184)
FAIL: gfortran.dg/goacc/sie.f95 -O (test for errors, line 207)
FAIL: gfortran.dg/goacc/sie.f95 -O (test for errors, line 210)
FAIL: gfortran.dg/goacc/sie.f95 -O (test for errors, line 213)
FAIL: gfortran.dg/goacc/sie.f95 -O (test for errors, line 216)
FAIL: gfortran.dg/goacc/sie.f95 -O (test for errors, line 239)
FAIL: gfortran.dg/goacc/sie.f95 -O (test for errors, line 242)
FAIL: gfortran.dg/goacc/sie.f95 -O (test for errors, line 245)
FAIL: gfortran.dg/goacc/sie.f95 -O (test for errors, line 248)
FAIL: gfortran.dg/goacc/sie.f95 -O (test for errors, line 29)
FAIL: gfortran.dg/goacc/sie.f95 -O (test for errors, line 31)
FAIL: gfortran.dg/goacc/sie.f95 -O (test for errors, line 34)
FAIL: gfortran.dg/goacc/sie.f95 -O (test for errors, line 37)
FAIL: gfortran.dg/goacc/sie.f95 -O (test for errors, line 58)
FAIL: gfortran.dg/goacc/sie.f95 -O (test for errors, line 60)
FAIL: gfortran.dg/goacc/sie.f95 -O (test for errors, line 63)
FAIL: gfortran.dg/goacc/sie.f95 -O (test for errors, line 66)
FAIL: gfortran.dg/goacc/sie.f95 -O (test for errors, line 70)
FAIL: gfortran.dg/goacc/sie.f95 -O (test for errors, line 87)
FAIL: gfortran.dg/goacc/sie.f95 -O (test for errors, line 89)
FAIL: gfortran.dg/goacc/sie.f95 -O (test for errors, line 92)
FAIL: gfortran.dg/goacc/sie.f95 -O (test for errors, line 95)
FAIL: gfortran.dg/goacc/sie.f95 -O (test for errors, line 99)
FAIL: gfortran.dg/goacc/sie.f95 -O (test for warnings, line 110)
FAIL: gfortran.dg/goacc/sie.f95 -O (test for warnings, line 113)
FAIL: gfortran.dg/goacc/sie.f95 -O (test for warnings, line 139)
FAIL: gfortran.dg/goacc/sie.f95 -O (test for warnings, line 142)
FAIL: gfortran.dg/goacc/sie.f95 -O (test for warnings, line 169)
FAIL: gfortran.dg/goacc/sie.f95 -O (test for warnings, line 172)
FAIL: gfortran.dg/goacc/sie.f95 -O (test for warnings, line 201)
FAIL: gfortran.dg/goacc/sie.f95 -O (test for warnings, line 204)
FAIL: gfortran.dg/goacc/sie.f95 -O (test for warnings, line 233)
FAIL: gfortran.dg/goacc/sie.f95 -O (test for warnings, line 236)
FAIL: gfortran.dg/goacc/sie.f95 -O (test for warnings, line 81)
FAIL: gfortran.dg/goacc/sie.f95 -O (test for warnings, line 84)
FAIL: gfortran.dg/goacc/sie.f95 -O (internal compiler error)
FAIL: gfortran.dg/goacc/sie.f95 -O (test for excess errors)
FAIL: gfortran.dg/gomp/reduction1.f90 -O (test for errors, line 101)
FAIL: gfortran.dg/gomp/reduction1.f90 -O (test for errors, line 103)
FAIL: gfortran.dg/gomp/reduction1.f90 -O (test for errors, line 105)
FAIL: gfortran.dg/gomp/reduction1.f90 -O (test for errors, line 107)
FAIL: gfortran.dg/gomp/reduction1.f90 -O (test for errors, line 109)
FAIL: gfortran.dg/gomp/reduction1.f90 -O (test for errors, line 111)
FAIL: gfortran.dg/gomp/reduction1.f90 -O (test for errors, line 113)
FAIL: gfortran.dg/gomp/reduction1.f90 -O (test for errors, line 115)
FAIL: gfortran.dg/gomp/reduction1.f90 -O (test for errors, line 117)
FAIL: gfortran.dg/gomp/reduction1.f90 -O (test for errors, line 119)
FAIL: gfortran.dg/gomp/reduction1.f90 -O (test for errors, line 121)
FAIL: gfortran.dg/gomp/reduction1.f90 -O (test for errors, line 123)
FAIL: gfortran.dg/gomp/reduction1.f90 -O (test for errors, line 125)
FAIL: gfortran.dg/gomp/reduction1.f90 -O (test for errors, line 127)
FAIL: gfortran.dg/gomp/reduction1.f90 -O (test for errors, line 129)
FAIL: gfortran.dg/gomp/reduction1.f90 -O (test for errors, line 53)
FAIL: gfortran.dg/gomp/reduction1.f90 -O (test for errors, line 54)
FAIL: gfortran.dg/gomp/reduction1.f90 -O (test for errors, line 55)
FAIL: gfortran.dg/gomp/reduction1.f90 -O (test for errors, line 57)
FAIL: gfortran.dg/gomp/reduction1.f90 -O (test for errors, line 61)
FAIL: gfortran.dg/gomp/reduction1.f90 -O (test for errors, line 63)
FAIL: gfortran.dg/gomp/reduction1.f90 -O (test for errors, line 65)
FAIL: gfortran.dg/gomp/reduction1.f90 -O (test for errors, line 67)
FAIL: gfortran.dg/gomp/reduction1.f90 -O (test for errors, line 69)
FAIL: gfortran.dg/gomp/reduction1.f90 -O (test for errors, line 71)
FAIL: gfortran.dg/gomp/reduction1.f90 -O (test for errors, line 73)
FAIL: gfortran.dg/gomp/reduction1.f90 -O (test for errors, line 75)
FAIL: gfortran.dg/gomp/reduction1.f90 -O (test for errors, line 77)
FAIL: gfortran.dg/gomp/reduction1.f90 -O (test for errors, line 79)
FAIL: gfortran.dg/gomp/reduction1.f90 -O (test for errors, line 81)
FAIL: gfortran.dg/gomp/reduction1.f90 -O (test for errors, line 83)
FAIL: gfortran.dg/gomp/reduction1.f90 -O (test for errors, line 85)
FAIL: gfortran.dg/gomp/reduction1.f90 -O (test for errors, line 87)
FAIL: gfortran.dg/gomp/reduction1.f90 -O (test for errors, line 89)
FAIL: gfortran.dg/gomp/reduction1.f90 -O (test for errors, line 91)
FAIL: gfortran.dg/gomp/reduction1.f90 -O (test for errors, line 93)
FAIL: gfortran.dg/gomp/reduction1.f90 -O (test for errors, line 95)
FAIL: gfortran.dg/gomp/reduction1.f90 -O (test for errors, line 97)
FAIL: gfortran.dg/gomp/reduction1.f90 -O (test for errors, line 99)
FAIL: gfortran.dg/gomp/reduction1.f90 -O (internal compiler error)
FAIL: gfortran.dg/gomp/reduction1.f90 -O (test for excess errors)
FAIL: gfortran.dg/gomp/udr6.f90 -O (test for errors, line 104)
FAIL: gfortran.dg/gomp/udr6.f90 -O (test for errors, line 11)
FAIL: gfortran.dg/gomp/udr6.f90 -O (test for errors, line 112)
FAIL: gfortran.dg/gomp/udr6.f90 -O (test for errors, line 12)
FAIL: gfortran.dg/gomp/udr6.f90 -O (test for errors, line 120)
FAIL: gfortran.dg/gomp/udr6.f90 -O (test for errors, line 128)
FAIL: gfortran.dg/gomp/udr6.f90 -O (test for errors, line 13)
FAIL: gfortran.dg/gomp/udr6.f90 -O (test for errors, line 131)
FAIL: gfortran.dg/gomp/udr6.f90 -O (test for errors, line 132)
FAIL: gfortran.dg/gomp/udr6.f90 -O (test for errors, line 133)
FAIL: gfortran.dg/gomp/udr6.f90 -O (test for errors, line 134)
FAIL: gfortran.dg/gomp/udr6.f90 -O (test for errors, line 135)
FAIL: gfortran.dg/gomp/udr6.f90 -O (test for errors, line 136)
FAIL: gfortran.dg/gomp/udr6.f90 -O (test for errors, line 137)
FAIL: gfortran.dg/gomp/udr6.f90 -O (test for errors, line 138)
FAIL: gfortran.dg/gomp/udr6.f90 -O (test for errors, line 139)
FAIL: gfortran.dg/gomp/udr6.f90 -O (test for errors, line 14)
FAIL: gfortran.dg/gomp/udr6.f90 -O (test for errors, line 142)
FAIL: gfortran.dg/gomp/udr6.f90 -O (test for errors, line 143)
FAIL: gfortran.dg/gomp/udr6.f90 -O (test for errors, line 144)
FAIL: gfortran.dg/gomp/udr6.f90 -O (test for errors, line 145)
FAIL: gfortran.dg/gomp/udr6.f90 -O (test for errors, line 146)
FAIL: gfortran.dg/gomp/udr6.f90 -O (test for errors, line 147)
FAIL: gfortran.dg/gomp/udr6.f90 -O (test for errors, line 148)
FAIL: gfortran.dg/gomp/udr6.f90 -O (test for errors, line 149)
FAIL: gfortran.dg/gomp/udr6.f90 -O (test for errors, line 150)
FAIL: gfortran.dg/gomp/udr6.f90 -O (test for errors, line 16)
FAIL: gfortran.dg/gomp/udr6.f90 -O (test for errors, line 17)
FAIL: gfortran.dg/gomp/udr6.f90 -O (test for errors, line 35)
FAIL: gfortran.dg/gomp/udr6.f90 -O (test for errors, line 36)
FAIL: gfortran.dg/gomp/udr6.f90 -O (test for errors, line 37)
FAIL: gfortran.dg/gomp/udr6.f90 -O (test for errors, line 38)
FAIL: gfortran.dg/gomp/udr6.f90 -O (test for errors, line 40)
FAIL: gfortran.dg/gomp/udr6.f90 -O (test for errors, line 41)
FAIL: gfortran.dg/gomp/udr6.f90 -O (test for errors, line 52)
FAIL: gfortran.dg/gomp/udr6.f90 -O (test for errors, line 53)
FAIL: gfortran.dg/gomp/udr6.f90 -O (test for errors, line 54)
FAIL: gfortran.dg/gomp/udr6.f90 -O (test for errors, line 55)
FAIL: gfortran.dg/gomp/udr6.f90 -O (test for errors, line 57)
FAIL: gfortran.dg/gomp/udr6.f90 -O (test for errors, line 58)
FAIL: gfortran.dg/gomp/udr6.f90 -O (test for errors, line 69)
FAIL: gfortran.dg/gomp/udr6.f90 -O (test for errors, line 77)
FAIL: gfortran.dg/gomp/udr6.f90 -O (test for errors, line 85)
FAIL: gfortran.dg/gomp/udr6.f90 -O (test for errors, line 93)
FAIL: gfortran.dg/gomp/udr6.f90 -O (internal compiler error)
FAIL: gfortran.dg/gomp/udr6.f90 -O (test for excess errors)
FAIL: gfortran.dg/gomp/udr8.f90 -O (test for errors, line 120)
FAIL: gfortran.dg/gomp/udr8.f90 -O (test for errors, line 121)
FAIL: gfortran.dg/gomp/udr8.f90 -O (test for errors, line 122)
FAIL: gfortran.dg/gomp/udr8.f90 -O (test for errors, line 123)
FAIL: gfortran.dg/gomp/udr8.f90 -O (test for errors, line 167)
FAIL: gfortran.dg/gomp/udr8.f90 -O (test for errors, line 168)
FAIL: gfortran.dg/gomp/udr8.f90 -O (test for errors, line 169)
FAIL: gfortran.dg/gomp/udr8.f90 -O (test for errors, line 170)
FAIL: gfortran.dg/gomp/udr8.f90 -O (test for errors, line 198)
FAIL: gfortran.dg/gomp/udr8.f90 -O (test for errors, line 199)
FAIL: gfortran.dg/gomp/udr8.f90 -O (test for errors, line 200)
FAIL: gfortran.dg/gomp/udr8.f90 -O (test for errors, line 201)
FAIL: gfortran.dg/gomp/udr8.f90 -O (test for errors, line 229)
FAIL: gfortran.dg/gomp/udr8.f90 -O (test for errors, line 230)
FAIL: gfortran.dg/gomp/udr8.f90 -O (test for errors, line 231)
FAIL: gfortran.dg/gomp/udr8.f90 -O (test for errors, line 232)
FAIL: gfortran.dg/gomp/udr8.f90 -O (test for errors, line 260)
FAIL: gfortran.dg/gomp/udr8.f90 -O (test for errors, line 261)
FAIL: gfortran.dg/gomp/udr8.f90 -O (test for errors, line 262)
FAIL: gfortran.dg/gomp/udr8.f90 -O (test for errors, line 263)
FAIL: gfortran.dg/gomp/udr8.f90 -O (test for errors, line 276)
FAIL: gfortran.dg/gomp/udr8.f90 -O (test for errors, line 280)
FAIL: gfortran.dg/gomp/udr8.f90 -O (test for errors, line 293)
FAIL: gfortran.dg/gomp/udr8.f90 -O (test for errors, line 294)
FAIL: gfortran.dg/gomp/udr8.f90 -O (test for errors, line 295)
FAIL: gfortran.dg/gomp/udr8.f90 -O (test for errors, line 296)
FAIL: gfortran.dg/gomp/udr8.f90 -O (test for errors, line 308)
FAIL: gfortran.dg/gomp/udr8.f90 -O (test for errors, line 309)
FAIL: gfortran.dg/gomp/udr8.f90 -O (test for errors, line 310)
FAIL: gfortran.dg/gomp/udr8.f90 -O (test for errors, line 311)
FAIL: gfortran.dg/gomp/udr8.f90 -O (test for errors, line 339)
FAIL: gfortran.dg/gomp/udr8.f90 -O (test for errors, line 340)
FAIL: gfortran.dg/gomp/udr8.f90 -O (test for errors, line 341)
FAIL: gfortran.dg/gomp/udr8.f90 -O (test for errors, line 342)
FAIL: gfortran.dg/gomp/udr8.f90 -O (test for errors, line 90)
FAIL: gfortran.dg/gomp/udr8.f90 -O (test for errors, line 91)
FAIL: gfortran.dg/gomp/udr8.f90 -O (test for errors, line 92)
FAIL: gfortran.dg/gomp/udr8.f90 -O (test for errors, line 93)
FAIL: gfortran.dg/gomp/udr8.f90 -O (test for warnings, line 277)
FAIL: gfortran.dg/gomp/udr8.f90 -O (test for warnings, line 278)
FAIL: gfortran.dg/gomp/udr8.f90 -O (test for warnings, line 279)
FAIL: gfortran.dg/gomp/udr8.f90 -O (test for warnings, line 281)
FAIL: gfortran.dg/gomp/udr8.f90 -O (internal compiler error)
FAIL: gfortran.dg/gomp/udr8.f90 -O (test for excess errors)
FAIL: gfortran.dg/vect/fast-math-mgrid-resid.f -O scan-tree-dump-times pcom "Executing predictive commoning without unrolling" 2
FAIL: gfortran.dg/vect/fast-math-mgrid-resid.f -O scan-tree-dump-times pcom "Loop iterates only 1 time, nothing to do" 1
FAIL: gfortran.dg/vect/fast-math-mgrid-resid.f -O scan-tree-dump-times pcom "Predictive commoning failed: no suitable chains" 0
=== gfortran Summary for unix/-m32 ===
# of expected passes 4050
=== gfortran Summary ===
# of expected passes 8100
/export/users1/nightly/gcc.svn/test-intel64corei7avx2PIC/gcc-build-trunk/bld/gcc/testsuite/gfortran/../../gfortran version 7.0.0 20161015 (experimental) [trunk revision 241197] (GCC)
=== g++ tests ===
Running target unix
FAIL: g++.dg/guality/pr55665.C -O2 line 23 p == 40
FAIL: g++.dg/guality/pr55665.C -O3 -g line 23 p == 40
XPASS: g++.dg/tls/thread_local-order2.C -std=c++11 execution test
XPASS: g++.dg/tls/thread_local-order2.C -std=c++14 execution test
FAIL: g++.dg/vect/slp-pr56812.cc -std=c++11 scan-tree-dump-times slp1 "basic block vectorized" 1
FAIL: g++.dg/vect/slp-pr56812.cc -std=c++14 scan-tree-dump-times slp1 "basic block vectorized" 1
FAIL: g++.dg/vect/slp-pr56812.cc -std=c++98 scan-tree-dump-times slp1 "basic block vectorized" 1
=== g++ Summary for unix ===
# of expected passes 20210
# of expected failures 61
# of unsupported tests 74
Running target unix/-m32
FAIL: g++.dg/guality/pr55665.C -O2 line 23 p == 40
FAIL: g++.dg/guality/pr55665.C -O3 -g line 23 p == 40
XPASS: g++.dg/tls/thread_local-order2.C -std=c++11 execution test
XPASS: g++.dg/tls/thread_local-order2.C -std=c++14 execution test
FAIL: g++.dg/vect/slp-pr56812.cc -std=c++11 scan-tree-dump-times slp1 "basic block vectorized" 1
FAIL: g++.dg/vect/slp-pr56812.cc -std=c++14 scan-tree-dump-times slp1 "basic block vectorized" 1
FAIL: g++.dg/vect/slp-pr56812.cc -std=c++98 scan-tree-dump-times slp1 "basic block vectorized" 1
=== g++ Summary for unix/-m32 ===
# of expected passes 20351
# of expected failures 61
# of unsupported tests 44
=== g++ Summary ===
# of expected passes 40561
# of expected failures 122
# of unsupported tests 118
/export/users1/nightly/gcc.svn/test-intel64corei7avx2PIC/gcc-build-trunk/bld/gcc/testsuite/g++/../../xg++ version 7.0.0 20161015 (experimental) [trunk revision 241197] (GCC)
=== objc tests ===
Running target unix
=== objc Summary for unix ===
# of expected passes 56
Running target unix/-m32
=== objc Summary for unix/-m32 ===
# of expected passes 56
=== objc Summary ===
# of expected passes 112
/export/users1/nightly/gcc.svn/test-intel64corei7avx2PIC/gcc-build-trunk/bld/gcc/xgcc version 7.0.0 20161015 (experimental) [trunk revision 241197] (GCC)
=== libatomic tests ===
Running target unix/-m32
=== libatomic Summary for unix/-m32 ===
# of expected passes 44
# of unsupported tests 5
Running target unix
=== libatomic Summary for unix ===
# of expected passes 54
=== libatomic Summary ===
# of expected passes 98
# of unsupported tests 5
=== libgomp tests ===
Running target unix/-m32
=== libgomp Summary for unix/-m32 ===
# of expected passes 811
# of unsupported tests 50
Running target unix
=== libgomp Summary for unix ===
# of expected passes 811
# of unsupported tests 50
=== libgomp Summary ===
# of expected passes 9912
# of unsupported tests 734
=== libitm tests ===
Running target unix/-m32
=== libitm Summary for unix/-m32 ===
# of expected passes 16
# of expected failures 1
# of unsupported tests 1
Running target unix
=== libitm Summary for unix ===
# of expected passes 16
# of expected failures 1
# of unsupported tests 1
=== libitm Summary ===
# of expected passes 84
# of expected failures 6
# of unsupported tests 2
=== libstdc++ tests ===
Running target unix
=== libstdc++ Summary for unix ===
# of unsupported tests 1
Running target unix/-m32
=== libstdc++ Summary for unix/-m32 ===
# of unsupported tests 1
=== libstdc++ Summary ===
# of unsupported tests 2
Compiler version: 7.0.0 20161015 (experimental) [trunk revision 241197] (GCC)
Platform: x86_64-pc-linux-gnu
configure flags: --with-arch=core-avx2 --with-cpu=core-avx2 --prefix=/usr/local --enable-clocale=gnu --with-system-zlib --enable-shared --with-demangler-in-ld --enable-cloog-backend=isl --with-ppl-include=/opt/gnu/include --with-ppl-lib=/opt/gnu/lib64 --with-cloog-include=/opt/gnu/include --with-cloog-lib=/opt/gnu/lib64 --with-fpmath=sse --enable-languages=c,c++,fortran,lto,objc