This is the mail archive of the gcc-testresults@gcc.gnu.org mailing list for the GCC project.


Index Nav: [Date Index] [Subject Index] [Author Index] [Thread Index]
Message Nav: [Date Prev] [Date Next] [Thread Prev] [Thread Next]
Other format: [Raw text]

Results for 6.2.0 20161010 (Debian 6.2.0-6) testsuite on mipsel-unknown-linux-gnu


LAST_UPDATED: Mon Oct 10 03:12:04 UTC 2016 (revision 240907)

Target: mipsel-linux-gnu
gcc version 6.2.0 20161010 (Debian 6.2.0-6) 

Native configuration is mipsel-unknown-linux-gnu

		=== g++ tests ===


Running target unix
FAIL: g++.dg/abi/abi-tag23.C  -std=gnu++11  (test for warnings, line 22)
FAIL: g++.dg/abi/abi-tag23.C  -std=gnu++11  scan-assembler _ZThn16_N7Derived7get_fooB3barEv
FAIL: g++.dg/abi/abi-tag23.C  -std=gnu++14  (test for warnings, line 22)
FAIL: g++.dg/abi/abi-tag23.C  -std=gnu++14  scan-assembler _ZThn16_N7Derived7get_fooB3barEv
FAIL: g++.dg/abi/abi-tag23.C  -std=gnu++98  (test for warnings, line 22)
FAIL: g++.dg/abi/abi-tag23.C  -std=gnu++98  scan-assembler _ZThn16_N7Derived7get_fooB3barEv
FAIL: g++.dg/abi/abi-tag23a.C  -std=gnu++11  scan-assembler _ZThn16_N7Derived7get_fooEv
FAIL: g++.dg/abi/abi-tag23a.C  -std=gnu++14  scan-assembler _ZThn16_N7Derived7get_fooEv
FAIL: g++.dg/abi/abi-tag23a.C  -std=gnu++98  scan-assembler _ZThn16_N7Derived7get_fooEv
FAIL: g++.dg/guality/pr55665.C   -O2  line 23 p == 40
FAIL: g++.dg/guality/pr55665.C   -O3 -g  line 23 p == 40
XPASS: g++.dg/tls/thread_local-order2.C  -std=c++11 execution test
XPASS: g++.dg/tls/thread_local-order2.C  -std=c++14 execution test

		=== g++ Summary for unix ===

# of expected passes		93086
# of unexpected failures	11
# of unexpected successes	2
# of expected failures		305
# of unsupported tests		3887

Running target unix/-fstack-protector
FAIL: g++.dg/abi/abi-tag23.C  -std=gnu++11  (test for warnings, line 22)
FAIL: g++.dg/abi/abi-tag23.C  -std=gnu++11  scan-assembler _ZThn16_N7Derived7get_fooB3barEv
FAIL: g++.dg/abi/abi-tag23.C  -std=gnu++14  (test for warnings, line 22)
FAIL: g++.dg/abi/abi-tag23.C  -std=gnu++14  scan-assembler _ZThn16_N7Derived7get_fooB3barEv
FAIL: g++.dg/abi/abi-tag23.C  -std=gnu++98  (test for warnings, line 22)
FAIL: g++.dg/abi/abi-tag23.C  -std=gnu++98  scan-assembler _ZThn16_N7Derived7get_fooB3barEv
FAIL: g++.dg/abi/abi-tag23a.C  -std=gnu++11  scan-assembler _ZThn16_N7Derived7get_fooEv
FAIL: g++.dg/abi/abi-tag23a.C  -std=gnu++14  scan-assembler _ZThn16_N7Derived7get_fooEv
FAIL: g++.dg/abi/abi-tag23a.C  -std=gnu++98  scan-assembler _ZThn16_N7Derived7get_fooEv
FAIL: g++.dg/guality/pr55665.C   -O2  line 23 p == 40
FAIL: g++.dg/guality/pr55665.C   -O3 -g  line 23 p == 40
XPASS: g++.dg/tls/thread_local-order2.C  -std=c++11 execution test
XPASS: g++.dg/tls/thread_local-order2.C  -std=c++14 execution test

		=== g++ Summary for unix/-fstack-protector ===

# of expected passes		93086
# of unexpected failures	11
# of unexpected successes	2
# of expected failures		305
# of unsupported tests		3887

		=== g++ Summary ===

# of expected passes		186172
# of unexpected failures	22
# of unexpected successes	4
# of expected failures		610
# of unsupported tests		7774
/build/gcc-6-rSWaly/gcc-6-6.2.0/build/gcc/xg++  version 6.2.0 20161010 (Debian 6.2.0-6) 

		=== gcc tests ===


Running target unix
FAIL: gcc.dg/atomic/pr65345-4.c   -O0   12 blank line(s) in output
FAIL: gcc.dg/atomic/pr65345-4.c   -O0  (internal compiler error)
FAIL: gcc.dg/atomic/pr65345-4.c   -O0  (test for excess errors)
FAIL: gcc.dg/atomic/pr65345-4.c   -O1   12 blank line(s) in output
FAIL: gcc.dg/atomic/pr65345-4.c   -O1  (internal compiler error)
FAIL: gcc.dg/atomic/pr65345-4.c   -O1  (test for excess errors)
FAIL: gcc.dg/atomic/pr65345-4.c   -O2   12 blank line(s) in output
FAIL: gcc.dg/atomic/pr65345-4.c   -O2  (internal compiler error)
FAIL: gcc.dg/atomic/pr65345-4.c   -O2  (test for excess errors)
FAIL: gcc.dg/atomic/pr65345-4.c   -O2 -flto -fno-use-linker-plugin -flto-partition=none   12 blank line(s) in output
FAIL: gcc.dg/atomic/pr65345-4.c   -O2 -flto -fno-use-linker-plugin -flto-partition=none  (internal compiler error)
FAIL: gcc.dg/atomic/pr65345-4.c   -O2 -flto -fno-use-linker-plugin -flto-partition=none  (test for excess errors)
FAIL: gcc.dg/atomic/pr65345-4.c   -O2 -flto -fuse-linker-plugin -fno-fat-lto-objects   12 blank line(s) in output
FAIL: gcc.dg/atomic/pr65345-4.c   -O2 -flto -fuse-linker-plugin -fno-fat-lto-objects  (internal compiler error)
FAIL: gcc.dg/atomic/pr65345-4.c   -O2 -flto -fuse-linker-plugin -fno-fat-lto-objects  (test for excess errors)
FAIL: gcc.dg/atomic/pr65345-4.c   -O3 -g   12 blank line(s) in output
FAIL: gcc.dg/atomic/pr65345-4.c   -O3 -g  (internal compiler error)
FAIL: gcc.dg/atomic/pr65345-4.c   -O3 -g  (test for excess errors)
FAIL: gcc.dg/atomic/pr65345-4.c   -Os   12 blank line(s) in output
FAIL: gcc.dg/atomic/pr65345-4.c   -Os  (internal compiler error)
FAIL: gcc.dg/atomic/pr65345-4.c   -Os  (test for excess errors)
FAIL: gcc.dg/loop-8.c scan-rtl-dump-not loop2_invariant "without introducing a new temporary register"
FAIL: gcc.dg/loop-8.c scan-rtl-dump-times loop2_invariant "Decided" 1
FAIL: gcc.dg/pic-2.c (test for excess errors)
FAIL: gcc.dg/pic-3.c (test for excess errors)
FAIL: gcc.dg/pic-4.c (test for excess errors)
FAIL: gcc.dg/pie-2.c (test for excess errors)
FAIL: gcc.dg/pie-3.c (test for excess errors)
FAIL: gcc.dg/pie-4.c (test for excess errors)
FAIL: gcc.dg/pr65345-3.c  (test for errors, line 18)
FAIL: gcc.dg/pr65345-3.c  (test for errors, line 19)
FAIL: gcc.dg/pr65345-3.c  (test for errors, line 20)
FAIL: gcc.dg/pr65345-3.c  (test for errors, line 21)
FAIL: gcc.dg/pr65345-3.c  (test for errors, line 22)
FAIL: gcc.dg/pr65345-3.c (internal compiler error)
FAIL: gcc.dg/pr65345-3.c (test for excess errors)
FAIL: gcc.dg/pr65345-3.c 9 blank line(s) in output
FAIL: gcc.dg/uninit-19.c  (test for warnings, line 22)
FAIL: gcc.dg/uninit-19.c (test for excess errors)
FAIL: gcc.dg/graphite/id-pr46845.c (internal compiler error)
FAIL: gcc.dg/graphite/id-pr46845.c (test for excess errors)
FAIL: gcc.dg/graphite/scop-19.c scan-tree-dump-times graphite "number of SCoPs: 0" 1
XPASS: gcc.dg/guality/example.c   -O0  execution test
XPASS: gcc.dg/guality/guality.c   -O0  execution test
XPASS: gcc.dg/guality/guality.c   -O1  execution test
XPASS: gcc.dg/guality/guality.c   -O2  execution test
XPASS: gcc.dg/guality/guality.c   -O2 -flto -fno-use-linker-plugin -flto-partition=none  execution test
XPASS: gcc.dg/guality/guality.c   -O2 -flto -fuse-linker-plugin -fno-fat-lto-objects  execution test
XPASS: gcc.dg/guality/guality.c   -O3 -g  execution test
XPASS: gcc.dg/guality/guality.c   -Os  execution test
XPASS: gcc.dg/guality/inline-params.c   -O2  execution test
XPASS: gcc.dg/guality/inline-params.c   -O2 -flto -fno-use-linker-plugin -flto-partition=none  execution test
XPASS: gcc.dg/guality/inline-params.c   -O3 -g  execution test
XPASS: gcc.dg/guality/inline-params.c   -Os  execution test
FAIL: gcc.dg/guality/nrv-1.c   -O2 -flto -fuse-linker-plugin -fno-fat-lto-objects  line 20 a2.i[0] == 42
FAIL: gcc.dg/guality/pr36728-1.c   -O2  line 16 y == 2
FAIL: gcc.dg/guality/pr36728-1.c   -O2 -flto -fno-use-linker-plugin -flto-partition=none  line 16 y == 2
FAIL: gcc.dg/guality/pr36728-2.c   -O2  line 16 y == 2
FAIL: gcc.dg/guality/pr36728-2.c   -O2 -flto -fno-use-linker-plugin -flto-partition=none  line 16 y == 2
FAIL: gcc.dg/guality/pr36728-2.c   -O2 -flto -fuse-linker-plugin -fno-fat-lto-objects  line 16 arg1 == 1
FAIL: gcc.dg/guality/pr36728-2.c   -O2 -flto -fuse-linker-plugin -fno-fat-lto-objects  line 16 arg2 == 2
FAIL: gcc.dg/guality/pr36728-2.c   -O2 -flto -fuse-linker-plugin -fno-fat-lto-objects  line 16 arg3 == 3
FAIL: gcc.dg/guality/pr36728-2.c   -O2 -flto -fuse-linker-plugin -fno-fat-lto-objects  line 16 arg4 == 4
FAIL: gcc.dg/guality/pr36728-2.c   -O2 -flto -fuse-linker-plugin -fno-fat-lto-objects  line 16 arg5 == 5
FAIL: gcc.dg/guality/pr36728-2.c   -O2 -flto -fuse-linker-plugin -fno-fat-lto-objects  line 16 arg6 == 6
FAIL: gcc.dg/guality/pr36728-2.c   -O2 -flto -fuse-linker-plugin -fno-fat-lto-objects  line 16 arg7 == 30
FAIL: gcc.dg/guality/pr36728-2.c   -O2 -flto -fuse-linker-plugin -fno-fat-lto-objects  line 18 arg1 == 1
FAIL: gcc.dg/guality/pr36728-2.c   -O2 -flto -fuse-linker-plugin -fno-fat-lto-objects  line 18 arg2 == 2
FAIL: gcc.dg/guality/pr36728-2.c   -O2 -flto -fuse-linker-plugin -fno-fat-lto-objects  line 18 arg3 == 3
FAIL: gcc.dg/guality/pr36728-2.c   -O2 -flto -fuse-linker-plugin -fno-fat-lto-objects  line 18 arg4 == 4
FAIL: gcc.dg/guality/pr36728-2.c   -O2 -flto -fuse-linker-plugin -fno-fat-lto-objects  line 18 arg5 == 5
FAIL: gcc.dg/guality/pr36728-2.c   -O2 -flto -fuse-linker-plugin -fno-fat-lto-objects  line 18 arg6 == 6
FAIL: gcc.dg/guality/pr36728-2.c   -O2 -flto -fuse-linker-plugin -fno-fat-lto-objects  line 18 arg7 == 30
FAIL: gcc.dg/guality/pr36728-2.c   -O3 -g  line 16 arg1 == 1
FAIL: gcc.dg/guality/pr36728-2.c   -O3 -g  line 16 arg2 == 2
FAIL: gcc.dg/guality/pr36728-2.c   -O3 -g  line 16 arg3 == 3
FAIL: gcc.dg/guality/pr36728-2.c   -O3 -g  line 16 arg4 == 4
FAIL: gcc.dg/guality/pr36728-2.c   -O3 -g  line 16 arg5 == 5
FAIL: gcc.dg/guality/pr36728-2.c   -O3 -g  line 16 arg6 == 6
FAIL: gcc.dg/guality/pr36728-2.c   -O3 -g  line 16 arg7 == 30
FAIL: gcc.dg/guality/pr36728-2.c   -O3 -g  line 16 y == 2
FAIL: gcc.dg/guality/pr36728-2.c   -O3 -g  line 18 arg1 == 1
FAIL: gcc.dg/guality/pr36728-2.c   -O3 -g  line 18 arg2 == 2
FAIL: gcc.dg/guality/pr36728-2.c   -O3 -g  line 18 arg3 == 3
FAIL: gcc.dg/guality/pr36728-2.c   -O3 -g  line 18 arg4 == 4
FAIL: gcc.dg/guality/pr36728-2.c   -O3 -g  line 18 arg5 == 5
FAIL: gcc.dg/guality/pr36728-2.c   -O3 -g  line 18 arg6 == 6
FAIL: gcc.dg/guality/pr36728-2.c   -O3 -g  line 18 arg7 == 30
XPASS: gcc.dg/guality/pr41353-1.c   -O0  line 28 j == 28 + 37
FAIL: gcc.dg/guality/pr41616-1.c   -O2 -flto -fuse-linker-plugin -fno-fat-lto-objects  execution test
FAIL: gcc.dg/guality/pr45882.c   -O2 -flto -fuse-linker-plugin -fno-fat-lto-objects  line 16 d == 112
FAIL: gcc.dg/guality/pr45882.c   -O2 -flto -fuse-linker-plugin -fno-fat-lto-objects  line 16 e == 142
FAIL: gcc.dg/guality/pr54200.c   -Os  line 20 z == 3
FAIL: gcc.dg/guality/pr54519-1.c   -O2 -flto -fno-use-linker-plugin -flto-partition=none  line 20 y == 25
FAIL: gcc.dg/guality/pr54519-1.c   -O2 -flto -fno-use-linker-plugin -flto-partition=none  line 20 z == 6
FAIL: gcc.dg/guality/pr54519-1.c   -O2 -flto -fno-use-linker-plugin -flto-partition=none  line 23 y == 117
FAIL: gcc.dg/guality/pr54519-1.c   -O2 -flto -fno-use-linker-plugin -flto-partition=none  line 23 z == 8
FAIL: gcc.dg/guality/pr54519-2.c   -O2 -flto -fno-use-linker-plugin -flto-partition=none  line 17 y == 25
FAIL: gcc.dg/guality/pr54519-2.c   -O2 -flto -fuse-linker-plugin -fno-fat-lto-objects  line 17 y == 25
FAIL: gcc.dg/guality/pr54519-3.c   -O2 -flto -fno-use-linker-plugin -flto-partition=none  line 20 y == 25
FAIL: gcc.dg/guality/pr54519-3.c   -O2 -flto -fno-use-linker-plugin -flto-partition=none  line 20 z == 6
FAIL: gcc.dg/guality/pr54519-3.c   -O2 -flto -fno-use-linker-plugin -flto-partition=none  line 23 y == 117
FAIL: gcc.dg/guality/pr54519-3.c   -O2 -flto -fno-use-linker-plugin -flto-partition=none  line 23 z == 8
FAIL: gcc.dg/guality/pr54519-3.c   -O2 -flto -fuse-linker-plugin -fno-fat-lto-objects  line 20 y == 25
FAIL: gcc.dg/guality/pr54519-3.c   -O2 -flto -fuse-linker-plugin -fno-fat-lto-objects  line 20 z == 6
FAIL: gcc.dg/guality/pr54519-3.c   -O2 -flto -fuse-linker-plugin -fno-fat-lto-objects  line 23 y == 117
FAIL: gcc.dg/guality/pr54519-3.c   -O2 -flto -fuse-linker-plugin -fno-fat-lto-objects  line 23 z == 8
FAIL: gcc.dg/guality/pr54519-4.c   -O2 -flto -fno-use-linker-plugin -flto-partition=none  line 17 y == 25
FAIL: gcc.dg/guality/pr54519-4.c   -O2 -flto -fuse-linker-plugin -fno-fat-lto-objects  line 17 y == 25
FAIL: gcc.dg/guality/pr54519-5.c   -O2 -flto -fno-use-linker-plugin -flto-partition=none  line 17 y == 25
FAIL: gcc.dg/guality/pr54519-5.c   -O2 -flto -fuse-linker-plugin -fno-fat-lto-objects  line 17 y == 25
FAIL: gcc.dg/guality/pr54693-2.c   -Os  line 21 x == 10 - i
FAIL: gcc.dg/guality/pr54693-2.c   -Os  line 21 y == 20 - 2 * i
FAIL: gcc.dg/guality/pr68860-1.c   -O2 -flto -fno-use-linker-plugin -flto-partition=none  line 14 arg1 == 1
FAIL: gcc.dg/guality/pr68860-1.c   -O2 -flto -fno-use-linker-plugin -flto-partition=none  line 14 arg2 == 2
FAIL: gcc.dg/guality/pr68860-1.c   -O2 -flto -fno-use-linker-plugin -flto-partition=none  line 14 arg3 == 3
FAIL: gcc.dg/guality/pr68860-1.c   -O2 -flto -fno-use-linker-plugin -flto-partition=none  line 14 arg4 == 4
FAIL: gcc.dg/guality/pr68860-1.c   -O2 -flto -fno-use-linker-plugin -flto-partition=none  line 14 arg5 == 5
FAIL: gcc.dg/guality/pr68860-1.c   -O2 -flto -fno-use-linker-plugin -flto-partition=none  line 14 arg6 == 6
FAIL: gcc.dg/guality/pr68860-1.c   -O2 -flto -fno-use-linker-plugin -flto-partition=none  line 16 arg1 == 1
FAIL: gcc.dg/guality/pr68860-1.c   -O2 -flto -fno-use-linker-plugin -flto-partition=none  line 16 arg2 == 2
FAIL: gcc.dg/guality/pr68860-1.c   -O2 -flto -fno-use-linker-plugin -flto-partition=none  line 16 arg3 == 3
FAIL: gcc.dg/guality/pr68860-1.c   -O2 -flto -fno-use-linker-plugin -flto-partition=none  line 16 arg4 == 4
FAIL: gcc.dg/guality/pr68860-1.c   -O2 -flto -fno-use-linker-plugin -flto-partition=none  line 16 arg5 == 5
FAIL: gcc.dg/guality/pr68860-1.c   -O2 -flto -fno-use-linker-plugin -flto-partition=none  line 16 arg6 == 6
FAIL: gcc.dg/guality/pr68860-1.c   -O2 -flto -fuse-linker-plugin -fno-fat-lto-objects  line 14 arg1 == 1
FAIL: gcc.dg/guality/pr68860-1.c   -O2 -flto -fuse-linker-plugin -fno-fat-lto-objects  line 14 arg2 == 2
FAIL: gcc.dg/guality/pr68860-1.c   -O2 -flto -fuse-linker-plugin -fno-fat-lto-objects  line 14 arg3 == 3
FAIL: gcc.dg/guality/pr68860-1.c   -O2 -flto -fuse-linker-plugin -fno-fat-lto-objects  line 14 arg4 == 4
FAIL: gcc.dg/guality/pr68860-1.c   -O2 -flto -fuse-linker-plugin -fno-fat-lto-objects  line 14 arg5 == 5
FAIL: gcc.dg/guality/pr68860-1.c   -O2 -flto -fuse-linker-plugin -fno-fat-lto-objects  line 14 arg6 == 6
FAIL: gcc.dg/guality/pr68860-1.c   -O2 -flto -fuse-linker-plugin -fno-fat-lto-objects  line 16 arg1 == 1
FAIL: gcc.dg/guality/pr68860-1.c   -O2 -flto -fuse-linker-plugin -fno-fat-lto-objects  line 16 arg2 == 2
FAIL: gcc.dg/guality/pr68860-1.c   -O2 -flto -fuse-linker-plugin -fno-fat-lto-objects  line 16 arg3 == 3
FAIL: gcc.dg/guality/pr68860-1.c   -O2 -flto -fuse-linker-plugin -fno-fat-lto-objects  line 16 arg4 == 4
FAIL: gcc.dg/guality/pr68860-1.c   -O2 -flto -fuse-linker-plugin -fno-fat-lto-objects  line 16 arg5 == 5
FAIL: gcc.dg/guality/pr68860-1.c   -O2 -flto -fuse-linker-plugin -fno-fat-lto-objects  line 16 arg6 == 6
FAIL: gcc.dg/guality/vla-1.c   -O1  line 17 sizeof (a) == 6
FAIL: gcc.dg/guality/vla-1.c   -O2  line 17 sizeof (a) == 6
FAIL: gcc.dg/guality/vla-1.c   -O2  line 24 i == 5
FAIL: gcc.dg/guality/vla-1.c   -O2  line 24 sizeof (a) == 17 * sizeof (short)
FAIL: gcc.dg/guality/vla-1.c   -O2 -flto -fno-use-linker-plugin -flto-partition=none  line 17 sizeof (a) == 6
FAIL: gcc.dg/guality/vla-1.c   -O2 -flto -fno-use-linker-plugin -flto-partition=none  line 24 i == 5
FAIL: gcc.dg/guality/vla-1.c   -O2 -flto -fno-use-linker-plugin -flto-partition=none  line 24 sizeof (a) == 17 * sizeof (short)
FAIL: gcc.dg/guality/vla-1.c   -O2 -flto -fuse-linker-plugin -fno-fat-lto-objects  line 17 sizeof (a) == 6
FAIL: gcc.dg/guality/vla-1.c   -O2 -flto -fuse-linker-plugin -fno-fat-lto-objects  line 24 i == 5
FAIL: gcc.dg/guality/vla-1.c   -O2 -flto -fuse-linker-plugin -fno-fat-lto-objects  line 24 sizeof (a) == 17 * sizeof (short)
FAIL: gcc.dg/guality/vla-1.c   -O3 -g  line 17 sizeof (a) == 6
FAIL: gcc.dg/guality/vla-1.c   -O3 -g  line 24 i == 5
FAIL: gcc.dg/guality/vla-1.c   -O3 -g  line 24 sizeof (a) == 17 * sizeof (short)
FAIL: gcc.dg/guality/vla-1.c   -Os  line 17 sizeof (a) == 6
FAIL: gcc.dg/guality/vla-1.c   -Os  line 24 i == 5
FAIL: gcc.dg/guality/vla-1.c   -Os  line 24 sizeof (a) == 17 * sizeof (short)
FAIL: gcc.dg/torture/c99-contract-1.c   -O1  execution test
FAIL: gcc.dg/torture/c99-contract-1.c   -O2  execution test
FAIL: gcc.dg/torture/c99-contract-1.c   -O2 -flto -fno-use-linker-plugin -flto-partition=none  execution test
FAIL: gcc.dg/torture/c99-contract-1.c   -O2 -flto -fuse-linker-plugin -fno-fat-lto-objects  execution test
FAIL: gcc.dg/torture/c99-contract-1.c   -O3 -g  execution test
FAIL: gcc.dg/torture/c99-contract-1.c   -Os  execution test
FAIL: gcc.dg/tree-ssa/pr15826.c scan-tree-dump-times optimized " & | goto " 0
FAIL: gcc.target/mips/branch-cost-1.c   -O1   scan-assembler \\t(bnec?|beqc?)\\t
FAIL: gcc.target/mips/branch-cost-1.c   -O1   scan-assembler-not \\t(movz|movn)\\t
FAIL: gcc.target/mips/branch-cost-1.c   -O2   scan-assembler \\t(bnec?|beqc?)\\t
FAIL: gcc.target/mips/branch-cost-1.c   -O2   scan-assembler-not \\t(movz|movn)\\t
FAIL: gcc.target/mips/branch-cost-1.c   -O2 -flto -fno-use-linker-plugin -flto-partition=none   scan-assembler \\t(bnec?|beqc?)\\t
FAIL: gcc.target/mips/branch-cost-1.c   -O2 -flto -fno-use-linker-plugin -flto-partition=none   scan-assembler-not \\t(movz|movn)\\t
FAIL: gcc.target/mips/branch-cost-1.c   -O2 -flto -fuse-linker-plugin -fno-fat-lto-objects   scan-assembler \\t(bnec?|beqc?)\\t
FAIL: gcc.target/mips/branch-cost-1.c   -O2 -flto -fuse-linker-plugin -fno-fat-lto-objects   scan-assembler-not \\t(movz|movn)\\t
FAIL: gcc.target/mips/branch-cost-1.c   -O3 -g   scan-assembler \\t(bnec?|beqc?)\\t
FAIL: gcc.target/mips/branch-cost-1.c   -O3 -g   scan-assembler-not \\t(movz|movn)\\t
FAIL: gcc.target/mips/branch-cost-1.c   -Os   scan-assembler \\t(bnec?|beqc?)\\t
FAIL: gcc.target/mips/branch-cost-1.c   -Os   scan-assembler-not \\t(movz|movn)\\t
FAIL: gcc.target/mips/compact-branches-7.c   -O1   scan-assembler \\tnop
XPASS: gcc.target/mips/dspr2-MULT.c   -O2   scan-assembler \\\\\$ac1
XPASS: gcc.target/mips/dspr2-MULT.c   -O2 -flto -fno-use-linker-plugin -flto-partition=none   scan-assembler \\\\\$ac1
XPASS: gcc.target/mips/dspr2-MULT.c   -O2 -flto -fuse-linker-plugin -fno-fat-lto-objects   scan-assembler \\\\\$ac1
XPASS: gcc.target/mips/dspr2-MULT.c   -O3 -g   scan-assembler \\\\\$ac1
XPASS: gcc.target/mips/dspr2-MULTU.c   -O2   scan-assembler \\\\\$ac1
XPASS: gcc.target/mips/dspr2-MULTU.c   -O2 -flto -fno-use-linker-plugin -flto-partition=none   scan-assembler \\\\\$ac1
XPASS: gcc.target/mips/dspr2-MULTU.c   -O2 -flto -fuse-linker-plugin -fno-fat-lto-objects   scan-assembler \\\\\$ac1
XPASS: gcc.target/mips/dspr2-MULTU.c   -O3 -g   scan-assembler \\\\\$ac1
UNRESOLVED: gcc.target/mips/inline-memcpy-1.c   -O1   scan-assembler-not \\tmemcpy
FAIL: gcc.target/mips/inline-memcpy-1.c   -O1  (test for excess errors)
UNRESOLVED: gcc.target/mips/inline-memcpy-1.c   -O2   scan-assembler-not \\tmemcpy
FAIL: gcc.target/mips/inline-memcpy-1.c   -O2  (test for excess errors)
UNRESOLVED: gcc.target/mips/inline-memcpy-1.c   -O2 -flto -fno-use-linker-plugin -flto-partition=none   scan-assembler-not \\tmemcpy
FAIL: gcc.target/mips/inline-memcpy-1.c   -O2 -flto -fno-use-linker-plugin -flto-partition=none  (test for excess errors)
UNRESOLVED: gcc.target/mips/inline-memcpy-1.c   -O2 -flto -fuse-linker-plugin -fno-fat-lto-objects   scan-assembler-not \\tmemcpy
FAIL: gcc.target/mips/inline-memcpy-1.c   -O2 -flto -fuse-linker-plugin -fno-fat-lto-objects  (test for excess errors)
UNRESOLVED: gcc.target/mips/inline-memcpy-1.c   -O3 -g   scan-assembler-not \\tmemcpy
FAIL: gcc.target/mips/inline-memcpy-1.c   -O3 -g  (test for excess errors)
UNRESOLVED: gcc.target/mips/inline-memcpy-2.c   -O1   scan-assembler-not \\tmemcpy
UNRESOLVED: gcc.target/mips/inline-memcpy-2.c   -O1   scan-assembler-times \\tsh\\t 16
FAIL: gcc.target/mips/inline-memcpy-2.c   -O1  (test for excess errors)
UNRESOLVED: gcc.target/mips/inline-memcpy-2.c   -O2   scan-assembler-not \\tmemcpy
UNRESOLVED: gcc.target/mips/inline-memcpy-2.c   -O2   scan-assembler-times \\tsh\\t 16
FAIL: gcc.target/mips/inline-memcpy-2.c   -O2  (test for excess errors)
UNRESOLVED: gcc.target/mips/inline-memcpy-2.c   -O2 -flto -fno-use-linker-plugin -flto-partition=none   scan-assembler-not \\tmemcpy
UNRESOLVED: gcc.target/mips/inline-memcpy-2.c   -O2 -flto -fno-use-linker-plugin -flto-partition=none   scan-assembler-times \\tsh\\t 16
FAIL: gcc.target/mips/inline-memcpy-2.c   -O2 -flto -fno-use-linker-plugin -flto-partition=none  (test for excess errors)
UNRESOLVED: gcc.target/mips/inline-memcpy-2.c   -O2 -flto -fuse-linker-plugin -fno-fat-lto-objects   scan-assembler-not \\tmemcpy
UNRESOLVED: gcc.target/mips/inline-memcpy-2.c   -O2 -flto -fuse-linker-plugin -fno-fat-lto-objects   scan-assembler-times \\tsh\\t 16
FAIL: gcc.target/mips/inline-memcpy-2.c   -O2 -flto -fuse-linker-plugin -fno-fat-lto-objects  (test for excess errors)
UNRESOLVED: gcc.target/mips/inline-memcpy-2.c   -O3 -g   scan-assembler-not \\tmemcpy
UNRESOLVED: gcc.target/mips/inline-memcpy-2.c   -O3 -g   scan-assembler-times \\tsh\\t 16
FAIL: gcc.target/mips/inline-memcpy-2.c   -O3 -g  (test for excess errors)
FAIL: gcc.target/mips/loongson-shift-count-truncated-1.c   -O0  (test for excess errors)
FAIL: gcc.target/mips/loongson-shift-count-truncated-1.c   -O1  (test for excess errors)
FAIL: gcc.target/mips/loongson-shift-count-truncated-1.c   -O2  (test for excess errors)
FAIL: gcc.target/mips/loongson-shift-count-truncated-1.c   -O2 -flto -fno-use-linker-plugin -flto-partition=none  (test for excess errors)
FAIL: gcc.target/mips/loongson-shift-count-truncated-1.c   -O3 -g  (test for excess errors)
FAIL: gcc.target/mips/loongson-shift-count-truncated-1.c   -Os  (test for excess errors)
FAIL: gcc.target/mips/loongson-simd.c   -O0  (test for excess errors)
FAIL: gcc.target/mips/loongson-simd.c   -O1  (test for excess errors)
FAIL: gcc.target/mips/loongson-simd.c   -O2  (test for excess errors)
FAIL: gcc.target/mips/loongson-simd.c   -O2 -flto -fno-use-linker-plugin -flto-partition=none  (test for excess errors)
FAIL: gcc.target/mips/loongson-simd.c   -O3 -g  (test for excess errors)
FAIL: gcc.target/mips/loongson-simd.c   -Os  (test for excess errors)
FAIL: gcc.target/mips/mips-ps-1.c   -O0  execution test
FAIL: gcc.target/mips/mips-ps-1.c   -O1  execution test
FAIL: gcc.target/mips/mips-ps-1.c   -O2  execution test
FAIL: gcc.target/mips/mips-ps-1.c   -O2 -flto -fno-use-linker-plugin -flto-partition=none  execution test
FAIL: gcc.target/mips/mips-ps-1.c   -O2 -flto -fuse-linker-plugin -fno-fat-lto-objects  execution test
FAIL: gcc.target/mips/mips-ps-1.c   -O3 -g  execution test
FAIL: gcc.target/mips/mips-ps-1.c   -Os  execution test
FAIL: gcc.target/mips/mips-ps-2.c   -O0  execution test
FAIL: gcc.target/mips/mips-ps-2.c   -O1  execution test
FAIL: gcc.target/mips/mips-ps-2.c   -O2  execution test
FAIL: gcc.target/mips/mips-ps-2.c   -O2 -flto -fno-use-linker-plugin -flto-partition=none  execution test
FAIL: gcc.target/mips/mips-ps-2.c   -O2 -flto -fuse-linker-plugin -fno-fat-lto-objects  execution test
FAIL: gcc.target/mips/mips-ps-2.c   -O3 -g  execution test
FAIL: gcc.target/mips/mips-ps-2.c   -Os  execution test
FAIL: gcc.target/mips/mips-ps-3.c   -O0  execution test
FAIL: gcc.target/mips/mips-ps-3.c   -O1  execution test
FAIL: gcc.target/mips/mips-ps-3.c   -O2  execution test
FAIL: gcc.target/mips/mips-ps-3.c   -O2 -flto -fno-use-linker-plugin -flto-partition=none  execution test
FAIL: gcc.target/mips/mips-ps-3.c   -O2 -flto -fuse-linker-plugin -fno-fat-lto-objects  execution test
FAIL: gcc.target/mips/mips-ps-3.c   -O3 -g  execution test
FAIL: gcc.target/mips/mips-ps-3.c   -Os  execution test
FAIL: gcc.target/mips/mips-ps-4.c   -O0  execution test
FAIL: gcc.target/mips/mips-ps-4.c   -O1  execution test
FAIL: gcc.target/mips/mips-ps-4.c   -O2  execution test
FAIL: gcc.target/mips/mips-ps-4.c   -O2 -flto -fno-use-linker-plugin -flto-partition=none  execution test
FAIL: gcc.target/mips/mips-ps-4.c   -O2 -flto -fuse-linker-plugin -fno-fat-lto-objects  execution test
FAIL: gcc.target/mips/mips-ps-4.c   -O3 -g  execution test
FAIL: gcc.target/mips/mips-ps-4.c   -Os  execution test
FAIL: gcc.target/mips/mips-ps-6.c   -O0  execution test
FAIL: gcc.target/mips/mips-ps-6.c   -O1  execution test
FAIL: gcc.target/mips/mips-ps-6.c   -O2  execution test
FAIL: gcc.target/mips/mips-ps-6.c   -O2 -flto -fno-use-linker-plugin -flto-partition=none  execution test
FAIL: gcc.target/mips/mips-ps-6.c   -O2 -flto -fuse-linker-plugin -fno-fat-lto-objects  execution test
FAIL: gcc.target/mips/mips-ps-6.c   -O3 -g  execution test
FAIL: gcc.target/mips/mips-ps-6.c   -Os  execution test
FAIL: gcc.target/mips/octeon-bbit-2.c   -O1   scan-assembler \\tbnel\\t
FAIL: gcc.target/mips/save-restore-3.c   -O0   scan-assembler \\tsave\\t\\\\\$4-\\\\\$6,

		=== gcc Summary for unix ===

# of expected passes		101467
# of unexpected failures	219
# of unexpected successes	21
# of expected failures		191
# of unresolved testcases	15
# of unsupported tests		1895

Running target unix/-fstack-protector
FAIL: gcc.dg/atomic/pr65345-4.c   -O0   12 blank line(s) in output
FAIL: gcc.dg/atomic/pr65345-4.c   -O0  (internal compiler error)
FAIL: gcc.dg/atomic/pr65345-4.c   -O0  (test for excess errors)
FAIL: gcc.dg/atomic/pr65345-4.c   -O1   12 blank line(s) in output
FAIL: gcc.dg/atomic/pr65345-4.c   -O1  (internal compiler error)
FAIL: gcc.dg/atomic/pr65345-4.c   -O1  (test for excess errors)
FAIL: gcc.dg/atomic/pr65345-4.c   -O2   12 blank line(s) in output
FAIL: gcc.dg/atomic/pr65345-4.c   -O2  (internal compiler error)
FAIL: gcc.dg/atomic/pr65345-4.c   -O2  (test for excess errors)
FAIL: gcc.dg/atomic/pr65345-4.c   -O2 -flto -fno-use-linker-plugin -flto-partition=none   12 blank line(s) in output
FAIL: gcc.dg/atomic/pr65345-4.c   -O2 -flto -fno-use-linker-plugin -flto-partition=none  (internal compiler error)
FAIL: gcc.dg/atomic/pr65345-4.c   -O2 -flto -fno-use-linker-plugin -flto-partition=none  (test for excess errors)
FAIL: gcc.dg/atomic/pr65345-4.c   -O2 -flto -fuse-linker-plugin -fno-fat-lto-objects   12 blank line(s) in output
FAIL: gcc.dg/atomic/pr65345-4.c   -O2 -flto -fuse-linker-plugin -fno-fat-lto-objects  (internal compiler error)
FAIL: gcc.dg/atomic/pr65345-4.c   -O2 -flto -fuse-linker-plugin -fno-fat-lto-objects  (test for excess errors)
FAIL: gcc.dg/atomic/pr65345-4.c   -O3 -g   12 blank line(s) in output
FAIL: gcc.dg/atomic/pr65345-4.c   -O3 -g  (internal compiler error)
FAIL: gcc.dg/atomic/pr65345-4.c   -O3 -g  (test for excess errors)
FAIL: gcc.dg/atomic/pr65345-4.c   -Os   12 blank line(s) in output
FAIL: gcc.dg/atomic/pr65345-4.c   -Os  (internal compiler error)
FAIL: gcc.dg/atomic/pr65345-4.c   -Os  (test for excess errors)
FAIL: gcc.dg/loop-8.c scan-rtl-dump-not loop2_invariant "without introducing a new temporary register"
FAIL: gcc.dg/loop-8.c scan-rtl-dump-times loop2_invariant "Decided" 1
FAIL: gcc.dg/pic-2.c (test for excess errors)
FAIL: gcc.dg/pic-3.c (test for excess errors)
FAIL: gcc.dg/pic-4.c (test for excess errors)
FAIL: gcc.dg/pie-2.c (test for excess errors)
FAIL: gcc.dg/pie-3.c (test for excess errors)
FAIL: gcc.dg/pie-4.c (test for excess errors)
FAIL: gcc.dg/pr65345-3.c  (test for errors, line 18)
FAIL: gcc.dg/pr65345-3.c  (test for errors, line 19)
FAIL: gcc.dg/pr65345-3.c  (test for errors, line 20)
FAIL: gcc.dg/pr65345-3.c  (test for errors, line 21)
FAIL: gcc.dg/pr65345-3.c  (test for errors, line 22)
FAIL: gcc.dg/pr65345-3.c (internal compiler error)
FAIL: gcc.dg/pr65345-3.c (test for excess errors)
FAIL: gcc.dg/pr65345-3.c 9 blank line(s) in output
FAIL: gcc.dg/stack-usage-1.c scan-file foo\\t(256|264)\\tstatic
FAIL: gcc.dg/superblock.c scan-rtl-dump-times sched2 "ADVANCING TO" 2
FAIL: gcc.dg/uninit-19.c  (test for warnings, line 22)
FAIL: gcc.dg/uninit-19.c (test for excess errors)
FAIL: gcc.dg/graphite/id-pr46845.c (internal compiler error)
FAIL: gcc.dg/graphite/id-pr46845.c (test for excess errors)
FAIL: gcc.dg/graphite/id-pr46845.c 5 blank line(s) in output
FAIL: gcc.dg/graphite/scop-19.c scan-tree-dump-times graphite "number of SCoPs: 0" 1
XPASS: gcc.dg/guality/example.c   -O0  execution test
XPASS: gcc.dg/guality/guality.c   -O0  execution test
XPASS: gcc.dg/guality/guality.c   -O1  execution test
XPASS: gcc.dg/guality/guality.c   -O2  execution test
XPASS: gcc.dg/guality/guality.c   -O2 -flto -fno-use-linker-plugin -flto-partition=none  execution test
XPASS: gcc.dg/guality/guality.c   -O2 -flto -fuse-linker-plugin -fno-fat-lto-objects  execution test
XPASS: gcc.dg/guality/guality.c   -O3 -g  execution test
XPASS: gcc.dg/guality/guality.c   -Os  execution test
XPASS: gcc.dg/guality/inline-params.c   -O2  execution test
XPASS: gcc.dg/guality/inline-params.c   -O2 -flto -fno-use-linker-plugin -flto-partition=none  execution test
XPASS: gcc.dg/guality/inline-params.c   -O3 -g  execution test
XPASS: gcc.dg/guality/inline-params.c   -Os  execution test
FAIL: gcc.dg/guality/nrv-1.c   -O2 -flto -fuse-linker-plugin -fno-fat-lto-objects  line 20 a2.i[0] == 42
FAIL: gcc.dg/guality/pr36728-1.c   -O2  line 16 y == 2
FAIL: gcc.dg/guality/pr36728-1.c   -O2 -flto -fno-use-linker-plugin -flto-partition=none  line 16 y == 2
FAIL: gcc.dg/guality/pr36728-1.c   -O3 -g  line 16 y == 2
FAIL: gcc.dg/guality/pr36728-2.c   -O2  line 16 y == 2
FAIL: gcc.dg/guality/pr36728-2.c   -O2 -flto -fuse-linker-plugin -fno-fat-lto-objects  line 16 arg1 == 1
FAIL: gcc.dg/guality/pr36728-2.c   -O2 -flto -fuse-linker-plugin -fno-fat-lto-objects  line 16 arg2 == 2
FAIL: gcc.dg/guality/pr36728-2.c   -O2 -flto -fuse-linker-plugin -fno-fat-lto-objects  line 16 arg3 == 3
FAIL: gcc.dg/guality/pr36728-2.c   -O2 -flto -fuse-linker-plugin -fno-fat-lto-objects  line 16 arg4 == 4
FAIL: gcc.dg/guality/pr36728-2.c   -O2 -flto -fuse-linker-plugin -fno-fat-lto-objects  line 16 arg5 == 5
FAIL: gcc.dg/guality/pr36728-2.c   -O2 -flto -fuse-linker-plugin -fno-fat-lto-objects  line 16 arg6 == 6
FAIL: gcc.dg/guality/pr36728-2.c   -O2 -flto -fuse-linker-plugin -fno-fat-lto-objects  line 16 arg7 == 30
FAIL: gcc.dg/guality/pr36728-2.c   -O2 -flto -fuse-linker-plugin -fno-fat-lto-objects  line 18 arg1 == 1
FAIL: gcc.dg/guality/pr36728-2.c   -O2 -flto -fuse-linker-plugin -fno-fat-lto-objects  line 18 arg2 == 2
FAIL: gcc.dg/guality/pr36728-2.c   -O2 -flto -fuse-linker-plugin -fno-fat-lto-objects  line 18 arg3 == 3
FAIL: gcc.dg/guality/pr36728-2.c   -O2 -flto -fuse-linker-plugin -fno-fat-lto-objects  line 18 arg4 == 4
FAIL: gcc.dg/guality/pr36728-2.c   -O2 -flto -fuse-linker-plugin -fno-fat-lto-objects  line 18 arg5 == 5
FAIL: gcc.dg/guality/pr36728-2.c   -O2 -flto -fuse-linker-plugin -fno-fat-lto-objects  line 18 arg6 == 6
FAIL: gcc.dg/guality/pr36728-2.c   -O2 -flto -fuse-linker-plugin -fno-fat-lto-objects  line 18 arg7 == 30
FAIL: gcc.dg/guality/pr36728-2.c   -O3 -g  line 16 arg1 == 1
FAIL: gcc.dg/guality/pr36728-2.c   -O3 -g  line 16 arg2 == 2
FAIL: gcc.dg/guality/pr36728-2.c   -O3 -g  line 16 arg3 == 3
FAIL: gcc.dg/guality/pr36728-2.c   -O3 -g  line 16 arg4 == 4
FAIL: gcc.dg/guality/pr36728-2.c   -O3 -g  line 16 arg5 == 5
FAIL: gcc.dg/guality/pr36728-2.c   -O3 -g  line 16 arg6 == 6
FAIL: gcc.dg/guality/pr36728-2.c   -O3 -g  line 16 arg7 == 30
FAIL: gcc.dg/guality/pr36728-2.c   -O3 -g  line 16 y == 2
FAIL: gcc.dg/guality/pr36728-2.c   -O3 -g  line 18 arg1 == 1
FAIL: gcc.dg/guality/pr36728-2.c   -O3 -g  line 18 arg2 == 2
FAIL: gcc.dg/guality/pr36728-2.c   -O3 -g  line 18 arg3 == 3
FAIL: gcc.dg/guality/pr36728-2.c   -O3 -g  line 18 arg4 == 4
FAIL: gcc.dg/guality/pr36728-2.c   -O3 -g  line 18 arg5 == 5
FAIL: gcc.dg/guality/pr36728-2.c   -O3 -g  line 18 arg6 == 6
FAIL: gcc.dg/guality/pr36728-2.c   -O3 -g  line 18 arg7 == 30
FAIL: gcc.dg/guality/pr36728-2.c   -Os  line 18 y == 2
XPASS: gcc.dg/guality/pr41353-1.c   -O0  line 28 j == 28 + 37
FAIL: gcc.dg/guality/pr41616-1.c   -O2 -flto -fuse-linker-plugin -fno-fat-lto-objects  execution test
FAIL: gcc.dg/guality/pr45882.c   -O2 -flto -fuse-linker-plugin -fno-fat-lto-objects  line 16 d == 112
FAIL: gcc.dg/guality/pr45882.c   -O2 -flto -fuse-linker-plugin -fno-fat-lto-objects  line 16 e == 142
FAIL: gcc.dg/guality/pr54200.c   -Os  line 20 z == 3
FAIL: gcc.dg/guality/pr54519-1.c   -O2 -flto -fno-use-linker-plugin -flto-partition=none  line 20 y == 25
FAIL: gcc.dg/guality/pr54519-1.c   -O2 -flto -fno-use-linker-plugin -flto-partition=none  line 20 z == 6
FAIL: gcc.dg/guality/pr54519-1.c   -O2 -flto -fno-use-linker-plugin -flto-partition=none  line 23 y == 117
FAIL: gcc.dg/guality/pr54519-1.c   -O2 -flto -fno-use-linker-plugin -flto-partition=none  line 23 z == 8
FAIL: gcc.dg/guality/pr54519-2.c   -O2 -flto -fno-use-linker-plugin -flto-partition=none  line 17 y == 25
FAIL: gcc.dg/guality/pr54519-2.c   -O2 -flto -fuse-linker-plugin -fno-fat-lto-objects  line 17 y == 25
FAIL: gcc.dg/guality/pr54519-3.c   -O2 -flto -fno-use-linker-plugin -flto-partition=none  line 20 y == 25
FAIL: gcc.dg/guality/pr54519-3.c   -O2 -flto -fno-use-linker-plugin -flto-partition=none  line 20 z == 6
FAIL: gcc.dg/guality/pr54519-3.c   -O2 -flto -fno-use-linker-plugin -flto-partition=none  line 23 y == 117
FAIL: gcc.dg/guality/pr54519-3.c   -O2 -flto -fno-use-linker-plugin -flto-partition=none  line 23 z == 8
FAIL: gcc.dg/guality/pr54519-3.c   -O2 -flto -fuse-linker-plugin -fno-fat-lto-objects  line 20 y == 25
FAIL: gcc.dg/guality/pr54519-3.c   -O2 -flto -fuse-linker-plugin -fno-fat-lto-objects  line 20 z == 6
FAIL: gcc.dg/guality/pr54519-3.c   -O2 -flto -fuse-linker-plugin -fno-fat-lto-objects  line 23 y == 117
FAIL: gcc.dg/guality/pr54519-3.c   -O2 -flto -fuse-linker-plugin -fno-fat-lto-objects  line 23 z == 8
FAIL: gcc.dg/guality/pr54519-4.c   -O2 -flto -fno-use-linker-plugin -flto-partition=none  line 17 y == 25
FAIL: gcc.dg/guality/pr54519-4.c   -O2 -flto -fuse-linker-plugin -fno-fat-lto-objects  line 17 y == 25
FAIL: gcc.dg/guality/pr54519-5.c   -O2 -flto -fno-use-linker-plugin -flto-partition=none  line 17 y == 25
FAIL: gcc.dg/guality/pr54519-5.c   -O2 -flto -fuse-linker-plugin -fno-fat-lto-objects  line 17 y == 25
FAIL: gcc.dg/guality/pr54693-2.c   -Os  line 21 x == 10 - i
FAIL: gcc.dg/guality/pr54693-2.c   -Os  line 21 y == 20 - 2 * i
FAIL: gcc.dg/guality/pr68860-1.c   -O2 -flto -fno-use-linker-plugin -flto-partition=none  line 14 arg1 == 1
FAIL: gcc.dg/guality/pr68860-1.c   -O2 -flto -fno-use-linker-plugin -flto-partition=none  line 14 arg2 == 2
FAIL: gcc.dg/guality/pr68860-1.c   -O2 -flto -fno-use-linker-plugin -flto-partition=none  line 14 arg3 == 3
FAIL: gcc.dg/guality/pr68860-1.c   -O2 -flto -fno-use-linker-plugin -flto-partition=none  line 14 arg4 == 4
FAIL: gcc.dg/guality/pr68860-1.c   -O2 -flto -fno-use-linker-plugin -flto-partition=none  line 14 arg5 == 5
FAIL: gcc.dg/guality/pr68860-1.c   -O2 -flto -fno-use-linker-plugin -flto-partition=none  line 14 arg6 == 6
FAIL: gcc.dg/guality/pr68860-1.c   -O2 -flto -fno-use-linker-plugin -flto-partition=none  line 16 arg1 == 1
FAIL: gcc.dg/guality/pr68860-1.c   -O2 -flto -fno-use-linker-plugin -flto-partition=none  line 16 arg2 == 2
FAIL: gcc.dg/guality/pr68860-1.c   -O2 -flto -fno-use-linker-plugin -flto-partition=none  line 16 arg3 == 3
FAIL: gcc.dg/guality/pr68860-1.c   -O2 -flto -fno-use-linker-plugin -flto-partition=none  line 16 arg4 == 4
FAIL: gcc.dg/guality/pr68860-1.c   -O2 -flto -fno-use-linker-plugin -flto-partition=none  line 16 arg5 == 5
FAIL: gcc.dg/guality/pr68860-1.c   -O2 -flto -fno-use-linker-plugin -flto-partition=none  line 16 arg6 == 6
FAIL: gcc.dg/guality/pr68860-1.c   -O2 -flto -fuse-linker-plugin -fno-fat-lto-objects  line 14 arg1 == 1
FAIL: gcc.dg/guality/pr68860-1.c   -O2 -flto -fuse-linker-plugin -fno-fat-lto-objects  line 14 arg2 == 2
FAIL: gcc.dg/guality/pr68860-1.c   -O2 -flto -fuse-linker-plugin -fno-fat-lto-objects  line 14 arg3 == 3
FAIL: gcc.dg/guality/pr68860-1.c   -O2 -flto -fuse-linker-plugin -fno-fat-lto-objects  line 14 arg4 == 4
FAIL: gcc.dg/guality/pr68860-1.c   -O2 -flto -fuse-linker-plugin -fno-fat-lto-objects  line 14 arg5 == 5
FAIL: gcc.dg/guality/pr68860-1.c   -O2 -flto -fuse-linker-plugin -fno-fat-lto-objects  line 14 arg6 == 6
FAIL: gcc.dg/guality/pr68860-1.c   -O2 -flto -fuse-linker-plugin -fno-fat-lto-objects  line 16 arg1 == 1
FAIL: gcc.dg/guality/pr68860-1.c   -O2 -flto -fuse-linker-plugin -fno-fat-lto-objects  line 16 arg2 == 2
FAIL: gcc.dg/guality/pr68860-1.c   -O2 -flto -fuse-linker-plugin -fno-fat-lto-objects  line 16 arg3 == 3
FAIL: gcc.dg/guality/pr68860-1.c   -O2 -flto -fuse-linker-plugin -fno-fat-lto-objects  line 16 arg4 == 4
FAIL: gcc.dg/guality/pr68860-1.c   -O2 -flto -fuse-linker-plugin -fno-fat-lto-objects  line 16 arg5 == 5
FAIL: gcc.dg/guality/pr68860-1.c   -O2 -flto -fuse-linker-plugin -fno-fat-lto-objects  line 16 arg6 == 6
FAIL: gcc.dg/guality/vla-1.c   -O1  line 17 sizeof (a) == 6
FAIL: gcc.dg/guality/vla-1.c   -O2  line 17 sizeof (a) == 6
FAIL: gcc.dg/guality/vla-1.c   -O2  line 24 sizeof (a) == 17 * sizeof (short)
FAIL: gcc.dg/guality/vla-1.c   -O2 -flto -fno-use-linker-plugin -flto-partition=none  line 17 sizeof (a) == 6
FAIL: gcc.dg/guality/vla-1.c   -O2 -flto -fno-use-linker-plugin -flto-partition=none  line 24 sizeof (a) == 17 * sizeof (short)
FAIL: gcc.dg/guality/vla-1.c   -O2 -flto -fuse-linker-plugin -fno-fat-lto-objects  line 17 sizeof (a) == 6
FAIL: gcc.dg/guality/vla-1.c   -O2 -flto -fuse-linker-plugin -fno-fat-lto-objects  line 24 sizeof (a) == 17 * sizeof (short)
FAIL: gcc.dg/guality/vla-1.c   -O3 -g  line 17 sizeof (a) == 6
FAIL: gcc.dg/guality/vla-1.c   -O3 -g  line 24 sizeof (a) == 17 * sizeof (short)
FAIL: gcc.dg/guality/vla-1.c   -Os  line 17 sizeof (a) == 6
FAIL: gcc.dg/guality/vla-1.c   -Os  line 24 i == 5
FAIL: gcc.dg/guality/vla-1.c   -Os  line 24 sizeof (a) == 17 * sizeof (short)
FAIL: gcc.dg/torture/c99-contract-1.c   -O1  execution test
FAIL: gcc.dg/torture/c99-contract-1.c   -O2  execution test
FAIL: gcc.dg/torture/c99-contract-1.c   -O2 -flto -fno-use-linker-plugin -flto-partition=none  execution test
FAIL: gcc.dg/torture/c99-contract-1.c   -O2 -flto -fuse-linker-plugin -fno-fat-lto-objects  execution test
FAIL: gcc.dg/torture/c99-contract-1.c   -O3 -g  execution test
FAIL: gcc.dg/torture/c99-contract-1.c   -Os  execution test
FAIL: gcc.dg/tree-ssa/pr15826.c scan-tree-dump-times optimized " & | goto " 0
FAIL: gcc.target/mips/branch-cost-1.c   -O1   scan-assembler \\t(bnec?|beqc?)\\t
FAIL: gcc.target/mips/branch-cost-1.c   -O1   scan-assembler-not \\t(movz|movn)\\t
FAIL: gcc.target/mips/branch-cost-1.c   -O2   scan-assembler \\t(bnec?|beqc?)\\t
FAIL: gcc.target/mips/branch-cost-1.c   -O2   scan-assembler-not \\t(movz|movn)\\t
FAIL: gcc.target/mips/branch-cost-1.c   -O2 -flto -fno-use-linker-plugin -flto-partition=none   scan-assembler \\t(bnec?|beqc?)\\t
FAIL: gcc.target/mips/branch-cost-1.c   -O2 -flto -fno-use-linker-plugin -flto-partition=none   scan-assembler-not \\t(movz|movn)\\t
FAIL: gcc.target/mips/branch-cost-1.c   -O2 -flto -fuse-linker-plugin -fno-fat-lto-objects   scan-assembler \\t(bnec?|beqc?)\\t
FAIL: gcc.target/mips/branch-cost-1.c   -O2 -flto -fuse-linker-plugin -fno-fat-lto-objects   scan-assembler-not \\t(movz|movn)\\t
FAIL: gcc.target/mips/branch-cost-1.c   -O3 -g   scan-assembler \\t(bnec?|beqc?)\\t
FAIL: gcc.target/mips/branch-cost-1.c   -O3 -g   scan-assembler-not \\t(movz|movn)\\t
FAIL: gcc.target/mips/branch-cost-1.c   -Os   scan-assembler \\t(bnec?|beqc?)\\t
FAIL: gcc.target/mips/branch-cost-1.c   -Os   scan-assembler-not \\t(movz|movn)\\t
FAIL: gcc.target/mips/compact-branches-7.c   -O1   scan-assembler \\tnop
XPASS: gcc.target/mips/dspr2-MULT.c   -O2   scan-assembler \\\\\$ac1
XPASS: gcc.target/mips/dspr2-MULT.c   -O2 -flto -fno-use-linker-plugin -flto-partition=none   scan-assembler \\\\\$ac1
XPASS: gcc.target/mips/dspr2-MULT.c   -O2 -flto -fuse-linker-plugin -fno-fat-lto-objects   scan-assembler \\\\\$ac1
XPASS: gcc.target/mips/dspr2-MULT.c   -O3 -g   scan-assembler \\\\\$ac1
XPASS: gcc.target/mips/dspr2-MULTU.c   -O2   scan-assembler \\\\\$ac1
XPASS: gcc.target/mips/dspr2-MULTU.c   -O2 -flto -fno-use-linker-plugin -flto-partition=none   scan-assembler \\\\\$ac1
XPASS: gcc.target/mips/dspr2-MULTU.c   -O2 -flto -fuse-linker-plugin -fno-fat-lto-objects   scan-assembler \\\\\$ac1
XPASS: gcc.target/mips/dspr2-MULTU.c   -O3 -g   scan-assembler \\\\\$ac1
UNRESOLVED: gcc.target/mips/inline-memcpy-1.c   -O1   scan-assembler-not \\tmemcpy
FAIL: gcc.target/mips/inline-memcpy-1.c   -O1  (test for excess errors)
UNRESOLVED: gcc.target/mips/inline-memcpy-1.c   -O2   scan-assembler-not \\tmemcpy
FAIL: gcc.target/mips/inline-memcpy-1.c   -O2  (test for excess errors)
UNRESOLVED: gcc.target/mips/inline-memcpy-1.c   -O2 -flto -fno-use-linker-plugin -flto-partition=none   scan-assembler-not \\tmemcpy
FAIL: gcc.target/mips/inline-memcpy-1.c   -O2 -flto -fno-use-linker-plugin -flto-partition=none  (test for excess errors)
UNRESOLVED: gcc.target/mips/inline-memcpy-1.c   -O2 -flto -fuse-linker-plugin -fno-fat-lto-objects   scan-assembler-not \\tmemcpy
FAIL: gcc.target/mips/inline-memcpy-1.c   -O2 -flto -fuse-linker-plugin -fno-fat-lto-objects  (test for excess errors)
UNRESOLVED: gcc.target/mips/inline-memcpy-1.c   -O3 -g   scan-assembler-not \\tmemcpy
FAIL: gcc.target/mips/inline-memcpy-1.c   -O3 -g  (test for excess errors)
UNRESOLVED: gcc.target/mips/inline-memcpy-2.c   -O1   scan-assembler-not \\tmemcpy
UNRESOLVED: gcc.target/mips/inline-memcpy-2.c   -O1   scan-assembler-times \\tsh\\t 16
FAIL: gcc.target/mips/inline-memcpy-2.c   -O1  (test for excess errors)
UNRESOLVED: gcc.target/mips/inline-memcpy-2.c   -O2   scan-assembler-not \\tmemcpy
UNRESOLVED: gcc.target/mips/inline-memcpy-2.c   -O2   scan-assembler-times \\tsh\\t 16
FAIL: gcc.target/mips/inline-memcpy-2.c   -O2  (test for excess errors)
UNRESOLVED: gcc.target/mips/inline-memcpy-2.c   -O2 -flto -fno-use-linker-plugin -flto-partition=none   scan-assembler-not \\tmemcpy
UNRESOLVED: gcc.target/mips/inline-memcpy-2.c   -O2 -flto -fno-use-linker-plugin -flto-partition=none   scan-assembler-times \\tsh\\t 16
FAIL: gcc.target/mips/inline-memcpy-2.c   -O2 -flto -fno-use-linker-plugin -flto-partition=none  (test for excess errors)
UNRESOLVED: gcc.target/mips/inline-memcpy-2.c   -O2 -flto -fuse-linker-plugin -fno-fat-lto-objects   scan-assembler-not \\tmemcpy
UNRESOLVED: gcc.target/mips/inline-memcpy-2.c   -O2 -flto -fuse-linker-plugin -fno-fat-lto-objects   scan-assembler-times \\tsh\\t 16
FAIL: gcc.target/mips/inline-memcpy-2.c   -O2 -flto -fuse-linker-plugin -fno-fat-lto-objects  (test for excess errors)
UNRESOLVED: gcc.target/mips/inline-memcpy-2.c   -O3 -g   scan-assembler-not \\tmemcpy
UNRESOLVED: gcc.target/mips/inline-memcpy-2.c   -O3 -g   scan-assembler-times \\tsh\\t 16
FAIL: gcc.target/mips/inline-memcpy-2.c   -O3 -g  (test for excess errors)
FAIL: gcc.target/mips/loongson-shift-count-truncated-1.c   -O0  (test for excess errors)
FAIL: gcc.target/mips/loongson-shift-count-truncated-1.c   -O1  (test for excess errors)
FAIL: gcc.target/mips/loongson-shift-count-truncated-1.c   -O2  (test for excess errors)
FAIL: gcc.target/mips/loongson-shift-count-truncated-1.c   -O2 -flto -fno-use-linker-plugin -flto-partition=none  (test for excess errors)
FAIL: gcc.target/mips/loongson-shift-count-truncated-1.c   -O3 -g  (test for excess errors)
FAIL: gcc.target/mips/loongson-shift-count-truncated-1.c   -Os  (test for excess errors)
FAIL: gcc.target/mips/loongson-simd.c   -O0  (test for excess errors)
FAIL: gcc.target/mips/loongson-simd.c   -O1  (test for excess errors)
FAIL: gcc.target/mips/loongson-simd.c   -O2  (test for excess errors)
FAIL: gcc.target/mips/loongson-simd.c   -O2 -flto -fno-use-linker-plugin -flto-partition=none  (test for excess errors)
FAIL: gcc.target/mips/loongson-simd.c   -O3 -g  (test for excess errors)
FAIL: gcc.target/mips/loongson-simd.c   -Os  (test for excess errors)
FAIL: gcc.target/mips/mips-ps-1.c   -O0  execution test
FAIL: gcc.target/mips/mips-ps-1.c   -O1  execution test
FAIL: gcc.target/mips/mips-ps-1.c   -O2  execution test
FAIL: gcc.target/mips/mips-ps-1.c   -O2 -flto -fno-use-linker-plugin -flto-partition=none  execution test
FAIL: gcc.target/mips/mips-ps-1.c   -O2 -flto -fuse-linker-plugin -fno-fat-lto-objects  execution test
FAIL: gcc.target/mips/mips-ps-1.c   -O3 -g  execution test
FAIL: gcc.target/mips/mips-ps-1.c   -Os  execution test
FAIL: gcc.target/mips/mips-ps-2.c   -O0  execution test
FAIL: gcc.target/mips/mips-ps-2.c   -O1  execution test
FAIL: gcc.target/mips/mips-ps-2.c   -O2  execution test
FAIL: gcc.target/mips/mips-ps-2.c   -O2 -flto -fno-use-linker-plugin -flto-partition=none  execution test
FAIL: gcc.target/mips/mips-ps-2.c   -O2 -flto -fuse-linker-plugin -fno-fat-lto-objects  execution test
FAIL: gcc.target/mips/mips-ps-2.c   -O3 -g  execution test
FAIL: gcc.target/mips/mips-ps-2.c   -Os  execution test
FAIL: gcc.target/mips/mips-ps-3.c   -O0  execution test
FAIL: gcc.target/mips/mips-ps-3.c   -O1  execution test
FAIL: gcc.target/mips/mips-ps-3.c   -O2  execution test
FAIL: gcc.target/mips/mips-ps-3.c   -O2 -flto -fno-use-linker-plugin -flto-partition=none  execution test
FAIL: gcc.target/mips/mips-ps-3.c   -O2 -flto -fuse-linker-plugin -fno-fat-lto-objects  execution test
FAIL: gcc.target/mips/mips-ps-3.c   -O3 -g  execution test
FAIL: gcc.target/mips/mips-ps-3.c   -Os  execution test
FAIL: gcc.target/mips/mips-ps-4.c   -O0  execution test
FAIL: gcc.target/mips/mips-ps-4.c   -O1  execution test
FAIL: gcc.target/mips/mips-ps-4.c   -O2  execution test
FAIL: gcc.target/mips/mips-ps-4.c   -O2 -flto -fno-use-linker-plugin -flto-partition=none  execution test
FAIL: gcc.target/mips/mips-ps-4.c   -O2 -flto -fuse-linker-plugin -fno-fat-lto-objects  execution test
FAIL: gcc.target/mips/mips-ps-4.c   -O3 -g  execution test
FAIL: gcc.target/mips/mips-ps-4.c   -Os  execution test
FAIL: gcc.target/mips/mips-ps-6.c   -O0  execution test
FAIL: gcc.target/mips/mips-ps-6.c   -O1  execution test
FAIL: gcc.target/mips/mips-ps-6.c   -O2  execution test
FAIL: gcc.target/mips/mips-ps-6.c   -O2 -flto -fno-use-linker-plugin -flto-partition=none  execution test
FAIL: gcc.target/mips/mips-ps-6.c   -O2 -flto -fuse-linker-plugin -fno-fat-lto-objects  execution test
FAIL: gcc.target/mips/mips-ps-6.c   -O3 -g  execution test
FAIL: gcc.target/mips/mips-ps-6.c   -Os  execution test
FAIL: gcc.target/mips/octeon-bbit-2.c   -O1   scan-assembler \\tbnel\\t
FAIL: gcc.target/mips/save-restore-3.c   -O0   scan-assembler \\tsave\\t\\\\\$4-\\\\\$6,

		=== gcc Summary for unix/-fstack-protector ===

# of expected passes		101465
# of unexpected failures	219
# of unexpected successes	21
# of expected failures		191
# of unresolved testcases	15
# of unsupported tests		1898

		=== gcc Summary ===

# of expected passes		202932
# of unexpected failures	438
# of unexpected successes	42
# of expected failures		382
# of unresolved testcases	30
# of unsupported tests		3793
/build/gcc-6-rSWaly/gcc-6-6.2.0/build/gcc/xgcc  version 6.2.0 20161010 (Debian 6.2.0-6) 

		=== gfortran tests ===


Running target unix
FAIL: gfortran.dg/bind_c_array_params_2.f90   -O   scan-assembler-times [ \\t][\$,_0-9]*myBindC 1

		=== gfortran Summary for unix ===

# of expected passes		41612
# of unexpected failures	1
# of expected failures		76
# of unsupported tests		325

Running target unix/-fstack-protector
FAIL: gfortran.dg/bind_c_array_params_2.f90   -O   scan-assembler-times [ \\t][\$,_0-9]*myBindC 1

		=== gfortran Summary for unix/-fstack-protector ===

# of expected passes		41612
# of unexpected failures	1
# of expected failures		76
# of unsupported tests		325

		=== gfortran Summary ===

# of expected passes		83224
# of unexpected failures	2
# of expected failures		152
# of unsupported tests		650
/build/gcc-6-rSWaly/gcc-6-6.2.0/build/gcc/gfortran  version 6.2.0 20161010 (Debian 6.2.0-6) 

		=== gnat tests ===


Running target unix
FAIL: gnat.dg/loop_optimization22.adb scan-tree-dump-not optimized "Index_Check"
FAIL: gnat.dg/opt37.adb scan-tree-dump-not optimized "alloca"
FAIL: gnat.dg/opt52.adb scan-tree-dump-not optimized "check_PE_Explicit_Raise"
XPASS: gnat.dg/specs/atomic1.ads  (test for errors, line 9)
XPASS: gnat.dg/specs/atomic1.ads  (test for errors, line 13)

		=== gnat Summary for unix ===

# of expected passes		2465
# of unexpected failures	3
# of unexpected successes	2
# of expected failures		22
# of unsupported tests		21

Running target unix/-fstack-protector
FAIL: gnat.dg/loop_optimization22.adb scan-tree-dump-not optimized "Index_Check"
FAIL: gnat.dg/opt37.adb scan-tree-dump-not optimized "alloca"
FAIL: gnat.dg/opt52.adb scan-tree-dump-not optimized "check_PE_Explicit_Raise"
XPASS: gnat.dg/specs/atomic1.ads  (test for errors, line 9)
XPASS: gnat.dg/specs/atomic1.ads  (test for errors, line 13)

		=== gnat Summary for unix/-fstack-protector ===

# of expected passes		2465
# of unexpected failures	3
# of unexpected successes	2
# of expected failures		22
# of unsupported tests		21

		=== gnat Summary ===

# of expected passes		4930
# of unexpected failures	6
# of unexpected successes	4
# of expected failures		44
# of unsupported tests		42
/build/gcc-6-rSWaly/gcc-6-6.2.0/build/gnattools/gnatmake version 6.2.0

		=== go tests ===


Running target unix
FAIL: ./index0-out.go compilation,  -O0 -g -fno-var-tracking-assignments 
FAIL: go.test/test/chan/select5.go execution
FAIL: go.test/test/cmplxdivide.go
FAIL: go.test/test/ken/cplx2.go execution,  -O2 -g 
FAIL: go.test/test/mallocfin.go execution,  -O2 -g 
FAIL: go.test/test/recover.go execution,  -O2 -g 
WARNING: program timed out
WARNING: program timed out

		=== go Summary for unix ===

# of expected passes		7356
# of unexpected failures	6
# of expected failures		1
# of untested testcases		11
# of unsupported tests		3

Running target unix/-fstack-protector
FAIL: ./index0-out.go compilation,  -O0 -g -fno-var-tracking-assignments 
FAIL: go.test/test/chan/select5.go execution
FAIL: go.test/test/cmplxdivide.go
FAIL: go.test/test/ken/cplx2.go execution,  -O2 -g 
FAIL: go.test/test/mallocfin.go execution,  -O2 -g 
FAIL: go.test/test/recover.go execution,  -O2 -g 
WARNING: program timed out
WARNING: program timed out

		=== go Summary for unix/-fstack-protector ===

# of expected passes		7356
# of unexpected failures	6
# of expected failures		1
# of untested testcases		11
# of unsupported tests		3

		=== go Summary ===

# of expected passes		14712
# of unexpected failures	12
# of expected failures		2
# of untested testcases		22
# of unsupported tests		6
/build/gcc-6-rSWaly/gcc-6-6.2.0/build/gcc/gccgo  version 6.2.0 20161010 (Debian 6.2.0-6) 

		=== obj-c++ tests ===


Running target unix

		=== obj-c++ Summary ===

# of expected passes		1454
# of expected failures		2
# of unsupported tests		77
/build/gcc-6-rSWaly/gcc-6-6.2.0/build/gcc/xg++  version 6.2.0 20161010 (Debian 6.2.0-6) 

		=== objc tests ===


Running target unix

		=== objc Summary for unix ===

# of expected passes		2789
# of unsupported tests		68

Running target unix/-fstack-protector

		=== objc Summary for unix/-fstack-protector ===

# of expected passes		2789
# of unsupported tests		68

		=== objc Summary ===

# of expected passes		5578
# of unsupported tests		136
/build/gcc-6-rSWaly/gcc-6-6.2.0/build/gcc/xgcc  version 6.2.0 20161010 (Debian 6.2.0-6) 

		=== boehm-gc tests ===


Running target unix

		=== boehm-gc Summary for unix ===

# of expected passes		12
# of unsupported tests		1

Running target unix/-fstack-protector

		=== boehm-gc Summary for unix/-fstack-protector ===

# of expected passes		12
# of unsupported tests		1

		=== boehm-gc Summary ===

# of expected passes		24
# of unsupported tests		2
		=== libatomic tests ===


Running target unix

		=== libatomic Summary for unix ===

# of expected passes		44
# of unsupported tests		5

Running target unix/-fstack-protector

		=== libatomic Summary for unix/-fstack-protector ===

# of expected passes		44
# of unsupported tests		5

		=== libatomic Summary ===

# of expected passes		88
# of unsupported tests		10
		=== libffi tests ===


Running target unix

		=== libffi Summary for unix ===

# of expected passes		1914
# of unsupported tests		30

Running target unix/-fstack-protector

		=== libffi Summary for unix/-fstack-protector ===

# of expected passes		1914
# of unsupported tests		30

		=== libffi Summary ===

# of expected passes		3828
# of unsupported tests		60
		=== libgo tests ===


Running target unix
FAIL: net
FAIL: os
FAIL: reflect
FAIL: runtime
FAIL: syscall
FAIL: time
FAIL: crypto/rsa
FAIL: crypto/subtle
FAIL: crypto/tls
FAIL: debug/dwarf
FAIL: debug/elf
FAIL: debug/pe
FAIL: encoding/pem
FAIL: html/template
FAIL: go/doc
FAIL: math/big
FAIL: math/rand
FAIL: net/http
FAIL: net/http/cgi
FAIL: net/rpc
FAIL: net/rpc/jsonrpc
FAIL: old/template
FAIL: os/exec
FAIL: runtime/pprof
FAIL: sync/atomic
FAIL: text/template
FAIL: testing/quick

		=== libgo Summary for unix ===

# of expected passes		107
# of unexpected failures	27

Running target unix/-mabi=n32
FAIL: net
FAIL: os
FAIL: reflect
FAIL: regexp
FAIL: runtime
FAIL: syscall
FAIL: time
FAIL: crypto/rsa
FAIL: crypto/subtle
FAIL: crypto/tls
FAIL: debug/dwarf
FAIL: debug/elf
FAIL: debug/macho
FAIL: debug/pe
FAIL: encoding/pem
FAIL: html/template
FAIL: go/doc
FAIL: math/big
FAIL: math/rand
FAIL: net/http
FAIL: net/http/cgi
FAIL: net/rpc
FAIL: net/rpc/jsonrpc
FAIL: old/template
FAIL: os/exec
FAIL: runtime/pprof
FAIL: text/template
FAIL: testing/quick

		=== libgo Summary for unix/-mabi=n32 ===

# of expected passes		106
# of unexpected failures	28

Running target unix/-mabi=64
FAIL: os
FAIL: reflect
FAIL: runtime
FAIL: syscall
FAIL: time
FAIL: crypto/rsa
FAIL: crypto/subtle
FAIL: crypto/tls
FAIL: debug/dwarf
FAIL: debug/elf
FAIL: debug/macho
FAIL: debug/pe
FAIL: encoding/pem
FAIL: html/template
FAIL: go/doc
FAIL: math/big
FAIL: math/rand
FAIL: net/http
FAIL: net/http/cgi
FAIL: net/rpc
FAIL: net/rpc/jsonrpc
FAIL: old/template
FAIL: os/exec
FAIL: runtime/pprof
FAIL: text/template
FAIL: testing/quick

		=== libgo Summary for unix/-mabi=64 ===

# of expected passes		108
# of unexpected failures	26

		=== libgo Summary ===

# of expected passes		321
# of unexpected failures	81
/build/gcc-6-rSWaly/gcc-6-6.2.0/build/./gcc/gccgo version 6.2.0 20161010 (Debian 6.2.0-6)

		=== libgomp tests ===


Running target unix
FAIL: libgomp.oacc-c/../libgomp.oacc-c-c++-common/atomic_update-1.c -DACC_DEVICE_TYPE_host=1 -DACC_MEM_SHARED=1  -O2  execution test
FAIL: libgomp.oacc-c++/../libgomp.oacc-c-c++-common/atomic_update-1.c -DACC_DEVICE_TYPE_host=1 -DACC_MEM_SHARED=1  -O2  execution test

		=== libgomp Summary for unix ===

# of expected passes		5052
# of unexpected failures	2
# of unsupported tests		320

Running target unix/-fstack-protector
FAIL: libgomp.oacc-c/../libgomp.oacc-c-c++-common/atomic_update-1.c -DACC_DEVICE_TYPE_host=1 -DACC_MEM_SHARED=1  -O2  execution test
FAIL: libgomp.oacc-c++/../libgomp.oacc-c-c++-common/atomic_update-1.c -DACC_DEVICE_TYPE_host=1 -DACC_MEM_SHARED=1  -O2  execution test

		=== libgomp Summary for unix/-fstack-protector ===

# of expected passes		5052
# of unexpected failures	2
# of unsupported tests		320

		=== libgomp Summary ===

# of expected passes		10104
# of unexpected failures	4
# of unsupported tests		640
		=== libjava tests ===


Running target unix

		=== libjava Summary for unix ===

# of expected passes		2582
# of expected failures		4

Running target unix/-fstack-protector

		=== libjava Summary for unix/-fstack-protector ===

# of expected passes		2582
# of expected failures		4

		=== libjava Summary ===

# of expected passes		5164
# of expected failures		8
		=== libstdc++ tests ===


Running target unix
FAIL: libstdc++-abi/abi_check
FAIL: 22_locale/time_get/get_date/wchar_t/4.cc execution test
FAIL: 23_containers/vector/requirements/exception/propagation_consistent.cc execution test
FAIL: 27_io/basic_ios/copyfmt/char/1.cc execution test
FAIL: 27_io/basic_ios/exceptions/char/1.cc execution test
FAIL: 27_io/basic_istream/extractors_arithmetic/char/exceptions_failbit.cc execution test
FAIL: 27_io/basic_istream/extractors_arithmetic/wchar_t/exceptions_failbit.cc execution test
FAIL: 27_io/basic_istream/extractors_other/char/exceptions_null.cc execution test
FAIL: 27_io/basic_istream/extractors_other/wchar_t/exceptions_null.cc execution test
FAIL: 27_io/basic_istream/sentry/char/12297.cc execution test
FAIL: 27_io/basic_istream/sentry/wchar_t/12297.cc execution test
FAIL: 27_io/basic_ostream/inserters_other/char/exceptions_null.cc execution test
FAIL: 27_io/basic_ostream/inserters_other/wchar_t/exceptions_null.cc execution test
FAIL: 27_io/ios_base/storage/2.cc execution test
FAIL: ext/special_functions/hyperg/check_value.cc execution test

		=== libstdc++ Summary for unix ===

# of expected passes		11057
# of unexpected failures	15
# of expected failures		66
# of unsupported tests		282

Running target unix/-fstack-protector
FAIL: libstdc++-abi/abi_check
FAIL: 22_locale/time_get/get_date/wchar_t/4.cc execution test
FAIL: 23_containers/vector/requirements/exception/propagation_consistent.cc execution test
FAIL: 27_io/basic_ios/copyfmt/char/1.cc execution test
FAIL: 27_io/basic_ios/exceptions/char/1.cc execution test
FAIL: 27_io/basic_istream/extractors_arithmetic/char/exceptions_failbit.cc execution test
FAIL: 27_io/basic_istream/extractors_arithmetic/wchar_t/exceptions_failbit.cc execution test
FAIL: 27_io/basic_istream/extractors_other/char/exceptions_null.cc execution test
FAIL: 27_io/basic_istream/extractors_other/wchar_t/exceptions_null.cc execution test
FAIL: 27_io/basic_istream/sentry/char/12297.cc execution test
FAIL: 27_io/basic_istream/sentry/wchar_t/12297.cc execution test
FAIL: 27_io/basic_ostream/inserters_other/char/exceptions_null.cc execution test
FAIL: 27_io/basic_ostream/inserters_other/wchar_t/exceptions_null.cc execution test
FAIL: 27_io/ios_base/storage/2.cc execution test
FAIL: ext/special_functions/hyperg/check_value.cc execution test

		=== libstdc++ Summary for unix/-fstack-protector ===

# of expected passes		4802
# of unexpected failures	15
# of expected failures		62
# of unsupported tests		282

		=== libstdc++ Summary ===

# of expected passes		15859
# of unexpected failures	30
# of expected failures		128
# of unsupported tests		564

Compiler version: 6.2.0 20161010 (Debian 6.2.0-6) 
Platform: mipsel-unknown-linux-gnu
configure flags: -v --with-pkgversion='Debian 6.2.0-6' --with-bugurl=file:///usr/share/doc/gcc-6/README.Bugs --enable-languages=c,ada,c++,java,go,d,fortran,objc,obj-c++ --prefix=/usr --program-suffix=-6 --program-prefix=mipsel-linux-gnu- --enable-shared --enable-linker-build-id --libexecdir=/usr/lib --without-included-gettext --enable-threads=posix --libdir=/usr/lib --enable-nls --with-sysroot=/ --enable-clocale=gnu --enable-libstdcxx-debug --enable-libstdcxx-time=yes --with-default-libstdcxx-abi=new --enable-gnu-unique-object --disable-libitm --disable-libsanitizer --disable-libquadmath --enable-plugin --with-system-zlib --disable-browser-plugin --enable-java-awt=gtk --enable-gtk-cairo --with-java-home=/usr/lib/jvm/java-1.5.0-gcj-6-mipsel/jre --enable-java-home --with-jvm-root-dir=/usr/lib/jvm/java-1.5.0-gcj-6-mipsel --with-jvm-jar-dir=/usr/lib/jvm-exports/java-1.5.0-gcj-6-mipsel --with-arch-directory=mips --with-ecj-jar=/usr/share/java/eclipse-ecj.jar --enable-multiarch --enable-multilib --with-arch-32=mips32r2 --with-fp-32=xx --enable-targets=all --with-arch-64=mips64r2 --enable-checking=release --build=mipsel-linux-gnu --host=mipsel-linux-gnu --target=mipsel-linux-gnu
BOOT_CFLAGS=


Build Dependencies:
Desired=Unknown/Install/Remove/Purge/Hold
| Status=Not/Inst/Conf-files/Unpacked/halF-conf/Half-inst/trig-aWait/Trig-pend
|/ Err?=(none)/Reinst-required (Status,Err: uppercase=bad)
||/ Name                      Version        Architecture Description
+++-=========================-==============-============-===============================================================================
ii  binutils                  2.27-8         mipsel       GNU assembler, linker and binary utilities
ii  g++-6                     6.2.0-5        mipsel       GNU C++ compiler
ii  g++-6-multilib            6.2.0-5        mipsel       GNU C++ compiler (multilib support)
ii  g++-multilib              4:6.1.1-1      mipsel       GNU C++ compiler (multilib files)
ii  libc6:mipsel              2.24-3         mipsel       GNU C Library: Shared libraries
ii  libgmp-dev:mipsel         2:6.1.1+dfsg-1 mipsel       Multiprecision arithmetic library developers tools
ii  libisl-dev:mipsel         0.17.1-1       mipsel       manipulating sets and relations of integer points bounded by linear constraints
ii  libmpc-dev:mipsel         1.0.3-1+b1     mipsel       multiple precision complex floating-point library development package
ii  libmpfr-dev:mipsel        3.1.5-1        mipsel       multiple precision floating-point computation developers tools


svn-updates:
  updates from the 6 branch upto 20161010 (r240907).

gcc-gfdl-build:
  Build a dummy s-tm-texi without access to the texinfo sources

gcc-textdomain:
  Set gettext's domain and textdomain to the versioned package name.

gcc-driver-extra-langs:
  Add options and specs for languages that are not built from a source
  (but built from separate sources).

gcc-hash-style-gnu:
  Link using --hash-style=gnu (aarch64, alpha, amd64, armel, armhf, ia64,
  i386, powerpc, ppc64, s390, sparc)

libstdc++-pic:
  Build and install libstdc++_pic.a library.

libstdc++-doclink:
  adjust hrefs to point to the local documentation

libstdc++-man-3cxx:
  Install libstdc++ man pages with suffix .3cxx instead of .3

libstdc++-test-installed:
  Add support to run the libstdc++-v3 testsuite using the
  installed shared libraries.

libjava-stacktrace:
  libgcj: Lookup source file name and line number in separated
  debug files found in /usr/lib/debug

libjava-jnipath:
  - Add /usr/lib/jni and /usr/lib/<multiarch>/jni to java.library.path.
  - When running the i386 binaries on amd64, look in
  - /usr/lib32/gcj-x.y and /usr/lib32/jni instead.

libjava-sjlj:
  Don't try to use _Unwind_Backtrace on SJLJ targets.
  See bug #387875, #388505, GCC PR 29206.

libjava-disable-plugin:
  Don't build the gcjwebplugin, even when configured with --enable-plugin

alpha-no-ev4-directive:
  never emit .ev4 directive.

boehm-gc-getnprocs:
  boehm-gc/pthread_support.c (GC_get_nprocs): Use sysconf as fallback.

note-gnu-stack:
  Add .note.GNU-stack sections for gcc's crt files, libffi and boehm-gc
  Taken from FC.

libgomp-omp_h-multilib:
  Fix up omp.h for multilibs.

gccgo-version:
  Omit the subminor number from the go libdir

pr47818:
  Fix PR ada/47818: Pragma Assert is rejected with No_Implementation_Pragmas restriction.

gcc-base-version:
  Set base version to 5, introduce full version 5.x.y.

libgo-testsuite:
  Only run the libgo testsuite for flags configured in RUNTESTFLAGS

gcc-target-include-asm:
  Search \$(builddir)/sys-include for the asm header files

libgo-revert-timeout-exp:

libgo-setcontext-config:
  libgo: Overwrite the setcontext_clobbers_tls check on mips*

gcc-auto-build:
  Fix cross building a native compiler.

kfreebsd-unwind:
  DWARF2 EH unwinding support for AMD x86-64 and x86 KFreeBSD.

libitm-no-fortify-source:
  Build libitm with -U_FORTIFY_SOURCE on x86 and x86_64.

sparc64-biarch-long-double-128:
  Fix --with-long-double-128 for sparc32 when defaulting to 64-bit.

gcc-ia64-bootstrap-ignore:
  Ignore bootstrap comparison failure on ia64. Filed upstream as
  PR middle-end/65874.

gotools-configury:
  Fix gotools cross build.

pr66368:
  PR go/66368, build libgo with -fno-stack-protector

pr67590:
  Fix PR67590, setting objdump macro.

ada-gnattools-ldflags:
  Link gnat tools with the defaults LDFLAGS

libjit-ldflags:

gcc-SOURCE_DATE_EPOCH:
  Allow embedded timestamps by C/C++ macros to be set externally

gcc-SOURCE_DATE_EPOCH-2:

cmd-go-combine-gccgo-s-ld-and-ldShared-methods:
  cmd/go: combine gccgo's ld() and ldShared() methods

libjava-mips64el:

PR55947-revert:
  Revert fix for PR target/55947, causing PR libstdc++/72813

gccgo-issue16780:
  gccgo: Call default_file_start from s390_asm_file_start

pr77379:
  Fix PR c++/77379, taken from the trunk.

vulcan-cpu:
  Accept vulcan as a cpu name for the AArch64 port of GCC

vulcan-costs:
  Add cost model for vulcan CPU

libffi-pax:

libffi-race-condition:

pr77686-workaround:
  Apply workaround for PR libstdc++/77686

libstdc++-functexcept:
  PR libstdc++/66145, std::ios_base::failure objects thrown from libstdc++.so use old ABI
  Just build src/c++11/functexcept.cc using the new ABI. It will break
  code, which will be handled in the archive by adding Breaks for the
  affected packages.  Third party code using such code will need a rebuild.

ada-arm:

ada-kfreebsd:
  add support for GNU/kFreeBSD.

ada-revert-pr63225:
  Revert the changes made to allow bootstrapping with -fno-inline.
  We allow inlining during bootstrap and this change breaks aliversion compatibility
  with earlier uploads of libgnatvsn5.  This patch shall be removed in the next
  major version of GNAT.

ada-driver-check:
  Simplify Ada driver check (we always build using the required
  Ada version. Needed for warnings on alpha.

ada-gcc-name:
  use gcc-6 instead of gcc as the command name.

ada-default-project-path:
  - Change the default search path for project files to the one specified
  by the Debian Policy for Ada: /usr/share/ada/adainclude.

ada-library-project-files-soname:
  - in project files, use the exact Library_Version provided, if any, as
  the soname of libraries; do not strip minor version numbers
  (PR ada/40025).

ada-nobiarch-check:
  For biarch builds, disable the gnat testsuite for the non-default

ada-link-lib:
  - Install the shared Ada libraries as '.so.1', not '.so' to conform
  to the Debian policy.
  - Don't include a runtime link path (-rpath), when linking binaries.
  - Build the shared libraries on hppa-linux.
  - Instead of building libada as a target library only, build it as
  both a host and, if different, target library.
  - Build the GNAT tools in their top-level directory; do not use
  recursive makefiles.
  - Link the GNAT tools dynamically.

ada-libgnatvsn:
  - Introduce a new shared library named libgnatvsn, containing
  common components of GNAT under the GNAT-Modified GPL, for
  use in GNAT tools, ASIS, GLADE and GPS.   Link the gnat tools
  against this new library.

ada-libgnatprj:
  - Introduce a new shared library named libgnatprj, containing
  the GNAT project file manager licensed under the pure GPL, for
  use in GNAT tools, GLADE and GPS.  Link the GNAT tools against
  this new library.

ada-gnattools-cross:
  - When building the native gnat, link the gnat tools against
  the build tree (build/\$(host_alias)/{libgnatvsn,libgnatprj}.)
  - When building a cross gnat, link against the libgnatvsn-6-dev
  and libgnatprj-6-dev packages.
  This link will be done by /usr/bin/\$(host_alias)-gnat*, thus
  the native gnat with the same major version will be required.

ada-acats:
  - When running the ACATS, look for the gnat tools in their new
  directory (build/gnattools), and for the shared libraries in
  build/gcc/ada/rts, build/libgnatvsn and build/libgnatprj.

libgnatprj-cross-hack:

ada-sjlj:

ada-link-shlib:
  In gnatlink, pass the options and libraries after objects to the
  linker to avoid link failures with --as-needed. Closes: #680292.

gdc-6:
  This implements D language support in the GCC back end, and adds
  relevant documentation about the GDC front end (code part).

gdc-updates:
  gdc updates up to 20160115.

gdc-versym-cpu:
  Implements D CPU version conditions.

gdc-versym-os:
  Implements D OS version conditions.

gdc-frontend-posix:
  Fix build of the D frontend on the Hurd and KFreeBSD.

gdc-base-version:
  Use the GCC base version for the D include dir name

gdc-profiledbuild:
  Don't build gdc build tools idgen and impcnvgen with profiling flags

gdc-libphobos-link:
  gdc: Always link with -ldl when linking with -lgphobos.

gdc-symbol-mangling:

gdc-texinfo:
  Add macros for the gdc texinfo documentation.

gdc-driver-nophobos:
  Modify gdc driver to have no libphobos by default.

disable-gdc-tests:
  Disable D tests, hang on many buildds

sys-auxv-header:
  Check for the sys/auxv.h header file.

libcilkrts-targets:
  Disable libcilkrts on KFreeBSD and the Hurd. See #734973.

arm-multilib-soft:
  ARM hard/soft float multilib support

arm-multilib-defaults:
  Set MULTILIB_DEFAULTS for ARM multilib builds

gcc-ice-dump:
  For ICEs, dump the preprocessed source file to stderr
  when in a distro build environment.

gcc-ice-apport:
  Report an ICE to apport (if apport is available
  and the environment variable GCC_NOAPPORT is not set)

skip-bootstrap-multilib:
  Skip non-default multilib and libstdc++-v3 debug builds in bootstrap builds

libjava-fixed-symlinks:
  Remove unneed '..' elements from symlinks in JAVA_HOME

libffi-ro-eh_frame_sect:
  PR libffi/47248, force a read only eh frame section.

pr67899:
  Proposed patch for PR sanitizer/67899

gcc-multiarch:
  - Remaining multiarch patches, not yet submitted upstream.
  - Add MULTIARCH_DIRNAME definitions for multilib configurations,
  which are used for the non-multilib builds.

libjava-multiarch:
  Install libjava libraries to multiarch location

libjava-nobiarch-check:
  For biarch builds, disable the testsuite for the non-default architecture
  for runtime libraries, which are not built by default (libjava).

config-ml:
  - Disable some biarch libraries for biarch builds.
  - Fix multilib builds on kernels which don't support all multilibs.

g++-multiarch-incdir:
  Use /usr/include/<multiarch>/c++/4.x as the include directory
  for host dependent c++ header files.

canonical-cpppath:
  Don't use any relative path names for the standard include paths.

gcc-multilib-multiarch:
  Don't auto-detect multilib osdirnames.

libgomp-kfreebsd-testsuite:
  Disable lock-2.c test on kfreebsd-*

go-testsuite:
  Skip Go testcase on AArch64 which hangs on the buildds.

ada-749574:

ada-mips:
  Improve support for mips.

ada-bootstrap-compare:
  For the bootstrap comparison, ignore gcc/ada/a-except.o on
  mips and mipsel. See PR ada/65618.

Counting all warnings,
there are 0 warnings in stage3 of this bootstrap.

Number of warnings per file:

Number of warning types:


Index Nav: [Date Index] [Subject Index] [Author Index] [Thread Index]
Message Nav: [Date Prev] [Date Next] [Thread Prev] [Thread Next]