This is the mail archive of the gcc-testresults@gcc.gnu.org mailing list for the GCC project.


Index Nav: [Date Index] [Subject Index] [Author Index] [Thread Index]
Message Nav: [Date Prev] [Date Next] [Thread Prev] [Thread Next]
Other format: [Raw text]

Results for 6.2.0 (GCC) testsuite on x86_64-pc-linux-gnu


LAST_UPDATED: Obtained from SVN: tags/gcc_6_2_0_release revision 239652

Native configuration is x86_64-pc-linux-gnu

		=== gcc tests ===


Running target unix
FAIL: c-c++-common/ubsan/float-cast-overflow-1.c   -O0  output pattern test
FAIL: c-c++-common/ubsan/float-cast-overflow-1.c   -O1  output pattern test
FAIL: c-c++-common/ubsan/float-cast-overflow-1.c   -O2  output pattern test
FAIL: c-c++-common/ubsan/float-cast-overflow-1.c   -O2 -flto -fno-use-linker-plugin -flto-partition=none  output pattern test
FAIL: c-c++-common/ubsan/float-cast-overflow-1.c   -O2 -flto -fuse-linker-plugin -fno-fat-lto-objects  output pattern test
FAIL: c-c++-common/ubsan/float-cast-overflow-1.c   -Os  output pattern test
FAIL: c-c++-common/ubsan/float-cast-overflow-2.c   -O2  output pattern test
FAIL: c-c++-common/ubsan/float-cast-overflow-2.c   -O3 -g  output pattern test
FAIL: c-c++-common/ubsan/float-cast-overflow-8.c   -O2 -flto -fno-use-linker-plugin -flto-partition=none  output pattern test

		=== gcc Summary ===

# of expected passes		117822
# of unexpected failures	9
# of expected failures		317
# of unsupported tests		1713
/home/g/gcc-6.2.0/build/gcc/xgcc  version 6.2.0 (GCC) 

		=== gfortran tests ===


Running target unix

		=== gfortran Summary ===

# of expected passes		42618
# of expected failures		78
# of unsupported tests		65
/home/g/gcc-6.2.0/build/gcc/testsuite/gfortran/../../gfortran  version 6.2.0 (GCC) 

		=== g++ tests ===


Running target unix
XPASS: g++.dg/tls/thread_local-order2.C  -std=c++11 execution test
XPASS: g++.dg/tls/thread_local-order2.C  -std=c++14 execution test
FAIL: c-c++-common/ubsan/float-cast-overflow-1.c   -O1  output pattern test
FAIL: c-c++-common/ubsan/float-cast-overflow-1.c   -O2  output pattern test
FAIL: c-c++-common/ubsan/float-cast-overflow-1.c   -O2 -flto -fno-use-linker-plugin -flto-partition=none  output pattern test
FAIL: c-c++-common/ubsan/float-cast-overflow-1.c   -O2 -flto -fuse-linker-plugin -fno-fat-lto-objects  output pattern test
FAIL: c-c++-common/ubsan/float-cast-overflow-1.c   -O3 -g  output pattern test
FAIL: c-c++-common/ubsan/float-cast-overflow-1.c   -Os  output pattern test
FAIL: c-c++-common/ubsan/float-cast-overflow-2.c   -O0  output pattern test
FAIL: c-c++-common/ubsan/float-cast-overflow-2.c   -O1  output pattern test
FAIL: c-c++-common/ubsan/float-cast-overflow-2.c   -O2  output pattern test
FAIL: c-c++-common/ubsan/float-cast-overflow-2.c   -O2 -flto -fno-use-linker-plugin -flto-partition=none  output pattern test
FAIL: c-c++-common/ubsan/float-cast-overflow-2.c   -O2 -flto -fuse-linker-plugin -fno-fat-lto-objects  output pattern test
FAIL: c-c++-common/ubsan/float-cast-overflow-8.c   -O2 -flto -fuse-linker-plugin -fno-fat-lto-objects  output pattern test

		=== g++ Summary ===

# of expected passes		105323
# of unexpected failures	12
# of unexpected successes	2
# of expected failures		318
# of unsupported tests		3761
/home/g/gcc-6.2.0/build/gcc/testsuite/g++/../../xg++  version 6.2.0 (GCC) 

		=== libatomic tests ===


Running target unix

		=== libatomic Summary ===

# of expected passes		54
		=== libgomp tests ===


Running target unix

		=== libgomp Summary ===

# of expected passes		5140
# of unsupported tests		271
		=== libitm tests ===


Running target unix

		=== libitm Summary ===

# of expected passes		42
# of expected failures		3
# of unsupported tests		1
		=== libstdc++ tests ===


Running target unix

		=== libstdc++ Summary ===

# of expected passes		10666
# of expected failures		66
# of unsupported tests		542

Compiler version: 6.2.0 (GCC) 
Platform: x86_64-pc-linux-gnu
configure flags: --enable-languages=c,c++,fortran --program-suffix=-6.2 --enable-shared --without-included-gettext --enable-threads=posix --enable-nls --enable-clocale=gnu --enable-libstdcxx-time=yes --with-default-libstdcxx-abi=new --enable-libmpx --with-system-zlib


Index Nav: [Date Index] [Subject Index] [Author Index] [Thread Index]
Message Nav: [Date Prev] [Date Next] [Thread Prev] [Thread Next]