This is the mail archive of the
gcc-testresults@gcc.gnu.org
mailing list for the GCC project.
Results for 7.0.0 20160611 (experimental) [trunk revision 237331] (GCC) testsuite on hppa-unknown-linux-gnu
- From: dave dot anglin at bell dot net (John David Anglin)
- To: dave dot anglin at bell dot net, gcc-testresults at gcc dot gnu dot org
- Date: Sun, 12 Jun 2016 11:27:07 -0400 (EDT)
- Subject: Results for 7.0.0 20160611 (experimental) [trunk revision 237331] (GCC) testsuite on hppa-unknown-linux-gnu
- Authentication-results: sourceware.org; auth=none
LAST_UPDATED: Sat Jun 11 22:21:25 UTC 2016 (revision 237331)
=== acats tests ===
FAIL: c960001
=== acats Summary ===
# of expected passes 2319
# of unexpected failures 1
Native configuration is hppa-unknown-linux-gnu
=== g++ tests ===
Running target unix
FAIL: c-c++-common/gomp/clauses-2.c -std=c++11 (test for errors, line 25)
FAIL: c-c++-common/gomp/clauses-2.c -std=c++11 (test for errors, line 39)
FAIL: c-c++-common/gomp/clauses-2.c -std=c++11 (test for errors, line 41)
FAIL: c-c++-common/gomp/clauses-2.c -std=c++11 (test for errors, line 43)
FAIL: c-c++-common/gomp/clauses-2.c -std=c++11 (test for excess errors)
FAIL: c-c++-common/gomp/clauses-2.c -std=c++14 (test for errors, line 25)
FAIL: c-c++-common/gomp/clauses-2.c -std=c++14 (test for errors, line 39)
FAIL: c-c++-common/gomp/clauses-2.c -std=c++14 (test for errors, line 41)
FAIL: c-c++-common/gomp/clauses-2.c -std=c++14 (test for errors, line 43)
FAIL: c-c++-common/gomp/clauses-2.c -std=c++14 (test for excess errors)
FAIL: c-c++-common/gomp/clauses-2.c -std=c++98 (test for errors, line 25)
FAIL: c-c++-common/gomp/clauses-2.c -std=c++98 (test for errors, line 39)
FAIL: c-c++-common/gomp/clauses-2.c -std=c++98 (test for errors, line 41)
FAIL: c-c++-common/gomp/clauses-2.c -std=c++98 (test for errors, line 43)
FAIL: c-c++-common/gomp/clauses-2.c -std=c++98 (test for excess errors)
FAIL: g++.dg/guality/pr55665.C -O2 line 23 p == 40
FAIL: g++.dg/guality/pr55665.C -O3 -g line 23 p == 40
XPASS: g++.dg/tls/thread_local-order2.C -std=c++11 execution test
XPASS: g++.dg/tls/thread_local-order2.C -std=c++14 execution test
FAIL: g++.dg/torture/pr65655.C -O0 (test for excess errors)
FAIL: g++.dg/torture/pr65655.C -O1 (test for excess errors)
FAIL: g++.dg/torture/pr65655.C -O2 (test for excess errors)
FAIL: g++.dg/torture/pr65655.C -O2 -flto -fno-use-linker-plugin -flto-partition=none (test for excess errors)
FAIL: g++.dg/torture/pr65655.C -O3 -g (test for excess errors)
FAIL: g++.dg/torture/pr65655.C -Os (test for excess errors)
WARNING: program timed out
WARNING: program timed out
WARNING: program timed out
WARNING: program timed out
WARNING: program timed out
WARNING: program timed out
FAIL: g++.old-deja/g++.abi/vtable2.C -std=gnu++11 execution test
FAIL: g++.old-deja/g++.abi/vtable2.C -std=gnu++14 execution test
FAIL: g++.old-deja/g++.abi/vtable2.C -std=gnu++98 execution test
FAIL: g++.old-deja/g++.law/profile1.C -std=gnu++11 execution test
FAIL: g++.old-deja/g++.law/profile1.C -std=gnu++14 execution test
FAIL: g++.old-deja/g++.law/profile1.C -std=gnu++98 execution test
=== g++ Summary ===
# of expected passes 94021
# of unexpected failures 29
# of unexpected successes 2
# of expected failures 302
# of unsupported tests 3875
/home/dave/gnu/gcc/objdir/gcc/xg++ version 7.0.0 20160611 (experimental) [trunk revision 237331] (GCC)
=== gcc tests ===
Running target unix
FAIL: gcc.dg/20021014-1.c execution test
FAIL: gcc.dg/pr43643.c execution test
=== gcc tests ===
Running target unix
FAIL: gcc.dg/aru-2.c execution test
FAIL: gcc.dg/nest.c execution test
FAIL: gcc.dg/guality/pr68860-1.c -O1 line 14 arg5 == 5
FAIL: gcc.dg/guality/pr68860-1.c -O1 line 14 arg6 == 6
FAIL: gcc.dg/guality/pr68860-1.c -O1 line 14 arg7 == 30
FAIL: gcc.dg/guality/pr68860-1.c -O1 line 14 arg8 == 7
FAIL: gcc.dg/guality/pr68860-1.c -O1 line 16 arg5 == 5
FAIL: gcc.dg/guality/pr68860-1.c -O1 line 16 arg6 == 6
FAIL: gcc.dg/guality/pr68860-1.c -O1 line 16 arg7 == 30
FAIL: gcc.dg/guality/pr68860-1.c -O1 line 16 arg8 == 7
FAIL: gcc.dg/guality/pr68860-1.c -O2 -flto -fno-use-linker-plugin -flto-partition=none line 14 arg1 == 1
FAIL: gcc.dg/guality/pr68860-1.c -O2 -flto -fno-use-linker-plugin -flto-partition=none line 14 arg2 == 2
FAIL: gcc.dg/guality/pr68860-1.c -O2 -flto -fno-use-linker-plugin -flto-partition=none line 14 arg3 == 3
FAIL: gcc.dg/guality/pr68860-1.c -O2 -flto -fno-use-linker-plugin -flto-partition=none line 14 arg4 == 4
FAIL: gcc.dg/guality/pr68860-1.c -O2 -flto -fno-use-linker-plugin -flto-partition=none line 14 arg5 == 5
FAIL: gcc.dg/guality/pr68860-1.c -O2 -flto -fno-use-linker-plugin -flto-partition=none line 14 arg6 == 6
FAIL: gcc.dg/guality/pr68860-1.c -O2 -flto -fno-use-linker-plugin -flto-partition=none line 16 arg1 == 1
FAIL: gcc.dg/guality/pr68860-1.c -O2 -flto -fno-use-linker-plugin -flto-partition=none line 16 arg2 == 2
FAIL: gcc.dg/guality/pr68860-1.c -O2 -flto -fno-use-linker-plugin -flto-partition=none line 16 arg3 == 3
FAIL: gcc.dg/guality/pr68860-1.c -O2 -flto -fno-use-linker-plugin -flto-partition=none line 16 arg4 == 4
FAIL: gcc.dg/guality/pr68860-1.c -O2 -flto -fno-use-linker-plugin -flto-partition=none line 16 arg5 == 5
FAIL: gcc.dg/guality/pr68860-1.c -O2 -flto -fno-use-linker-plugin -flto-partition=none line 16 arg6 == 6
FAIL: gcc.dg/guality/pr68860-1.c -O2 -flto -fuse-linker-plugin -fno-fat-lto-objects line 14 arg1 == 1
FAIL: gcc.dg/guality/pr68860-1.c -O2 -flto -fuse-linker-plugin -fno-fat-lto-objects line 14 arg2 == 2
FAIL: gcc.dg/guality/pr68860-1.c -O2 -flto -fuse-linker-plugin -fno-fat-lto-objects line 14 arg3 == 3
FAIL: gcc.dg/guality/pr68860-1.c -O2 -flto -fuse-linker-plugin -fno-fat-lto-objects line 14 arg4 == 4
FAIL: gcc.dg/guality/pr68860-1.c -O2 -flto -fuse-linker-plugin -fno-fat-lto-objects line 14 arg5 == 5
FAIL: gcc.dg/guality/pr68860-1.c -O2 -flto -fuse-linker-plugin -fno-fat-lto-objects line 14 arg6 == 6
FAIL: gcc.dg/guality/pr68860-1.c -O2 -flto -fuse-linker-plugin -fno-fat-lto-objects line 16 arg1 == 1
FAIL: gcc.dg/guality/pr68860-1.c -O2 -flto -fuse-linker-plugin -fno-fat-lto-objects line 16 arg2 == 2
FAIL: gcc.dg/guality/pr68860-1.c -O2 -flto -fuse-linker-plugin -fno-fat-lto-objects line 16 arg3 == 3
FAIL: gcc.dg/guality/pr68860-1.c -O2 -flto -fuse-linker-plugin -fno-fat-lto-objects line 16 arg4 == 4
FAIL: gcc.dg/guality/pr68860-1.c -O2 -flto -fuse-linker-plugin -fno-fat-lto-objects line 16 arg5 == 5
FAIL: gcc.dg/guality/pr68860-1.c -O2 -flto -fuse-linker-plugin -fno-fat-lto-objects line 16 arg6 == 6
=== gcc tests ===
Running target unix
FAIL: gcc.dg/atomic/c11-atomic-exec-5.c -O0 execution test
FAIL: gcc.dg/atomic/c11-atomic-exec-5.c -O1 execution test
FAIL: gcc.dg/atomic/c11-atomic-exec-5.c -O2 execution test
FAIL: gcc.dg/atomic/c11-atomic-exec-5.c -O3 -fomit-frame-pointer -funroll-loops -fpeel-loops -ftracer -finline-functions execution test
FAIL: gcc.dg/atomic/c11-atomic-exec-5.c -O3 -g execution test
FAIL: gcc.dg/atomic/c11-atomic-exec-5.c -Os execution test
FAIL: gcc.dg/atomic/c11-atomic-exec-5.c -O2 -flto -fno-use-linker-plugin -flto-partition=none execution test
FAIL: gcc.dg/atomic/c11-atomic-exec-5.c -O2 -flto -fuse-linker-plugin -fno-fat-lto-objects execution test
XPASS: gcc.dg/guality/example.c -O0 execution test
XPASS: gcc.dg/guality/guality.c -O0 execution test
XPASS: gcc.dg/guality/inline-params.c -O2 execution test
XPASS: gcc.dg/guality/inline-params.c -O3 -g execution test
XPASS: gcc.dg/guality/inline-params.c -Os execution test
XPASS: gcc.dg/guality/inline-params.c -O2 -flto -fno-use-linker-plugin -flto-partition=none execution test
FAIL: gcc.dg/guality/nrv-1.c -O2 line 20 a2.i[0] == 42
FAIL: gcc.dg/guality/nrv-1.c -O3 -g line 20 a2.i[0] == 42
FAIL: gcc.dg/guality/nrv-1.c -Os line 20 a2.i[0] == 42
FAIL: gcc.dg/guality/nrv-1.c -O2 -flto -fno-use-linker-plugin -flto-partition=none line 20 a2.i[0] == 42
FAIL: gcc.dg/guality/nrv-1.c -O2 -flto -fuse-linker-plugin -fno-fat-lto-objects line 20 a2.i[0] == 42
FAIL: gcc.dg/guality/pr36728-1.c -O1 line 16 arg5 == 5
FAIL: gcc.dg/guality/pr36728-1.c -O1 line 16 arg6 == 6
FAIL: gcc.dg/guality/pr36728-1.c -O1 line 16 arg7 == 30
FAIL: gcc.dg/guality/pr36728-1.c -O1 line 18 arg5 == 5
FAIL: gcc.dg/guality/pr36728-1.c -O1 line 18 arg6 == 6
FAIL: gcc.dg/guality/pr36728-1.c -O1 line 18 arg7 == 30
FAIL: gcc.dg/guality/pr36728-1.c -O2 line 16 arg5 == 5
FAIL: gcc.dg/guality/pr36728-1.c -O2 line 16 arg6 == 6
FAIL: gcc.dg/guality/pr36728-1.c -O2 line 16 arg7 == 30
FAIL: gcc.dg/guality/pr36728-1.c -O2 line 16 y == 2
FAIL: gcc.dg/guality/pr36728-1.c -O2 line 18 arg5 == 5
FAIL: gcc.dg/guality/pr36728-1.c -O2 line 18 arg6 == 6
FAIL: gcc.dg/guality/pr36728-1.c -O2 line 18 arg7 == 30
FAIL: gcc.dg/guality/pr36728-1.c -O3 -g line 16 y == 2
FAIL: gcc.dg/guality/pr36728-1.c -Os line 16 arg5 == 5
FAIL: gcc.dg/guality/pr36728-1.c -Os line 16 arg6 == 6
FAIL: gcc.dg/guality/pr36728-1.c -Os line 16 arg7 == 30
FAIL: gcc.dg/guality/pr36728-1.c -Os line 16 y == 2
FAIL: gcc.dg/guality/pr36728-1.c -Os line 18 arg5 == 5
FAIL: gcc.dg/guality/pr36728-1.c -Os line 18 arg6 == 6
FAIL: gcc.dg/guality/pr36728-1.c -Os line 18 arg7 == 30
=== gcc tests ===
Running target unix
FAIL: c-c++-common/gomp/clauses-2.c (test for errors, line 25)
FAIL: c-c++-common/gomp/clauses-2.c (test for errors, line 39)
FAIL: c-c++-common/gomp/clauses-2.c (test for errors, line 41)
FAIL: c-c++-common/gomp/clauses-2.c (test for errors, line 43)
FAIL: c-c++-common/gomp/clauses-2.c (test for excess errors)
FAIL: gcc.dg/guality/pr54200.c -Os line 20 z == 3
FAIL: gcc.dg/guality/pr54519-1.c -O2 line 20 y == 25
FAIL: gcc.dg/guality/pr54519-1.c -O2 line 23 y == 117
FAIL: gcc.dg/guality/pr54519-1.c -Os line 20 y == 25
FAIL: gcc.dg/guality/pr54519-1.c -Os line 23 y == 117
FAIL: gcc.dg/guality/pr54519-1.c -O2 -flto -fno-use-linker-plugin -flto-partition=none line 20 y == 25
FAIL: gcc.dg/guality/pr54519-1.c -O2 -flto -fno-use-linker-plugin -flto-partition=none line 20 z == 6
FAIL: gcc.dg/guality/pr54519-1.c -O2 -flto -fno-use-linker-plugin -flto-partition=none line 23 y == 117
FAIL: gcc.dg/guality/pr54519-1.c -O2 -flto -fno-use-linker-plugin -flto-partition=none line 23 z == 8
FAIL: gcc.dg/guality/pr54519-2.c -O1 line 17 y == 25
FAIL: gcc.dg/guality/pr54519-2.c -O2 line 17 y == 25
FAIL: gcc.dg/guality/pr54519-2.c -Os line 17 y == 25
FAIL: gcc.dg/guality/pr54519-2.c -O2 -flto -fno-use-linker-plugin -flto-partition=none line 17 y == 25
FAIL: gcc.dg/guality/pr54519-2.c -O2 -flto -fuse-linker-plugin -fno-fat-lto-objects line 17 y == 25
FAIL: gcc.dg/guality/pr54519-3.c -O1 line 20 z == 6
FAIL: gcc.dg/guality/pr54519-3.c -O1 line 23 z == 8
FAIL: gcc.dg/guality/pr54519-3.c -O2 line 20 z == 6
FAIL: gcc.dg/guality/pr54519-3.c -O2 line 23 z == 8
FAIL: gcc.dg/guality/pr54519-3.c -O3 -g line 20 z == 6
FAIL: gcc.dg/guality/pr54519-3.c -O3 -g line 23 z == 8
FAIL: gcc.dg/guality/pr54519-3.c -Os line 20 z == 6
FAIL: gcc.dg/guality/pr54519-3.c -Os line 23 z == 8
FAIL: gcc.dg/guality/pr54519-3.c -O2 -flto -fno-use-linker-plugin -flto-partition=none line 20 y == 25
FAIL: gcc.dg/guality/pr54519-3.c -O2 -flto -fno-use-linker-plugin -flto-partition=none line 20 z == 6
FAIL: gcc.dg/guality/pr54519-3.c -O2 -flto -fno-use-linker-plugin -flto-partition=none line 23 y == 117
FAIL: gcc.dg/guality/pr54519-3.c -O2 -flto -fno-use-linker-plugin -flto-partition=none line 23 z == 8
FAIL: gcc.dg/guality/pr54519-3.c -O2 -flto -fuse-linker-plugin -fno-fat-lto-objects line 20 y == 25
FAIL: gcc.dg/guality/pr54519-3.c -O2 -flto -fuse-linker-plugin -fno-fat-lto-objects line 20 z == 6
FAIL: gcc.dg/guality/pr54519-3.c -O2 -flto -fuse-linker-plugin -fno-fat-lto-objects line 23 y == 117
FAIL: gcc.dg/guality/pr54519-3.c -O2 -flto -fuse-linker-plugin -fno-fat-lto-objects line 23 z == 8
=== gcc tests ===
Running target unix
=== gcc tests ===
Running target unix
FAIL: gcc.dg/pr32450.c execution test
=== gcc tests ===
Running target unix
FAIL: gcc.dg/nested-func-4.c execution test
=== gcc tests ===
Running target unix
FAIL: gcc.dg/guality/pr36728-3.c -O1 line 14 arg5 == 5
FAIL: gcc.dg/guality/pr36728-3.c -O1 line 14 arg6 == 6
FAIL: gcc.dg/guality/pr36728-3.c -O1 line 14 arg7 == 30
FAIL: gcc.dg/guality/pr36728-3.c -O1 line 16 arg5 == 5
FAIL: gcc.dg/guality/pr36728-3.c -O1 line 16 arg6 == 6
FAIL: gcc.dg/guality/pr36728-3.c -O1 line 16 arg7 == 30
FAIL: gcc.dg/guality/pr36728-3.c -O2 line 14 arg5 == 5
FAIL: gcc.dg/guality/pr36728-3.c -O2 line 14 arg6 == 6
FAIL: gcc.dg/guality/pr36728-3.c -O2 line 14 arg7 == 30
FAIL: gcc.dg/guality/pr36728-3.c -O2 line 16 arg5 == 5
FAIL: gcc.dg/guality/pr36728-3.c -O2 line 16 arg6 == 6
FAIL: gcc.dg/guality/pr36728-3.c -O2 line 16 arg7 == 30
FAIL: gcc.dg/guality/pr36728-3.c -Os line 14 arg5 == 5
FAIL: gcc.dg/guality/pr36728-3.c -Os line 14 arg6 == 6
FAIL: gcc.dg/guality/pr36728-3.c -Os line 14 arg7 == 30
FAIL: gcc.dg/guality/pr36728-3.c -Os line 16 arg5 == 5
FAIL: gcc.dg/guality/pr36728-3.c -Os line 16 arg6 == 6
FAIL: gcc.dg/guality/pr36728-3.c -Os line 16 arg7 == 30
FAIL: gcc.dg/guality/pr36728-3.c -O2 -flto -fno-use-linker-plugin -flto-partition=none line 14 arg5 == 5
FAIL: gcc.dg/guality/pr36728-3.c -O2 -flto -fno-use-linker-plugin -flto-partition=none line 14 arg6 == 6
FAIL: gcc.dg/guality/pr36728-3.c -O2 -flto -fno-use-linker-plugin -flto-partition=none line 14 arg7 == 30
FAIL: gcc.dg/guality/pr36728-3.c -O2 -flto -fno-use-linker-plugin -flto-partition=none line 16 arg5 == 5
FAIL: gcc.dg/guality/pr36728-3.c -O2 -flto -fno-use-linker-plugin -flto-partition=none line 16 arg6 == 6
FAIL: gcc.dg/guality/pr36728-3.c -O2 -flto -fno-use-linker-plugin -flto-partition=none line 16 arg7 == 30
FAIL: gcc.dg/guality/pr36728-4.c -O1 line 14 arg5 == 5
FAIL: gcc.dg/guality/pr36728-4.c -O1 line 14 arg6 == 6
=== gfortran tests ===
Running target unix
FAIL: gfortran.dg/guality/pr41558.f90 -O0 (test for excess errors)
FAIL: gfortran.dg/guality/pr41558.f90 -O1 (test for excess errors)
FAIL: gfortran.dg/guality/pr41558.f90 -O2 (test for excess errors)
FAIL: gfortran.dg/guality/pr41558.f90 -O3 -fomit-frame-pointer -funroll-loops -fpeel-loops -ftracer -finline-functions (test for excess errors)
FAIL: gfortran.dg/guality/pr41558.f90 -O3 -g (test for excess errors)
FAIL: gfortran.dg/guality/pr41558.f90 -Os (test for excess errors)
=== gfortran Summary ===
# of expected passes 41346
# of unexpected failures 6
# of expected failures 79
# of unsupported tests 323
/home/dave/gnu/gcc/objdir/gcc/gfortran version 7.0.0 20160611 (experimental) [trunk revision 237331] (GCC)
=== gnat tests ===
Running target unix
=== gnat Summary ===
# of expected passes 2478
# of expected failures 22
# of unsupported tests 19
/home/dave/gnu/gcc/objdir/gcc/gnatmake version 7.0.0 20160611 (experimental) [trunk revision 237331]
=== obj-c++ tests ===
Running target unix
=== obj-c++ Summary ===
# of expected passes 1454
# of expected failures 2
# of unsupported tests 77
/home/dave/gnu/gcc/objdir/gcc/xg++ version 7.0.0 20160611 (experimental) [trunk revision 237331] (GCC)
=== objc tests ===
Running target unix
=== objc Summary ===
# of expected passes 2789
# of unsupported tests 68
/home/dave/gnu/gcc/objdir/gcc/xgcc version 7.0.0 20160611 (experimental) [trunk revision 237331] (GCC)
=== boehm-gc tests ===
Running target unix
=== boehm-gc Summary ===
# of expected passes 12
# of unsupported tests 1
=== libatomic tests ===
Running target unix
=== libatomic Summary ===
# of expected passes 44
# of unsupported tests 5
=== libffi tests ===
Running target unix
=== libffi Summary ===
# of expected passes 1914
# of unsupported tests 30
=== libgomp tests ===
Running target unix
FAIL: libgomp.c/target-29.c (internal compiler error)
FAIL: libgomp.c/target-29.c (test for excess errors)
UNRESOLVED: libgomp.c/target-29.c compilation failed to produce executable
FAIL: libgomp.c++/target-15.C (internal compiler error)
FAIL: libgomp.c++/target-15.C (test for excess errors)
UNRESOLVED: libgomp.c++/target-15.C compilation failed to produce executable
FAIL: libgomp.c++/target-16.C (internal compiler error)
FAIL: libgomp.c++/target-16.C (test for excess errors)
UNRESOLVED: libgomp.c++/target-16.C compilation failed to produce executable
FAIL: libgomp.c++/target-17.C (internal compiler error)
FAIL: libgomp.c++/target-17.C (test for excess errors)
UNRESOLVED: libgomp.c++/target-17.C compilation failed to produce executable
FAIL: libgomp.c++/target-19.C (internal compiler error)
FAIL: libgomp.c++/target-19.C (test for excess errors)
UNRESOLVED: libgomp.c++/target-19.C compilation failed to produce executable
=== libgomp Summary ===
# of expected passes 4908
# of unexpected failures 10
# of unresolved testcases 5
# of unsupported tests 368
=== libjava tests ===
Running target unix
=== libjava Summary ===
# of expected passes 2606
# of expected failures 4
=== libstdc++ tests ===
Running target unix
FAIL: libstdc++-prettyprinters/libfundts.cc print ab
FAIL: libstdc++-prettyprinters/libfundts.cc print ai
FAIL: libstdc++-prettyprinters/libfundts.cc print am
FAIL: libstdc++-prettyprinters/libfundts.cc print ap
FAIL: libstdc++-prettyprinters/libfundts.cc print as
FAIL: libstdc++-prettyprinters/libfundts.cc print as2
=== libstdc++ Summary ===
# of expected passes 10327
# of unexpected failures 6
# of expected failures 66
# of unsupported tests 608
Compiler version: 7.0.0 20160611 (experimental) [trunk revision 237331] (GCC)
Platform: hppa-unknown-linux-gnu
configure flags: --with-gnu-as --with-gnu-ld --enable-shared --enable-multiarch --enable-linker-build-id --build=hppa-linux-gnu --host=hppa-linux-gnu --target=hppa-linux-gnu --prefix=/home/dave/opt/gnu/gcc/gcc-7 --with-local-prefix=/home/dave/opt/gnu --enable-threads=posix --enable-__cxa_atexit --build=hppa-linux-gnu --enable-clocale=gnu --enable-java-gc=boehm --enable-checking=release --enable-languages=c,c++,objc,fortran,obj-c++,java,ada,lto