This is the mail archive of the
gcc-testresults@gcc.gnu.org
mailing list for the GCC project.
Results for 7.0.0 20160606 (experimental) (GCC) testsuite on x86_64-pc-linux-gnu
- From: jenkins <jenkins at cavium dot com>
- To: gcc-testresults at gcc dot gnu dot org
- Date: Mon, 6 Jun 2016 03:23:25 -0700
- Subject: Results for 7.0.0 20160606 (experimental) (GCC) testsuite on x86_64-pc-linux-gnu
- Authentication-results: sourceware.org; auth=none
Native configuration is x86_64-pc-linux-gnu
=== gcc tests ===
Running target unix//-m32
FAIL: gcc.dg/tree-ssa/scev-5.c scan-tree-dump-times optimized "&a" 1
UNRESOLVED: gcc.dg/vect/vect-live-slp-1.c -flto -ffat-lto-objects scan-tree-dump-times vect "vec_stmt_relevant_p: stmt live but not relevant" 4
UNRESOLVED: gcc.dg/vect/vect-live-slp-1.c -flto -ffat-lto-objects scan-tree-dump-times vect "vectorized 1 loops" 4
UNRESOLVED: gcc.dg/vect/vect-live-slp-1.c -flto -ffat-lto-objects scan-tree-dump-times vect "vectorizing stmts using SLP" 4
UNRESOLVED: gcc.dg/vect/vect-live-slp-1.c scan-tree-dump-times vect "vec_stmt_relevant_p: stmt live but not relevant" 4
UNRESOLVED: gcc.dg/vect/vect-live-slp-1.c scan-tree-dump-times vect "vectorized 1 loops" 4
UNRESOLVED: gcc.dg/vect/vect-live-slp-1.c scan-tree-dump-times vect "vectorizing stmts using SLP" 4
UNRESOLVED: gcc.dg/vect/vect-live-slp-3.c -flto -ffat-lto-objects scan-tree-dump-times vect "vec_stmt_relevant_p: stmt live but not relevant" 4
UNRESOLVED: gcc.dg/vect/vect-live-slp-3.c -flto -ffat-lto-objects scan-tree-dump-times vect "vectorized 1 loops" 4
UNRESOLVED: gcc.dg/vect/vect-live-slp-3.c -flto -ffat-lto-objects scan-tree-dump-times vect "vectorizing stmts using SLP" 4
UNRESOLVED: gcc.dg/vect/vect-live-slp-3.c scan-tree-dump-times vect "vec_stmt_relevant_p: stmt live but not relevant" 4
UNRESOLVED: gcc.dg/vect/vect-live-slp-3.c scan-tree-dump-times vect "vectorized 1 loops" 4
UNRESOLVED: gcc.dg/vect/vect-live-slp-3.c scan-tree-dump-times vect "vectorizing stmts using SLP" 4
FAIL: gcc.target/i386/avx512f-vprord-1.c scan-assembler-times vprord[ \\\\t]+[^{\\n]*%zmm[0-9]+(?:\\n|[ \\\\t]+#) 1
FAIL: gcc.target/i386/avx512f-vprord-1.c scan-assembler-times vprord[ \\\\t]+[^{\\n]*%zmm[0-9]+{%k[1-7]}(?:\\n|[ \\\\t]+#) 1
FAIL: gcc.target/i386/avx512f-vprord-1.c scan-assembler-times vprord[ \\\\t]+[^{\\n]*%zmm[0-9]+{%k[1-7]}{z}(?:\\n|[ \\\\t]+#) 1
=== gcc Summary for unix//-m32 ===
# of expected passes 111478
# of unexpected failures 4
# of expected failures 316
# of unresolved testcases 12
# of unsupported tests 2638
Running target unix//-m64
UNRESOLVED: gcc.dg/vect/vect-live-slp-1.c -flto -ffat-lto-objects scan-tree-dump-times vect "vec_stmt_relevant_p: stmt live but not relevant" 4
UNRESOLVED: gcc.dg/vect/vect-live-slp-1.c -flto -ffat-lto-objects scan-tree-dump-times vect "vectorized 1 loops" 4
UNRESOLVED: gcc.dg/vect/vect-live-slp-1.c -flto -ffat-lto-objects scan-tree-dump-times vect "vectorizing stmts using SLP" 4
UNRESOLVED: gcc.dg/vect/vect-live-slp-1.c scan-tree-dump-times vect "vec_stmt_relevant_p: stmt live but not relevant" 4
UNRESOLVED: gcc.dg/vect/vect-live-slp-1.c scan-tree-dump-times vect "vectorized 1 loops" 4
UNRESOLVED: gcc.dg/vect/vect-live-slp-1.c scan-tree-dump-times vect "vectorizing stmts using SLP" 4
UNRESOLVED: gcc.dg/vect/vect-live-slp-3.c -flto -ffat-lto-objects scan-tree-dump-times vect "vec_stmt_relevant_p: stmt live but not relevant" 4
UNRESOLVED: gcc.dg/vect/vect-live-slp-3.c -flto -ffat-lto-objects scan-tree-dump-times vect "vectorized 1 loops" 4
UNRESOLVED: gcc.dg/vect/vect-live-slp-3.c -flto -ffat-lto-objects scan-tree-dump-times vect "vectorizing stmts using SLP" 4
UNRESOLVED: gcc.dg/vect/vect-live-slp-3.c scan-tree-dump-times vect "vec_stmt_relevant_p: stmt live but not relevant" 4
UNRESOLVED: gcc.dg/vect/vect-live-slp-3.c scan-tree-dump-times vect "vectorized 1 loops" 4
UNRESOLVED: gcc.dg/vect/vect-live-slp-3.c scan-tree-dump-times vect "vectorizing stmts using SLP" 4
FAIL: gcc.target/i386/avx512f-vprord-1.c scan-assembler-times vprord[ \\\\t]+[^{\\n]*%zmm[0-9]+(?:\\n|[ \\\\t]+#) 1
FAIL: gcc.target/i386/avx512f-vprord-1.c scan-assembler-times vprord[ \\\\t]+[^{\\n]*%zmm[0-9]+{%k[1-7]}(?:\\n|[ \\\\t]+#) 1
FAIL: gcc.target/i386/avx512f-vprord-1.c scan-assembler-times vprord[ \\\\t]+[^{\\n]*%zmm[0-9]+{%k[1-7]}{z}(?:\\n|[ \\\\t]+#) 1
=== gcc Summary for unix//-m64 ===
# of expected passes 112754
# of unexpected failures 3
# of expected failures 314
# of unresolved testcases 12
# of unsupported tests 2699
=== gcc Summary ===
# of expected passes 224232
# of unexpected failures 7
# of expected failures 630
# of unresolved testcases 24
# of unsupported tests 5337
/home/jenkins/workspace/GCCupstream/objdir/gcc/xgcc version 7.0.0 20160606 (experimental) (GCC)
=== gfortran tests ===
Running target unix//-m32
FAIL: gfortran.dg/guality/pr41558.f90 -O0 line 7 s == 'foo'
FAIL: gfortran.dg/guality/pr41558.f90 -O1 line 7 s == 'foo'
FAIL: gfortran.dg/guality/pr41558.f90 -O2 line 7 s == 'foo'
FAIL: gfortran.dg/guality/pr41558.f90 -O3 -fomit-frame-pointer -funroll-loops -fpeel-loops -ftracer -finline-functions line 7 s == 'foo'
FAIL: gfortran.dg/guality/pr41558.f90 -O3 -g line 7 s == 'foo'
FAIL: gfortran.dg/guality/pr41558.f90 -Os line 7 s == 'foo'
=== gfortran Summary for unix//-m32 ===
# of expected passes 42102
# of unexpected failures 6
# of expected failures 62
# of unsupported tests 174
Running target unix//-m64
FAIL: gfortran.dg/guality/pr41558.f90 -O0 line 7 s == 'foo'
FAIL: gfortran.dg/guality/pr41558.f90 -O1 line 7 s == 'foo'
FAIL: gfortran.dg/guality/pr41558.f90 -O2 line 7 s == 'foo'
FAIL: gfortran.dg/guality/pr41558.f90 -O3 -fomit-frame-pointer -funroll-loops -fpeel-loops -ftracer -finline-functions line 7 s == 'foo'
FAIL: gfortran.dg/guality/pr41558.f90 -O3 -g line 7 s == 'foo'
FAIL: gfortran.dg/guality/pr41558.f90 -Os line 7 s == 'foo'
=== gfortran Summary for unix//-m64 ===
# of expected passes 42321
# of unexpected failures 6
# of expected failures 62
# of unsupported tests 69
=== gfortran Summary ===
# of expected passes 84423
# of unexpected failures 12
# of expected failures 124
# of unsupported tests 243
/home/jenkins/workspace/GCCupstream/objdir/gcc/testsuite/gfortran/../../gfortran version 7.0.0 20160606 (experimental) (GCC)
=== g++ tests ===
Running target unix//-m32
=== g++ Summary for unix//-m32 ===
# of expected passes 104258
# of expected failures 310
# of unsupported tests 3539
Running target unix//-m64
=== g++ Summary for unix//-m64 ===
# of expected passes 105836
# of expected failures 310
# of unsupported tests 3785
=== g++ Summary ===
# of expected passes 210094
# of expected failures 620
# of unsupported tests 7324
/home/jenkins/workspace/GCCupstream/objdir/gcc/testsuite/g++/../../xg++ version 7.0.0 20160606 (experimental) (GCC)
=== objc tests ===
Running target unix//-m32
=== objc Summary for unix//-m32 ===
# of expected passes 2783
# of expected failures 6
# of unsupported tests 68
Running target unix//-m64
=== objc Summary for unix//-m64 ===
# of expected passes 2783
# of expected failures 6
# of unsupported tests 68
=== objc Summary ===
# of expected passes 5566
# of expected failures 12
# of unsupported tests 136
/home/jenkins/workspace/GCCupstream/objdir/gcc/xgcc version 7.0.0 20160606 (experimental) (GCC)
=== boehm-gc tests ===
Running target unix//-m32
=== boehm-gc Summary for unix//-m32 ===
# of expected passes 12
# of unsupported tests 1
Running target unix//-m64
=== boehm-gc Summary for unix//-m64 ===
# of expected passes 12
# of unsupported tests 1
=== boehm-gc Summary ===
# of expected passes 24
# of unsupported tests 2
=== libatomic tests ===
Running target unix//-m32
=== libatomic Summary for unix//-m32 ===
# of expected passes 44
# of unsupported tests 5
Running target unix//-m64
=== libatomic Summary for unix//-m64 ===
# of expected passes 54
=== libatomic Summary ===
# of expected passes 98
# of unsupported tests 5
=== libffi tests ===
Running target unix//-m32
=== libffi Summary for unix//-m32 ===
# of expected passes 2799
Running target unix//-m64
=== libffi Summary for unix//-m64 ===
# of expected passes 2214
=== libffi Summary ===
# of expected passes 5013
=== libgomp tests ===
Running target unix//-m32
=== libgomp Summary for unix//-m32 ===
# of expected passes 4822
# of unsupported tests 367
Running target unix//-m64
=== libgomp Summary for unix//-m64 ===
# of expected passes 4822
# of unsupported tests 367
=== libgomp Summary ===
# of expected passes 9644
# of unsupported tests 734
=== libitm tests ===
Running target unix//-m32
=== libitm Summary for unix//-m32 ===
# of expected passes 42
# of expected failures 3
# of unsupported tests 1
Running target unix//-m64
=== libitm Summary for unix//-m64 ===
# of expected passes 42
# of expected failures 3
# of unsupported tests 1
=== libitm Summary ===
# of expected passes 84
# of expected failures 6
# of unsupported tests 2
=== libjava tests ===
Running target unix//-m32
XPASS: sourcelocation -O3 -findirect-dispatch output - source compiled test
=== libjava Summary for unix//-m32 ===
# of expected passes 2606
# of unexpected successes 1
# of expected failures 3
Running target unix//-m64
XPASS: sourcelocation -O3 -findirect-dispatch output - source compiled test
=== libjava Summary for unix//-m64 ===
# of expected passes 2606
# of unexpected successes 1
# of expected failures 3
=== libjava Summary ===
# of expected passes 5212
# of unexpected successes 2
# of expected failures 6
=== libstdc++ tests ===
Running target unix//-m32
=== libstdc++ Summary for unix//-m32 ===
# of expected passes 10429
# of expected failures 66
# of unsupported tests 552
Running target unix//-m64
=== libstdc++ Summary for unix//-m64 ===
# of expected passes 4445
# of expected failures 62
# of unsupported tests 556
=== libstdc++ Summary ===
# of expected passes 14874
# of expected failures 128
# of unsupported tests 1108
Compiler version: 7.0.0 20160606 (experimental) (GCC)
Platform: x86_64-pc-linux-gnu
configure flags: --prefix=/home/jenkins/workspace/GCCupstream/objdir/install