This is the mail archive of the
gcc-testresults@gcc.gnu.org
mailing list for the GCC project.
Results for 5.2.1 20151030 (GCC) (build config: asan; languages: all; gcc-5-branch revision 229612) testsuite on x86_64-unknown-linux-gnu
- From: Toon Moene <toon at moene dot org>
- To: gcc-testresults at gcc dot gnu dot org
- Date: Sat, 31 Oct 2015 06:34:05 +0100
- Subject: Results for 5.2.1 20151030 (GCC) (build config: asan; languages: all; gcc-5-branch revision 229612) testsuite on x86_64-unknown-linux-gnu
- Authentication-results: sourceware.org; auth=none
LAST_UPDATED: Fri Oct 30 23:34:12 UTC 2015 (revision 229612)
Native configuration is x86_64-unknown-linux-gnu
=== gcc tests ===
Running target unix
XPASS: gcc.dg/guality/example.c -O0 execution test
XPASS: gcc.dg/guality/example.c -O1 execution test
XPASS: gcc.dg/guality/example.c -O2 execution test
XPASS: gcc.dg/guality/example.c -O2 -flto -fno-use-linker-plugin -flto-partition=none execution test
XPASS: gcc.dg/guality/guality.c -O0 execution test
XPASS: gcc.dg/guality/guality.c -O1 execution test
XPASS: gcc.dg/guality/guality.c -O2 execution test
XPASS: gcc.dg/guality/guality.c -O2 -flto -fno-use-linker-plugin -flto-partition=none execution test
XPASS: gcc.dg/guality/guality.c -O2 -flto -fuse-linker-plugin -fno-fat-lto-objects execution test
XPASS: gcc.dg/guality/guality.c -O3 -fomit-frame-pointer execution test
XPASS: gcc.dg/guality/guality.c -O3 -g execution test
XPASS: gcc.dg/guality/guality.c -Os execution test
XPASS: gcc.dg/guality/inline-params.c -O2 execution test
XPASS: gcc.dg/guality/inline-params.c -O2 -flto -fno-use-linker-plugin -flto-partition=none execution test
XPASS: gcc.dg/guality/inline-params.c -O3 -fomit-frame-pointer execution test
XPASS: gcc.dg/guality/inline-params.c -O3 -g execution test
XPASS: gcc.dg/guality/inline-params.c -Os execution test
XPASS: gcc.dg/guality/pr41353-1.c -O0 line 28 j == 28 + 37
FAIL: gcc.dg/guality/pr41616-1.c -O2 -flto -fuse-linker-plugin -fno-fat-lto-objects execution test
FAIL: gcc.dg/guality/pr43051-1.c -O2 line 35 v == 1
FAIL: gcc.dg/guality/pr43051-1.c -O2 line 36 e == &a[1]
FAIL: gcc.dg/guality/pr43051-1.c -O2 line 39 c == &a[0]
FAIL: gcc.dg/guality/pr43051-1.c -O2 line 40 v == 1
FAIL: gcc.dg/guality/pr43051-1.c -O2 line 41 e == &a[1]
FAIL: gcc.dg/guality/pr43051-1.c -O2 -flto -fno-use-linker-plugin -flto-partition=none line 35 v == 1
FAIL: gcc.dg/guality/pr43051-1.c -O2 -flto -fno-use-linker-plugin -flto-partition=none line 36 e == &a[1]
FAIL: gcc.dg/guality/pr43051-1.c -O2 -flto -fno-use-linker-plugin -flto-partition=none line 39 c == &a[0]
FAIL: gcc.dg/guality/pr43051-1.c -O2 -flto -fno-use-linker-plugin -flto-partition=none line 40 v == 1
FAIL: gcc.dg/guality/pr43051-1.c -O2 -flto -fno-use-linker-plugin -flto-partition=none line 41 e == &a[1]
FAIL: gcc.dg/guality/pr43051-1.c -O2 -flto -fuse-linker-plugin -fno-fat-lto-objects line 35 v == 1
FAIL: gcc.dg/guality/pr43051-1.c -O2 -flto -fuse-linker-plugin -fno-fat-lto-objects line 36 e == &a[1]
FAIL: gcc.dg/guality/pr43051-1.c -O2 -flto -fuse-linker-plugin -fno-fat-lto-objects line 39 c == &a[0]
FAIL: gcc.dg/guality/pr43051-1.c -O2 -flto -fuse-linker-plugin -fno-fat-lto-objects line 40 v == 1
FAIL: gcc.dg/guality/pr43051-1.c -O2 -flto -fuse-linker-plugin -fno-fat-lto-objects line 41 e == &a[1]
FAIL: gcc.dg/guality/pr43051-1.c -O3 -fomit-frame-pointer line 35 v == 1
FAIL: gcc.dg/guality/pr43051-1.c -O3 -fomit-frame-pointer line 36 e == &a[1]
FAIL: gcc.dg/guality/pr43051-1.c -O3 -fomit-frame-pointer line 39 c == &a[0]
FAIL: gcc.dg/guality/pr43051-1.c -O3 -fomit-frame-pointer line 40 v == 1
FAIL: gcc.dg/guality/pr43051-1.c -O3 -fomit-frame-pointer line 41 e == &a[1]
FAIL: gcc.dg/guality/pr43051-1.c -O3 -fomit-frame-pointer -funroll-all-loops -finline-functions line 35 v == 1
FAIL: gcc.dg/guality/pr43051-1.c -O3 -fomit-frame-pointer -funroll-all-loops -finline-functions line 36 e == &a[1]
FAIL: gcc.dg/guality/pr43051-1.c -O3 -fomit-frame-pointer -funroll-all-loops -finline-functions line 39 c == &a[0]
FAIL: gcc.dg/guality/pr43051-1.c -O3 -fomit-frame-pointer -funroll-all-loops -finline-functions line 40 v == 1
FAIL: gcc.dg/guality/pr43051-1.c -O3 -fomit-frame-pointer -funroll-all-loops -finline-functions line 41 e == &a[1]
FAIL: gcc.dg/guality/pr43051-1.c -O3 -fomit-frame-pointer -funroll-loops line 35 v == 1
FAIL: gcc.dg/guality/pr43051-1.c -O3 -fomit-frame-pointer -funroll-loops line 36 e == &a[1]
FAIL: gcc.dg/guality/pr43051-1.c -O3 -fomit-frame-pointer -funroll-loops line 39 c == &a[0]
FAIL: gcc.dg/guality/pr43051-1.c -O3 -fomit-frame-pointer -funroll-loops line 40 v == 1
FAIL: gcc.dg/guality/pr43051-1.c -O3 -fomit-frame-pointer -funroll-loops line 41 e == &a[1]
FAIL: gcc.dg/guality/pr43051-1.c -O3 -g line 35 v == 1
FAIL: gcc.dg/guality/pr43051-1.c -O3 -g line 36 e == &a[1]
FAIL: gcc.dg/guality/pr43051-1.c -O3 -g line 39 c == &a[0]
FAIL: gcc.dg/guality/pr43051-1.c -O3 -g line 40 v == 1
FAIL: gcc.dg/guality/pr43051-1.c -O3 -g line 41 e == &a[1]
FAIL: gcc.dg/guality/pr43051-1.c -Os line 35 v == 1
FAIL: gcc.dg/guality/pr43051-1.c -Os line 36 e == &a[1]
FAIL: gcc.dg/guality/pr43051-1.c -Os line 39 c == &a[0]
FAIL: gcc.dg/guality/pr43051-1.c -Os line 40 v == 1
FAIL: gcc.dg/guality/pr43051-1.c -Os line 41 e == &a[1]
FAIL: gcc.dg/guality/pr43177.c -O2 line 15 l == 10
FAIL: gcc.dg/guality/pr43177.c -O2 line 15 x == 7
FAIL: gcc.dg/guality/pr43177.c -O2 line 24 l == 10
FAIL: gcc.dg/guality/pr43177.c -O2 line 24 x == 7
FAIL: gcc.dg/guality/pr43177.c -O2 -flto -fno-use-linker-plugin -flto-partition=none line 15 l == 10
FAIL: gcc.dg/guality/pr43177.c -O2 -flto -fno-use-linker-plugin -flto-partition=none line 15 x == 7
FAIL: gcc.dg/guality/pr43177.c -O2 -flto -fno-use-linker-plugin -flto-partition=none line 24 l == 10
FAIL: gcc.dg/guality/pr43177.c -O2 -flto -fno-use-linker-plugin -flto-partition=none line 24 x == 7
FAIL: gcc.dg/guality/pr43177.c -O2 -flto -fuse-linker-plugin -fno-fat-lto-objects line 15 l == 10
FAIL: gcc.dg/guality/pr43177.c -O2 -flto -fuse-linker-plugin -fno-fat-lto-objects line 15 x == 7
FAIL: gcc.dg/guality/pr43177.c -O2 -flto -fuse-linker-plugin -fno-fat-lto-objects line 24 l == 10
FAIL: gcc.dg/guality/pr43177.c -O2 -flto -fuse-linker-plugin -fno-fat-lto-objects line 24 x == 7
FAIL: gcc.dg/guality/pr43177.c -O3 -fomit-frame-pointer line 15 l == 10
FAIL: gcc.dg/guality/pr43177.c -O3 -fomit-frame-pointer line 15 x == 7
FAIL: gcc.dg/guality/pr43177.c -O3 -fomit-frame-pointer line 24 l == 10
FAIL: gcc.dg/guality/pr43177.c -O3 -fomit-frame-pointer line 24 x == 7
FAIL: gcc.dg/guality/pr43177.c -O3 -g line 15 l == 10
FAIL: gcc.dg/guality/pr43177.c -O3 -g line 15 x == 7
FAIL: gcc.dg/guality/pr43177.c -O3 -g line 24 l == 10
FAIL: gcc.dg/guality/pr43177.c -O3 -g line 24 x == 7
FAIL: gcc.dg/guality/pr43177.c -Os line 15 l == 10
FAIL: gcc.dg/guality/pr43177.c -Os line 15 x == 7
FAIL: gcc.dg/guality/pr43177.c -Os line 24 l == 10
FAIL: gcc.dg/guality/pr43177.c -Os line 24 x == 7
FAIL: gcc.dg/guality/pr45003-2.c -O2 -flto -fuse-linker-plugin -fno-fat-lto-objects line 10 a == 0x8078
FAIL: gcc.dg/guality/pr45882.c -O2 -flto -fuse-linker-plugin -fno-fat-lto-objects line 16 d == 112
FAIL: gcc.dg/guality/pr45882.c -O2 -flto -fuse-linker-plugin -fno-fat-lto-objects line 16 e == 142
FAIL: gcc.dg/guality/pr54200.c -Os line 20 z == 3
FAIL: gcc.dg/guality/pr54519-1.c -O2 -flto -fno-use-linker-plugin -flto-partition=none line 20 y == 25
FAIL: gcc.dg/guality/pr54519-1.c -O2 -flto -fno-use-linker-plugin -flto-partition=none line 20 z == 6
FAIL: gcc.dg/guality/pr54519-1.c -O2 -flto -fno-use-linker-plugin -flto-partition=none line 23 y == 117
FAIL: gcc.dg/guality/pr54519-1.c -O2 -flto -fno-use-linker-plugin -flto-partition=none line 23 z == 8
FAIL: gcc.dg/guality/pr54519-2.c -O2 -flto -fno-use-linker-plugin -flto-partition=none line 17 y == 25
FAIL: gcc.dg/guality/pr54519-2.c -O2 -flto -fuse-linker-plugin -fno-fat-lto-objects line 17 y == 25
FAIL: gcc.dg/guality/pr54519-3.c -O2 -flto -fno-use-linker-plugin -flto-partition=none line 20 y == 25
FAIL: gcc.dg/guality/pr54519-3.c -O2 -flto -fno-use-linker-plugin -flto-partition=none line 20 z == 6
FAIL: gcc.dg/guality/pr54519-3.c -O2 -flto -fno-use-linker-plugin -flto-partition=none line 23 y == 117
FAIL: gcc.dg/guality/pr54519-3.c -O2 -flto -fno-use-linker-plugin -flto-partition=none line 23 z == 8
FAIL: gcc.dg/guality/pr54519-3.c -O2 -flto -fuse-linker-plugin -fno-fat-lto-objects line 20 x == 36
FAIL: gcc.dg/guality/pr54519-3.c -O2 -flto -fuse-linker-plugin -fno-fat-lto-objects line 20 y == 25
FAIL: gcc.dg/guality/pr54519-3.c -O2 -flto -fuse-linker-plugin -fno-fat-lto-objects line 20 z == 6
FAIL: gcc.dg/guality/pr54519-3.c -O2 -flto -fuse-linker-plugin -fno-fat-lto-objects line 23 x == 98
FAIL: gcc.dg/guality/pr54519-3.c -O2 -flto -fuse-linker-plugin -fno-fat-lto-objects line 23 y == 117
FAIL: gcc.dg/guality/pr54519-3.c -O2 -flto -fuse-linker-plugin -fno-fat-lto-objects line 23 z == 8
FAIL: gcc.dg/guality/pr54519-4.c -O2 -flto -fno-use-linker-plugin -flto-partition=none line 17 y == 25
FAIL: gcc.dg/guality/pr54519-4.c -O2 -flto -fuse-linker-plugin -fno-fat-lto-objects line 17 x == 6
FAIL: gcc.dg/guality/pr54519-4.c -O2 -flto -fuse-linker-plugin -fno-fat-lto-objects line 17 y == 25
FAIL: gcc.dg/guality/pr54519-5.c -O2 -flto -fno-use-linker-plugin -flto-partition=none line 17 y == 25
FAIL: gcc.dg/guality/pr54519-5.c -O2 -flto -fuse-linker-plugin -fno-fat-lto-objects line 17 y == 25
FAIL: gcc.dg/guality/sra-1.c -O2 line 21 a.i == 4
FAIL: gcc.dg/guality/sra-1.c -O2 line 21 a.j == 14
FAIL: gcc.dg/guality/sra-1.c -O2 line 32 a[0] == 4
FAIL: gcc.dg/guality/sra-1.c -O2 line 32 a[1] == 14
FAIL: gcc.dg/guality/sra-1.c -O2 -flto -fno-use-linker-plugin -flto-partition=none line 21 a.i == 4
FAIL: gcc.dg/guality/sra-1.c -O2 -flto -fno-use-linker-plugin -flto-partition=none line 21 a.j == 14
FAIL: gcc.dg/guality/sra-1.c -O2 -flto -fno-use-linker-plugin -flto-partition=none line 32 a[0] == 4
FAIL: gcc.dg/guality/sra-1.c -O2 -flto -fno-use-linker-plugin -flto-partition=none line 32 a[1] == 14
FAIL: gcc.dg/guality/sra-1.c -O2 -flto -fuse-linker-plugin -fno-fat-lto-objects line 21 a.i == 4
FAIL: gcc.dg/guality/sra-1.c -O2 -flto -fuse-linker-plugin -fno-fat-lto-objects line 21 a.j == 14
FAIL: gcc.dg/guality/sra-1.c -O3 -fomit-frame-pointer line 21 a.i == 4
FAIL: gcc.dg/guality/sra-1.c -O3 -fomit-frame-pointer line 21 a.j == 14
FAIL: gcc.dg/guality/sra-1.c -O3 -fomit-frame-pointer line 32 a[0] == 4
FAIL: gcc.dg/guality/sra-1.c -O3 -fomit-frame-pointer line 32 a[1] == 14
FAIL: gcc.dg/guality/sra-1.c -O3 -g line 21 a.i == 4
FAIL: gcc.dg/guality/sra-1.c -O3 -g line 21 a.j == 14
FAIL: gcc.dg/guality/sra-1.c -O3 -g line 32 a[0] == 4
FAIL: gcc.dg/guality/sra-1.c -O3 -g line 32 a[1] == 14
FAIL: gcc.dg/guality/sra-1.c -Os line 21 a.i == 4
FAIL: gcc.dg/guality/sra-1.c -Os line 21 a.j == 14
FAIL: gcc.dg/guality/sra-1.c -Os line 32 a[0] == 4
FAIL: gcc.dg/guality/sra-1.c -Os line 32 a[1] == 14
FAIL: gcc.dg/guality/vla-1.c -O1 line 17 sizeof (a) == 6
FAIL: gcc.dg/guality/vla-1.c -O2 line 17 sizeof (a) == 6
FAIL: gcc.dg/guality/vla-1.c -O2 -flto -fno-use-linker-plugin -flto-partition=none line 17 sizeof (a) == 6
FAIL: gcc.dg/guality/vla-1.c -O2 -flto -fuse-linker-plugin -fno-fat-lto-objects line 17 sizeof (a) == 6
FAIL: gcc.dg/guality/vla-1.c -O3 -fomit-frame-pointer line 17 sizeof (a) == 6
FAIL: gcc.dg/guality/vla-1.c -O3 -g line 17 sizeof (a) == 6
FAIL: gcc.dg/guality/vla-1.c -Os line 17 sizeof (a) == 6
FAIL: gcc.dg/guality/vla-2.c -O2 line 25 sizeof (a) == 6 * sizeof (int)
FAIL: gcc.dg/guality/vla-2.c -O2 -flto -fno-use-linker-plugin -flto-partition=none line 25 sizeof (a) == 6 * sizeof (int)
FAIL: gcc.dg/guality/vla-2.c -O2 -flto -fuse-linker-plugin -fno-fat-lto-objects line 25 sizeof (a) == 6 * sizeof (int)
FAIL: gcc.dg/guality/vla-2.c -O3 -fomit-frame-pointer line 25 sizeof (a) == 6 * sizeof (int)
FAIL: gcc.dg/guality/vla-2.c -O3 -g line 25 sizeof (a) == 6 * sizeof (int)
FAIL: gcc.dg/guality/vla-2.c -Os line 25 sizeof (a) == 6 * sizeof (int)
FAIL: gcc.dg/plugin/finish_unit_plugin.c compilation
FAIL: gcc.dg/plugin/ggcplug.c compilation
FAIL: gcc.dg/plugin/one_time_plugin.c compilation
FAIL: gcc.dg/plugin/selfassign.c compilation
FAIL: gcc.dg/plugin/sreal_plugin.c compilation
FAIL: gcc.dg/plugin/start_unit_plugin.c compilation
FAIL: gcc.dg/plugin/wide-int_plugin.c compilation
FAIL: gcc.dg/vect/bb-slp-pattern-1.c -flto -ffat-lto-objects scan-tree-dump-times slp2 "pattern recognized" 8
FAIL: gcc.dg/vect/bb-slp-pattern-1.c -flto -ffat-lto-objects scan-tree-dump-times slp2 "vect_recog_widen_mult_pattern: detected" 8
FAIL: gcc.dg/vect/bb-slp-pattern-1.c scan-tree-dump-times slp2 "pattern recognized" 8
FAIL: gcc.dg/vect/bb-slp-pattern-1.c scan-tree-dump-times slp2 "vect_recog_widen_mult_pattern: detected" 8
FAIL: gcc.dg/vect/no-section-anchors-vect-31.c scan-tree-dump-times vect "Alignment of access forced using peeling" 2
FAIL: gcc.dg/vect/no-section-anchors-vect-31.c scan-tree-dump-times vect "Vectorizing an unaligned access" 0
FAIL: gcc.dg/vect/no-tree-sra-bb-slp-pr50730.c scan-tree-dump-times slp2 "not vectorized: more than one data ref in stmt" 0
FAIL: gcc.dg/vect/slp-perm-9.c -flto -ffat-lto-objects scan-tree-dump-times vect "vectorized 1 loops" 2
FAIL: gcc.dg/vect/slp-perm-9.c scan-tree-dump-times vect "vectorized 1 loops" 2
FAIL: gcc.dg/vect/vect-92.c -flto -ffat-lto-objects scan-tree-dump-times vect "Alignment of access forced using peeling" 3
FAIL: gcc.dg/vect/vect-92.c -flto -ffat-lto-objects scan-tree-dump-times vect "Vectorizing an unaligned access" 0
FAIL: gcc.dg/vect/vect-92.c scan-tree-dump-times vect "Alignment of access forced using peeling" 3
FAIL: gcc.dg/vect/vect-92.c scan-tree-dump-times vect "Vectorizing an unaligned access" 0
FAIL: gcc.dg/vect/vect-93.c -flto -ffat-lto-objects scan-tree-dump-times vect "Vectorizing an unaligned access" 1
FAIL: gcc.dg/vect/vect-93.c scan-tree-dump-times vect "Vectorizing an unaligned access" 1
FAIL: gcc.dg/vect/vect-cselim-2.c -flto -ffat-lto-objects scan-tree-dump-times vect "vectorized 1 loops" 0
FAIL: gcc.dg/vect/vect-cselim-2.c scan-tree-dump-times vect "vectorized 1 loops" 0
FAIL: gcc.target/i386/funcspec-3.c (test for excess errors)
UNRESOLVED: gcc.target/i386/funcspec-3.c scan-assembler call\\t(.*)popcountdi2
UNRESOLVED: gcc.target/i386/funcspec-3.c scan-assembler call\\t(.*)sse42_pop_l
UNRESOLVED: gcc.target/i386/funcspec-3.c scan-assembler call\\t(.*)sse4a_pop_i
UNRESOLVED: gcc.target/i386/funcspec-3.c scan-assembler popcntl
UNRESOLVED: gcc.target/i386/funcspec-3.c scan-assembler popcntq
FAIL: gcc.target/i386/funcspec-6.c (test for errors, line 70)
FAIL: gcc.target/i386/funcspec-6.c (test for excess errors)
=== gcc Summary ===
# of expected passes 118357
# of unexpected failures 152
# of unexpected successes 18
# of expected failures 296
# of unresolved testcases 5
# of unsupported tests 1894
/scratch/toon/build11023/gcc/xgcc version 5.2.1 20151030 (GCC)
=== gfortran tests ===
Running target unix
FAIL: gfortran.dg/vect/fast-math-mgrid-resid.f -O scan-tree-dump-times pcom "Executing predictive commoning without unrolling" 1
FAIL: gfortran.dg/vect/fast-math-mgrid-resid.f -O scan-tree-dump-times pcom "Predictive commoning failed: no suitable chains" 0
=== gfortran Summary ===
# of expected passes 48925
# of unexpected failures 2
# of expected failures 80
# of unsupported tests 71
/scratch/toon/build11023/gcc/testsuite/gfortran/../../gfortran version 5.2.1 20151030 (GCC)
=== g++ tests ===
Running target unix
FAIL: g++.dg/ext/mv1.C -std=gnu++11 (test for excess errors)
UNRESOLVED: g++.dg/ext/mv1.C -std=gnu++11 compilation failed to produce executable
FAIL: g++.dg/ext/mv1.C -std=gnu++14 (test for excess errors)
UNRESOLVED: g++.dg/ext/mv1.C -std=gnu++14 compilation failed to produce executable
FAIL: g++.dg/ext/mv1.C -std=gnu++98 (test for excess errors)
UNRESOLVED: g++.dg/ext/mv1.C -std=gnu++98 compilation failed to produce executable
FAIL: g++.dg/ext/mv14.C -std=gnu++11 (test for excess errors)
UNRESOLVED: g++.dg/ext/mv14.C -std=gnu++11 compilation failed to produce executable
FAIL: g++.dg/ext/mv14.C -std=gnu++14 (test for excess errors)
UNRESOLVED: g++.dg/ext/mv14.C -std=gnu++14 compilation failed to produce executable
FAIL: g++.dg/ext/mv14.C -std=gnu++98 (test for excess errors)
UNRESOLVED: g++.dg/ext/mv14.C -std=gnu++98 compilation failed to produce executable
FAIL: g++.dg/ext/mv15.C -std=gnu++11 (test for excess errors)
UNRESOLVED: g++.dg/ext/mv15.C -std=gnu++11 compilation failed to produce executable
FAIL: g++.dg/ext/mv15.C -std=gnu++14 (test for excess errors)
UNRESOLVED: g++.dg/ext/mv15.C -std=gnu++14 compilation failed to produce executable
FAIL: g++.dg/ext/mv15.C -std=gnu++98 (test for excess errors)
UNRESOLVED: g++.dg/ext/mv15.C -std=gnu++98 compilation failed to produce executable
FAIL: g++.dg/ext/mv16.C -std=gnu++11 (test for excess errors)
UNRESOLVED: g++.dg/ext/mv16.C -std=gnu++11 compilation failed to produce executable
FAIL: g++.dg/ext/mv16.C -std=gnu++14 (test for excess errors)
UNRESOLVED: g++.dg/ext/mv16.C -std=gnu++14 compilation failed to produce executable
FAIL: g++.dg/ext/mv16.C -std=gnu++98 (test for excess errors)
UNRESOLVED: g++.dg/ext/mv16.C -std=gnu++98 compilation failed to produce executable
FAIL: g++.dg/ext/mv17.C -std=gnu++11 (test for excess errors)
UNRESOLVED: g++.dg/ext/mv17.C -std=gnu++11 compilation failed to produce executable
FAIL: g++.dg/ext/mv17.C -std=gnu++14 (test for excess errors)
UNRESOLVED: g++.dg/ext/mv17.C -std=gnu++14 compilation failed to produce executable
FAIL: g++.dg/ext/mv17.C -std=gnu++98 (test for excess errors)
UNRESOLVED: g++.dg/ext/mv17.C -std=gnu++98 compilation failed to produce executable
FAIL: g++.dg/ext/mv6.C -std=gnu++11 (test for excess errors)
UNRESOLVED: g++.dg/ext/mv6.C -std=gnu++11 compilation failed to produce executable
FAIL: g++.dg/ext/mv6.C -std=gnu++14 (test for excess errors)
UNRESOLVED: g++.dg/ext/mv6.C -std=gnu++14 compilation failed to produce executable
FAIL: g++.dg/ext/mv6.C -std=gnu++98 (test for excess errors)
UNRESOLVED: g++.dg/ext/mv6.C -std=gnu++98 compilation failed to produce executable
FAIL: g++.dg/ext/pr57548.C -std=c++11 (test for excess errors)
FAIL: g++.dg/ext/pr57548.C -std=c++14 (test for excess errors)
FAIL: g++.dg/ext/pr57548.C -std=c++98 (test for excess errors)
FAIL: g++.dg/guality/pr55665.C -O2 line 23 p == 40
FAIL: g++.dg/guality/pr55665.C -O3 -fomit-frame-pointer line 23 p == 40
FAIL: g++.dg/guality/pr55665.C -O3 -g line 23 p == 40
FAIL: g++.dg/plugin/attribute_plugin.c compilation
FAIL: g++.dg/plugin/decl_plugin.c compilation
FAIL: g++.dg/plugin/dumb_plugin.c compilation
FAIL: g++.dg/plugin/header_plugin.c compilation
FAIL: g++.dg/plugin/pragma_plugin.c compilation
FAIL: g++.dg/plugin/selfassign.c compilation
XPASS: g++.dg/tls/thread_local-order2.C -std=c++11 execution test
XPASS: g++.dg/tls/thread_local-order2.C -std=c++14 execution test
FAIL: c-c++-common/ubsan/object-size-9.c -O2 -flto -fuse-linker-plugin -fno-fat-lto-objects output pattern test
FAIL: g++.dg/vect/slp-pr56812.cc -std=c++11 scan-tree-dump-times slp1 "basic block vectorized" 1
FAIL: g++.dg/vect/slp-pr56812.cc -std=c++14 scan-tree-dump-times slp1 "basic block vectorized" 1
FAIL: g++.dg/vect/slp-pr56812.cc -std=c++98 scan-tree-dump-times slp1 "basic block vectorized" 1
=== g++ Summary ===
# of expected passes 93699
# of unexpected failures 34
# of unexpected successes 2
# of expected failures 342
# of unresolved testcases 18
# of unsupported tests 3759
/scratch/toon/build11023/gcc/testsuite/g++/../../xg++ version 5.2.1 20151030 (GCC)
=== objc tests ===
Running target unix
=== objc Summary ===
# of expected passes 3010
# of expected failures 6
# of unsupported tests 74
/scratch/toon/build11023/gcc/xgcc version 5.2.1 20151030 (GCC)
=== boehm-gc tests ===
Running target unix
=== boehm-gc Summary ===
# of expected passes 12
# of unsupported tests 1
=== libatomic tests ===
Running target unix
=== libatomic Summary ===
# of expected passes 54
=== libffi tests ===
Running target unix
=== libffi Summary ===
# of expected passes 1914
# of unsupported tests 30
=== libgomp tests ===
Running target unix
=== libgomp Summary ===
# of expected passes 5875
# of unsupported tests 254
=== libitm tests ===
Running target unix
=== libitm Summary ===
# of expected passes 26
# of expected failures 3
# of unsupported tests 1
=== libjava tests ===
Running target unix
=== libjava Summary ===
# of expected passes 2582
# of expected failures 4
=== libstdc++ tests ===
Running target unix
FAIL: 26_numerics/complex/inserters_extractors/wchar_t/1.cc (test for excess errors)
UNRESOLVED: 26_numerics/complex/inserters_extractors/wchar_t/1.cc compilation failed to produce executable
FAIL: 28_regex/algorithms/regex_match/basic/string_range_01_03.cc (test for excess errors)
UNRESOLVED: 28_regex/algorithms/regex_match/basic/string_range_01_03.cc compilation failed to produce executable
FAIL: 28_regex/algorithms/regex_match/ecma/char/58576.cc (test for excess errors)
UNRESOLVED: 28_regex/algorithms/regex_match/ecma/char/58576.cc compilation failed to produce executable
FAIL: 28_regex/algorithms/regex_match/ecma/char/61601.cc (test for excess errors)
UNRESOLVED: 28_regex/algorithms/regex_match/ecma/char/61601.cc compilation failed to produce executable
FAIL: 28_regex/algorithms/regex_match/ecma/char/empty_range.cc (test for excess errors)
UNRESOLVED: 28_regex/algorithms/regex_match/ecma/char/empty_range.cc compilation failed to produce executable
FAIL: 28_regex/algorithms/regex_match/ecma/char/quoted_char.cc (test for excess errors)
UNRESOLVED: 28_regex/algorithms/regex_match/ecma/char/quoted_char.cc compilation failed to produce executable
FAIL: 28_regex/algorithms/regex_match/ecma/wchar_t/63199.cc (test for excess errors)
UNRESOLVED: 28_regex/algorithms/regex_match/ecma/wchar_t/63199.cc compilation failed to produce executable
FAIL: 28_regex/algorithms/regex_match/ecma/wchar_t/anymatcher.cc (test for excess errors)
UNRESOLVED: 28_regex/algorithms/regex_match/ecma/wchar_t/anymatcher.cc compilation failed to produce executable
FAIL: 28_regex/algorithms/regex_match/ecma/wchar_t/cjk_match.cc (test for excess errors)
UNRESOLVED: 28_regex/algorithms/regex_match/ecma/wchar_t/cjk_match.cc compilation failed to produce executable
FAIL: 28_regex/algorithms/regex_match/extended/cstring_plus.cc (test for excess errors)
UNRESOLVED: 28_regex/algorithms/regex_match/extended/cstring_plus.cc compilation failed to produce executable
FAIL: 28_regex/algorithms/regex_match/extended/cstring_questionmark.cc (test for excess errors)
UNRESOLVED: 28_regex/algorithms/regex_match/extended/cstring_questionmark.cc compilation failed to produce executable
FAIL: 28_regex/algorithms/regex_match/extended/string_range_02_03.cc (test for excess errors)
UNRESOLVED: 28_regex/algorithms/regex_match/extended/string_range_02_03.cc compilation failed to produce executable
FAIL: 28_regex/algorithms/regex_replace/char/51711.cc (test for excess errors)
FAIL: 28_regex/algorithms/regex_replace/char/basic_replace.cc (test for excess errors)
UNRESOLVED: 28_regex/algorithms/regex_replace/char/basic_replace.cc compilation failed to produce executable
FAIL: 28_regex/algorithms/regex_search/ecma/flags.cc (test for excess errors)
UNRESOLVED: 28_regex/algorithms/regex_search/ecma/flags.cc compilation failed to produce executable
FAIL: 28_regex/algorithms/regex_search/ecma/greedy.cc (test for excess errors)
UNRESOLVED: 28_regex/algorithms/regex_search/ecma/greedy.cc compilation failed to produce executable
FAIL: 28_regex/basic_regex/assign/char/cstring_op.cc (test for excess errors)
FAIL: 28_regex/basic_regex/assign/char/range.cc (test for excess errors)
FAIL: 28_regex/basic_regex/assign/wchar_t/cstring.cc (test for excess errors)
FAIL: 28_regex/basic_regex/assign/wchar_t/cstring_op.cc (test for excess errors)
FAIL: 28_regex/basic_regex/assign/wchar_t/pstring.cc (test for excess errors)
FAIL: 28_regex/basic_regex/ctors/basic/cstring.cc (test for excess errors)
FAIL: 28_regex/basic_regex/ctors/basic/raw_string.cc (test for excess errors)
UNRESOLVED: 28_regex/basic_regex/ctors/basic/raw_string.cc compilation failed to produce executable
FAIL: 28_regex/basic_regex/ctors/basic/string_range_01_02_03.cc (test for excess errors)
UNRESOLVED: 28_regex/basic_regex/ctors/basic/string_range_01_02_03.cc compilation failed to produce executable
FAIL: 28_regex/basic_regex/ctors/char/cstring.cc (test for excess errors)
FAIL: 28_regex/basic_regex/ctors/char/cstring_grep.cc (test for excess errors)
FAIL: 28_regex/basic_regex/ctors/extended/cstring.cc (test for excess errors)
UNRESOLVED: 28_regex/basic_regex/ctors/extended/cstring.cc compilation failed to produce executable
FAIL: 28_regex/basic_regex/ctors/extended/string_range_01_02_03.cc (test for excess errors)
UNRESOLVED: 28_regex/basic_regex/ctors/extended/string_range_01_02_03.cc compilation failed to produce executable
FAIL: 28_regex/basic_regex/ctors/move_char.cc (test for excess errors)
UNRESOLVED: 28_regex/basic_regex/ctors/move_char.cc compilation failed to produce executable
FAIL: 28_regex/basic_regex/multiple_quantifiers.cc (test for excess errors)
UNRESOLVED: 28_regex/basic_regex/multiple_quantifiers.cc compilation failed to produce executable
FAIL: 28_regex/iterators/regex_iterator/char/string_position_01.cc (test for excess errors)
UNRESOLVED: 28_regex/iterators/regex_iterator/char/string_position_01.cc compilation failed to produce executable
FAIL: 28_regex/iterators/regex_token_iterator/wchar_t/string_01.cc (test for excess errors)
UNRESOLVED: 28_regex/iterators/regex_token_iterator/wchar_t/string_01.cc compilation failed to produce executable
FAIL: 28_regex/match_results/out_of_range_submatches.cc (test for excess errors)
UNRESOLVED: 28_regex/match_results/out_of_range_submatches.cc compilation failed to produce executable
FAIL: 28_regex/regression.cc (test for excess errors)
UNRESOLVED: 28_regex/regression.cc compilation failed to produce executable
FAIL: 28_regex/traits/char/user_defined.cc (test for excess errors)
UNRESOLVED: 28_regex/traits/char/user_defined.cc compilation failed to produce executable
FAIL: 28_regex/traits/wchar_t/user_defined.cc (test for excess errors)
UNRESOLVED: 28_regex/traits/wchar_t/user_defined.cc compilation failed to produce executable
FAIL: experimental/filesystem/path/itr/traversal.cc (test for excess errors)
UNRESOLVED: experimental/filesystem/path/itr/traversal.cc compilation failed to produce executable
FAIL: ext/pb_ds/regression/hash_map_rand.cc (test for excess errors)
UNRESOLVED: ext/pb_ds/regression/hash_map_rand.cc compilation failed to produce executable
FAIL: ext/pb_ds/regression/hash_set_rand.cc (test for excess errors)
UNRESOLVED: ext/pb_ds/regression/hash_set_rand.cc compilation failed to produce executable
FAIL: ext/pb_ds/regression/list_update_map_rand.cc (test for excess errors)
UNRESOLVED: ext/pb_ds/regression/list_update_map_rand.cc compilation failed to produce executable
FAIL: ext/pb_ds/regression/list_update_set_rand.cc (test for excess errors)
UNRESOLVED: ext/pb_ds/regression/list_update_set_rand.cc compilation failed to produce executable
FAIL: ext/pb_ds/regression/priority_queue_rand.cc (test for excess errors)
UNRESOLVED: ext/pb_ds/regression/priority_queue_rand.cc compilation failed to produce executable
FAIL: ext/pb_ds/regression/tree_map_rand.cc (test for excess errors)
UNRESOLVED: ext/pb_ds/regression/tree_map_rand.cc compilation failed to produce executable
FAIL: ext/pb_ds/regression/tree_set_rand.cc (test for excess errors)
UNRESOLVED: ext/pb_ds/regression/tree_set_rand.cc compilation failed to produce executable
FAIL: ext/pb_ds/regression/trie_map_rand.cc (test for excess errors)
UNRESOLVED: ext/pb_ds/regression/trie_map_rand.cc compilation failed to produce executable
FAIL: ext/pb_ds/regression/trie_set_rand.cc (test for excess errors)
UNRESOLVED: ext/pb_ds/regression/trie_set_rand.cc compilation failed to produce executable
FAIL: ext/vstring/requirements/exception/basic.cc (test for excess errors)
UNRESOLVED: ext/vstring/requirements/exception/basic.cc compilation failed to produce executable
FAIL: ext/vstring/requirements/exception/generation_prohibited.cc (test for excess errors)
UNRESOLVED: ext/vstring/requirements/exception/generation_prohibited.cc compilation failed to produce executable
FAIL: ext/vstring/requirements/exception/propagation_consistent.cc (test for excess errors)
UNRESOLVED: ext/vstring/requirements/exception/propagation_consistent.cc compilation failed to produce executable
WARNING: program timed out.
WARNING: program timed out.
WARNING: program timed out.
WARNING: program timed out.
WARNING: program timed out.
WARNING: program timed out.
WARNING: program timed out.
WARNING: program timed out.
WARNING: program timed out.
WARNING: program timed out.
WARNING: program timed out.
WARNING: program timed out.
WARNING: program timed out.
WARNING: program timed out.
WARNING: program timed out.
WARNING: program timed out.
WARNING: program timed out.
WARNING: program timed out.
WARNING: program timed out.
WARNING: program timed out.
WARNING: program timed out.
WARNING: program timed out.
WARNING: program timed out.
WARNING: program timed out.
WARNING: program timed out.
WARNING: program timed out.
WARNING: program timed out.
WARNING: program timed out.
WARNING: program timed out.
WARNING: program timed out.
WARNING: program timed out.
WARNING: program timed out.
WARNING: program timed out.
WARNING: program timed out.
WARNING: program timed out.
WARNING: program timed out.
WARNING: program timed out.
WARNING: program timed out.
WARNING: program timed out.
WARNING: program timed out.
WARNING: program timed out.
WARNING: program timed out.
WARNING: program timed out.
WARNING: program timed out.
WARNING: program timed out.
WARNING: program timed out.
WARNING: program timed out.
WARNING: program timed out.
WARNING: program timed out.
=== libstdc++ Summary ===
# of expected passes 9752
# of unexpected failures 49
# of expected failures 65
# of unresolved testcases 40
# of unsupported tests 546
Compiler version: 5.2.1 20151030 (GCC)
Platform: x86_64-unknown-linux-gnu
configure flags: --prefix=/home/toon/compilers/install --with-gnu-as --with-gnu-ld --enable-languages=all --disable-multilib --disable-nls --with-arch=haswell --with-tune=haswell --with-build-config=bootstrap-asan