This is the mail archive of the
gcc-testresults@gcc.gnu.org
mailing list for the GCC project.
Results for 6.0.0 20151012 (experimental) (GCC) (build config: asan; languages: all; trunk revision 228740) testsuite on x86_64-pc-linux-gnu
- From: Toon Moene <toon at moene dot org>
- To: gcc-testresults at gcc dot gnu dot org
- Date: Tue, 13 Oct 2015 09:25:04 +0200
- Subject: Results for 6.0.0 20151012 (experimental) (GCC) (build config: asan; languages: all; trunk revision 228740) testsuite on x86_64-pc-linux-gnu
- Authentication-results: sourceware.org; auth=none
LAST_UPDATED: Mon Oct 12 23:34:12 UTC 2015 (revision 228740)
Native configuration is x86_64-pc-linux-gnu
=== gcc tests ===
Running target unix
FAIL: gcc.c-torture/compile/limits-externdecl.c -O0 (test for excess errors)
FAIL: gcc.c-torture/compile/limits-externdecl.c -O1 (test for excess errors)
FAIL: gcc.c-torture/compile/limits-externdecl.c -O2 (test for excess errors)
WARNING: program timed out.
WARNING: program timed out.
WARNING: program timed out.
FAIL: gcc.dg/debug/dwarf2/stacked-qualified-types-3.c scan-assembler-times DIE \\\\([^\\n]*\\\\) DW_TAG_(?:const|volatile|atomic|restrict)_type 8
FAIL: gcc.dg/ifcvt-2.c scan-rtl-dump ce1 "3 true changes made"
XPASS: gcc.dg/guality/example.c -O0 execution test
XPASS: gcc.dg/guality/example.c -O1 execution test
XPASS: gcc.dg/guality/guality.c -O0 execution test
XPASS: gcc.dg/guality/guality.c -O1 execution test
XPASS: gcc.dg/guality/guality.c -O2 execution test
XPASS: gcc.dg/guality/guality.c -O2 -flto -fno-use-linker-plugin -flto-partition=none execution test
XPASS: gcc.dg/guality/guality.c -O2 -flto -fuse-linker-plugin -fno-fat-lto-objects execution test
XPASS: gcc.dg/guality/guality.c -O3 -g execution test
XPASS: gcc.dg/guality/guality.c -Os execution test
XPASS: gcc.dg/guality/inline-params.c -O2 execution test
XPASS: gcc.dg/guality/inline-params.c -O2 -flto -fno-use-linker-plugin -flto-partition=none execution test
XPASS: gcc.dg/guality/inline-params.c -O3 -g execution test
XPASS: gcc.dg/guality/inline-params.c -Os execution test
XPASS: gcc.dg/guality/pr41353-1.c -O0 line 28 j == 28 + 37
XPASS: gcc.dg/guality/pr41353-1.c -O1 line 28 j == 28 + 37
XPASS: gcc.dg/guality/pr41353-1.c -O2 line 28 j == 28 + 37
XPASS: gcc.dg/guality/pr41353-1.c -O2 -flto -fno-use-linker-plugin -flto-partition=none line 28 j == 28 + 37
XPASS: gcc.dg/guality/pr41353-1.c -O2 -flto -fuse-linker-plugin -fno-fat-lto-objects line 28 j == 28 + 37
XPASS: gcc.dg/guality/pr41353-1.c -O3 -g line 28 j == 28 + 37
XPASS: gcc.dg/guality/pr41353-1.c -Os line 28 j == 28 + 37
FAIL: gcc.dg/guality/pr41616-1.c -O2 -flto -fuse-linker-plugin -fno-fat-lto-objects execution test
FAIL: gcc.dg/guality/pr45882.c -O2 -flto -fuse-linker-plugin -fno-fat-lto-objects line 16 d == 112
FAIL: gcc.dg/guality/pr45882.c -O2 -flto -fuse-linker-plugin -fno-fat-lto-objects line 16 e == 142
FAIL: gcc.dg/guality/pr54200.c -Os line 20 z == 3
FAIL: gcc.dg/guality/pr54519-1.c -O2 -flto -fno-use-linker-plugin -flto-partition=none line 20 y == 25
FAIL: gcc.dg/guality/pr54519-1.c -O2 -flto -fno-use-linker-plugin -flto-partition=none line 20 z == 6
FAIL: gcc.dg/guality/pr54519-1.c -O2 -flto -fno-use-linker-plugin -flto-partition=none line 23 y == 117
FAIL: gcc.dg/guality/pr54519-1.c -O2 -flto -fno-use-linker-plugin -flto-partition=none line 23 z == 8
FAIL: gcc.dg/guality/pr54519-2.c -O2 -flto -fno-use-linker-plugin -flto-partition=none line 17 y == 25
FAIL: gcc.dg/guality/pr54519-2.c -O2 -flto -fuse-linker-plugin -fno-fat-lto-objects line 17 y == 25
FAIL: gcc.dg/guality/pr54519-3.c -O2 -flto -fno-use-linker-plugin -flto-partition=none line 20 y == 25
FAIL: gcc.dg/guality/pr54519-3.c -O2 -flto -fno-use-linker-plugin -flto-partition=none line 20 z == 6
FAIL: gcc.dg/guality/pr54519-3.c -O2 -flto -fno-use-linker-plugin -flto-partition=none line 23 y == 117
FAIL: gcc.dg/guality/pr54519-3.c -O2 -flto -fno-use-linker-plugin -flto-partition=none line 23 z == 8
FAIL: gcc.dg/guality/pr54519-3.c -O2 -flto -fuse-linker-plugin -fno-fat-lto-objects line 20 y == 25
FAIL: gcc.dg/guality/pr54519-3.c -O2 -flto -fuse-linker-plugin -fno-fat-lto-objects line 20 z == 6
FAIL: gcc.dg/guality/pr54519-3.c -O2 -flto -fuse-linker-plugin -fno-fat-lto-objects line 23 y == 117
FAIL: gcc.dg/guality/pr54519-3.c -O2 -flto -fuse-linker-plugin -fno-fat-lto-objects line 23 z == 8
FAIL: gcc.dg/guality/pr54519-4.c -O2 -flto -fno-use-linker-plugin -flto-partition=none line 17 y == 25
FAIL: gcc.dg/guality/pr54519-4.c -O2 -flto -fuse-linker-plugin -fno-fat-lto-objects line 17 y == 25
FAIL: gcc.dg/guality/pr54519-5.c -O2 -flto -fno-use-linker-plugin -flto-partition=none line 17 y == 25
FAIL: gcc.dg/guality/pr54519-5.c -O2 -flto -fuse-linker-plugin -fno-fat-lto-objects line 17 y == 25
FAIL: gcc.dg/guality/vla-1.c -O1 line 17 sizeof (a) == 6
FAIL: gcc.dg/guality/vla-1.c -O2 line 17 sizeof (a) == 6
FAIL: gcc.dg/guality/vla-1.c -O2 -flto -fno-use-linker-plugin -flto-partition=none line 17 sizeof (a) == 6
FAIL: gcc.dg/guality/vla-1.c -O2 -flto -fuse-linker-plugin -fno-fat-lto-objects line 17 sizeof (a) == 6
FAIL: gcc.dg/guality/vla-1.c -O3 -g line 17 sizeof (a) == 6
FAIL: gcc.dg/guality/vla-1.c -Os line 17 sizeof (a) == 6
FAIL: gcc.dg/plugin/finish_unit_plugin.c compilation
FAIL: gcc.dg/plugin/ggcplug.c compilation
FAIL: gcc.dg/plugin/one_time_plugin.c compilation
FAIL: gcc.dg/plugin/selfassign.c compilation
FAIL: gcc.dg/plugin/sreal_plugin.c compilation
FAIL: gcc.dg/plugin/start_unit_plugin.c compilation
FAIL: gcc.dg/plugin/wide-int_plugin.c compilation
FAIL: gcc.dg/vect/no-section-anchors-vect-31.c scan-tree-dump-times vect "Alignment of access forced using peeling" 2
FAIL: gcc.dg/vect/no-section-anchors-vect-31.c scan-tree-dump-times vect "Vectorizing an unaligned access" 0
FAIL: gcc.dg/vect/no-tree-sra-bb-slp-pr50730.c scan-tree-dump-times slp2 "not vectorized: more than one data ref in stmt" 0
FAIL: gcc.dg/vect/slp-perm-9.c -flto -ffat-lto-objects scan-tree-dump-times vect "vectorized 1 loops" 2
FAIL: gcc.dg/vect/slp-perm-9.c scan-tree-dump-times vect "vectorized 1 loops" 2
FAIL: gcc.dg/vect/vect-92.c -flto -ffat-lto-objects scan-tree-dump-times vect "Alignment of access forced using peeling" 3
FAIL: gcc.dg/vect/vect-92.c -flto -ffat-lto-objects scan-tree-dump-times vect "Vectorizing an unaligned access" 0
FAIL: gcc.dg/vect/vect-92.c scan-tree-dump-times vect "Alignment of access forced using peeling" 3
FAIL: gcc.dg/vect/vect-92.c scan-tree-dump-times vect "Vectorizing an unaligned access" 0
FAIL: gcc.dg/vect/vect-93.c -flto -ffat-lto-objects scan-tree-dump-times vect "Vectorizing an unaligned access" 1
FAIL: gcc.dg/vect/vect-93.c scan-tree-dump-times vect "Vectorizing an unaligned access" 1
FAIL: gcc.dg/vect/vect-cselim-2.c -flto -ffat-lto-objects scan-tree-dump-times vect "vectorized 1 loops" 0
FAIL: gcc.dg/vect/vect-cselim-2.c scan-tree-dump-times vect "vectorized 1 loops" 0
FAIL: gcc.target/i386/funcspec-3.c (test for excess errors)
UNRESOLVED: gcc.target/i386/funcspec-3.c scan-assembler call\\t(.*)popcountdi2
UNRESOLVED: gcc.target/i386/funcspec-3.c scan-assembler call\\t(.*)sse42_pop_l
UNRESOLVED: gcc.target/i386/funcspec-3.c scan-assembler call\\t(.*)sse4a_pop_i
UNRESOLVED: gcc.target/i386/funcspec-3.c scan-assembler popcntl
UNRESOLVED: gcc.target/i386/funcspec-3.c scan-assembler popcntq
FAIL: gcc.target/i386/funcspec-6.c (test for errors, line 70)
FAIL: gcc.target/i386/funcspec-6.c (test for excess errors)
=== gcc Summary ===
# of expected passes 110379
# of unexpected failures 56
# of unexpected successes 20
# of expected failures 290
# of unresolved testcases 5
# of unsupported tests 1719
/scratch/toon/build7009/gcc/xgcc version 6.0.0 20151012 (experimental) (GCC)
=== gfortran tests ===
Running target unix
FAIL: gfortran.dg/vect/fast-math-mgrid-resid.f -O scan-tree-dump-times pcom "Executing predictive commoning without unrolling" 1
FAIL: gfortran.dg/vect/fast-math-mgrid-resid.f -O scan-tree-dump-times pcom "Predictive commoning failed: no suitable chains" 0
=== gfortran Summary ===
# of expected passes 40873
# of unexpected failures 2
# of expected failures 72
# of unsupported tests 63
/scratch/toon/build7009/gcc/testsuite/gfortran/../../gfortran version 6.0.0 20151012 (experimental) (GCC)
=== g++ tests ===
Running target unix
FAIL: g++.dg/ext/mv1.C -std=gnu++11 (test for excess errors)
UNRESOLVED: g++.dg/ext/mv1.C -std=gnu++11 compilation failed to produce executable
FAIL: g++.dg/ext/mv1.C -std=gnu++14 (test for excess errors)
UNRESOLVED: g++.dg/ext/mv1.C -std=gnu++14 compilation failed to produce executable
FAIL: g++.dg/ext/mv1.C -std=gnu++98 (test for excess errors)
UNRESOLVED: g++.dg/ext/mv1.C -std=gnu++98 compilation failed to produce executable
FAIL: g++.dg/ext/mv14.C -std=gnu++11 (test for excess errors)
UNRESOLVED: g++.dg/ext/mv14.C -std=gnu++11 compilation failed to produce executable
FAIL: g++.dg/ext/mv14.C -std=gnu++14 (test for excess errors)
UNRESOLVED: g++.dg/ext/mv14.C -std=gnu++14 compilation failed to produce executable
FAIL: g++.dg/ext/mv14.C -std=gnu++98 (test for excess errors)
UNRESOLVED: g++.dg/ext/mv14.C -std=gnu++98 compilation failed to produce executable
FAIL: g++.dg/ext/mv15.C -std=gnu++11 (test for excess errors)
UNRESOLVED: g++.dg/ext/mv15.C -std=gnu++11 compilation failed to produce executable
FAIL: g++.dg/ext/mv15.C -std=gnu++14 (test for excess errors)
UNRESOLVED: g++.dg/ext/mv15.C -std=gnu++14 compilation failed to produce executable
FAIL: g++.dg/ext/mv15.C -std=gnu++98 (test for excess errors)
UNRESOLVED: g++.dg/ext/mv15.C -std=gnu++98 compilation failed to produce executable
FAIL: g++.dg/ext/mv16.C -std=gnu++11 (test for excess errors)
UNRESOLVED: g++.dg/ext/mv16.C -std=gnu++11 compilation failed to produce executable
FAIL: g++.dg/ext/mv16.C -std=gnu++14 (test for excess errors)
UNRESOLVED: g++.dg/ext/mv16.C -std=gnu++14 compilation failed to produce executable
FAIL: g++.dg/ext/mv16.C -std=gnu++98 (test for excess errors)
UNRESOLVED: g++.dg/ext/mv16.C -std=gnu++98 compilation failed to produce executable
FAIL: g++.dg/ext/mv17.C -std=gnu++11 (test for excess errors)
UNRESOLVED: g++.dg/ext/mv17.C -std=gnu++11 compilation failed to produce executable
FAIL: g++.dg/ext/mv17.C -std=gnu++14 (test for excess errors)
UNRESOLVED: g++.dg/ext/mv17.C -std=gnu++14 compilation failed to produce executable
FAIL: g++.dg/ext/mv17.C -std=gnu++98 (test for excess errors)
UNRESOLVED: g++.dg/ext/mv17.C -std=gnu++98 compilation failed to produce executable
FAIL: g++.dg/ext/mv18.C -std=gnu++11 (test for excess errors)
UNRESOLVED: g++.dg/ext/mv18.C -std=gnu++11 compilation failed to produce executable
FAIL: g++.dg/ext/mv18.C -std=gnu++14 (test for excess errors)
UNRESOLVED: g++.dg/ext/mv18.C -std=gnu++14 compilation failed to produce executable
FAIL: g++.dg/ext/mv18.C -std=gnu++98 (test for excess errors)
UNRESOLVED: g++.dg/ext/mv18.C -std=gnu++98 compilation failed to produce executable
FAIL: g++.dg/ext/mv19.C -std=gnu++11 (test for excess errors)
UNRESOLVED: g++.dg/ext/mv19.C -std=gnu++11 compilation failed to produce executable
FAIL: g++.dg/ext/mv19.C -std=gnu++14 (test for excess errors)
UNRESOLVED: g++.dg/ext/mv19.C -std=gnu++14 compilation failed to produce executable
FAIL: g++.dg/ext/mv19.C -std=gnu++98 (test for excess errors)
UNRESOLVED: g++.dg/ext/mv19.C -std=gnu++98 compilation failed to produce executable
FAIL: g++.dg/ext/mv20.C -std=gnu++11 (test for excess errors)
UNRESOLVED: g++.dg/ext/mv20.C -std=gnu++11 compilation failed to produce executable
FAIL: g++.dg/ext/mv20.C -std=gnu++14 (test for excess errors)
UNRESOLVED: g++.dg/ext/mv20.C -std=gnu++14 compilation failed to produce executable
FAIL: g++.dg/ext/mv20.C -std=gnu++98 (test for excess errors)
UNRESOLVED: g++.dg/ext/mv20.C -std=gnu++98 compilation failed to produce executable
FAIL: g++.dg/ext/mv21.C -std=gnu++11 (test for excess errors)
UNRESOLVED: g++.dg/ext/mv21.C -std=gnu++11 compilation failed to produce executable
FAIL: g++.dg/ext/mv21.C -std=gnu++14 (test for excess errors)
UNRESOLVED: g++.dg/ext/mv21.C -std=gnu++14 compilation failed to produce executable
FAIL: g++.dg/ext/mv21.C -std=gnu++98 (test for excess errors)
UNRESOLVED: g++.dg/ext/mv21.C -std=gnu++98 compilation failed to produce executable
FAIL: g++.dg/ext/mv22.C -std=gnu++11 (test for excess errors)
UNRESOLVED: g++.dg/ext/mv22.C -std=gnu++11 compilation failed to produce executable
FAIL: g++.dg/ext/mv22.C -std=gnu++14 (test for excess errors)
UNRESOLVED: g++.dg/ext/mv22.C -std=gnu++14 compilation failed to produce executable
FAIL: g++.dg/ext/mv22.C -std=gnu++98 (test for excess errors)
UNRESOLVED: g++.dg/ext/mv22.C -std=gnu++98 compilation failed to produce executable
FAIL: g++.dg/ext/mv23.C -std=gnu++11 (test for excess errors)
UNRESOLVED: g++.dg/ext/mv23.C -std=gnu++11 compilation failed to produce executable
FAIL: g++.dg/ext/mv23.C -std=gnu++14 (test for excess errors)
UNRESOLVED: g++.dg/ext/mv23.C -std=gnu++14 compilation failed to produce executable
FAIL: g++.dg/ext/mv23.C -std=gnu++98 (test for excess errors)
UNRESOLVED: g++.dg/ext/mv23.C -std=gnu++98 compilation failed to produce executable
FAIL: g++.dg/ext/mv6.C -std=gnu++11 (test for excess errors)
UNRESOLVED: g++.dg/ext/mv6.C -std=gnu++11 compilation failed to produce executable
FAIL: g++.dg/ext/mv6.C -std=gnu++14 (test for excess errors)
UNRESOLVED: g++.dg/ext/mv6.C -std=gnu++14 compilation failed to produce executable
FAIL: g++.dg/ext/mv6.C -std=gnu++98 (test for excess errors)
UNRESOLVED: g++.dg/ext/mv6.C -std=gnu++98 compilation failed to produce executable
FAIL: g++.dg/ext/pr57548.C -std=c++11 (test for excess errors)
FAIL: g++.dg/ext/pr57548.C -std=c++14 (test for excess errors)
FAIL: g++.dg/ext/pr57548.C -std=c++98 (test for excess errors)
FAIL: g++.dg/guality/pr55665.C -O2 line 23 p == 40
FAIL: g++.dg/guality/pr55665.C -O3 -g line 23 p == 40
FAIL: g++.dg/plugin/attribute_plugin.c compilation
FAIL: g++.dg/plugin/decl_plugin.c compilation
FAIL: g++.dg/plugin/def_plugin.c compilation
FAIL: g++.dg/plugin/dumb_plugin.c compilation
FAIL: g++.dg/plugin/header_plugin.c compilation
FAIL: g++.dg/plugin/pragma_plugin.c compilation
FAIL: g++.dg/plugin/selfassign.c compilation
XPASS: g++.dg/tls/thread_local-order2.C -std=c++11 execution test
XPASS: g++.dg/tls/thread_local-order2.C -std=c++14 execution test
FAIL: g++.dg/vect/slp-pr56812.cc -std=c++11 scan-tree-dump-times slp1 "basic block vectorized" 1
FAIL: g++.dg/vect/slp-pr56812.cc -std=c++14 scan-tree-dump-times slp1 "basic block vectorized" 1
FAIL: g++.dg/vect/slp-pr56812.cc -std=c++98 scan-tree-dump-times slp1 "basic block vectorized" 1
=== g++ Summary ===
# of expected passes 95260
# of unexpected failures 51
# of unexpected successes 2
# of expected failures 329
# of unresolved testcases 36
# of unsupported tests 3485
/scratch/toon/build7009/gcc/testsuite/g++/../../xg++ version 6.0.0 20151012 (experimental) (GCC)
=== objc tests ===
Running target unix
=== objc Summary ===
# of expected passes 2766
# of expected failures 6
# of unsupported tests 68
/scratch/toon/build7009/gcc/xgcc version 6.0.0 20151012 (experimental) (GCC)
=== boehm-gc tests ===
Running target unix
=== boehm-gc Summary ===
# of expected passes 12
# of unsupported tests 1
=== libatomic tests ===
Running target unix
=== libatomic Summary ===
# of expected passes 54
=== libffi tests ===
Running target unix
=== libffi Summary ===
# of expected passes 1914
# of unsupported tests 30
=== libgomp tests ===
Running target unix
=== libgomp Summary ===
# of expected passes 4176
# of expected failures 4
# of unsupported tests 196
=== libitm tests ===
Running target unix
=== libitm Summary ===
# of expected passes 32
# of expected failures 3
# of unsupported tests 1
=== libjava tests ===
Running target unix
=== libjava Summary ===
# of expected passes 2582
# of expected failures 4
=== libstdc++ tests ===
Running target unix
FAIL: 20_util/scoped_allocator/2.cc (test for excess errors)
UNRESOLVED: 20_util/scoped_allocator/2.cc compilation failed to produce executable
FAIL: 23_containers/unordered_map/requirements/exception/basic.cc (test for excess errors)
UNRESOLVED: 23_containers/unordered_map/requirements/exception/basic.cc compilation failed to produce executable
FAIL: 23_containers/unordered_map/requirements/exception/generation_prohibited.cc (test for excess errors)
UNRESOLVED: 23_containers/unordered_map/requirements/exception/generation_prohibited.cc compilation failed to produce executable
FAIL: 23_containers/unordered_multimap/requirements/citerators.cc (test for excess errors)
UNRESOLVED: 23_containers/unordered_multimap/requirements/citerators.cc compilation failed to produce executable
WARNING: program timed out.
WARNING: program timed out.
WARNING: program timed out.
WARNING: program timed out.
=== libstdc++ Summary ===
# of expected passes 10118
# of unexpected failures 4
# of expected failures 66
# of unresolved testcases 4
# of unsupported tests 548
Compiler version: 6.0.0 20151012 (experimental) (GCC)
Platform: x86_64-pc-linux-gnu
configure flags: --prefix=/home/toon/compilers/install --with-gnu-as --with-gnu-ld --enable-languages=all --disable-multilib --disable-nls --with-arch=haswell --with-tune=haswell --with-build-config=bootstrap-asan