This is the mail archive of the
gcc-testresults@gcc.gnu.org
mailing list for the GCC project.
Results for 6.0.0 20151006 (experimental) [trunk revision 228510] (GCC) testsuite on powerpc64-suse-linux-gnu
- From: Andreas Schwab <schwab at linux-m68k dot org>
- To: gcc-testresults at gcc dot gnu dot org
- Date: Wed, 07 Oct 2015 08:06:25 +0200
- Subject: Results for 6.0.0 20151006 (experimental) [trunk revision 228510] (GCC) testsuite on powerpc64-suse-linux-gnu
- Authentication-results: sourceware.org; auth=none
LAST_UPDATED: Tue Oct 6 06:25:57 UTC 2015 (revision 228510)
=== acats tests ===
=== acats Summary ===
# of expected passes 2320
# of unexpected failures 0
Native configuration is powerpc64-suse-linux-gnu
=== g++ tests ===
Running target unix/-m32
FAIL: c-c++-common/asan/heap-overflow-1.c -O1 output pattern test, is =================================================================
FAIL: c-c++-common/asan/heap-overflow-1.c -O2 output pattern test, is =================================================================
FAIL: c-c++-common/asan/heap-overflow-1.c -O2 -flto -fno-use-linker-plugin -flto-partition=none output pattern test, is =================================================================
FAIL: c-c++-common/asan/heap-overflow-1.c -O2 -flto -fuse-linker-plugin -fno-fat-lto-objects output pattern test, is =================================================================
FAIL: c-c++-common/asan/heap-overflow-1.c -O3 -g output pattern test, is =================================================================
FAIL: c-c++-common/asan/heap-overflow-1.c -Os output pattern test, is =================================================================
FAIL: c-c++-common/asan/null-deref-1.c -O2 output pattern test, is ASAN:SIGSEGV
FAIL: c-c++-common/asan/null-deref-1.c -O2 -flto -fno-use-linker-plugin -flto-partition=none output pattern test, is ASAN:SIGSEGV
FAIL: c-c++-common/asan/null-deref-1.c -O2 -flto -fuse-linker-plugin -fno-fat-lto-objects output pattern test, is ASAN:SIGSEGV
FAIL: c-c++-common/asan/null-deref-1.c -O3 -g output pattern test, is ASAN:SIGSEGV
FAIL: c-c++-common/asan/sanity-check-pure-c-1.c -O1 output pattern test, is =================================================================
FAIL: c-c++-common/asan/sanity-check-pure-c-1.c -O2 output pattern test, is =================================================================
FAIL: c-c++-common/asan/sanity-check-pure-c-1.c -O2 -flto -fno-use-linker-plugin -flto-partition=none output pattern test, is =================================================================
FAIL: c-c++-common/asan/sanity-check-pure-c-1.c -O2 -flto -fuse-linker-plugin -fno-fat-lto-objects output pattern test, is =================================================================
FAIL: c-c++-common/asan/sanity-check-pure-c-1.c -O3 -g output pattern test, is =================================================================
FAIL: c-c++-common/asan/sanity-check-pure-c-1.c -Os output pattern test, is =================================================================
FAIL: c-c++-common/asan/strncpy-overflow-1.c -O1 output pattern test, is =================================================================
FAIL: c-c++-common/asan/strncpy-overflow-1.c -O2 output pattern test, is =================================================================
FAIL: c-c++-common/asan/strncpy-overflow-1.c -O2 -flto -fno-use-linker-plugin -flto-partition=none output pattern test, is =================================================================
FAIL: c-c++-common/asan/strncpy-overflow-1.c -O2 -flto -fuse-linker-plugin -fno-fat-lto-objects output pattern test, is =================================================================
FAIL: c-c++-common/asan/strncpy-overflow-1.c -O3 -g output pattern test, is =================================================================
FAIL: c-c++-common/asan/strncpy-overflow-1.c -Os output pattern test, is =================================================================
FAIL: c-c++-common/asan/use-after-free-1.c -O1 output pattern test, is =================================================================
FAIL: c-c++-common/asan/use-after-free-1.c -O2 output pattern test, is =================================================================
FAIL: c-c++-common/asan/use-after-free-1.c -O2 -flto -fno-use-linker-plugin -flto-partition=none output pattern test, is =================================================================
FAIL: c-c++-common/asan/use-after-free-1.c -O2 -flto -fuse-linker-plugin -fno-fat-lto-objects output pattern test, is =================================================================
FAIL: c-c++-common/asan/use-after-free-1.c -O3 -g output pattern test, is =================================================================
FAIL: c-c++-common/asan/use-after-free-1.c -Os output pattern test, is =================================================================
FAIL: g++.dg/asan/deep-stack-uaf-1.C -O0 output pattern test, is =================================================================
FAIL: g++.dg/asan/deep-stack-uaf-1.C -O1 output pattern test, is =================================================================
FAIL: g++.dg/asan/deep-stack-uaf-1.C -O2 output pattern test, is =================================================================
FAIL: g++.dg/asan/deep-stack-uaf-1.C -O3 -g output pattern test, is =================================================================
FAIL: g++.dg/asan/deep-stack-uaf-1.C -Os output pattern test, is =================================================================
FAIL: g++.dg/abi/scoped1.C -std=gnu++11 execution test
FAIL: g++.dg/abi/scoped1.C -std=gnu++14 execution test
FAIL: g++.dg/cpp0x/nsdmi-template14.C -std=c++11 (test for errors, line 4)
FAIL: g++.dg/cpp0x/nsdmi-template14.C -std=c++11 (test for errors, line 6)
FAIL: g++.dg/cpp0x/nsdmi-template14.C -std=c++14 (test for errors, line 4)
FAIL: g++.dg/cpp0x/nsdmi-template14.C -std=c++14 (test for errors, line 6)
FAIL: g++.dg/tree-ssa/pr61034.C -std=gnu++11 scan-tree-dump-times fre2 "free" 10
FAIL: g++.dg/tree-ssa/pr61034.C -std=gnu++14 scan-tree-dump-times fre2 "free" 10
FAIL: g++.dg/tree-ssa/pr61034.C -std=gnu++98 scan-tree-dump-times fre2 "free" 10
XPASS: g++.dg/tls/thread_local-order2.C -std=c++11 execution test
XPASS: g++.dg/tls/thread_local-order2.C -std=c++14 execution test
FAIL: g++.dg/vect/pr36648.cc -std=c++11 scan-tree-dump-times vect "vectorized 1 loops" 1
FAIL: g++.dg/vect/pr36648.cc -std=c++11 scan-tree-dump-times vect "vectorizing stmts using SLP" 1
FAIL: g++.dg/vect/pr36648.cc -std=c++14 scan-tree-dump-times vect "vectorized 1 loops" 1
FAIL: g++.dg/vect/pr36648.cc -std=c++14 scan-tree-dump-times vect "vectorizing stmts using SLP" 1
FAIL: g++.dg/vect/pr36648.cc -std=c++98 scan-tree-dump-times vect "vectorized 1 loops" 1
FAIL: g++.dg/vect/pr36648.cc -std=c++98 scan-tree-dump-times vect "vectorizing stmts using SLP" 1
=== g++ Summary for unix/-m32 ===
# of expected passes 89026
# of unexpected failures 48
# of unexpected successes 2
# of expected failures 329
# of unsupported tests 3790
Running target unix/-m64
FAIL: c-c++-common/asan/asan-interface-1.c -O0 execution test
FAIL: c-c++-common/asan/asan-interface-1.c -O1 execution test
FAIL: c-c++-common/asan/asan-interface-1.c -O2 execution test
FAIL: c-c++-common/asan/asan-interface-1.c -O2 -flto -fno-use-linker-plugin -flto-partition=none execution test
FAIL: c-c++-common/asan/asan-interface-1.c -O2 -flto -fuse-linker-plugin -fno-fat-lto-objects execution test
FAIL: c-c++-common/asan/asan-interface-1.c -O3 -g execution test
FAIL: c-c++-common/asan/asan-interface-1.c -Os execution test
FAIL: c-c++-common/asan/bitfield-1.c -O0 output pattern test, is ==10204==ERROR: AddressSanitizer failed to allocate 0x4000001000 (274877911040) bytes at address 1fffffff000 (errno: 12)
FAIL: c-c++-common/asan/bitfield-1.c -O1 output pattern test, is ==10252==ERROR: AddressSanitizer failed to allocate 0x4000001000 (274877911040) bytes at address 1fffffff000 (errno: 12)
FAIL: c-c++-common/asan/bitfield-1.c -O2 output pattern test, is ==10300==ERROR: AddressSanitizer failed to allocate 0x4000001000 (274877911040) bytes at address 1fffffff000 (errno: 12)
FAIL: c-c++-common/asan/bitfield-1.c -O2 -flto -fno-use-linker-plugin -flto-partition=none output pattern test, is ==10481==ERROR: AddressSanitizer failed to allocate 0x4000001000 (274877911040) bytes at address 1fffffff000 (errno: 12)
FAIL: c-c++-common/asan/bitfield-1.c -O2 -flto -fuse-linker-plugin -fno-fat-lto-objects output pattern test, is ==10540==ERROR: AddressSanitizer failed to allocate 0x4000001000 (274877911040) bytes at address 1fffffff000 (errno: 12)
FAIL: c-c++-common/asan/bitfield-1.c -O3 -g output pattern test, is ==10343==ERROR: AddressSanitizer failed to allocate 0x4000001000 (274877911040) bytes at address 1fffffff000 (errno: 12)
FAIL: c-c++-common/asan/bitfield-1.c -Os output pattern test, is ==10390==ERROR: AddressSanitizer failed to allocate 0x4000001000 (274877911040) bytes at address 1fffffff000 (errno: 12)
FAIL: c-c++-common/asan/bitfield-2.c -O0 output pattern test, is ==10584==ERROR: AddressSanitizer failed to allocate 0x4000001000 (274877911040) bytes at address 1fffffff000 (errno: 12)
FAIL: c-c++-common/asan/bitfield-2.c -O1 output pattern test, is ==10629==ERROR: AddressSanitizer failed to allocate 0x4000001000 (274877911040) bytes at address 1fffffff000 (errno: 12)
FAIL: c-c++-common/asan/bitfield-2.c -O2 output pattern test, is ==10675==ERROR: AddressSanitizer failed to allocate 0x4000001000 (274877911040) bytes at address 1fffffff000 (errno: 12)
FAIL: c-c++-common/asan/bitfield-2.c -O2 -flto -fno-use-linker-plugin -flto-partition=none output pattern test, is ==10868==ERROR: AddressSanitizer failed to allocate 0x4000001000 (274877911040) bytes at address 1fffffff000 (errno: 12)
FAIL: c-c++-common/asan/bitfield-2.c -O2 -flto -fuse-linker-plugin -fno-fat-lto-objects output pattern test, is ==10930==ERROR: AddressSanitizer failed to allocate 0x4000001000 (274877911040) bytes at address 1fffffff000 (errno: 12)
FAIL: c-c++-common/asan/bitfield-2.c -O3 -g output pattern test, is ==10723==ERROR: AddressSanitizer failed to allocate 0x4000001000 (274877911040) bytes at address 1fffffff000 (errno: 12)
FAIL: c-c++-common/asan/bitfield-2.c -Os output pattern test, is ==10771==ERROR: AddressSanitizer failed to allocate 0x4000001000 (274877911040) bytes at address 1fffffff000 (errno: 12)
FAIL: c-c++-common/asan/bitfield-3.c -O0 output pattern test, is ==10970==ERROR: AddressSanitizer failed to allocate 0x4000001000 (274877911040) bytes at address 1fffffff000 (errno: 12)
FAIL: c-c++-common/asan/bitfield-3.c -O1 output pattern test, is ==11011==ERROR: AddressSanitizer failed to allocate 0x4000001000 (274877911040) bytes at address 1fffffff000 (errno: 12)
FAIL: c-c++-common/asan/bitfield-3.c -O2 output pattern test, is ==11050==ERROR: AddressSanitizer failed to allocate 0x4000001000 (274877911040) bytes at address 1fffffff000 (errno: 12)
FAIL: c-c++-common/asan/bitfield-3.c -O2 -flto -fno-use-linker-plugin -flto-partition=none output pattern test, is ==11243==ERROR: AddressSanitizer failed to allocate 0x4000001000 (274877911040) bytes at address 1fffffff000 (errno: 12)
FAIL: c-c++-common/asan/bitfield-3.c -O2 -flto -fuse-linker-plugin -fno-fat-lto-objects output pattern test, is ==11304==ERROR: AddressSanitizer failed to allocate 0x4000001000 (274877911040) bytes at address 1fffffff000 (errno: 12)
FAIL: c-c++-common/asan/bitfield-3.c -O3 -g output pattern test, is ==11094==ERROR: AddressSanitizer failed to allocate 0x4000001000 (274877911040) bytes at address 1fffffff000 (errno: 12)
FAIL: c-c++-common/asan/bitfield-3.c -Os output pattern test, is ==11142==ERROR: AddressSanitizer failed to allocate 0x4000001000 (274877911040) bytes at address 1fffffff000 (errno: 12)
FAIL: c-c++-common/asan/bitfield-4.c -O0 output pattern test, is ==11350==ERROR: AddressSanitizer failed to allocate 0x4000001000 (274877911040) bytes at address 1fffffff000 (errno: 12)
FAIL: c-c++-common/asan/bitfield-4.c -O1 output pattern test, is ==11394==ERROR: AddressSanitizer failed to allocate 0x4000001000 (274877911040) bytes at address 1fffffff000 (errno: 12)
FAIL: c-c++-common/asan/bitfield-4.c -O2 output pattern test, is ==11426==ERROR: AddressSanitizer failed to allocate 0x4000001000 (274877911040) bytes at address 1fffffff000 (errno: 12)
FAIL: c-c++-common/asan/bitfield-4.c -O2 -flto -fno-use-linker-plugin -flto-partition=none output pattern test, is ==11554==ERROR: AddressSanitizer failed to allocate 0x4000001000 (274877911040) bytes at address 1fffffff000 (errno: 12)
FAIL: c-c++-common/asan/bitfield-4.c -O2 -flto -fuse-linker-plugin -fno-fat-lto-objects output pattern test, is ==11610==ERROR: AddressSanitizer failed to allocate 0x4000001000 (274877911040) bytes at address 1fffffff000 (errno: 12)
FAIL: c-c++-common/asan/bitfield-4.c -O3 -g output pattern test, is ==11458==ERROR: AddressSanitizer failed to allocate 0x4000001000 (274877911040) bytes at address 1fffffff000 (errno: 12)
FAIL: c-c++-common/asan/bitfield-4.c -Os output pattern test, is ==11485==ERROR: AddressSanitizer failed to allocate 0x4000001000 (274877911040) bytes at address 1fffffff000 (errno: 12)
FAIL: c-c++-common/asan/bitfield-5.c -O0 output pattern test, is ==11647==ERROR: AddressSanitizer failed to allocate 0x4000001000 (274877911040) bytes at address 1fffffff000 (errno: 12)
FAIL: c-c++-common/asan/bitfield-5.c -O1 output pattern test, is ==11690==ERROR: AddressSanitizer failed to allocate 0x4000001000 (274877911040) bytes at address 1fffffff000 (errno: 12)
FAIL: c-c++-common/asan/bitfield-5.c -O2 output pattern test, is ==11729==ERROR: AddressSanitizer failed to allocate 0x4000001000 (274877911040) bytes at address 1fffffff000 (errno: 12)
FAIL: c-c++-common/asan/bitfield-5.c -O2 -flto -fno-use-linker-plugin -flto-partition=none output pattern test, is ==11871==ERROR: AddressSanitizer failed to allocate 0x4000001000 (274877911040) bytes at address 1fffffff000 (errno: 12)
FAIL: c-c++-common/asan/bitfield-5.c -O2 -flto -fuse-linker-plugin -fno-fat-lto-objects output pattern test, is ==11910==ERROR: AddressSanitizer failed to allocate 0x4000001000 (274877911040) bytes at address 1fffffff000 (errno: 12)
FAIL: c-c++-common/asan/bitfield-5.c -O3 -g output pattern test, is ==11770==ERROR: AddressSanitizer failed to allocate 0x4000001000 (274877911040) bytes at address 1fffffff000 (errno: 12)
FAIL: c-c++-common/asan/bitfield-5.c -Os output pattern test, is ==11802==ERROR: AddressSanitizer failed to allocate 0x4000001000 (274877911040) bytes at address 1fffffff000 (errno: 12)
FAIL: c-c++-common/asan/clone-test-1.c -O0 execution test
FAIL: c-c++-common/asan/clone-test-1.c -O1 execution test
FAIL: c-c++-common/asan/clone-test-1.c -O2 execution test
FAIL: c-c++-common/asan/clone-test-1.c -O2 -flto -fno-use-linker-plugin -flto-partition=none execution test
FAIL: c-c++-common/asan/clone-test-1.c -O2 -flto -fuse-linker-plugin -fno-fat-lto-objects execution test
FAIL: c-c++-common/asan/clone-test-1.c -O3 -fomit-frame-pointer -funroll-loops -fpeel-loops -ftracer -finline-functions execution test
FAIL: c-c++-common/asan/clone-test-1.c -O3 -g execution test
FAIL: c-c++-common/asan/clone-test-1.c -Os execution test
FAIL: c-c++-common/asan/global-overflow-1.c -O0 output pattern test, is ==12494==ERROR: AddressSanitizer failed to allocate 0x4000001000 (274877911040) bytes at address 1fffffff000 (errno: 12)
FAIL: c-c++-common/asan/global-overflow-1.c -O1 output pattern test, is ==12528==ERROR: AddressSanitizer failed to allocate 0x4000001000 (274877911040) bytes at address 1fffffff000 (errno: 12)
FAIL: c-c++-common/asan/global-overflow-1.c -O2 output pattern test, is ==12553==ERROR: AddressSanitizer failed to allocate 0x4000001000 (274877911040) bytes at address 1fffffff000 (errno: 12)
FAIL: c-c++-common/asan/global-overflow-1.c -O2 -flto -fno-use-linker-plugin -flto-partition=none output pattern test, is ==12666==ERROR: AddressSanitizer failed to allocate 0x4000001000 (274877911040) bytes at address 1fffffff000 (errno: 12)
FAIL: c-c++-common/asan/global-overflow-1.c -O2 -flto -fuse-linker-plugin -fno-fat-lto-objects output pattern test, is ==12695==ERROR: AddressSanitizer failed to allocate 0x4000001000 (274877911040) bytes at address 1fffffff000 (errno: 12)
FAIL: c-c++-common/asan/global-overflow-1.c -O3 -g output pattern test, is ==12578==ERROR: AddressSanitizer failed to allocate 0x4000001000 (274877911040) bytes at address 1fffffff000 (errno: 12)
FAIL: c-c++-common/asan/global-overflow-1.c -Os output pattern test, is ==12611==ERROR: AddressSanitizer failed to allocate 0x4000001000 (274877911040) bytes at address 1fffffff000 (errno: 12)
FAIL: c-c++-common/asan/heap-overflow-1.c -O0 output pattern test, is ==12744==ERROR: AddressSanitizer failed to allocate 0x4000001000 (274877911040) bytes at address 1fffffff000 (errno: 12)
FAIL: c-c++-common/asan/heap-overflow-1.c -O1 output pattern test, is ==12776==ERROR: AddressSanitizer failed to allocate 0x4000001000 (274877911040) bytes at address 1fffffff000 (errno: 12)
FAIL: c-c++-common/asan/heap-overflow-1.c -O2 output pattern test, is ==12808==ERROR: AddressSanitizer failed to allocate 0x4000001000 (274877911040) bytes at address 1fffffff000 (errno: 12)
FAIL: c-c++-common/asan/heap-overflow-1.c -O2 -flto -fno-use-linker-plugin -flto-partition=none output pattern test, is ==12948==ERROR: AddressSanitizer failed to allocate 0x4000001000 (274877911040) bytes at address 1fffffff000 (errno: 12)
FAIL: c-c++-common/asan/heap-overflow-1.c -O2 -flto -fuse-linker-plugin -fno-fat-lto-objects output pattern test, is ==13006==ERROR: AddressSanitizer failed to allocate 0x4000001000 (274877911040) bytes at address 1fffffff000 (errno: 12)
FAIL: c-c++-common/asan/heap-overflow-1.c -O3 -g output pattern test, is ==12840==ERROR: AddressSanitizer failed to allocate 0x4000001000 (274877911040) bytes at address 1fffffff000 (errno: 12)
FAIL: c-c++-common/asan/heap-overflow-1.c -Os output pattern test, is ==12872==ERROR: AddressSanitizer failed to allocate 0x4000001000 (274877911040) bytes at address 1fffffff000 (errno: 12)
FAIL: c-c++-common/asan/memcmp-1.c -O0 output pattern test, is ==13579==ERROR: AddressSanitizer failed to allocate 0x4000001000 (274877911040) bytes at address 1fffffff000 (errno: 12)
FAIL: c-c++-common/asan/memcmp-1.c -O1 output pattern test, is ==13622==ERROR: AddressSanitizer failed to allocate 0x4000001000 (274877911040) bytes at address 1fffffff000 (errno: 12)
FAIL: c-c++-common/asan/memcmp-1.c -O2 output pattern test, is ==13670==ERROR: AddressSanitizer failed to allocate 0x4000001000 (274877911040) bytes at address 1fffffff000 (errno: 12)
FAIL: c-c++-common/asan/memcmp-1.c -O2 -flto -fno-use-linker-plugin -flto-partition=none output pattern test, is ==13855==ERROR: AddressSanitizer failed to allocate 0x4000001000 (274877911040) bytes at address 1fffffff000 (errno: 12)
FAIL: c-c++-common/asan/memcmp-1.c -O2 -flto -fuse-linker-plugin -fno-fat-lto-objects output pattern test, is ==13911==ERROR: AddressSanitizer failed to allocate 0x4000001000 (274877911040) bytes at address 1fffffff000 (errno: 12)
FAIL: c-c++-common/asan/memcmp-1.c -O3 -g output pattern test, is ==13713==ERROR: AddressSanitizer failed to allocate 0x4000001000 (274877911040) bytes at address 1fffffff000 (errno: 12)
FAIL: c-c++-common/asan/memcmp-1.c -Os output pattern test, is ==13759==ERROR: AddressSanitizer failed to allocate 0x4000001000 (274877911040) bytes at address 1fffffff000 (errno: 12)
FAIL: c-c++-common/asan/misalign-1.c -O0 output pattern test, is ==14022==ERROR: AddressSanitizer failed to allocate 0x4000001000 (274877911040) bytes at address 1fffffff000 (errno: 12)
FAIL: c-c++-common/asan/misalign-1.c -O1 output pattern test, is ==14054==ERROR: AddressSanitizer failed to allocate 0x4000001000 (274877911040) bytes at address 1fffffff000 (errno: 12)
FAIL: c-c++-common/asan/misalign-1.c -O2 output pattern test, is ==14080==ERROR: AddressSanitizer failed to allocate 0x4000001000 (274877911040) bytes at address 1fffffff000 (errno: 12)
FAIL: c-c++-common/asan/misalign-1.c -O2 -flto -fno-use-linker-plugin -flto-partition=none output pattern test, is ==14265==ERROR: AddressSanitizer failed to allocate 0x4000001000 (274877911040) bytes at address 1fffffff000 (errno: 12)
FAIL: c-c++-common/asan/misalign-1.c -O2 -flto -fuse-linker-plugin -fno-fat-lto-objects output pattern test, is ==14335==ERROR: AddressSanitizer failed to allocate 0x4000001000 (274877911040) bytes at address 1fffffff000 (errno: 12)
FAIL: c-c++-common/asan/misalign-1.c -O3 -g output pattern test, is ==14108==ERROR: AddressSanitizer failed to allocate 0x4000001000 (274877911040) bytes at address 1fffffff000 (errno: 12)
FAIL: c-c++-common/asan/misalign-1.c -Os output pattern test, is ==14165==ERROR: AddressSanitizer failed to allocate 0x4000001000 (274877911040) bytes at address 1fffffff000 (errno: 12)
FAIL: c-c++-common/asan/misalign-2.c -O0 output pattern test, is ==14378==ERROR: AddressSanitizer failed to allocate 0x4000001000 (274877911040) bytes at address 1fffffff000 (errno: 12)
FAIL: c-c++-common/asan/misalign-2.c -O1 output pattern test, is ==14439==ERROR: AddressSanitizer failed to allocate 0x4000001000 (274877911040) bytes at address 1fffffff000 (errno: 12)
FAIL: c-c++-common/asan/misalign-2.c -O2 output pattern test, is ==14485==ERROR: AddressSanitizer failed to allocate 0x4000001000 (274877911040) bytes at address 1fffffff000 (errno: 12)
FAIL: c-c++-common/asan/misalign-2.c -O2 -flto -fno-use-linker-plugin -flto-partition=none output pattern test, is ==14661==ERROR: AddressSanitizer failed to allocate 0x4000001000 (274877911040) bytes at address 1fffffff000 (errno: 12)
FAIL: c-c++-common/asan/misalign-2.c -O2 -flto -fuse-linker-plugin -fno-fat-lto-objects output pattern test, is ==14705==ERROR: AddressSanitizer failed to allocate 0x4000001000 (274877911040) bytes at address 1fffffff000 (errno: 12)
FAIL: c-c++-common/asan/misalign-2.c -O3 -g output pattern test, is ==14533==ERROR: AddressSanitizer failed to allocate 0x4000001000 (274877911040) bytes at address 1fffffff000 (errno: 12)
FAIL: c-c++-common/asan/misalign-2.c -Os output pattern test, is ==14576==ERROR: AddressSanitizer failed to allocate 0x4000001000 (274877911040) bytes at address 1fffffff000 (errno: 12)
FAIL: c-c++-common/asan/null-deref-1.c -O0 output pattern test, is ==15714==ERROR: AddressSanitizer failed to allocate 0x4000001000 (274877911040) bytes at address 1fffffff000 (errno: 12)
FAIL: c-c++-common/asan/null-deref-1.c -O1 output pattern test, is ==15762==ERROR: AddressSanitizer failed to allocate 0x4000001000 (274877911040) bytes at address 1fffffff000 (errno: 12)
FAIL: c-c++-common/asan/null-deref-1.c -O2 output pattern test, is ==15799==ERROR: AddressSanitizer failed to allocate 0x4000001000 (274877911040) bytes at address 1fffffff000 (errno: 12)
FAIL: c-c++-common/asan/null-deref-1.c -O2 -flto -fno-use-linker-plugin -flto-partition=none output pattern test, is ==15983==ERROR: AddressSanitizer failed to allocate 0x4000001000 (274877911040) bytes at address 1fffffff000 (errno: 12)
FAIL: c-c++-common/asan/null-deref-1.c -O2 -flto -fuse-linker-plugin -fno-fat-lto-objects output pattern test, is ==16037==ERROR: AddressSanitizer failed to allocate 0x4000001000 (274877911040) bytes at address 1fffffff000 (errno: 12)
FAIL: c-c++-common/asan/null-deref-1.c -O3 -g output pattern test, is ==15837==ERROR: AddressSanitizer failed to allocate 0x4000001000 (274877911040) bytes at address 1fffffff000 (errno: 12)
FAIL: c-c++-common/asan/null-deref-1.c -Os output pattern test, is ==15888==ERROR: AddressSanitizer failed to allocate 0x4000001000 (274877911040) bytes at address 1fffffff000 (errno: 12)
FAIL: c-c++-common/asan/pr59063-1.c -O0 execution test
FAIL: c-c++-common/asan/pr59063-1.c -O1 execution test
FAIL: c-c++-common/asan/pr59063-1.c -O2 execution test
FAIL: c-c++-common/asan/pr59063-1.c -O2 -flto -fno-use-linker-plugin -flto-partition=none execution test
FAIL: c-c++-common/asan/pr59063-1.c -O2 -flto -fuse-linker-plugin -fno-fat-lto-objects execution test
FAIL: c-c++-common/asan/pr59063-1.c -O3 -g execution test
FAIL: c-c++-common/asan/pr59063-1.c -Os execution test
FAIL: c-c++-common/asan/pr59063-2.c -O0 execution test
FAIL: c-c++-common/asan/pr59063-2.c -O1 execution test
FAIL: c-c++-common/asan/pr59063-2.c -O2 execution test
FAIL: c-c++-common/asan/pr59063-2.c -O2 -flto -fno-use-linker-plugin -flto-partition=none execution test
FAIL: c-c++-common/asan/pr59063-2.c -O2 -flto -fuse-linker-plugin -fno-fat-lto-objects execution test
FAIL: c-c++-common/asan/pr59063-2.c -O3 -g execution test
FAIL: c-c++-common/asan/pr59063-2.c -Os execution test
FAIL: c-c++-common/asan/pr61530.c -O0 output pattern test, is ==17174==ERROR: AddressSanitizer failed to allocate 0x4000001000 (274877911040) bytes at address 1fffffff000 (errno: 12)
FAIL: c-c++-common/asan/pr61530.c -O1 output pattern test, is ==17208==ERROR: AddressSanitizer failed to allocate 0x4000001000 (274877911040) bytes at address 1fffffff000 (errno: 12)
FAIL: c-c++-common/asan/pr61530.c -O2 output pattern test, is ==17256==ERROR: AddressSanitizer failed to allocate 0x4000001000 (274877911040) bytes at address 1fffffff000 (errno: 12)
FAIL: c-c++-common/asan/pr61530.c -O2 -flto -fno-use-linker-plugin -flto-partition=none output pattern test, is ==17454==ERROR: AddressSanitizer failed to allocate 0x4000001000 (274877911040) bytes at address 1fffffff000 (errno: 12)
FAIL: c-c++-common/asan/pr61530.c -O2 -flto -fuse-linker-plugin -fno-fat-lto-objects output pattern test, is ==17518==ERROR: AddressSanitizer failed to allocate 0x4000001000 (274877911040) bytes at address 1fffffff000 (errno: 12)
FAIL: c-c++-common/asan/pr61530.c -O3 -g output pattern test, is ==17304==ERROR: AddressSanitizer failed to allocate 0x4000001000 (274877911040) bytes at address 1fffffff000 (errno: 12)
FAIL: c-c++-common/asan/pr61530.c -Os output pattern test, is ==17352==ERROR: AddressSanitizer failed to allocate 0x4000001000 (274877911040) bytes at address 1fffffff000 (errno: 12)
FAIL: c-c++-common/asan/pr62089.c -O0 output pattern test, is ==17563==ERROR: AddressSanitizer failed to allocate 0x4000001000 (274877911040) bytes at address 1fffffff000 (errno: 12)
FAIL: c-c++-common/asan/pr62089.c -O1 output pattern test, is ==17605==ERROR: AddressSanitizer failed to allocate 0x4000001000 (274877911040) bytes at address 1fffffff000 (errno: 12)
FAIL: c-c++-common/asan/pr62089.c -O2 output pattern test, is ==17648==ERROR: AddressSanitizer failed to allocate 0x4000001000 (274877911040) bytes at address 1fffffff000 (errno: 12)
FAIL: c-c++-common/asan/pr62089.c -O2 -flto -fno-use-linker-plugin -flto-partition=none output pattern test, is ==17819==ERROR: AddressSanitizer failed to allocate 0x4000001000 (274877911040) bytes at address 1fffffff000 (errno: 12)
FAIL: c-c++-common/asan/pr62089.c -O2 -flto -fuse-linker-plugin -fno-fat-lto-objects output pattern test, is ==17885==ERROR: AddressSanitizer failed to allocate 0x4000001000 (274877911040) bytes at address 1fffffff000 (errno: 12)
FAIL: c-c++-common/asan/pr62089.c -O3 -g output pattern test, is ==17685==ERROR: AddressSanitizer failed to allocate 0x4000001000 (274877911040) bytes at address 1fffffff000 (errno: 12)
FAIL: c-c++-common/asan/pr62089.c -Os output pattern test, is ==17733==ERROR: AddressSanitizer failed to allocate 0x4000001000 (274877911040) bytes at address 1fffffff000 (errno: 12)
FAIL: c-c++-common/asan/pr63316.c -O0 execution test
FAIL: c-c++-common/asan/pr63316.c -O1 execution test
FAIL: c-c++-common/asan/pr63316.c -O2 execution test
FAIL: c-c++-common/asan/pr63316.c -O2 -flto -fno-use-linker-plugin -flto-partition=none execution test
FAIL: c-c++-common/asan/pr63316.c -O2 -flto -fuse-linker-plugin -fno-fat-lto-objects execution test
FAIL: c-c++-common/asan/pr63316.c -O3 -g execution test
FAIL: c-c++-common/asan/pr63316.c -Os execution test
FAIL: c-c++-common/asan/pr63888.c -O0 execution test
FAIL: c-c++-common/asan/pr63888.c -O1 execution test
FAIL: c-c++-common/asan/pr63888.c -O2 execution test
FAIL: c-c++-common/asan/pr63888.c -O2 -flto -fno-use-linker-plugin -flto-partition=none execution test
FAIL: c-c++-common/asan/pr63888.c -O2 -flto -fuse-linker-plugin -fno-fat-lto-objects execution test
FAIL: c-c++-common/asan/pr63888.c -O3 -g execution test
FAIL: c-c++-common/asan/pr63888.c -Os execution test
FAIL: c-c++-common/asan/rlimit-mmap-test-1.c -O0 output pattern test, is ==19231==ERROR: AddressSanitizer failed to allocate 0x4000001000 (274877911040) bytes at address 1fffffff000 (errno: 12)
FAIL: c-c++-common/asan/sanity-check-pure-c-1.c -O0 output pattern test, is ==19376==ERROR: AddressSanitizer failed to allocate 0x4000001000 (274877911040) bytes at address 1fffffff000 (errno: 12)
FAIL: c-c++-common/asan/sanity-check-pure-c-1.c -O1 output pattern test, is ==19415==ERROR: AddressSanitizer failed to allocate 0x4000001000 (274877911040) bytes at address 1fffffff000 (errno: 12)
FAIL: c-c++-common/asan/sanity-check-pure-c-1.c -O2 output pattern test, is ==19465==ERROR: AddressSanitizer failed to allocate 0x4000001000 (274877911040) bytes at address 1fffffff000 (errno: 12)
FAIL: c-c++-common/asan/sanity-check-pure-c-1.c -O2 -flto -fno-use-linker-plugin -flto-partition=none output pattern test, is ==19638==ERROR: AddressSanitizer failed to allocate 0x4000001000 (274877911040) bytes at address 1fffffff000 (errno: 12)
FAIL: c-c++-common/asan/sanity-check-pure-c-1.c -O2 -flto -fuse-linker-plugin -fno-fat-lto-objects output pattern test, is ==19685==ERROR: AddressSanitizer failed to allocate 0x4000001000 (274877911040) bytes at address 1fffffff000 (errno: 12)
FAIL: c-c++-common/asan/sanity-check-pure-c-1.c -O3 -g output pattern test, is ==19508==ERROR: AddressSanitizer failed to allocate 0x4000001000 (274877911040) bytes at address 1fffffff000 (errno: 12)
FAIL: c-c++-common/asan/sanity-check-pure-c-1.c -Os output pattern test, is ==19550==ERROR: AddressSanitizer failed to allocate 0x4000001000 (274877911040) bytes at address 1fffffff000 (errno: 12)
FAIL: c-c++-common/asan/sleep-before-dying-1.c -O2 output pattern test, is ==19816==ERROR: AddressSanitizer failed to allocate 0x4000001000 (274877911040) bytes at address 1fffffff000 (errno: 12)
FAIL: c-c++-common/asan/sleep-before-dying-1.c -O2 -flto -fno-use-linker-plugin -flto-partition=none output pattern test, is ==19909==ERROR: AddressSanitizer failed to allocate 0x4000001000 (274877911040) bytes at address 1fffffff000 (errno: 12)
FAIL: c-c++-common/asan/sleep-before-dying-1.c -O2 -flto -fuse-linker-plugin -fno-fat-lto-objects output pattern test, is ==19969==ERROR: AddressSanitizer failed to allocate 0x4000001000 (274877911040) bytes at address 1fffffff000 (errno: 12)
FAIL: c-c++-common/asan/stack-overflow-1.c -O0 output pattern test, is ==20011==ERROR: AddressSanitizer failed to allocate 0x4000001000 (274877911040) bytes at address 1fffffff000 (errno: 12)
FAIL: c-c++-common/asan/stack-overflow-1.c -O1 output pattern test, is ==20046==ERROR: AddressSanitizer failed to allocate 0x4000001000 (274877911040) bytes at address 1fffffff000 (errno: 12)
FAIL: c-c++-common/asan/stack-overflow-1.c -O2 output pattern test, is ==20087==ERROR: AddressSanitizer failed to allocate 0x4000001000 (274877911040) bytes at address 1fffffff000 (errno: 12)
FAIL: c-c++-common/asan/stack-overflow-1.c -O2 -flto -fno-use-linker-plugin -flto-partition=none output pattern test, is ==20279==ERROR: AddressSanitizer failed to allocate 0x4000001000 (274877911040) bytes at address 1fffffff000 (errno: 12)
FAIL: c-c++-common/asan/stack-overflow-1.c -O2 -flto -fuse-linker-plugin -fno-fat-lto-objects output pattern test, is ==20338==ERROR: AddressSanitizer failed to allocate 0x4000001000 (274877911040) bytes at address 1fffffff000 (errno: 12)
FAIL: c-c++-common/asan/stack-overflow-1.c -O3 -g output pattern test, is ==20129==ERROR: AddressSanitizer failed to allocate 0x4000001000 (274877911040) bytes at address 1fffffff000 (errno: 12)
FAIL: c-c++-common/asan/stack-overflow-1.c -Os output pattern test, is ==20179==ERROR: AddressSanitizer failed to allocate 0x4000001000 (274877911040) bytes at address 1fffffff000 (errno: 12)
FAIL: c-c++-common/asan/strip-path-prefix-1.c -O2 output pattern test, is ==20372==ERROR: AddressSanitizer failed to allocate 0x4000001000 (274877911040) bytes at address 1fffffff000 (errno: 12)
FAIL: c-c++-common/asan/strip-path-prefix-1.c -O2 -flto -fno-use-linker-plugin -flto-partition=none output pattern test, is ==20464==ERROR: AddressSanitizer failed to allocate 0x4000001000 (274877911040) bytes at address 1fffffff000 (errno: 12)
FAIL: c-c++-common/asan/strip-path-prefix-1.c -O2 -flto -fuse-linker-plugin -fno-fat-lto-objects output pattern test, is ==20532==ERROR: AddressSanitizer failed to allocate 0x4000001000 (274877911040) bytes at address 1fffffff000 (errno: 12)
FAIL: c-c++-common/asan/strlen-overflow-1.c -O0 output pattern test, is ==20580==ERROR: AddressSanitizer failed to allocate 0x4000001000 (274877911040) bytes at address 1fffffff000 (errno: 12)
FAIL: c-c++-common/asan/strlen-overflow-1.c -O1 output pattern test, is ==20628==ERROR: AddressSanitizer failed to allocate 0x4000001000 (274877911040) bytes at address 1fffffff000 (errno: 12)
FAIL: c-c++-common/asan/strlen-overflow-1.c -O2 output pattern test, is ==20677==ERROR: AddressSanitizer failed to allocate 0x4000001000 (274877911040) bytes at address 1fffffff000 (errno: 12)
FAIL: c-c++-common/asan/strlen-overflow-1.c -O3 -g output pattern test, is ==20717==ERROR: AddressSanitizer failed to allocate 0x4000001000 (274877911040) bytes at address 1fffffff000 (errno: 12)
FAIL: c-c++-common/asan/strlen-overflow-1.c -Os output pattern test, is ==20762==ERROR: AddressSanitizer failed to allocate 0x4000001000 (274877911040) bytes at address 1fffffff000 (errno: 12)
FAIL: c-c++-common/asan/strncpy-overflow-1.c -O0 output pattern test, is ==20803==ERROR: AddressSanitizer failed to allocate 0x4000001000 (274877911040) bytes at address 1fffffff000 (errno: 12)
FAIL: c-c++-common/asan/strncpy-overflow-1.c -O1 output pattern test, is ==20855==ERROR: AddressSanitizer failed to allocate 0x4000001000 (274877911040) bytes at address 1fffffff000 (errno: 12)
FAIL: c-c++-common/asan/strncpy-overflow-1.c -O2 output pattern test, is ==20904==ERROR: AddressSanitizer failed to allocate 0x4000001000 (274877911040) bytes at address 1fffffff000 (errno: 12)
FAIL: c-c++-common/asan/strncpy-overflow-1.c -O2 -flto -fno-use-linker-plugin -flto-partition=none output pattern test, is ==21105==ERROR: AddressSanitizer failed to allocate 0x4000001000 (274877911040) bytes at address 1fffffff000 (errno: 12)
FAIL: c-c++-common/asan/strncpy-overflow-1.c -O2 -flto -fuse-linker-plugin -fno-fat-lto-objects output pattern test, is ==21167==ERROR: AddressSanitizer failed to allocate 0x4000001000 (274877911040) bytes at address 1fffffff000 (errno: 12)
FAIL: c-c++-common/asan/strncpy-overflow-1.c -O3 -g output pattern test, is ==20955==ERROR: AddressSanitizer failed to allocate 0x4000001000 (274877911040) bytes at address 1fffffff000 (errno: 12)
FAIL: c-c++-common/asan/strncpy-overflow-1.c -Os output pattern test, is ==21008==ERROR: AddressSanitizer failed to allocate 0x4000001000 (274877911040) bytes at address 1fffffff000 (errno: 12)
FAIL: c-c++-common/asan/swapcontext-test-1.c -O0 execution test
FAIL: c-c++-common/asan/swapcontext-test-1.c -O1 execution test
FAIL: c-c++-common/asan/swapcontext-test-1.c -O2 execution test
FAIL: c-c++-common/asan/swapcontext-test-1.c -O2 -flto -fno-use-linker-plugin -flto-partition=none execution test
FAIL: c-c++-common/asan/swapcontext-test-1.c -O2 -flto -fuse-linker-plugin -fno-fat-lto-objects execution test
FAIL: c-c++-common/asan/swapcontext-test-1.c -O3 -fomit-frame-pointer -funroll-loops -fpeel-loops -ftracer -finline-functions execution test
FAIL: c-c++-common/asan/swapcontext-test-1.c -O3 -g execution test
FAIL: c-c++-common/asan/swapcontext-test-1.c -Os execution test
FAIL: c-c++-common/asan/use-after-free-1.c -O0 output pattern test, is ==21711==ERROR: AddressSanitizer failed to allocate 0x4000001000 (274877911040) bytes at address 1fffffff000 (errno: 12)
FAIL: c-c++-common/asan/use-after-free-1.c -O1 output pattern test, is ==21756==ERROR: AddressSanitizer failed to allocate 0x4000001000 (274877911040) bytes at address 1fffffff000 (errno: 12)
FAIL: c-c++-common/asan/use-after-free-1.c -O2 output pattern test, is ==21802==ERROR: AddressSanitizer failed to allocate 0x4000001000 (274877911040) bytes at address 1fffffff000 (errno: 12)
FAIL: c-c++-common/asan/use-after-free-1.c -O2 -flto -fno-use-linker-plugin -flto-partition=none output pattern test, is ==21967==ERROR: AddressSanitizer failed to allocate 0x4000001000 (274877911040) bytes at address 1fffffff000 (errno: 12)
FAIL: c-c++-common/asan/use-after-free-1.c -O2 -flto -fuse-linker-plugin -fno-fat-lto-objects output pattern test, is ==22011==ERROR: AddressSanitizer failed to allocate 0x4000001000 (274877911040) bytes at address 1fffffff000 (errno: 12)
FAIL: c-c++-common/asan/use-after-free-1.c -O3 -g output pattern test, is ==21839==ERROR: AddressSanitizer failed to allocate 0x4000001000 (274877911040) bytes at address 1fffffff000 (errno: 12)
FAIL: c-c++-common/asan/use-after-free-1.c -Os output pattern test, is ==21882==ERROR: AddressSanitizer failed to allocate 0x4000001000 (274877911040) bytes at address 1fffffff000 (errno: 12)
FAIL: c-c++-common/asan/use-after-return-1.c -O0 output pattern test, is ==22047==ERROR: AddressSanitizer failed to allocate 0x4000001000 (274877911040) bytes at address 1fffffff000 (errno: 12)
FAIL: c-c++-common/asan/use-after-return-1.c -O1 output pattern test, is ==22091==ERROR: AddressSanitizer failed to allocate 0x4000001000 (274877911040) bytes at address 1fffffff000 (errno: 12)
FAIL: c-c++-common/asan/use-after-return-1.c -O2 output pattern test, is ==22139==ERROR: AddressSanitizer failed to allocate 0x4000001000 (274877911040) bytes at address 1fffffff000 (errno: 12)
FAIL: c-c++-common/asan/use-after-return-1.c -O2 -flto -fno-use-linker-plugin -flto-partition=none output pattern test, is ==22347==ERROR: AddressSanitizer failed to allocate 0x4000001000 (274877911040) bytes at address 1fffffff000 (errno: 12)
FAIL: c-c++-common/asan/use-after-return-1.c -O2 -flto -fuse-linker-plugin -fno-fat-lto-objects output pattern test, is ==22418==ERROR: AddressSanitizer failed to allocate 0x4000001000 (274877911040) bytes at address 1fffffff000 (errno: 12)
FAIL: c-c++-common/asan/use-after-return-1.c -O3 -g output pattern test, is ==22196==ERROR: AddressSanitizer failed to allocate 0x4000001000 (274877911040) bytes at address 1fffffff000 (errno: 12)
FAIL: c-c++-common/asan/use-after-return-1.c -Os output pattern test, is ==22246==ERROR: AddressSanitizer failed to allocate 0x4000001000 (274877911040) bytes at address 1fffffff000 (errno: 12)
FAIL: g++.dg/asan/deep-stack-uaf-1.C -O0 output pattern test, is ==22774==ERROR: AddressSanitizer failed to allocate 0x4000001000 (274877911040) bytes at address 1fffffff000 (errno: 12)
FAIL: g++.dg/asan/deep-stack-uaf-1.C -O1 output pattern test, is ==22861==ERROR: AddressSanitizer failed to allocate 0x4000001000 (274877911040) bytes at address 1fffffff000 (errno: 12)
FAIL: g++.dg/asan/deep-stack-uaf-1.C -O2 output pattern test, is ==22969==ERROR: AddressSanitizer failed to allocate 0x4000001000 (274877911040) bytes at address 1fffffff000 (errno: 12)
FAIL: g++.dg/asan/deep-stack-uaf-1.C -O3 -g output pattern test, is ==23083==ERROR: AddressSanitizer failed to allocate 0x4000001000 (274877911040) bytes at address 1fffffff000 (errno: 12)
FAIL: g++.dg/asan/deep-stack-uaf-1.C -Os output pattern test, is ==23175==ERROR: AddressSanitizer failed to allocate 0x4000001000 (274877911040) bytes at address 1fffffff000 (errno: 12)
FAIL: g++.dg/asan/deep-tail-call-1.C -O0 output pattern test, is ==23218==ERROR: AddressSanitizer failed to allocate 0x4000001000 (274877911040) bytes at address 1fffffff000 (errno: 12)
FAIL: g++.dg/asan/deep-tail-call-1.C -O1 output pattern test, is ==23250==ERROR: AddressSanitizer failed to allocate 0x4000001000 (274877911040) bytes at address 1fffffff000 (errno: 12)
FAIL: g++.dg/asan/deep-tail-call-1.C -O2 output pattern test, is ==23287==ERROR: AddressSanitizer failed to allocate 0x4000001000 (274877911040) bytes at address 1fffffff000 (errno: 12)
FAIL: g++.dg/asan/deep-tail-call-1.C -O2 -flto -fno-use-linker-plugin -flto-partition=none output pattern test, is ==23453==ERROR: AddressSanitizer failed to allocate 0x4000001000 (274877911040) bytes at address 1fffffff000 (errno: 12)
FAIL: g++.dg/asan/deep-tail-call-1.C -O2 -flto -fuse-linker-plugin -fno-fat-lto-objects output pattern test, is ==23509==ERROR: AddressSanitizer failed to allocate 0x4000001000 (274877911040) bytes at address 1fffffff000 (errno: 12)
FAIL: g++.dg/asan/deep-tail-call-1.C -O3 -g output pattern test, is ==23336==ERROR: AddressSanitizer failed to allocate 0x4000001000 (274877911040) bytes at address 1fffffff000 (errno: 12)
FAIL: g++.dg/asan/deep-tail-call-1.C -Os output pattern test, is ==23369==ERROR: AddressSanitizer failed to allocate 0x4000001000 (274877911040) bytes at address 1fffffff000 (errno: 12)
FAIL: g++.dg/asan/deep-thread-stack-1.C -O0 output pattern test, is ==23577==ERROR: AddressSanitizer failed to allocate 0x4000001000 (274877911040) bytes at address 1fffffff000 (errno: 12)
FAIL: g++.dg/asan/deep-thread-stack-1.C -O1 output pattern test, is ==23630==ERROR: AddressSanitizer failed to allocate 0x4000001000 (274877911040) bytes at address 1fffffff000 (errno: 12)
FAIL: g++.dg/asan/deep-thread-stack-1.C -O2 output pattern test, is ==23683==ERROR: AddressSanitizer failed to allocate 0x4000001000 (274877911040) bytes at address 1fffffff000 (errno: 12)
FAIL: g++.dg/asan/deep-thread-stack-1.C -O2 -flto -fno-use-linker-plugin -flto-partition=none output pattern test, is ==23891==ERROR: AddressSanitizer failed to allocate 0x4000001000 (274877911040) bytes at address 1fffffff000 (errno: 12)
FAIL: g++.dg/asan/deep-thread-stack-1.C -O2 -flto -fuse-linker-plugin -fno-fat-lto-objects output pattern test, is ==23959==ERROR: AddressSanitizer failed to allocate 0x4000001000 (274877911040) bytes at address 1fffffff000 (errno: 12)
FAIL: g++.dg/asan/deep-thread-stack-1.C -O3 -g output pattern test, is ==23731==ERROR: AddressSanitizer failed to allocate 0x4000001000 (274877911040) bytes at address 1fffffff000 (errno: 12)
FAIL: g++.dg/asan/deep-thread-stack-1.C -Os output pattern test, is ==23790==ERROR: AddressSanitizer failed to allocate 0x4000001000 (274877911040) bytes at address 1fffffff000 (errno: 12)
FAIL: g++.dg/asan/default-options-1.C -O0 execution test
FAIL: g++.dg/asan/default-options-1.C -O1 execution test
FAIL: g++.dg/asan/default-options-1.C -O2 execution test
FAIL: g++.dg/asan/default-options-1.C -O2 -flto -fno-use-linker-plugin -flto-partition=none execution test
FAIL: g++.dg/asan/default-options-1.C -O2 -flto -fuse-linker-plugin -fno-fat-lto-objects execution test
FAIL: g++.dg/asan/default-options-1.C -O3 -g execution test
FAIL: g++.dg/asan/default-options-1.C -Os execution test
FAIL: g++.dg/asan/interception-failure-test-1.C -O0 execution test
FAIL: g++.dg/asan/interception-failure-test-1.C -O1 execution test
FAIL: g++.dg/asan/interception-failure-test-1.C -O2 execution test
FAIL: g++.dg/asan/interception-failure-test-1.C -O2 -flto -fno-use-linker-plugin -flto-partition=none execution test
FAIL: g++.dg/asan/interception-failure-test-1.C -O2 -flto -fuse-linker-plugin -fno-fat-lto-objects execution test
FAIL: g++.dg/asan/interception-failure-test-1.C -O3 -g execution test
FAIL: g++.dg/asan/interception-failure-test-1.C -Os execution test
FAIL: g++.dg/asan/interception-malloc-test-1.C -O0 output pattern test, is ==24621==ERROR: AddressSanitizer failed to allocate 0x4000001000 (274877911040) bytes at address 1fffffff000 (errno: 12)
FAIL: g++.dg/asan/interception-malloc-test-1.C -O1 output pattern test, is ==24670==ERROR: AddressSanitizer failed to allocate 0x4000001000 (274877911040) bytes at address 1fffffff000 (errno: 12)
FAIL: g++.dg/asan/interception-malloc-test-1.C -O2 output pattern test, is ==24721==ERROR: AddressSanitizer failed to allocate 0x4000001000 (274877911040) bytes at address 1fffffff000 (errno: 12)
FAIL: g++.dg/asan/interception-malloc-test-1.C -O2 -flto -fno-use-linker-plugin -flto-partition=none output pattern test, is ==24927==ERROR: AddressSanitizer failed to allocate 0x4000001000 (274877911040) bytes at address 1fffffff000 (errno: 12)
FAIL: g++.dg/asan/interception-malloc-test-1.C -O2 -flto -fuse-linker-plugin -fno-fat-lto-objects output pattern test, is ==24989==ERROR: AddressSanitizer failed to allocate 0x4000001000 (274877911040) bytes at address 1fffffff000 (errno: 12)
FAIL: g++.dg/asan/interception-malloc-test-1.C -O3 -g output pattern test, is ==24773==ERROR: AddressSanitizer failed to allocate 0x4000001000 (274877911040) bytes at address 1fffffff000 (errno: 12)
FAIL: g++.dg/asan/interception-malloc-test-1.C -Os output pattern test, is ==24824==ERROR: AddressSanitizer failed to allocate 0x4000001000 (274877911040) bytes at address 1fffffff000 (errno: 12)
FAIL: g++.dg/asan/interception-test-1.C -O0 output pattern test, is ==25030==ERROR: AddressSanitizer failed to allocate 0x4000001000 (274877911040) bytes at address 1fffffff000 (errno: 12)
FAIL: g++.dg/asan/interception-test-1.C -O1 output pattern test, is ==25067==ERROR: AddressSanitizer failed to allocate 0x4000001000 (274877911040) bytes at address 1fffffff000 (errno: 12)
FAIL: g++.dg/asan/interception-test-1.C -O2 output pattern test, is ==25115==ERROR: AddressSanitizer failed to allocate 0x4000001000 (274877911040) bytes at address 1fffffff000 (errno: 12)
FAIL: g++.dg/asan/interception-test-1.C -O2 -flto -fno-use-linker-plugin -flto-partition=none output pattern test, is ==25323==ERROR: AddressSanitizer failed to allocate 0x4000001000 (274877911040) bytes at address 1fffffff000 (errno: 12)
FAIL: g++.dg/asan/interception-test-1.C -O2 -flto -fuse-linker-plugin -fno-fat-lto-objects output pattern test, is ==25384==ERROR: AddressSanitizer failed to allocate 0x4000001000 (274877911040) bytes at address 1fffffff000 (errno: 12)
FAIL: g++.dg/asan/interception-test-1.C -O3 -g output pattern test, is ==25167==ERROR: AddressSanitizer failed to allocate 0x4000001000 (274877911040) bytes at address 1fffffff000 (errno: 12)
FAIL: g++.dg/asan/interception-test-1.C -Os output pattern test, is ==25219==ERROR: AddressSanitizer failed to allocate 0x4000001000 (274877911040) bytes at address 1fffffff000 (errno: 12)
FAIL: g++.dg/asan/large-func-test-1.C -O0 output pattern test, is ==25432==ERROR: AddressSanitizer failed to allocate 0x4000001000 (274877911040) bytes at address 1fffffff000 (errno: 12)
FAIL: g++.dg/asan/large-func-test-1.C -O1 output pattern test, is ==25484==ERROR: AddressSanitizer failed to allocate 0x4000001000 (274877911040) bytes at address 1fffffff000 (errno: 12)
FAIL: g++.dg/asan/large-func-test-1.C -O2 output pattern test, is ==25541==ERROR: AddressSanitizer failed to allocate 0x4000001000 (274877911040) bytes at address 1fffffff000 (errno: 12)
FAIL: g++.dg/asan/large-func-test-1.C -O2 -flto -fno-use-linker-plugin -flto-partition=none output pattern test, is ==25761==ERROR: AddressSanitizer failed to allocate 0x4000001000 (274877911040) bytes at address 1fffffff000 (errno: 12)
FAIL: g++.dg/asan/large-func-test-1.C -O2 -flto -fuse-linker-plugin -fno-fat-lto-objects output pattern test, is ==25837==ERROR: AddressSanitizer failed to allocate 0x4000001000 (274877911040) bytes at address 1fffffff000 (errno: 12)
FAIL: g++.dg/asan/large-func-test-1.C -O3 -g output pattern test, is ==25592==ERROR: AddressSanitizer failed to allocate 0x4000001000 (274877911040) bytes at address 1fffffff000 (errno: 12)
FAIL: g++.dg/asan/large-func-test-1.C -Os output pattern test, is ==25648==ERROR: AddressSanitizer failed to allocate 0x4000001000 (274877911040) bytes at address 1fffffff000 (errno: 12)
FAIL: g++.dg/asan/pr55617.C -O0 execution test
FAIL: g++.dg/asan/pr55617.C -O1 execution test
FAIL: g++.dg/asan/pr55617.C -O2 execution test
FAIL: g++.dg/asan/pr55617.C -O2 -flto -fno-use-linker-plugin -flto-partition=none execution test
FAIL: g++.dg/asan/pr55617.C -O2 -flto -fuse-linker-plugin -fno-fat-lto-objects execution test
FAIL: g++.dg/asan/pr55617.C -O3 -g execution test
FAIL: g++.dg/asan/pr55617.C -Os execution test
FAIL: g++.dg/asan/pr62017.C -O0 execution test
FAIL: g++.dg/asan/pr62017.C -O1 execution test
FAIL: g++.dg/asan/pr62017.C -O2 execution test
FAIL: g++.dg/asan/pr62017.C -O2 -flto -fno-use-linker-plugin -flto-partition=none execution test
FAIL: g++.dg/asan/pr62017.C -O2 -flto -fuse-linker-plugin -fno-fat-lto-objects execution test
FAIL: g++.dg/asan/pr62017.C -O3 -g execution test
FAIL: g++.dg/asan/pr62017.C -Os execution test
FAIL: g++.dg/cpp0x/nsdmi-template14.C -std=c++11 (test for errors, line 4)
FAIL: g++.dg/cpp0x/nsdmi-template14.C -std=c++11 (test for errors, line 6)
FAIL: g++.dg/cpp0x/nsdmi-template14.C -std=c++14 (test for errors, line 4)
FAIL: g++.dg/cpp0x/nsdmi-template14.C -std=c++14 (test for errors, line 6)
FAIL: g++.dg/tree-ssa/pr61034.C -std=gnu++11 scan-tree-dump-times fre2 "free" 10
FAIL: g++.dg/tree-ssa/pr61034.C -std=gnu++14 scan-tree-dump-times fre2 "free" 10
FAIL: g++.dg/tree-ssa/pr61034.C -std=gnu++98 scan-tree-dump-times fre2 "free" 10
XPASS: g++.dg/tls/thread_local-order2.C -std=c++11 execution test
XPASS: g++.dg/tls/thread_local-order2.C -std=c++14 execution test
FAIL: c-c++-common/ubsan/float-cast-overflow-8.c -O2 output pattern test, is ../../../../libsanitizer/ubsan/ubsan_handlers.cc:300: runtime error: value 0 is outside the range of representable values of type 'signed char'
FAIL: c-c++-common/ubsan/float-cast-overflow-8.c -O2 -flto -fno-use-linker-plugin -flto-partition=none output pattern test, is ../../../../libsanitizer/ubsan/ubsan_handlers.cc:300: runtime error: value 0 is outside the range of representable values of type 'signed char'
FAIL: c-c++-common/ubsan/float-cast-overflow-8.c -O2 -flto -fuse-linker-plugin -fno-fat-lto-objects output pattern test, is ../../../../libsanitizer/ubsan/ubsan_handlers.cc:300: runtime error: value 0 is outside the range of representable values of type 'signed char'
FAIL: g++.dg/vect/pr36648.cc -std=c++11 scan-tree-dump-times vect "vectorized 1 loops" 1
FAIL: g++.dg/vect/pr36648.cc -std=c++11 scan-tree-dump-times vect "vectorizing stmts using SLP" 1
FAIL: g++.dg/vect/pr36648.cc -std=c++14 scan-tree-dump-times vect "vectorized 1 loops" 1
FAIL: g++.dg/vect/pr36648.cc -std=c++14 scan-tree-dump-times vect "vectorizing stmts using SLP" 1
FAIL: g++.dg/vect/pr36648.cc -std=c++98 scan-tree-dump-times vect "vectorized 1 loops" 1
FAIL: g++.dg/vect/pr36648.cc -std=c++98 scan-tree-dump-times vect "vectorizing stmts using SLP" 1
=== g++ Summary for unix/-m64 ===
# of expected passes 90714
# of unexpected failures 273
# of unexpected successes 2
# of expected failures 329
# of unsupported tests 3735
=== g++ Summary ===
# of expected passes 179740
# of unexpected failures 321
# of unexpected successes 4
# of expected failures 658
# of unsupported tests 7525
/daten/gcc/gcc-20151006/Build/gcc/testsuite/g++/../../xg++ version 6.0.0 20151006 (experimental) [trunk revision 228510] (GCC)
=== gcc tests ===
Running target unix/-m32
FAIL: gcc.c-torture/compile/pr52073.c -O2 (internal compiler error)
FAIL: gcc.c-torture/compile/pr52073.c -O2 (test for excess errors)
FAIL: gcc.c-torture/compile/pr52073.c -O2 -flto -fno-use-linker-plugin -flto-partition=none (internal compiler error)
FAIL: gcc.c-torture/compile/pr52073.c -O2 -flto -fno-use-linker-plugin -flto-partition=none (test for excess errors)
FAIL: gcc.c-torture/compile/pr52073.c -O3 -fomit-frame-pointer -funroll-loops -fpeel-loops -ftracer -finline-functions (internal compiler error)
FAIL: gcc.c-torture/compile/pr52073.c -O3 -fomit-frame-pointer -funroll-loops -fpeel-loops -ftracer -finline-functions (test for excess errors)
FAIL: gcc.c-torture/compile/pr52073.c -O3 -g (internal compiler error)
FAIL: gcc.c-torture/compile/pr52073.c -O3 -g (test for excess errors)
FAIL: c-c++-common/asan/heap-overflow-1.c -O1 output pattern test, is =================================================================
FAIL: c-c++-common/asan/heap-overflow-1.c -O2 output pattern test, is =================================================================
FAIL: c-c++-common/asan/heap-overflow-1.c -O2 -flto -fno-use-linker-plugin -flto-partition=none output pattern test, is =================================================================
FAIL: c-c++-common/asan/heap-overflow-1.c -O2 -flto -fuse-linker-plugin -fno-fat-lto-objects output pattern test, is =================================================================
FAIL: c-c++-common/asan/heap-overflow-1.c -O3 -g output pattern test, is =================================================================
FAIL: c-c++-common/asan/heap-overflow-1.c -Os output pattern test, is =================================================================
FAIL: c-c++-common/asan/misalign-1.c -O0 output pattern test, is =================================================================
FAIL: c-c++-common/asan/misalign-1.c -O1 output pattern test, is =================================================================
FAIL: c-c++-common/asan/misalign-1.c -O2 output pattern test, is =================================================================
FAIL: c-c++-common/asan/misalign-1.c -O2 -flto -fno-use-linker-plugin -flto-partition=none output pattern test, is =================================================================
FAIL: c-c++-common/asan/misalign-1.c -O2 -flto -fuse-linker-plugin -fno-fat-lto-objects output pattern test, is =================================================================
FAIL: c-c++-common/asan/misalign-1.c -O3 -g output pattern test, is =================================================================
FAIL: c-c++-common/asan/misalign-1.c -Os output pattern test, is =================================================================
FAIL: c-c++-common/asan/misalign-2.c -O0 output pattern test, is =================================================================
FAIL: c-c++-common/asan/misalign-2.c -O1 output pattern test, is =================================================================
FAIL: c-c++-common/asan/misalign-2.c -O2 output pattern test, is =================================================================
FAIL: c-c++-common/asan/misalign-2.c -O2 -flto -fno-use-linker-plugin -flto-partition=none output pattern test, is =================================================================
FAIL: c-c++-common/asan/misalign-2.c -O2 -flto -fuse-linker-plugin -fno-fat-lto-objects output pattern test, is =================================================================
FAIL: c-c++-common/asan/misalign-2.c -O3 -g output pattern test, is =================================================================
FAIL: c-c++-common/asan/misalign-2.c -Os output pattern test, is =================================================================
FAIL: c-c++-common/asan/null-deref-1.c -O0 output pattern test, is ASAN:SIGSEGV
FAIL: c-c++-common/asan/null-deref-1.c -O1 output pattern test, is ASAN:SIGSEGV
FAIL: c-c++-common/asan/null-deref-1.c -O2 output pattern test, is ASAN:SIGSEGV
FAIL: c-c++-common/asan/null-deref-1.c -O2 -flto -fno-use-linker-plugin -flto-partition=none output pattern test, is ASAN:SIGSEGV
FAIL: c-c++-common/asan/null-deref-1.c -O2 -flto -fuse-linker-plugin -fno-fat-lto-objects output pattern test, is ASAN:SIGSEGV
FAIL: c-c++-common/asan/null-deref-1.c -O3 -g output pattern test, is ASAN:SIGSEGV
FAIL: c-c++-common/asan/null-deref-1.c -Os output pattern test, is ASAN:SIGSEGV
FAIL: c-c++-common/asan/sanity-check-pure-c-1.c -O1 output pattern test, is =================================================================
FAIL: c-c++-common/asan/sanity-check-pure-c-1.c -O2 output pattern test, is =================================================================
FAIL: c-c++-common/asan/sanity-check-pure-c-1.c -O2 -flto -fno-use-linker-plugin -flto-partition=none output pattern test, is =================================================================
FAIL: c-c++-common/asan/sanity-check-pure-c-1.c -O2 -flto -fuse-linker-plugin -fno-fat-lto-objects output pattern test, is =================================================================
FAIL: c-c++-common/asan/sanity-check-pure-c-1.c -O3 -g output pattern test, is =================================================================
FAIL: c-c++-common/asan/sanity-check-pure-c-1.c -Os output pattern test, is =================================================================
FAIL: c-c++-common/asan/strncpy-overflow-1.c -O1 output pattern test, is =================================================================
FAIL: c-c++-common/asan/strncpy-overflow-1.c -O2 output pattern test, is =================================================================
FAIL: c-c++-common/asan/strncpy-overflow-1.c -O2 -flto -fno-use-linker-plugin -flto-partition=none output pattern test, is =================================================================
FAIL: c-c++-common/asan/strncpy-overflow-1.c -O2 -flto -fuse-linker-plugin -fno-fat-lto-objects output pattern test, is =================================================================
FAIL: c-c++-common/asan/strncpy-overflow-1.c -O3 -g output pattern test, is =================================================================
FAIL: c-c++-common/asan/strncpy-overflow-1.c -Os output pattern test, is =================================================================
FAIL: c-c++-common/asan/use-after-free-1.c -O1 output pattern test, is =================================================================
FAIL: c-c++-common/asan/use-after-free-1.c -O2 output pattern test, is =================================================================
FAIL: c-c++-common/asan/use-after-free-1.c -O2 -flto -fno-use-linker-plugin -flto-partition=none output pattern test, is =================================================================
FAIL: c-c++-common/asan/use-after-free-1.c -O2 -flto -fuse-linker-plugin -fno-fat-lto-objects output pattern test, is =================================================================
FAIL: c-c++-common/asan/use-after-free-1.c -O3 -g output pattern test, is =================================================================
FAIL: c-c++-common/asan/use-after-free-1.c -Os output pattern test, is =================================================================
FAIL: gcc.dg/atomic/pr65345-4.c -O0 (internal compiler error)
FAIL: gcc.dg/atomic/pr65345-4.c -O0 (test for excess errors)
FAIL: gcc.dg/atomic/pr65345-4.c -O1 (internal compiler error)
FAIL: gcc.dg/atomic/pr65345-4.c -O1 (test for excess errors)
FAIL: gcc.dg/atomic/pr65345-4.c -O2 (internal compiler error)
FAIL: gcc.dg/atomic/pr65345-4.c -O2 (test for excess errors)
FAIL: gcc.dg/atomic/pr65345-4.c -O2 -flto -fno-use-linker-plugin -flto-partition=none (internal compiler error)
FAIL: gcc.dg/atomic/pr65345-4.c -O2 -flto -fno-use-linker-plugin -flto-partition=none (test for excess errors)
FAIL: gcc.dg/atomic/pr65345-4.c -O2 -flto -fuse-linker-plugin -fno-fat-lto-objects (internal compiler error)
FAIL: gcc.dg/atomic/pr65345-4.c -O2 -flto -fuse-linker-plugin -fno-fat-lto-objects (test for excess errors)
FAIL: gcc.dg/atomic/pr65345-4.c -O3 -g (internal compiler error)
FAIL: gcc.dg/atomic/pr65345-4.c -O3 -g (test for excess errors)
FAIL: gcc.dg/atomic/pr65345-4.c -Os (internal compiler error)
FAIL: gcc.dg/atomic/pr65345-4.c -Os (test for excess errors)
FAIL: gcc.dg/debug/dwarf2/stacked-qualified-types-3.c scan-assembler-times DIE \\\\([^\\n]*\\\\) DW_TAG_(?:const|volatile|atomic|restrict)_type 8
FAIL: gcc.dg/pr65345-3.c (test for errors, line 18)
FAIL: gcc.dg/pr65345-3.c (test for errors, line 19)
FAIL: gcc.dg/pr65345-3.c (test for errors, line 20)
FAIL: gcc.dg/pr65345-3.c (test for errors, line 21)
FAIL: gcc.dg/pr65345-3.c (test for errors, line 22)
FAIL: gcc.dg/pr65345-3.c (internal compiler error)
FAIL: gcc.dg/pr65345-3.c (test for excess errors)
FAIL: gcc.dg/sms-8.c scan-rtl-dump-times sms "SMS succeeded" 0
XPASS: gcc.dg/guality/example.c -O0 execution test
XPASS: gcc.dg/guality/example.c -O1 execution test
XPASS: gcc.dg/guality/example.c -O2 execution test
XPASS: gcc.dg/guality/example.c -O2 -flto -fno-use-linker-plugin -flto-partition=none execution test
XPASS: gcc.dg/guality/guality.c -O0 execution test
XPASS: gcc.dg/guality/guality.c -O1 execution test
XPASS: gcc.dg/guality/guality.c -O2 execution test
XPASS: gcc.dg/guality/guality.c -O2 -flto -fno-use-linker-plugin -flto-partition=none execution test
XPASS: gcc.dg/guality/guality.c -O2 -flto -fuse-linker-plugin -fno-fat-lto-objects execution test
XPASS: gcc.dg/guality/guality.c -O3 -g execution test
XPASS: gcc.dg/guality/guality.c -Os execution test
XPASS: gcc.dg/guality/inline-params.c -O2 execution test
XPASS: gcc.dg/guality/inline-params.c -O2 -flto -fno-use-linker-plugin -flto-partition=none execution test
XPASS: gcc.dg/guality/inline-params.c -O3 -g execution test
XPASS: gcc.dg/guality/inline-params.c -Os execution test
FAIL: gcc.dg/guality/pr36728-2.c -Os line 18 y == 2
XPASS: gcc.dg/guality/pr41353-1.c -O0 line 28 j == 28 + 37
FAIL: gcc.dg/guality/pr41404-1.c -O2 -flto -fuse-linker-plugin -fno-fat-lto-objects line 10 *foo == 'f'
FAIL: gcc.dg/guality/pr41404-1.c -O2 -flto -fuse-linker-plugin -fno-fat-lto-objects line 14 *foo == 'b'
FAIL: gcc.dg/guality/pr41404-1.c -O2 -flto -fuse-linker-plugin -fno-fat-lto-objects line 24 *foo == 'f'
FAIL: gcc.dg/guality/pr41616-1.c -O2 -flto -fuse-linker-plugin -fno-fat-lto-objects execution test
FAIL: gcc.dg/guality/pr43051-1.c -O1 line 34 c == &a[0]
FAIL: gcc.dg/guality/pr45882.c -O2 -flto -fuse-linker-plugin -fno-fat-lto-objects line 16 d == 112
FAIL: gcc.dg/guality/pr45882.c -O2 -flto -fuse-linker-plugin -fno-fat-lto-objects line 16 e == 142
FAIL: gcc.dg/guality/pr54200.c -O1 line 20 z == 3
FAIL: gcc.dg/guality/pr54200.c -O2 line 20 z == 3
FAIL: gcc.dg/guality/pr54200.c -O2 -flto -fno-use-linker-plugin -flto-partition=none line 20 z == 3
FAIL: gcc.dg/guality/pr54200.c -O2 -flto -fuse-linker-plugin -fno-fat-lto-objects line 20 z == 3
FAIL: gcc.dg/guality/pr54200.c -O3 -g line 20 z == 3
FAIL: gcc.dg/guality/pr54200.c -Os line 20 z == 3
FAIL: gcc.dg/guality/pr54519-1.c -O2 -flto -fno-use-linker-plugin -flto-partition=none line 20 y == 25
FAIL: gcc.dg/guality/pr54519-1.c -O2 -flto -fno-use-linker-plugin -flto-partition=none line 20 z == 6
FAIL: gcc.dg/guality/pr54519-1.c -O2 -flto -fno-use-linker-plugin -flto-partition=none line 23 y == 117
FAIL: gcc.dg/guality/pr54519-1.c -O2 -flto -fno-use-linker-plugin -flto-partition=none line 23 z == 8
FAIL: gcc.dg/guality/pr54519-2.c -O2 -flto -fno-use-linker-plugin -flto-partition=none line 17 y == 25
FAIL: gcc.dg/guality/pr54519-2.c -O2 -flto -fuse-linker-plugin -fno-fat-lto-objects line 17 y == 25
FAIL: gcc.dg/guality/pr54519-3.c -O2 -flto -fno-use-linker-plugin -flto-partition=none line 20 y == 25
FAIL: gcc.dg/guality/pr54519-3.c -O2 -flto -fno-use-linker-plugin -flto-partition=none line 20 z == 6
FAIL: gcc.dg/guality/pr54519-3.c -O2 -flto -fno-use-linker-plugin -flto-partition=none line 23 y == 117
FAIL: gcc.dg/guality/pr54519-3.c -O2 -flto -fno-use-linker-plugin -flto-partition=none line 23 z == 8
FAIL: gcc.dg/guality/pr54519-3.c -O2 -flto -fuse-linker-plugin -fno-fat-lto-objects line 20 y == 25
FAIL: gcc.dg/guality/pr54519-3.c -O2 -flto -fuse-linker-plugin -fno-fat-lto-objects line 20 z == 6
FAIL: gcc.dg/guality/pr54519-3.c -O2 -flto -fuse-linker-plugin -fno-fat-lto-objects line 23 y == 117
FAIL: gcc.dg/guality/pr54519-3.c -O2 -flto -fuse-linker-plugin -fno-fat-lto-objects line 23 z == 8
FAIL: gcc.dg/guality/pr54519-4.c -O2 -flto -fno-use-linker-plugin -flto-partition=none line 17 y == 25
FAIL: gcc.dg/guality/pr54519-4.c -O2 -flto -fuse-linker-plugin -fno-fat-lto-objects line 17 y == 25
FAIL: gcc.dg/guality/pr54519-5.c -O2 -flto -fno-use-linker-plugin -flto-partition=none line 17 y == 25
FAIL: gcc.dg/guality/pr54519-5.c -O2 -flto -fuse-linker-plugin -fno-fat-lto-objects line 17 y == 25
FAIL: gcc.dg/guality/pr54693-2.c -Os line 21 y == 20 - 2 * i
FAIL: gcc.dg/guality/pr54693-2.c -Os line 21 z == 30 - 3 * i
FAIL: gcc.dg/guality/pr54970.c -O1 line 15 a[0] == 1
FAIL: gcc.dg/guality/pr54970.c -O1 line 20 a[0] == 1
FAIL: gcc.dg/guality/pr54970.c -O1 line 25 a[0] == 1
FAIL: gcc.dg/guality/pr54970.c -O1 line 31 a[0] == 4
FAIL: gcc.dg/guality/pr54970.c -O1 line 36 a[0] == 4
FAIL: gcc.dg/guality/pr54970.c -O1 line 45 a[0] == 4
FAIL: gcc.dg/guality/pr54970.c -O1 line 45 p[-2] == 4
FAIL: gcc.dg/guality/pr54970.c -O1 line 45 q[-1] == 4
FAIL: gcc.dg/guality/pr54970.c -O2 line 15 a[0] == 1
FAIL: gcc.dg/guality/pr54970.c -O2 line 20 a[0] == 1
FAIL: gcc.dg/guality/pr54970.c -O2 line 25 a[0] == 1
FAIL: gcc.dg/guality/pr54970.c -O2 line 31 a[0] == 4
FAIL: gcc.dg/guality/pr54970.c -O2 line 36 a[0] == 4
FAIL: gcc.dg/guality/pr54970.c -O2 line 45 a[0] == 4
FAIL: gcc.dg/guality/pr54970.c -O2 line 45 p[-2] == 4
FAIL: gcc.dg/guality/pr54970.c -O2 line 45 q[-1] == 4
FAIL: gcc.dg/guality/pr54970.c -O2 -flto -fno-use-linker-plugin -flto-partition=none line 15 a[0] == 1
FAIL: gcc.dg/guality/pr54970.c -O2 -flto -fno-use-linker-plugin -flto-partition=none line 20 a[0] == 1
FAIL: gcc.dg/guality/pr54970.c -O2 -flto -fno-use-linker-plugin -flto-partition=none line 25 a[0] == 1
FAIL: gcc.dg/guality/pr54970.c -O2 -flto -fno-use-linker-plugin -flto-partition=none line 31 a[0] == 4
FAIL: gcc.dg/guality/pr54970.c -O2 -flto -fno-use-linker-plugin -flto-partition=none line 36 a[0] == 4
FAIL: gcc.dg/guality/pr54970.c -O2 -flto -fno-use-linker-plugin -flto-partition=none line 45 a[0] == 4
FAIL: gcc.dg/guality/pr54970.c -O2 -flto -fno-use-linker-plugin -flto-partition=none line 45 p[-2] == 4
FAIL: gcc.dg/guality/pr54970.c -O2 -flto -fno-use-linker-plugin -flto-partition=none line 45 q[-1] == 4
FAIL: gcc.dg/guality/pr54970.c -O2 -flto -fuse-linker-plugin -fno-fat-lto-objects line 15 a[0] == 1
FAIL: gcc.dg/guality/pr54970.c -O2 -flto -fuse-linker-plugin -fno-fat-lto-objects line 20 a[0] == 1
FAIL: gcc.dg/guality/pr54970.c -O2 -flto -fuse-linker-plugin -fno-fat-lto-objects line 25 a[0] == 1
FAIL: gcc.dg/guality/pr54970.c -O2 -flto -fuse-linker-plugin -fno-fat-lto-objects line 31 a[0] == 4
FAIL: gcc.dg/guality/pr54970.c -O2 -flto -fuse-linker-plugin -fno-fat-lto-objects line 36 a[0] == 4
FAIL: gcc.dg/guality/pr54970.c -O2 -flto -fuse-linker-plugin -fno-fat-lto-objects line 45 a[0] == 4
FAIL: gcc.dg/guality/pr54970.c -O2 -flto -fuse-linker-plugin -fno-fat-lto-objects line 45 p[-2] == 4
FAIL: gcc.dg/guality/pr54970.c -O2 -flto -fuse-linker-plugin -fno-fat-lto-objects line 45 q[-1] == 4
FAIL: gcc.dg/guality/pr54970.c -O3 -g line 15 a[0] == 1
FAIL: gcc.dg/guality/pr54970.c -O3 -g line 20 a[0] == 1
FAIL: gcc.dg/guality/pr54970.c -O3 -g line 25 a[0] == 1
FAIL: gcc.dg/guality/pr54970.c -O3 -g line 31 a[0] == 4
FAIL: gcc.dg/guality/pr54970.c -O3 -g line 36 a[0] == 4
FAIL: gcc.dg/guality/pr54970.c -O3 -g line 45 a[0] == 4
FAIL: gcc.dg/guality/pr54970.c -O3 -g line 45 p[-2] == 4
FAIL: gcc.dg/guality/pr54970.c -O3 -g line 45 q[-1] == 4
FAIL: gcc.dg/guality/pr54970.c -Os line 15 a[0] == 1
FAIL: gcc.dg/guality/pr54970.c -Os line 20 a[0] == 1
FAIL: gcc.dg/guality/pr54970.c -Os line 25 a[0] == 1
FAIL: gcc.dg/guality/pr54970.c -Os line 31 a[0] == 4
FAIL: gcc.dg/guality/pr54970.c -Os line 36 a[0] == 4
FAIL: gcc.dg/guality/pr54970.c -Os line 45 a[0] == 4
FAIL: gcc.dg/guality/pr54970.c -Os line 45 p[-2] == 4
FAIL: gcc.dg/guality/pr54970.c -Os line 45 q[-1] == 4
FAIL: gcc.dg/guality/sra-1.c -O1 line 43 a.j == 14
FAIL: gcc.dg/guality/sra-1.c -O2 line 43 a.j == 14
FAIL: gcc.dg/guality/sra-1.c -O2 -flto -fno-use-linker-plugin -flto-partition=none line 43 a.j == 14
FAIL: gcc.dg/guality/sra-1.c -O2 -flto -fuse-linker-plugin -fno-fat-lto-objects line 43 a.j == 14
FAIL: gcc.dg/guality/sra-1.c -O3 -g line 43 a.j == 14
FAIL: gcc.dg/guality/sra-1.c -Os line 43 a.j == 14
FAIL: gcc.dg/guality/vla-1.c -O1 line 17 sizeof (a) == 6
FAIL: gcc.dg/guality/vla-1.c -O2 line 17 sizeof (a) == 6
FAIL: gcc.dg/guality/vla-1.c -O2 -flto -fno-use-linker-plugin -flto-partition=none line 17 sizeof (a) == 6
FAIL: gcc.dg/guality/vla-1.c -O2 -flto -fuse-linker-plugin -fno-fat-lto-objects line 17 sizeof (a) == 6
FAIL: gcc.dg/guality/vla-1.c -O3 -g line 17 sizeof (a) == 6
FAIL: gcc.dg/guality/vla-1.c -Os line 17 sizeof (a) == 6
FAIL: gcc.dg/ipa/iinline-attr.c scan-ipa-dump inline "hooray[^\\\\n]*inline copy in test"
FAIL: gcc.dg/tree-ssa/ivopts-lt-2.c scan-tree-dump-times ivopts "PHI <p_" 1
FAIL: gcc.dg/tree-ssa/ivopts-lt-2.c scan-tree-dump-times ivopts "PHI" 1
FAIL: gcc.dg/tree-ssa/ivopts-lt-2.c scan-tree-dump-times ivopts "p_[0-9]* <" 1
FAIL: gcc.dg/tree-ssa/sra-12.c scan-tree-dump-times release_ssa "l;" 0
FAIL: gcc.dg/tree-ssa/ssa-dom-thread-4.c scan-tree-dump-times dom1 "Threaded" 4
FAIL: gcc.dg/vect/costmodel/ppc/costmodel-vect-31a.c scan-tree-dump-times vect "vectorization not profitable" 1
FAIL: gcc.dg/vect/costmodel/ppc/costmodel-vect-33.c scan-tree-dump-times vect "vectorization not profitable" 1
FAIL: gcc.dg/vect/no-vfa-vect-depend-2.c scan-tree-dump-times vect "vectorized 1 loops" 1
FAIL: gcc.dg/vect/no-vfa-vect-depend-3.c scan-tree-dump-times vect "vectorized 1 loops" 4
FAIL: gcc.dg/vect/slp-multitypes-4.c -flto -ffat-lto-objects scan-tree-dump-times vect "vectorized 1 loops" 1
FAIL: gcc.dg/vect/slp-multitypes-4.c -flto -ffat-lto-objects scan-tree-dump-times vect "vectorizing stmts using SLP" 1
FAIL: gcc.dg/vect/slp-multitypes-4.c scan-tree-dump-times vect "vectorized 1 loops" 1
FAIL: gcc.dg/vect/slp-multitypes-4.c scan-tree-dump-times vect "vectorizing stmts using SLP" 1
FAIL: gcc.dg/vect/slp-multitypes-5.c -flto -ffat-lto-objects scan-tree-dump-times vect "vectorized 1 loops" 1
FAIL: gcc.dg/vect/slp-multitypes-5.c -flto -ffat-lto-objects scan-tree-dump-times vect "vectorizing stmts using SLP" 1
FAIL: gcc.dg/vect/slp-multitypes-5.c scan-tree-dump-times vect "vectorized 1 loops" 1
FAIL: gcc.dg/vect/slp-multitypes-5.c scan-tree-dump-times vect "vectorizing stmts using SLP" 1
FAIL: gcc.dg/vect/slp-perm-8.c -flto -ffat-lto-objects scan-tree-dump-times vect "vectorized 1 loops" 1
FAIL: gcc.dg/vect/slp-perm-8.c scan-tree-dump-times vect "vectorized 1 loops" 1
FAIL: gcc.dg/vect/vect-125.c -flto -ffat-lto-objects scan-tree-dump vect "vectorized 1 loops"
FAIL: gcc.dg/vect/vect-125.c scan-tree-dump vect "vectorized 1 loops"
FAIL: gcc.dg/vect/vect-31.c -flto -ffat-lto-objects scan-tree-dump-times vect "vectorized 4 loops" 1
FAIL: gcc.dg/vect/vect-31.c scan-tree-dump-times vect "vectorized 4 loops" 1
FAIL: gcc.dg/vmx/extract-vsx-be-order.c -O0 execution test
FAIL: gcc.dg/vmx/extract-vsx.c -O0 execution test
FAIL: gcc.dg/vmx/insert-vsx-be-order.c -O0 execution test
FAIL: gcc.dg/vmx/insert-vsx-be-order.c -O1 execution test
FAIL: gcc.dg/vmx/insert-vsx-be-order.c -O2 execution test
FAIL: gcc.dg/vmx/insert-vsx-be-order.c -O2 -flto -fno-use-linker-plugin -flto-partition=none execution test
FAIL: gcc.dg/vmx/insert-vsx-be-order.c -O2 -flto -fuse-linker-plugin -fno-fat-lto-objects execution test
FAIL: gcc.dg/vmx/insert-vsx-be-order.c -O3 -g execution test
FAIL: gcc.dg/vmx/insert-vsx-be-order.c -Os execution test
FAIL: gcc.dg/vmx/insert-vsx.c -O0 execution test
FAIL: gcc.dg/vmx/insert-vsx.c -O1 execution test
FAIL: gcc.dg/vmx/insert-vsx.c -O2 execution test
FAIL: gcc.dg/vmx/insert-vsx.c -O2 -flto -fno-use-linker-plugin -flto-partition=none execution test
FAIL: gcc.dg/vmx/insert-vsx.c -O2 -flto -fuse-linker-plugin -fno-fat-lto-objects execution test
FAIL: gcc.dg/vmx/insert-vsx.c -O3 -g execution test
FAIL: gcc.dg/vmx/insert-vsx.c -Os execution test
FAIL: gcc.dg/vmx/ld-vsx-be-order.c -O0 execution test
FAIL: gcc.dg/vmx/ld-vsx-be-order.c -O1 execution test
FAIL: gcc.dg/vmx/ld-vsx-be-order.c -O2 execution test
FAIL: gcc.dg/vmx/ld-vsx-be-order.c -O2 -flto -fno-use-linker-plugin -flto-partition=none execution test
FAIL: gcc.dg/vmx/ld-vsx-be-order.c -O2 -flto -fuse-linker-plugin -fno-fat-lto-objects execution test
FAIL: gcc.dg/vmx/ld-vsx-be-order.c -O3 -fomit-frame-pointer -funroll-loops -fpeel-loops -ftracer -finline-functions execution test
FAIL: gcc.dg/vmx/ld-vsx-be-order.c -O3 -g execution test
FAIL: gcc.dg/vmx/ld-vsx-be-order.c -Os execution test
FAIL: gcc.dg/vmx/ld-vsx.c -O0 execution test
FAIL: gcc.dg/vmx/ld-vsx.c -O1 execution test
FAIL: gcc.dg/vmx/ld-vsx.c -O2 execution test
FAIL: gcc.dg/vmx/ld-vsx.c -O2 -flto -fno-use-linker-plugin -flto-partition=none execution test
FAIL: gcc.dg/vmx/ld-vsx.c -O2 -flto -fuse-linker-plugin -fno-fat-lto-objects execution test
FAIL: gcc.dg/vmx/ld-vsx.c -O3 -fomit-frame-pointer -funroll-loops -fpeel-loops -ftracer -finline-functions execution test
FAIL: gcc.dg/vmx/ld-vsx.c -O3 -g execution test
FAIL: gcc.dg/vmx/ld-vsx.c -Os execution test
FAIL: gcc.dg/vmx/ldl-vsx-be-order.c -O0 execution test
FAIL: gcc.dg/vmx/ldl-vsx-be-order.c -O1 execution test
FAIL: gcc.dg/vmx/ldl-vsx-be-order.c -O2 execution test
FAIL: gcc.dg/vmx/ldl-vsx-be-order.c -O2 -flto -fno-use-linker-plugin -flto-partition=none execution test
FAIL: gcc.dg/vmx/ldl-vsx-be-order.c -O2 -flto -fuse-linker-plugin -fno-fat-lto-objects execution test
FAIL: gcc.dg/vmx/ldl-vsx-be-order.c -O3 -fomit-frame-pointer -funroll-loops -fpeel-loops -ftracer -finline-functions execution test
FAIL: gcc.dg/vmx/ldl-vsx-be-order.c -O3 -g execution test
FAIL: gcc.dg/vmx/ldl-vsx-be-order.c -Os execution test
FAIL: gcc.dg/vmx/ldl-vsx.c -O0 execution test
FAIL: gcc.dg/vmx/ldl-vsx.c -O1 execution test
FAIL: gcc.dg/vmx/ldl-vsx.c -O2 execution test
FAIL: gcc.dg/vmx/ldl-vsx.c -O2 -flto -fno-use-linker-plugin -flto-partition=none execution test
FAIL: gcc.dg/vmx/ldl-vsx.c -O2 -flto -fuse-linker-plugin -fno-fat-lto-objects execution test
FAIL: gcc.dg/vmx/ldl-vsx.c -O3 -fomit-frame-pointer -funroll-loops -fpeel-loops -ftracer -finline-functions execution test
FAIL: gcc.dg/vmx/ldl-vsx.c -O3 -g execution test
FAIL: gcc.dg/vmx/ldl-vsx.c -Os execution test
FAIL: gcc.dg/vmx/merge-vsx-be-order.c -O0 execution test
FAIL: gcc.dg/vmx/merge-vsx-be-order.c -O1 execution test
FAIL: gcc.dg/vmx/merge-vsx-be-order.c -O2 execution test
FAIL: gcc.dg/vmx/merge-vsx-be-order.c -O2 -flto -fno-use-linker-plugin -flto-partition=none execution test
FAIL: gcc.dg/vmx/merge-vsx-be-order.c -O2 -flto -fuse-linker-plugin -fno-fat-lto-objects execution test
FAIL: gcc.dg/vmx/merge-vsx-be-order.c -O3 -g execution test
FAIL: gcc.dg/vmx/merge-vsx-be-order.c -Os execution test
FAIL: gcc.dg/vmx/merge-vsx.c -O0 execution test
FAIL: gcc.dg/vmx/merge-vsx.c -O1 execution test
FAIL: gcc.dg/vmx/merge-vsx.c -O2 execution test
FAIL: gcc.dg/vmx/merge-vsx.c -O2 -flto -fno-use-linker-plugin -flto-partition=none execution test
FAIL: gcc.dg/vmx/merge-vsx.c -O2 -flto -fuse-linker-plugin -fno-fat-lto-objects execution test
FAIL: gcc.dg/vmx/merge-vsx.c -O3 -g execution test
FAIL: gcc.dg/vmx/merge-vsx.c -Os execution test
FAIL: gcc.dg/vmx/splat-vsx-be-order.c -O0 execution test
FAIL: gcc.dg/vmx/splat-vsx-be-order.c -O1 execution test
FAIL: gcc.dg/vmx/splat-vsx-be-order.c -O2 execution test
FAIL: gcc.dg/vmx/splat-vsx-be-order.c -O2 -flto -fno-use-linker-plugin -flto-partition=none execution test
FAIL: gcc.dg/vmx/splat-vsx-be-order.c -O2 -flto -fuse-linker-plugin -fno-fat-lto-objects execution test
FAIL: gcc.dg/vmx/splat-vsx-be-order.c -O3 -g execution test
FAIL: gcc.dg/vmx/splat-vsx-be-order.c -Os execution test
FAIL: gcc.dg/vmx/splat-vsx.c -O0 execution test
FAIL: gcc.dg/vmx/splat-vsx.c -O1 execution test
FAIL: gcc.dg/vmx/splat-vsx.c -O2 execution test
FAIL: gcc.dg/vmx/splat-vsx.c -O2 -flto -fno-use-linker-plugin -flto-partition=none execution test
FAIL: gcc.dg/vmx/splat-vsx.c -O2 -flto -fuse-linker-plugin -fno-fat-lto-objects execution test
FAIL: gcc.dg/vmx/splat-vsx.c -O3 -g execution test
FAIL: gcc.dg/vmx/splat-vsx.c -Os execution test
FAIL: gcc.dg/vmx/st-vsx-be-order.c -O0 execution test
FAIL: gcc.dg/vmx/st-vsx-be-order.c -O1 execution test
FAIL: gcc.dg/vmx/st-vsx-be-order.c -O2 execution test
FAIL: gcc.dg/vmx/st-vsx-be-order.c -O2 -flto -fno-use-linker-plugin -flto-partition=none execution test
FAIL: gcc.dg/vmx/st-vsx-be-order.c -O2 -flto -fuse-linker-plugin -fno-fat-lto-objects execution test
FAIL: gcc.dg/vmx/st-vsx-be-order.c -O3 -fomit-frame-pointer -funroll-loops -fpeel-loops -ftracer -finline-functions execution test
FAIL: gcc.dg/vmx/st-vsx-be-order.c -O3 -g execution test
FAIL: gcc.dg/vmx/st-vsx-be-order.c -Os execution test
FAIL: gcc.dg/vmx/st-vsx.c -O0 execution test
FAIL: gcc.dg/vmx/st-vsx.c -O1 execution test
FAIL: gcc.dg/vmx/st-vsx.c -O2 execution test
FAIL: gcc.dg/vmx/st-vsx.c -O2 -flto -fno-use-linker-plugin -flto-partition=none execution test
FAIL: gcc.dg/vmx/st-vsx.c -O2 -flto -fuse-linker-plugin -fno-fat-lto-objects execution test
FAIL: gcc.dg/vmx/st-vsx.c -O3 -fomit-frame-pointer -funroll-loops -fpeel-loops -ftracer -finline-functions execution test
FAIL: gcc.dg/vmx/st-vsx.c -O3 -g execution test
FAIL: gcc.dg/vmx/st-vsx.c -Os execution test
FAIL: gcc.dg/vmx/stl-vsx-be-order.c -O0 execution test
FAIL: gcc.dg/vmx/stl-vsx-be-order.c -O1 execution test
FAIL: gcc.dg/vmx/stl-vsx-be-order.c -O2 execution test
FAIL: gcc.dg/vmx/stl-vsx-be-order.c -O2 -flto -fno-use-linker-plugin -flto-partition=none execution test
FAIL: gcc.dg/vmx/stl-vsx-be-order.c -O2 -flto -fuse-linker-plugin -fno-fat-lto-objects execution test
FAIL: gcc.dg/vmx/stl-vsx-be-order.c -O3 -fomit-frame-pointer -funroll-loops -fpeel-loops -ftracer -finline-functions execution test
FAIL: gcc.dg/vmx/stl-vsx-be-order.c -O3 -g execution test
FAIL: gcc.dg/vmx/stl-vsx-be-order.c -Os execution test
FAIL: gcc.dg/vmx/stl-vsx.c -O0 execution test
FAIL: gcc.dg/vmx/stl-vsx.c -O1 execution test
FAIL: gcc.dg/vmx/stl-vsx.c -O2 execution test
FAIL: gcc.dg/vmx/stl-vsx.c -O2 -flto -fno-use-linker-plugin -flto-partition=none execution test
FAIL: gcc.dg/vmx/stl-vsx.c -O2 -flto -fuse-linker-plugin -fno-fat-lto-objects execution test
FAIL: gcc.dg/vmx/stl-vsx.c -O3 -fomit-frame-pointer -funroll-loops -fpeel-loops -ftracer -finline-functions execution test
FAIL: gcc.dg/vmx/stl-vsx.c -O3 -g execution test
FAIL: gcc.dg/vmx/stl-vsx.c -Os execution test
FAIL: gcc.target/powerpc/p8vector-builtin-8.c (test for excess errors)
UNRESOLVED: gcc.target/powerpc/p8vector-builtin-8.c scan-assembler-times vaddcuq 2
UNRESOLVED: gcc.target/powerpc/p8vector-builtin-8.c scan-assembler-times vaddecuq 2
UNRESOLVED: gcc.target/powerpc/p8vector-builtin-8.c scan-assembler-times vaddeuqm 2
UNRESOLVED: gcc.target/powerpc/p8vector-builtin-8.c scan-assembler-times vbpermq 1
UNRESOLVED: gcc.target/powerpc/p8vector-builtin-8.c scan-assembler-times vgbbd 1
UNRESOLVED: gcc.target/powerpc/p8vector-builtin-8.c scan-assembler-times vperm 1
UNRESOLVED: gcc.target/powerpc/p8vector-builtin-8.c scan-assembler-times vpmsumb 1
UNRESOLVED: gcc.target/powerpc/p8vector-builtin-8.c scan-assembler-times vpmsumd 1
UNRESOLVED: gcc.target/powerpc/p8vector-builtin-8.c scan-assembler-times vpmsumh 1
UNRESOLVED: gcc.target/powerpc/p8vector-builtin-8.c scan-assembler-times vpmsumw 1
UNRESOLVED: gcc.target/powerpc/p8vector-builtin-8.c scan-assembler-times vshasigmad 1
UNRESOLVED: gcc.target/powerpc/p8vector-builtin-8.c scan-assembler-times vshasigmaw 1
UNRESOLVED: gcc.target/powerpc/p8vector-builtin-8.c scan-assembler-times xxleqv 4
UNRESOLVED: gcc.target/powerpc/p8vector-builtin-8.c scan-assembler-times xxlnand 4
UNRESOLVED: gcc.target/powerpc/p8vector-builtin-8.c scan-assembler-times xxlorc 4
=== gcc Summary for unix/-m32 ===
# of expected passes 94251
# of unexpected failures 303
# of unexpected successes 16
# of expected failures 252
# of unresolved testcases 15
# of unsupported tests 2140
Running target unix/-m64
FAIL: gcc.c-torture/compile/pr52073.c -O2 (internal compiler error)
FAIL: gcc.c-torture/compile/pr52073.c -O2 (test for excess errors)
FAIL: gcc.c-torture/compile/pr52073.c -O2 -flto -fno-use-linker-plugin -flto-partition=none (internal compiler error)
FAIL: gcc.c-torture/compile/pr52073.c -O2 -flto -fno-use-linker-plugin -flto-partition=none (test for excess errors)
FAIL: gcc.c-torture/compile/pr52073.c -O3 -fomit-frame-pointer -funroll-loops -fpeel-loops -ftracer -finline-functions (internal compiler error)
FAIL: gcc.c-torture/compile/pr52073.c -O3 -fomit-frame-pointer -funroll-loops -fpeel-loops -ftracer -finline-functions (test for excess errors)
FAIL: gcc.c-torture/compile/pr52073.c -O3 -g (internal compiler error)
FAIL: gcc.c-torture/compile/pr52073.c -O3 -g (test for excess errors)
FAIL: c-c++-common/asan/asan-interface-1.c -O0 execution test
FAIL: c-c++-common/asan/asan-interface-1.c -O1 execution test
FAIL: c-c++-common/asan/asan-interface-1.c -O2 execution test
FAIL: c-c++-common/asan/asan-interface-1.c -O2 -flto -fno-use-linker-plugin -flto-partition=none execution test
FAIL: c-c++-common/asan/asan-interface-1.c -O2 -flto -fuse-linker-plugin -fno-fat-lto-objects execution test
FAIL: c-c++-common/asan/asan-interface-1.c -O3 -g execution test
FAIL: c-c++-common/asan/asan-interface-1.c -Os execution test
FAIL: c-c++-common/asan/bitfield-1.c -O0 output pattern test, is ==23166==ERROR: AddressSanitizer failed to allocate 0x4000001000 (274877911040) bytes at address 1fffffff000 (errno: 12)
FAIL: c-c++-common/asan/bitfield-1.c -O1 output pattern test, is ==23203==ERROR: AddressSanitizer failed to allocate 0x4000001000 (274877911040) bytes at address 1fffffff000 (errno: 12)
FAIL: c-c++-common/asan/bitfield-1.c -O2 output pattern test, is ==23239==ERROR: AddressSanitizer failed to allocate 0x4000001000 (274877911040) bytes at address 1fffffff000 (errno: 12)
FAIL: c-c++-common/asan/bitfield-1.c -O2 -flto -fno-use-linker-plugin -flto-partition=none output pattern test, is ==23368==ERROR: AddressSanitizer failed to allocate 0x4000001000 (274877911040) bytes at address 1fffffff000 (errno: 12)
FAIL: c-c++-common/asan/bitfield-1.c -O2 -flto -fuse-linker-plugin -fno-fat-lto-objects output pattern test, is ==23413==ERROR: AddressSanitizer failed to allocate 0x4000001000 (274877911040) bytes at address 1fffffff000 (errno: 12)
FAIL: c-c++-common/asan/bitfield-1.c -O3 -g output pattern test, is ==23276==ERROR: AddressSanitizer failed to allocate 0x4000001000 (274877911040) bytes at address 1fffffff000 (errno: 12)
FAIL: c-c++-common/asan/bitfield-1.c -Os output pattern test, is ==23308==ERROR: AddressSanitizer failed to allocate 0x4000001000 (274877911040) bytes at address 1fffffff000 (errno: 12)
FAIL: c-c++-common/asan/bitfield-2.c -O0 output pattern test, is ==23448==ERROR: AddressSanitizer failed to allocate 0x4000001000 (274877911040) bytes at address 1fffffff000 (errno: 12)
FAIL: c-c++-common/asan/bitfield-2.c -O1 output pattern test, is ==23484==ERROR: AddressSanitizer failed to allocate 0x4000001000 (274877911040) bytes at address 1fffffff000 (errno: 12)
FAIL: c-c++-common/asan/bitfield-2.c -O2 output pattern test, is ==23517==ERROR: AddressSanitizer failed to allocate 0x4000001000 (274877911040) bytes at address 1fffffff000 (errno: 12)
FAIL: c-c++-common/asan/bitfield-2.c -O2 -flto -fno-use-linker-plugin -flto-partition=none output pattern test, is ==23673==ERROR: AddressSanitizer failed to allocate 0x4000001000 (274877911040) bytes at address 1fffffff000 (errno: 12)
FAIL: c-c++-common/asan/bitfield-2.c -O2 -flto -fuse-linker-plugin -fno-fat-lto-objects output pattern test, is ==23725==ERROR: AddressSanitizer failed to allocate 0x4000001000 (274877911040) bytes at address 1fffffff000 (errno: 12)
FAIL: c-c++-common/asan/bitfield-2.c -O3 -g output pattern test, is ==23551==ERROR: AddressSanitizer failed to allocate 0x4000001000 (274877911040) bytes at address 1fffffff000 (errno: 12)
FAIL: c-c++-common/asan/bitfield-2.c -Os output pattern test, is ==23590==ERROR: AddressSanitizer failed to allocate 0x4000001000 (274877911040) bytes at address 1fffffff000 (errno: 12)
FAIL: c-c++-common/asan/bitfield-3.c -O0 output pattern test, is ==23768==ERROR: AddressSanitizer failed to allocate 0x4000001000 (274877911040) bytes at address 1fffffff000 (errno: 12)
FAIL: c-c++-common/asan/bitfield-3.c -O1 output pattern test, is ==23807==ERROR: AddressSanitizer failed to allocate 0x4000001000 (274877911040) bytes at address 1fffffff000 (errno: 12)
FAIL: c-c++-common/asan/bitfield-3.c -O2 output pattern test, is ==23845==ERROR: AddressSanitizer failed to allocate 0x4000001000 (274877911040) bytes at address 1fffffff000 (errno: 12)
FAIL: c-c++-common/asan/bitfield-3.c -O2 -flto -fno-use-linker-plugin -flto-partition=none output pattern test, is ==23999==ERROR: AddressSanitizer failed to allocate 0x4000001000 (274877911040) bytes at address 1fffffff000 (errno: 12)
FAIL: c-c++-common/asan/bitfield-3.c -O2 -flto -fuse-linker-plugin -fno-fat-lto-objects output pattern test, is ==24057==ERROR: AddressSanitizer failed to allocate 0x4000001000 (274877911040) bytes at address 1fffffff000 (errno: 12)
FAIL: c-c++-common/asan/bitfield-3.c -O3 -g output pattern test, is ==23882==ERROR: AddressSanitizer failed to allocate 0x4000001000 (274877911040) bytes at address 1fffffff000 (errno: 12)
FAIL: c-c++-common/asan/bitfield-3.c -Os output pattern test, is ==23919==ERROR: AddressSanitizer failed to allocate 0x4000001000 (274877911040) bytes at address 1fffffff000 (errno: 12)
FAIL: c-c++-common/asan/bitfield-4.c -O0 output pattern test, is ==24097==ERROR: AddressSanitizer failed to allocate 0x4000001000 (274877911040) bytes at address 1fffffff000 (errno: 12)
FAIL: c-c++-common/asan/bitfield-4.c -O1 output pattern test, is ==24133==ERROR: AddressSanitizer failed to allocate 0x4000001000 (274877911040) bytes at address 1fffffff000 (errno: 12)
FAIL: c-c++-common/asan/bitfield-4.c -O2 output pattern test, is ==24171==ERROR: AddressSanitizer failed to allocate 0x4000001000 (274877911040) bytes at address 1fffffff000 (errno: 12)
FAIL: c-c++-common/asan/bitfield-4.c -O2 -flto -fno-use-linker-plugin -flto-partition=none output pattern test, is ==24338==ERROR: AddressSanitizer failed to allocate 0x4000001000 (274877911040) bytes at address 1fffffff000 (errno: 12)
FAIL: c-c++-common/asan/bitfield-4.c -O2 -flto -fuse-linker-plugin -fno-fat-lto-objects output pattern test, is ==24389==ERROR: AddressSanitizer failed to allocate 0x4000001000 (274877911040) bytes at address 1fffffff000 (errno: 12)
FAIL: c-c++-common/asan/bitfield-4.c -O3 -g output pattern test, is ==24208==ERROR: AddressSanitizer failed to allocate 0x4000001000 (274877911040) bytes at address 1fffffff000 (errno: 12)
FAIL: c-c++-common/asan/bitfield-4.c -Os output pattern test, is ==24245==ERROR: AddressSanitizer failed to allocate 0x4000001000 (274877911040) bytes at address 1fffffff000 (errno: 12)
FAIL: c-c++-common/asan/bitfield-5.c -O0 output pattern test, is ==24427==ERROR: AddressSanitizer failed to allocate 0x4000001000 (274877911040) bytes at address 1fffffff000 (errno: 12)
FAIL: c-c++-common/asan/bitfield-5.c -O1 output pattern test, is ==24461==ERROR: AddressSanitizer failed to allocate 0x4000001000 (274877911040) bytes at address 1fffffff000 (errno: 12)
FAIL: c-c++-common/asan/bitfield-5.c -O2 output pattern test, is ==24502==ERROR: AddressSanitizer failed to allocate 0x4000001000 (274877911040) bytes at address 1fffffff000 (errno: 12)
FAIL: c-c++-common/asan/bitfield-5.c -O2 -flto -fno-use-linker-plugin -flto-partition=none output pattern test, is ==24647==ERROR: AddressSanitizer failed to allocate 0x4000001000 (274877911040) bytes at address 1fffffff000 (errno: 12)
FAIL: c-c++-common/asan/bitfield-5.c -O2 -flto -fuse-linker-plugin -fno-fat-lto-objects output pattern test, is ==24672==ERROR: AddressSanitizer failed to allocate 0x4000001000 (274877911040) bytes at address 1fffffff000 (errno: 12)
FAIL: c-c++-common/asan/bitfield-5.c -O3 -g output pattern test, is ==24539==ERROR: AddressSanitizer failed to allocate 0x4000001000 (274877911040) bytes at address 1fffffff000 (errno: 12)
FAIL: c-c++-common/asan/bitfield-5.c -Os output pattern test, is ==24585==ERROR: AddressSanitizer failed to allocate 0x4000001000 (274877911040) bytes at address 1fffffff000 (errno: 12)
FAIL: c-c++-common/asan/clone-test-1.c -O0 execution test
FAIL: c-c++-common/asan/clone-test-1.c -O1 execution test
FAIL: c-c++-common/asan/clone-test-1.c -O2 execution test
FAIL: c-c++-common/asan/clone-test-1.c -O2 -flto -fno-use-linker-plugin -flto-partition=none execution test
FAIL: c-c++-common/asan/clone-test-1.c -O2 -flto -fuse-linker-plugin -fno-fat-lto-objects execution test
FAIL: c-c++-common/asan/clone-test-1.c -O3 -fomit-frame-pointer -funroll-loops -fpeel-loops -ftracer -finline-functions execution test
FAIL: c-c++-common/asan/clone-test-1.c -O3 -g execution test
FAIL: c-c++-common/asan/clone-test-1.c -Os execution test
FAIL: c-c++-common/asan/global-overflow-1.c -O0 output pattern test, is ==24959==ERROR: AddressSanitizer failed to allocate 0x4000001000 (274877911040) bytes at address 1fffffff000 (errno: 12)
FAIL: c-c++-common/asan/global-overflow-1.c -O1 output pattern test, is ==24982==ERROR: AddressSanitizer failed to allocate 0x4000001000 (274877911040) bytes at address 1fffffff000 (errno: 12)
FAIL: c-c++-common/asan/global-overflow-1.c -O2 output pattern test, is ==25002==ERROR: AddressSanitizer failed to allocate 0x4000001000 (274877911040) bytes at address 1fffffff000 (errno: 12)
FAIL: c-c++-common/asan/global-overflow-1.c -O2 -flto -fno-use-linker-plugin -flto-partition=none output pattern test, is ==25076==ERROR: AddressSanitizer failed to allocate 0x4000001000 (274877911040) bytes at address 1fffffff000 (errno: 12)
FAIL: c-c++-common/asan/global-overflow-1.c -O2 -flto -fuse-linker-plugin -fno-fat-lto-objects output pattern test, is ==25108==ERROR: AddressSanitizer failed to allocate 0x4000001000 (274877911040) bytes at address 1fffffff000 (errno: 12)
FAIL: c-c++-common/asan/global-overflow-1.c -O3 -g output pattern test, is ==25018==ERROR: AddressSanitizer failed to allocate 0x4000001000 (274877911040) bytes at address 1fffffff000 (errno: 12)
FAIL: c-c++-common/asan/global-overflow-1.c -Os output pattern test, is ==25039==ERROR: AddressSanitizer failed to allocate 0x4000001000 (274877911040) bytes at address 1fffffff000 (errno: 12)
FAIL: c-c++-common/asan/heap-overflow-1.c -O0 output pattern test, is ==25128==ERROR: AddressSanitizer failed to allocate 0x4000001000 (274877911040) bytes at address 1fffffff000 (errno: 12)
FAIL: c-c++-common/asan/heap-overflow-1.c -O1 output pattern test, is ==25149==ERROR: AddressSanitizer failed to allocate 0x4000001000 (274877911040) bytes at address 1fffffff000 (errno: 12)
FAIL: c-c++-common/asan/heap-overflow-1.c -O2 output pattern test, is ==25165==ERROR: AddressSanitizer failed to allocate 0x4000001000 (274877911040) bytes at address 1fffffff000 (errno: 12)
FAIL: c-c++-common/asan/heap-overflow-1.c -O2 -flto -fno-use-linker-plugin -flto-partition=none output pattern test, is ==25252==ERROR: AddressSanitizer failed to allocate 0x4000001000 (274877911040) bytes at address 1fffffff000 (errno: 12)
FAIL: c-c++-common/asan/heap-overflow-1.c -O2 -flto -fuse-linker-plugin -fno-fat-lto-objects output pattern test, is ==25275==ERROR: AddressSanitizer failed to allocate 0x4000001000 (274877911040) bytes at address 1fffffff000 (errno: 12)
FAIL: c-c++-common/asan/heap-overflow-1.c -O3 -g output pattern test, is ==25181==ERROR: AddressSanitizer failed to allocate 0x4000001000 (274877911040) bytes at address 1fffffff000 (errno: 12)
FAIL: c-c++-common/asan/heap-overflow-1.c -Os output pattern test, is ==25206==ERROR: AddressSanitizer failed to allocate 0x4000001000 (274877911040) bytes at address 1fffffff000 (errno: 12)
FAIL: c-c++-common/asan/memcmp-1.c -O0 output pattern test, is ==25581==ERROR: AddressSanitizer failed to allocate 0x4000001000 (274877911040) bytes at address 1fffffff000 (errno: 12)
FAIL: c-c++-common/asan/memcmp-1.c -O1 output pattern test, is ==25606==ERROR: AddressSanitizer failed to allocate 0x4000001000 (274877911040) bytes at address 1fffffff000 (errno: 12)
FAIL: c-c++-common/asan/memcmp-1.c -O2 output pattern test, is ==25626==ERROR: AddressSanitizer failed to allocate 0x4000001000 (274877911040) bytes at address 1fffffff000 (errno: 12)
FAIL: c-c++-common/asan/memcmp-1.c -O2 -flto -fno-use-linker-plugin -flto-partition=none output pattern test, is ==25757==ERROR: AddressSanitizer failed to allocate 0x4000001000 (274877911040) bytes at address 1fffffff000 (errno: 12)
FAIL: c-c++-common/asan/memcmp-1.c -O2 -flto -fuse-linker-plugin -fno-fat-lto-objects output pattern test, is ==25802==ERROR: AddressSanitizer failed to allocate 0x4000001000 (274877911040) bytes at address 1fffffff000 (errno: 12)
FAIL: c-c++-common/asan/memcmp-1.c -O3 -g output pattern test, is ==25658==ERROR: AddressSanitizer failed to allocate 0x4000001000 (274877911040) bytes at address 1fffffff000 (errno: 12)
FAIL: c-c++-common/asan/memcmp-1.c -Os output pattern test, is ==25690==ERROR: AddressSanitizer failed to allocate 0x4000001000 (274877911040) bytes at address 1fffffff000 (errno: 12)
FAIL: c-c++-common/asan/misalign-1.c -O0 output pattern test, is ==25914==ERROR: AddressSanitizer failed to allocate 0x4000001000 (274877911040) bytes at address 1fffffff000 (errno: 12)
FAIL: c-c++-common/asan/misalign-1.c -O1 output pattern test, is ==25953==ERROR: AddressSanitizer failed to allocate 0x4000001000 (274877911040) bytes at address 1fffffff000 (errno: 12)
FAIL: c-c++-common/asan/misalign-1.c -O2 output pattern test, is ==25990==ERROR: AddressSanitizer failed to allocate 0x4000001000 (274877911040) bytes at address 1fffffff000 (errno: 12)
FAIL: c-c++-common/asan/misalign-1.c -O2 -flto -fno-use-linker-plugin -flto-partition=none output pattern test, is ==26142==ERROR: AddressSanitizer failed to allocate 0x4000001000 (274877911040) bytes at address 1fffffff000 (errno: 12)
FAIL: c-c++-common/asan/misalign-1.c -O2 -flto -fuse-linker-plugin -fno-fat-lto-objects output pattern test, is ==26191==ERROR: AddressSanitizer failed to allocate 0x4000001000 (274877911040) bytes at address 1fffffff000 (errno: 12)
FAIL: c-c++-common/asan/misalign-1.c -O3 -g output pattern test, is ==26024==ERROR: AddressSanitizer failed to allocate 0x4000001000 (274877911040) bytes at address 1fffffff000 (errno: 12)
FAIL: c-c++-common/asan/misalign-1.c -Os output pattern test, is ==26061==ERROR: AddressSanitizer failed to allocate 0x4000001000 (274877911040) bytes at address 1fffffff000 (errno: 12)
FAIL: c-c++-common/asan/misalign-2.c -O0 output pattern test, is ==26230==ERROR: AddressSanitizer failed to allocate 0x4000001000 (274877911040) bytes at address 1fffffff000 (errno: 12)
FAIL: c-c++-common/asan/misalign-2.c -O1 output pattern test, is ==26267==ERROR: AddressSanitizer failed to allocate 0x4000001000 (274877911040) bytes at address 1fffffff000 (errno: 12)
FAIL: c-c++-common/asan/misalign-2.c -O2 output pattern test, is ==26308==ERROR: AddressSanitizer failed to allocate 0x4000001000 (274877911040) bytes at address 1fffffff000 (errno: 12)
FAIL: c-c++-common/asan/misalign-2.c -O2 -flto -fno-use-linker-plugin -flto-partition=none output pattern test, is ==26467==ERROR: AddressSanitizer failed to allocate 0x4000001000 (274877911040) bytes at address 1fffffff000 (errno: 12)
FAIL: c-c++-common/asan/misalign-2.c -O2 -flto -fuse-linker-plugin -fno-fat-lto-objects output pattern test, is ==26519==ERROR: AddressSanitizer failed to allocate 0x4000001000 (274877911040) bytes at address 1fffffff000 (errno: 12)
FAIL: c-c++-common/asan/misalign-2.c -O3 -g output pattern test, is ==26345==ERROR: AddressSanitizer failed to allocate 0x4000001000 (274877911040) bytes at address 1fffffff000 (errno: 12)
FAIL: c-c++-common/asan/misalign-2.c -Os output pattern test, is ==26382==ERROR: AddressSanitizer failed to allocate 0x4000001000 (274877911040) bytes at address 1fffffff000 (errno: 12)
FAIL: c-c++-common/asan/null-deref-1.c -O0 output pattern test, is ==26850==ERROR: AddressSanitizer failed to allocate 0x4000001000 (274877911040) bytes at address 1fffffff000 (errno: 12)
FAIL: c-c++-common/asan/null-deref-1.c -O1 output pattern test, is ==26884==ERROR: AddressSanitizer failed to allocate 0x4000001000 (274877911040) bytes at address 1fffffff000 (errno: 12)
FAIL: c-c++-common/asan/null-deref-1.c -O2 output pattern test, is ==26924==ERROR: AddressSanitizer failed to allocate 0x4000001000 (274877911040) bytes at address 1fffffff000 (errno: 12)
FAIL: c-c++-common/asan/null-deref-1.c -O2 -flto -fno-use-linker-plugin -flto-partition=none output pattern test, is ==27032==ERROR: AddressSanitizer failed to allocate 0x4000001000 (274877911040) bytes at address 1fffffff000 (errno: 12)
FAIL: c-c++-common/asan/null-deref-1.c -O2 -flto -fuse-linker-plugin -fno-fat-lto-objects output pattern test, is ==27066==ERROR: AddressSanitizer failed to allocate 0x4000001000 (274877911040) bytes at address 1fffffff000 (errno: 12)
FAIL: c-c++-common/asan/null-deref-1.c -O3 -g output pattern test, is ==26961==ERROR: AddressSanitizer failed to allocate 0x4000001000 (274877911040) bytes at address 1fffffff000 (errno: 12)
FAIL: c-c++-common/asan/null-deref-1.c -Os output pattern test, is ==26995==ERROR: AddressSanitizer failed to allocate 0x4000001000 (274877911040) bytes at address 1fffffff000 (errno: 12)
FAIL: c-c++-common/asan/pr59063-1.c -O0 execution test
FAIL: c-c++-common/asan/pr59063-1.c -O1 execution test
FAIL: c-c++-common/asan/pr59063-1.c -O2 execution test
FAIL: c-c++-common/asan/pr59063-1.c -O2 -flto -fno-use-linker-plugin -flto-partition=none execution test
FAIL: c-c++-common/asan/pr59063-1.c -O2 -flto -fuse-linker-plugin -fno-fat-lto-objects execution test
FAIL: c-c++-common/asan/pr59063-1.c -O3 -g execution test
FAIL: c-c++-common/asan/pr59063-1.c -Os execution test
FAIL: c-c++-common/asan/pr59063-2.c -O0 execution test
FAIL: c-c++-common/asan/pr59063-2.c -O1 execution test
FAIL: c-c++-common/asan/pr59063-2.c -O2 execution test
FAIL: c-c++-common/asan/pr59063-2.c -O2 -flto -fno-use-linker-plugin -flto-partition=none execution test
FAIL: c-c++-common/asan/pr59063-2.c -O2 -flto -fuse-linker-plugin -fno-fat-lto-objects execution test
FAIL: c-c++-common/asan/pr59063-2.c -O3 -g execution test
FAIL: c-c++-common/asan/pr59063-2.c -Os execution test
FAIL: c-c++-common/asan/pr61530.c -O0 output pattern test, is ==27443==ERROR: AddressSanitizer failed to allocate 0x4000001000 (274877911040) bytes at address 1fffffff000 (errno: 12)
FAIL: c-c++-common/asan/pr61530.c -O1 output pattern test, is ==27470==ERROR: AddressSanitizer failed to allocate 0x4000001000 (274877911040) bytes at address 1fffffff000 (errno: 12)
FAIL: c-c++-common/asan/pr61530.c -O2 output pattern test, is ==27502==ERROR: AddressSanitizer failed to allocate 0x4000001000 (274877911040) bytes at address 1fffffff000 (errno: 12)
FAIL: c-c++-common/asan/pr61530.c -O2 -flto -fno-use-linker-plugin -flto-partition=none output pattern test, is ==27628==ERROR: AddressSanitizer failed to allocate 0x4000001000 (274877911040) bytes at address 1fffffff000 (errno: 12)
FAIL: c-c++-common/asan/pr61530.c -O2 -flto -fuse-linker-plugin -fno-fat-lto-objects output pattern test, is ==27679==ERROR: AddressSanitizer failed to allocate 0x4000001000 (274877911040) bytes at address 1fffffff000 (errno: 12)
FAIL: c-c++-common/asan/pr61530.c -O3 -g output pattern test, is ==27533==ERROR: AddressSanitizer failed to allocate 0x4000001000 (274877911040) bytes at address 1fffffff000 (errno: 12)
FAIL: c-c++-common/asan/pr61530.c -Os output pattern test, is ==27561==ERROR: AddressSanitizer failed to allocate 0x4000001000 (274877911040) bytes at address 1fffffff000 (errno: 12)
FAIL: c-c++-common/asan/pr62089.c -O0 output pattern test, is ==27707==ERROR: AddressSanitizer failed to allocate 0x4000001000 (274877911040) bytes at address 1fffffff000 (errno: 12)
FAIL: c-c++-common/asan/pr62089.c -O1 output pattern test, is ==27747==ERROR: AddressSanitizer failed to allocate 0x4000001000 (274877911040) bytes at address 1fffffff000 (errno: 12)
FAIL: c-c++-common/asan/pr62089.c -O2 output pattern test, is ==27786==ERROR: AddressSanitizer failed to allocate 0x4000001000 (274877911040) bytes at address 1fffffff000 (errno: 12)
FAIL: c-c++-common/asan/pr62089.c -O2 -flto -fno-use-linker-plugin -flto-partition=none output pattern test, is ==27927==ERROR: AddressSanitizer failed to allocate 0x4000001000 (274877911040) bytes at address 1fffffff000 (errno: 12)
FAIL: c-c++-common/asan/pr62089.c -O2 -flto -fuse-linker-plugin -fno-fat-lto-objects output pattern test, is ==27968==ERROR: AddressSanitizer failed to allocate 0x4000001000 (274877911040) bytes at address 1fffffff000 (errno: 12)
FAIL: c-c++-common/asan/pr62089.c -O3 -g output pattern test, is ==27816==ERROR: AddressSanitizer failed to allocate 0x4000001000 (274877911040) bytes at address 1fffffff000 (errno: 12)
FAIL: c-c++-common/asan/pr62089.c -Os output pattern test, is ==27848==ERROR: AddressSanitizer failed to allocate 0x4000001000 (274877911040) bytes at address 1fffffff000 (errno: 12)
FAIL: c-c++-common/asan/pr63316.c -O0 execution test
FAIL: c-c++-common/asan/pr63316.c -O1 execution test
FAIL: c-c++-common/asan/pr63316.c -O2 execution test
FAIL: c-c++-common/asan/pr63316.c -O2 -flto -fno-use-linker-plugin -flto-partition=none execution test
FAIL: c-c++-common/asan/pr63316.c -O2 -flto -fuse-linker-plugin -fno-fat-lto-objects execution test
FAIL: c-c++-common/asan/pr63316.c -O3 -g execution test
FAIL: c-c++-common/asan/pr63316.c -Os execution test
FAIL: c-c++-common/asan/pr63888.c -O0 execution test
FAIL: c-c++-common/asan/pr63888.c -O1 execution test
FAIL: c-c++-common/asan/pr63888.c -O2 execution test
FAIL: c-c++-common/asan/pr63888.c -O2 -flto -fno-use-linker-plugin -flto-partition=none execution test
FAIL: c-c++-common/asan/pr63888.c -O2 -flto -fuse-linker-plugin -fno-fat-lto-objects execution test
FAIL: c-c++-common/asan/pr63888.c -O3 -g execution test
FAIL: c-c++-common/asan/pr63888.c -Os execution test
FAIL: c-c++-common/asan/rlimit-mmap-test-1.c -O0 output pattern test, is ==27343==ERROR: AddressSanitizer failed to allocate 0x4000001000 (274877911040) bytes at address 1fffffff000 (errno: 12)
FAIL: c-c++-common/asan/sanity-check-pure-c-1.c -O0 output pattern test, is ==27459==ERROR: AddressSanitizer failed to allocate 0x4000001000 (274877911040) bytes at address 1fffffff000 (errno: 12)
FAIL: c-c++-common/asan/sanity-check-pure-c-1.c -O1 output pattern test, is ==27491==ERROR: AddressSanitizer failed to allocate 0x4000001000 (274877911040) bytes at address 1fffffff000 (errno: 12)
FAIL: c-c++-common/asan/sanity-check-pure-c-1.c -O2 output pattern test, is ==27523==ERROR: AddressSanitizer failed to allocate 0x4000001000 (274877911040) bytes at address 1fffffff000 (errno: 12)
FAIL: c-c++-common/asan/sanity-check-pure-c-1.c -O2 -flto -fno-use-linker-plugin -flto-partition=none output pattern test, is ==27668==ERROR: AddressSanitizer failed to allocate 0x4000001000 (274877911040) bytes at address 1fffffff000 (errno: 12)
FAIL: c-c++-common/asan/sanity-check-pure-c-1.c -O2 -flto -fuse-linker-plugin -fno-fat-lto-objects output pattern test, is ==27711==ERROR: AddressSanitizer failed to allocate 0x4000001000 (274877911040) bytes at address 1fffffff000 (errno: 12)
FAIL: c-c++-common/asan/sanity-check-pure-c-1.c -O3 -g output pattern test, is ==27555==ERROR: AddressSanitizer failed to allocate 0x4000001000 (274877911040) bytes at address 1fffffff000 (errno: 12)
FAIL: c-c++-common/asan/sanity-check-pure-c-1.c -Os output pattern test, is ==27587==ERROR: AddressSanitizer failed to allocate 0x4000001000 (274877911040) bytes at address 1fffffff000 (errno: 12)
FAIL: c-c++-common/asan/sleep-before-dying-1.c -O2 output pattern test, is ==27822==ERROR: AddressSanitizer failed to allocate 0x4000001000 (274877911040) bytes at address 1fffffff000 (errno: 12)
FAIL: c-c++-common/asan/sleep-before-dying-1.c -O2 -flto -fno-use-linker-plugin -flto-partition=none output pattern test, is ==27899==ERROR: AddressSanitizer failed to allocate 0x4000001000 (274877911040) bytes at address 1fffffff000 (errno: 12)
FAIL: c-c++-common/asan/sleep-before-dying-1.c -O2 -flto -fuse-linker-plugin -fno-fat-lto-objects output pattern test, is ==27950==ERROR: AddressSanitizer failed to allocate 0x4000001000 (274877911040) bytes at address 1fffffff000 (errno: 12)
FAIL: c-c++-common/asan/stack-overflow-1.c -O0 output pattern test, is ==27985==ERROR: AddressSanitizer failed to allocate 0x4000001000 (274877911040) bytes at address 1fffffff000 (errno: 12)
FAIL: c-c++-common/asan/stack-overflow-1.c -O1 output pattern test, is ==28030==ERROR: AddressSanitizer failed to allocate 0x4000001000 (274877911040) bytes at address 1fffffff000 (errno: 12)
FAIL: c-c++-common/asan/stack-overflow-1.c -O2 output pattern test, is ==28081==ERROR: AddressSanitizer failed to allocate 0x4000001000 (274877911040) bytes at address 1fffffff000 (errno: 12)
FAIL: c-c++-common/asan/stack-overflow-1.c -O2 -flto -fno-use-linker-plugin -flto-partition=none output pattern test, is ==28231==ERROR: AddressSanitizer failed to allocate 0x4000001000 (274877911040) bytes at address 1fffffff000 (errno: 12)
FAIL: c-c++-common/asan/stack-overflow-1.c -O2 -flto -fuse-linker-plugin -fno-fat-lto-objects output pattern test, is ==28281==ERROR: AddressSanitizer failed to allocate 0x4000001000 (274877911040) bytes at address 1fffffff000 (errno: 12)
FAIL: c-c++-common/asan/stack-overflow-1.c -O3 -g output pattern test, is ==28128==ERROR: AddressSanitizer failed to allocate 0x4000001000 (274877911040) bytes at address 1fffffff000 (errno: 12)
FAIL: c-c++-common/asan/stack-overflow-1.c -Os output pattern test, is ==28162==ERROR: AddressSanitizer failed to allocate 0x4000001000 (274877911040) bytes at address 1fffffff000 (errno: 12)
FAIL: c-c++-common/asan/strip-path-prefix-1.c -O2 output pattern test, is ==28321==ERROR: AddressSanitizer failed to allocate 0x4000001000 (274877911040) bytes at address 1fffffff000 (errno: 12)
FAIL: c-c++-common/asan/strip-path-prefix-1.c -O2 -flto -fno-use-linker-plugin -flto-partition=none output pattern test, is ==28398==ERROR: AddressSanitizer failed to allocate 0x4000001000 (274877911040) bytes at address 1fffffff000 (errno: 12)
FAIL: c-c++-common/asan/strip-path-prefix-1.c -O2 -flto -fuse-linker-plugin -fno-fat-lto-objects output pattern test, is ==28459==ERROR: AddressSanitizer failed to allocate 0x4000001000 (274877911040) bytes at address 1fffffff000 (errno: 12)
FAIL: c-c++-common/asan/strlen-overflow-1.c -O0 output pattern test, is ==28498==ERROR: AddressSanitizer failed to allocate 0x4000001000 (274877911040) bytes at address 1fffffff000 (errno: 12)
FAIL: c-c++-common/asan/strlen-overflow-1.c -O1 output pattern test, is ==28530==ERROR: AddressSanitizer failed to allocate 0x4000001000 (274877911040) bytes at address 1fffffff000 (errno: 12)
FAIL: c-c++-common/asan/strlen-overflow-1.c -O2 output pattern test, is ==28563==ERROR: AddressSanitizer failed to allocate 0x4000001000 (274877911040) bytes at address 1fffffff000 (errno: 12)
FAIL: c-c++-common/asan/strlen-overflow-1.c -O3 -g output pattern test, is ==28599==ERROR: AddressSanitizer failed to allocate 0x4000001000 (274877911040) bytes at address 1fffffff000 (errno: 12)
FAIL: c-c++-common/asan/strlen-overflow-1.c -Os output pattern test, is ==28631==ERROR: AddressSanitizer failed to allocate 0x4000001000 (274877911040) bytes at address 1fffffff000 (errno: 12)
FAIL: c-c++-common/asan/strncpy-overflow-1.c -O0 output pattern test, is ==28668==ERROR: AddressSanitizer failed to allocate 0x4000001000 (274877911040) bytes at address 1fffffff000 (errno: 12)
FAIL: c-c++-common/asan/strncpy-overflow-1.c -O1 output pattern test, is ==28706==ERROR: AddressSanitizer failed to allocate 0x4000001000 (274877911040) bytes at address 1fffffff000 (errno: 12)
FAIL: c-c++-common/asan/strncpy-overflow-1.c -O2 output pattern test, is ==28745==ERROR: AddressSanitizer failed to allocate 0x4000001000 (274877911040) bytes at address 1fffffff000 (errno: 12)
FAIL: c-c++-common/asan/strncpy-overflow-1.c -O2 -flto -fno-use-linker-plugin -flto-partition=none output pattern test, is ==28924==ERROR: AddressSanitizer failed to allocate 0x4000001000 (274877911040) bytes at address 1fffffff000 (errno: 12)
FAIL: c-c++-common/asan/strncpy-overflow-1.c -O2 -flto -fuse-linker-plugin -fno-fat-lto-objects output pattern test, is ==28985==ERROR: AddressSanitizer failed to allocate 0x4000001000 (274877911040) bytes at address 1fffffff000 (errno: 12)
FAIL: c-c++-common/asan/strncpy-overflow-1.c -O3 -g output pattern test, is ==28789==ERROR: AddressSanitizer failed to allocate 0x4000001000 (274877911040) bytes at address 1fffffff000 (errno: 12)
FAIL: c-c++-common/asan/strncpy-overflow-1.c -Os output pattern test, is ==28836==ERROR: AddressSanitizer failed to allocate 0x4000001000 (274877911040) bytes at address 1fffffff000 (errno: 12)
FAIL: c-c++-common/asan/swapcontext-test-1.c -O0 execution test
FAIL: c-c++-common/asan/swapcontext-test-1.c -O1 execution test
FAIL: c-c++-common/asan/swapcontext-test-1.c -O2 execution test
FAIL: c-c++-common/asan/swapcontext-test-1.c -O2 -flto -fno-use-linker-plugin -flto-partition=none execution test
FAIL: c-c++-common/asan/swapcontext-test-1.c -O2 -flto -fuse-linker-plugin -fno-fat-lto-objects execution test
FAIL: c-c++-common/asan/swapcontext-test-1.c -O3 -fomit-frame-pointer -funroll-loops -fpeel-loops -ftracer -finline-functions execution test
FAIL: c-c++-common/asan/swapcontext-test-1.c -O3 -g execution test
FAIL: c-c++-common/asan/swapcontext-test-1.c -Os execution test
FAIL: c-c++-common/asan/use-after-free-1.c -O0 output pattern test, is ==29240==ERROR: AddressSanitizer failed to allocate 0x4000001000 (274877911040) bytes at address 1fffffff000 (errno: 12)
FAIL: c-c++-common/asan/use-after-free-1.c -O1 output pattern test, is ==29256==ERROR: AddressSanitizer failed to allocate 0x4000001000 (274877911040) bytes at address 1fffffff000 (errno: 12)
FAIL: c-c++-common/asan/use-after-free-1.c -O2 output pattern test, is ==29272==ERROR: AddressSanitizer failed to allocate 0x4000001000 (274877911040) bytes at address 1fffffff000 (errno: 12)
FAIL: c-c++-common/asan/use-after-free-1.c -O2 -flto -fno-use-linker-plugin -flto-partition=none output pattern test, is ==29357==ERROR: AddressSanitizer failed to allocate 0x4000001000 (274877911040) bytes at address 1fffffff000 (errno: 12)
FAIL: c-c++-common/asan/use-after-free-1.c -O2 -flto -fuse-linker-plugin -fno-fat-lto-objects output pattern test, is ==29396==ERROR: AddressSanitizer failed to allocate 0x4000001000 (274877911040) bytes at address 1fffffff000 (errno: 12)
FAIL: c-c++-common/asan/use-after-free-1.c -O3 -g output pattern test, is ==29293==ERROR: AddressSanitizer failed to allocate 0x4000001000 (274877911040) bytes at address 1fffffff000 (errno: 12)
FAIL: c-c++-common/asan/use-after-free-1.c -Os output pattern test, is ==29320==ERROR: AddressSanitizer failed to allocate 0x4000001000 (274877911040) bytes at address 1fffffff000 (errno: 12)
FAIL: c-c++-common/asan/use-after-return-1.c -O0 output pattern test, is ==29412==ERROR: AddressSanitizer failed to allocate 0x4000001000 (274877911040) bytes at address 1fffffff000 (errno: 12)
FAIL: c-c++-common/asan/use-after-return-1.c -O1 output pattern test, is ==29428==ERROR: AddressSanitizer failed to allocate 0x4000001000 (274877911040) bytes at address 1fffffff000 (errno: 12)
FAIL: c-c++-common/asan/use-after-return-1.c -O2 output pattern test, is ==29444==ERROR: AddressSanitizer failed to allocate 0x4000001000 (274877911040) bytes at address 1fffffff000 (errno: 12)
FAIL: c-c++-common/asan/use-after-return-1.c -O2 -flto -fno-use-linker-plugin -flto-partition=none output pattern test, is ==29548==ERROR: AddressSanitizer failed to allocate 0x4000001000 (274877911040) bytes at address 1fffffff000 (errno: 12)
FAIL: c-c++-common/asan/use-after-return-1.c -O2 -flto -fuse-linker-plugin -fno-fat-lto-objects output pattern test, is ==29581==ERROR: AddressSanitizer failed to allocate 0x4000001000 (274877911040) bytes at address 1fffffff000 (errno: 12)
FAIL: c-c++-common/asan/use-after-return-1.c -O3 -g output pattern test, is ==29480==ERROR: AddressSanitizer failed to allocate 0x4000001000 (274877911040) bytes at address 1fffffff000 (errno: 12)
FAIL: c-c++-common/asan/use-after-return-1.c -Os output pattern test, is ==29496==ERROR: AddressSanitizer failed to allocate 0x4000001000 (274877911040) bytes at address 1fffffff000 (errno: 12)
FAIL: gcc.dg/asan/nosanitize-and-inline.c -O0 execution test
FAIL: gcc.dg/asan/nosanitize-and-inline.c -O1 execution test
FAIL: gcc.dg/asan/nosanitize-and-inline.c -O2 execution test
FAIL: gcc.dg/asan/nosanitize-and-inline.c -O2 -flto -fno-use-linker-plugin -flto-partition=none execution test
FAIL: gcc.dg/asan/nosanitize-and-inline.c -O2 -flto -fuse-linker-plugin -fno-fat-lto-objects execution test
FAIL: gcc.dg/asan/nosanitize-and-inline.c -O3 -fomit-frame-pointer -funroll-loops -fpeel-loops -ftracer -finline-functions execution test
FAIL: gcc.dg/asan/nosanitize-and-inline.c -O3 -g execution test
FAIL: gcc.dg/asan/nosanitize-and-inline.c -Os execution test
FAIL: gcc.dg/atomic/pr65345-4.c -O0 (internal compiler error)
FAIL: gcc.dg/atomic/pr65345-4.c -O0 (test for excess errors)
FAIL: gcc.dg/atomic/pr65345-4.c -O1 (internal compiler error)
FAIL: gcc.dg/atomic/pr65345-4.c -O1 (test for excess errors)
FAIL: gcc.dg/atomic/pr65345-4.c -O2 (internal compiler error)
FAIL: gcc.dg/atomic/pr65345-4.c -O2 (test for excess errors)
FAIL: gcc.dg/atomic/pr65345-4.c -O2 -flto -fno-use-linker-plugin -flto-partition=none (internal compiler error)
FAIL: gcc.dg/atomic/pr65345-4.c -O2 -flto -fno-use-linker-plugin -flto-partition=none (test for excess errors)
FAIL: gcc.dg/atomic/pr65345-4.c -O2 -flto -fuse-linker-plugin -fno-fat-lto-objects (internal compiler error)
FAIL: gcc.dg/atomic/pr65345-4.c -O2 -flto -fuse-linker-plugin -fno-fat-lto-objects (test for excess errors)
FAIL: gcc.dg/atomic/pr65345-4.c -O3 -g (internal compiler error)
FAIL: gcc.dg/atomic/pr65345-4.c -O3 -g (test for excess errors)
FAIL: gcc.dg/atomic/pr65345-4.c -Os (internal compiler error)
FAIL: gcc.dg/atomic/pr65345-4.c -Os (test for excess errors)
FAIL: gcc.dg/debug/dwarf2/stacked-qualified-types-3.c scan-assembler-times DIE \\\\([^\\n]*\\\\) DW_TAG_(?:const|volatile|atomic|restrict)_type 8
FAIL: gcc.dg/loop-8.c scan-rtl-dump-times loop2_invariant "Decided" 1
FAIL: gcc.dg/pr65345-3.c (test for errors, line 18)
FAIL: gcc.dg/pr65345-3.c (test for errors, line 19)
FAIL: gcc.dg/pr65345-3.c (test for errors, line 20)
FAIL: gcc.dg/pr65345-3.c (test for errors, line 21)
FAIL: gcc.dg/pr65345-3.c (test for errors, line 22)
FAIL: gcc.dg/pr65345-3.c (internal compiler error)
FAIL: gcc.dg/pr65345-3.c (test for excess errors)
FAIL: gcc.dg/sms-4.c scan-rtl-dump-times sms "SMS succeeded" 1
XPASS: gcc.dg/guality/example.c -O0 execution test
XPASS: gcc.dg/guality/example.c -O1 execution test
XPASS: gcc.dg/guality/guality.c -O0 execution test
XPASS: gcc.dg/guality/guality.c -O1 execution test
XPASS: gcc.dg/guality/guality.c -O2 execution test
XPASS: gcc.dg/guality/guality.c -O2 -flto -fno-use-linker-plugin -flto-partition=none execution test
XPASS: gcc.dg/guality/guality.c -O2 -flto -fuse-linker-plugin -fno-fat-lto-objects execution test
XPASS: gcc.dg/guality/guality.c -O3 -g execution test
XPASS: gcc.dg/guality/guality.c -Os execution test
XPASS: gcc.dg/guality/inline-params.c -O2 execution test
XPASS: gcc.dg/guality/inline-params.c -O2 -flto -fno-use-linker-plugin -flto-partition=none execution test
XPASS: gcc.dg/guality/inline-params.c -O3 -g execution test
XPASS: gcc.dg/guality/inline-params.c -Os execution test
FAIL: gcc.dg/guality/param-3.c -O1 line 20 str.pa == 31415927
FAIL: gcc.dg/guality/param-3.c -O1 line 20 str.pb == 27182818
FAIL: gcc.dg/guality/pr36728-1.c -O2 line 16 y == 2
FAIL: gcc.dg/guality/pr36728-1.c -O2 line 18 y == 2
FAIL: gcc.dg/guality/pr36728-1.c -O2 -flto -fno-use-linker-plugin -flto-partition=none line 16 y == 2
FAIL: gcc.dg/guality/pr36728-1.c -O2 -flto -fno-use-linker-plugin -flto-partition=none line 18 y == 2
FAIL: gcc.dg/guality/pr36728-1.c -O2 -flto -fuse-linker-plugin -fno-fat-lto-objects line 16 y == 2
FAIL: gcc.dg/guality/pr36728-1.c -O3 -g line 16 y == 2
FAIL: gcc.dg/guality/pr36728-1.c -O3 -g line 18 y == 2
XPASS: gcc.dg/guality/pr41353-1.c -O0 line 28 j == 28 + 37
FAIL: gcc.dg/guality/pr41353-1.c -O1 line 28 i == 37
FAIL: gcc.dg/guality/pr41353-1.c -O1 line 28 i1 == 2 * 37
FAIL: gcc.dg/guality/pr41353-1.c -O1 line 28 i2 == 3 * 37
XPASS: gcc.dg/guality/pr41353-1.c -O1 line 28 j == 28 + 37
FAIL: gcc.dg/guality/pr41353-1.c -O2 line 28 i == 37
FAIL: gcc.dg/guality/pr41353-1.c -O2 line 28 i1 == 2 * 37
FAIL: gcc.dg/guality/pr41353-1.c -O2 line 28 i2 == 3 * 37
XPASS: gcc.dg/guality/pr41353-1.c -O2 line 28 j == 28 + 37
FAIL: gcc.dg/guality/pr41353-1.c -O2 -flto -fno-use-linker-plugin -flto-partition=none line 28 i == 37
FAIL: gcc.dg/guality/pr41353-1.c -O2 -flto -fno-use-linker-plugin -flto-partition=none line 28 i1 == 2 * 37
FAIL: gcc.dg/guality/pr41353-1.c -O2 -flto -fno-use-linker-plugin -flto-partition=none line 28 i2 == 3 * 37
XPASS: gcc.dg/guality/pr41353-1.c -O2 -flto -fno-use-linker-plugin -flto-partition=none line 28 j == 28 + 37
FAIL: gcc.dg/guality/pr41353-1.c -O2 -flto -fuse-linker-plugin -fno-fat-lto-objects line 28 i == 37
FAIL: gcc.dg/guality/pr41353-1.c -O2 -flto -fuse-linker-plugin -fno-fat-lto-objects line 28 i1 == 2 * 37
FAIL: gcc.dg/guality/pr41353-1.c -O2 -flto -fuse-linker-plugin -fno-fat-lto-objects line 28 i2 == 3 * 37
XPASS: gcc.dg/guality/pr41353-1.c -O2 -flto -fuse-linker-plugin -fno-fat-lto-objects line 28 j == 28 + 37
FAIL: gcc.dg/guality/pr41353-1.c -O3 -g line 28 i == 37
FAIL: gcc.dg/guality/pr41353-1.c -O3 -g line 28 i1 == 2 * 37
FAIL: gcc.dg/guality/pr41353-1.c -O3 -g line 28 i2 == 3 * 37
XPASS: gcc.dg/guality/pr41353-1.c -O3 -g line 28 j == 28 + 37
FAIL: gcc.dg/guality/pr41353-1.c -Os line 28 i == 37
FAIL: gcc.dg/guality/pr41353-1.c -Os line 28 i1 == 2 * 37
FAIL: gcc.dg/guality/pr41353-1.c -Os line 28 i2 == 3 * 37
XPASS: gcc.dg/guality/pr41353-1.c -Os line 28 j == 28 + 37
FAIL: gcc.dg/guality/pr41404-1.c -O2 -flto -fuse-linker-plugin -fno-fat-lto-objects line 10 *foo == 'f'
FAIL: gcc.dg/guality/pr41404-1.c -O2 -flto -fuse-linker-plugin -fno-fat-lto-objects line 14 *foo == 'b'
FAIL: gcc.dg/guality/pr41404-1.c -O2 -flto -fuse-linker-plugin -fno-fat-lto-objects line 24 *foo == 'f'
FAIL: gcc.dg/guality/pr41616-1.c -O2 -flto -fuse-linker-plugin -fno-fat-lto-objects execution test
FAIL: gcc.dg/guality/pr43051-1.c -O1 line 34 c == &a[0]
FAIL: gcc.dg/guality/pr43051-1.c -O1 line 40 v == 1
FAIL: gcc.dg/guality/pr43051-1.c -O2 line 35 v == 1
FAIL: gcc.dg/guality/pr43051-1.c -O2 line 40 v == 1
FAIL: gcc.dg/guality/pr43051-1.c -O2 -flto -fno-use-linker-plugin -flto-partition=none line 35 v == 1
FAIL: gcc.dg/guality/pr43051-1.c -O2 -flto -fno-use-linker-plugin -flto-partition=none line 40 v == 1
FAIL: gcc.dg/guality/pr43051-1.c -O2 -flto -fuse-linker-plugin -fno-fat-lto-objects line 35 v == 1
FAIL: gcc.dg/guality/pr43051-1.c -O2 -flto -fuse-linker-plugin -fno-fat-lto-objects line 40 v == 1
FAIL: gcc.dg/guality/pr43051-1.c -O3 -fomit-frame-pointer -funroll-loops -fpeel-loops -ftracer -finline-functions line 35 v == 1
FAIL: gcc.dg/guality/pr43051-1.c -O3 -fomit-frame-pointer -funroll-loops -fpeel-loops -ftracer -finline-functions line 40 v == 1
FAIL: gcc.dg/guality/pr43051-1.c -O3 -g line 35 v == 1
FAIL: gcc.dg/guality/pr43051-1.c -O3 -g line 40 v == 1
FAIL: gcc.dg/guality/pr43051-1.c -Os line 40 v == 1
FAIL: gcc.dg/guality/pr45882.c -O2 -flto -fuse-linker-plugin -fno-fat-lto-objects line 16 d == 112
FAIL: gcc.dg/guality/pr45882.c -O2 -flto -fuse-linker-plugin -fno-fat-lto-objects line 16 e == 142
FAIL: gcc.dg/guality/pr54200.c -O1 line 20 z == 3
FAIL: gcc.dg/guality/pr54200.c -O2 line 20 z == 3
FAIL: gcc.dg/guality/pr54200.c -O2 -flto -fno-use-linker-plugin -flto-partition=none line 20 z == 3
FAIL: gcc.dg/guality/pr54200.c -O2 -flto -fuse-linker-plugin -fno-fat-lto-objects line 20 z == 3
FAIL: gcc.dg/guality/pr54200.c -O3 -g line 20 z == 3
FAIL: gcc.dg/guality/pr54200.c -Os line 20 z == 3
FAIL: gcc.dg/guality/pr54519-1.c -O1 line 20 x == 36
FAIL: gcc.dg/guality/pr54519-1.c -O1 line 20 y == 25
FAIL: gcc.dg/guality/pr54519-1.c -O1 line 23 x == 98
FAIL: gcc.dg/guality/pr54519-1.c -O1 line 23 y == 117
FAIL: gcc.dg/guality/pr54519-1.c -O2 line 20 x == 36
FAIL: gcc.dg/guality/pr54519-1.c -O2 line 23 x == 98
FAIL: gcc.dg/guality/pr54519-1.c -O2 -flto -fno-use-linker-plugin -flto-partition=none line 20 x == 36
FAIL: gcc.dg/guality/pr54519-1.c -O2 -flto -fno-use-linker-plugin -flto-partition=none line 20 y == 25
FAIL: gcc.dg/guality/pr54519-1.c -O2 -flto -fno-use-linker-plugin -flto-partition=none line 20 z == 6
FAIL: gcc.dg/guality/pr54519-1.c -O2 -flto -fno-use-linker-plugin -flto-partition=none line 23 x == 98
FAIL: gcc.dg/guality/pr54519-1.c -O2 -flto -fno-use-linker-plugin -flto-partition=none line 23 y == 117
FAIL: gcc.dg/guality/pr54519-1.c -O2 -flto -fno-use-linker-plugin -flto-partition=none line 23 z == 8
FAIL: gcc.dg/guality/pr54519-1.c -Os line 20 x == 36
FAIL: gcc.dg/guality/pr54519-1.c -Os line 23 x == 98
FAIL: gcc.dg/guality/pr54519-2.c -O1 line 17 x == 6
FAIL: gcc.dg/guality/pr54519-2.c -O2 -flto -fno-use-linker-plugin -flto-partition=none line 17 y == 25
FAIL: gcc.dg/guality/pr54519-2.c -O2 -flto -fuse-linker-plugin -fno-fat-lto-objects line 17 y == 25
FAIL: gcc.dg/guality/pr54519-2.c -Os line 17 x == 6
FAIL: gcc.dg/guality/pr54519-3.c -O1 line 20 x == 36
FAIL: gcc.dg/guality/pr54519-3.c -O1 line 20 y == 25
FAIL: gcc.dg/guality/pr54519-3.c -O1 line 20 z == 6
FAIL: gcc.dg/guality/pr54519-3.c -O1 line 23 x == 98
FAIL: gcc.dg/guality/pr54519-3.c -O1 line 23 y == 117
FAIL: gcc.dg/guality/pr54519-3.c -O1 line 23 z == 8
FAIL: gcc.dg/guality/pr54519-3.c -O2 line 20 z == 6
FAIL: gcc.dg/guality/pr54519-3.c -O2 line 23 z == 8
FAIL: gcc.dg/guality/pr54519-3.c -O2 -flto -fno-use-linker-plugin -flto-partition=none line 20 y == 25
FAIL: gcc.dg/guality/pr54519-3.c -O2 -flto -fno-use-linker-plugin -flto-partition=none line 20 z == 6
FAIL: gcc.dg/guality/pr54519-3.c -O2 -flto -fno-use-linker-plugin -flto-partition=none line 23 y == 117
FAIL: gcc.dg/guality/pr54519-3.c -O2 -flto -fno-use-linker-plugin -flto-partition=none line 23 z == 8
FAIL: gcc.dg/guality/pr54519-3.c -O2 -flto -fuse-linker-plugin -fno-fat-lto-objects line 20 y == 25
FAIL: gcc.dg/guality/pr54519-3.c -O2 -flto -fuse-linker-plugin -fno-fat-lto-objects line 20 z == 6
FAIL: gcc.dg/guality/pr54519-3.c -O2 -flto -fuse-linker-plugin -fno-fat-lto-objects line 23 y == 117
FAIL: gcc.dg/guality/pr54519-3.c -O2 -flto -fuse-linker-plugin -fno-fat-lto-objects line 23 z == 8
FAIL: gcc.dg/guality/pr54519-3.c -O3 -g line 20 z == 6
FAIL: gcc.dg/guality/pr54519-3.c -O3 -g line 23 z == 8
FAIL: gcc.dg/guality/pr54519-3.c -Os line 20 z == 6
FAIL: gcc.dg/guality/pr54519-3.c -Os line 23 z == 8
FAIL: gcc.dg/guality/pr54519-4.c -O1 line 17 x == 6
FAIL: gcc.dg/guality/pr54519-4.c -O1 line 17 y == 25
FAIL: gcc.dg/guality/pr54519-4.c -O2 line 17 y == 25
FAIL: gcc.dg/guality/pr54519-4.c -O2 -flto -fno-use-linker-plugin -flto-partition=none line 17 y == 25
FAIL: gcc.dg/guality/pr54519-4.c -O2 -flto -fuse-linker-plugin -fno-fat-lto-objects line 17 y == 25
FAIL: gcc.dg/guality/pr54519-4.c -O3 -g line 17 y == 25
FAIL: gcc.dg/guality/pr54519-4.c -Os line 17 y == 25
FAIL: gcc.dg/guality/pr54519-5.c -O1 line 17 x == 6
FAIL: gcc.dg/guality/pr54519-5.c -O1 line 17 y == 25
FAIL: gcc.dg/guality/pr54519-5.c -O2 line 17 y == 25
FAIL: gcc.dg/guality/pr54519-5.c -O2 -flto -fno-use-linker-plugin -flto-partition=none line 17 y == 25
FAIL: gcc.dg/guality/pr54519-5.c -O2 -flto -fuse-linker-plugin -fno-fat-lto-objects line 17 y == 25
FAIL: gcc.dg/guality/pr54519-5.c -O3 -g line 17 y == 25
FAIL: gcc.dg/guality/pr54519-5.c -Os line 17 x == 6
FAIL: gcc.dg/guality/pr54519-5.c -Os line 17 y == 25
FAIL: gcc.dg/guality/pr54551.c -O1 line 18 a == 4
FAIL: gcc.dg/guality/pr54551.c -O2 line 18 a == 4
FAIL: gcc.dg/guality/pr54551.c -O2 -flto -fno-use-linker-plugin -flto-partition=none line 18 a == 4
FAIL: gcc.dg/guality/pr54551.c -O3 -g line 18 a == 4
FAIL: gcc.dg/guality/pr54551.c -Os line 18 a == 4
FAIL: gcc.dg/guality/pr54693-2.c -O1 line 21 x == 10 - i
FAIL: gcc.dg/guality/pr54693-2.c -O2 line 21 x == 10 - i
FAIL: gcc.dg/guality/pr54693-2.c -O2 -flto -fno-use-linker-plugin -flto-partition=none line 21 x == 10 - i
FAIL: gcc.dg/guality/pr54693-2.c -O2 -flto -fuse-linker-plugin -fno-fat-lto-objects line 21 x == 10 - i
FAIL: gcc.dg/guality/pr54693-2.c -O3 -fomit-frame-pointer -funroll-loops -fpeel-loops -ftracer -finline-functions line 21 x == 10 - i
FAIL: gcc.dg/guality/pr54693-2.c -O3 -g line 21 x == 10 - i
FAIL: gcc.dg/guality/pr54693-2.c -Os line 21 y == 20 - 2 * i
FAIL: gcc.dg/guality/pr54693-2.c -Os line 21 z == 30 - 3 * i
FAIL: gcc.dg/guality/pr54693.c -O1 line 22 i == c - 48
FAIL: gcc.dg/guality/pr54693.c -O2 line 22 i == c - 48
FAIL: gcc.dg/guality/pr54693.c -O2 -flto -fno-use-linker-plugin -flto-partition=none line 22 i == c - 48
FAIL: gcc.dg/guality/pr54693.c -O2 -flto -fuse-linker-plugin -fno-fat-lto-objects line 22 i == c - 48
FAIL: gcc.dg/guality/pr54693.c -O3 -fomit-frame-pointer -funroll-loops -fpeel-loops -ftracer -finline-functions line 22 i == c - 48
FAIL: gcc.dg/guality/pr54693.c -O3 -g line 22 i == c - 48
FAIL: gcc.dg/guality/pr54693.c -Os line 22 i == c - 48
FAIL: gcc.dg/guality/pr54970.c -O1 line 15 *p == 3
FAIL: gcc.dg/guality/pr54970.c -O1 line 15 *q == 2
FAIL: gcc.dg/guality/pr54970.c -O1 line 15 a[0] == 1
FAIL: gcc.dg/guality/pr54970.c -O1 line 15 a[1] == 2
FAIL: gcc.dg/guality/pr54970.c -O1 line 15 a[2] == 3
FAIL: gcc.dg/guality/pr54970.c -O1 line 20 *p == 13
FAIL: gcc.dg/guality/pr54970.c -O1 line 20 *q == 2
FAIL: gcc.dg/guality/pr54970.c -O1 line 20 a[0] == 1
FAIL: gcc.dg/guality/pr54970.c -O1 line 20 a[1] == 2
FAIL: gcc.dg/guality/pr54970.c -O1 line 20 a[2] == 13
FAIL: gcc.dg/guality/pr54970.c -O1 line 25 *p == 13
FAIL: gcc.dg/guality/pr54970.c -O1 line 25 *q == 12
FAIL: gcc.dg/guality/pr54970.c -O1 line 25 a[0] == 1
FAIL: gcc.dg/guality/pr54970.c -O1 line 25 a[1] == 12
FAIL: gcc.dg/guality/pr54970.c -O1 line 25 a[2] == 13
FAIL: gcc.dg/guality/pr54970.c -O1 line 31 *p == 6
FAIL: gcc.dg/guality/pr54970.c -O1 line 31 *q == 5
FAIL: gcc.dg/guality/pr54970.c -O1 line 31 a[0] == 4
FAIL: gcc.dg/guality/pr54970.c -O1 line 31 a[1] == 5
FAIL: gcc.dg/guality/pr54970.c -O1 line 31 a[2] == 6
FAIL: gcc.dg/guality/pr54970.c -O1 line 36 *p == 26
FAIL: gcc.dg/guality/pr54970.c -O1 line 36 *q == 5
FAIL: gcc.dg/guality/pr54970.c -O1 line 36 a[0] == 4
FAIL: gcc.dg/guality/pr54970.c -O1 line 36 a[1] == 5
FAIL: gcc.dg/guality/pr54970.c -O1 line 36 a[2] == 26
FAIL: gcc.dg/guality/pr54970.c -O1 line 45 *p == 26
FAIL: gcc.dg/guality/pr54970.c -O1 line 45 *q == 25
FAIL: gcc.dg/guality/pr54970.c -O1 line 45 a[0] == 4
FAIL: gcc.dg/guality/pr54970.c -O1 line 45 a[1] == 25
FAIL: gcc.dg/guality/pr54970.c -O1 line 45 a[2] == 26
FAIL: gcc.dg/guality/pr54970.c -O1 line 45 p[-1] == 25
FAIL: gcc.dg/guality/pr54970.c -O1 line 45 p[-2] == 4
FAIL: gcc.dg/guality/pr54970.c -O1 line 45 q[-1] == 4
FAIL: gcc.dg/guality/pr54970.c -O1 line 45 q[1] == 26
FAIL: gcc.dg/guality/pr54970.c -O2 line 15 *p == 3
FAIL: gcc.dg/guality/pr54970.c -O2 line 15 *q == 2
FAIL: gcc.dg/guality/pr54970.c -O2 line 15 a[0] == 1
FAIL: gcc.dg/guality/pr54970.c -O2 line 15 a[1] == 2
FAIL: gcc.dg/guality/pr54970.c -O2 line 15 a[2] == 3
FAIL: gcc.dg/guality/pr54970.c -O2 line 20 *p == 13
FAIL: gcc.dg/guality/pr54970.c -O2 line 20 *q == 2
FAIL: gcc.dg/guality/pr54970.c -O2 line 20 a[0] == 1
FAIL: gcc.dg/guality/pr54970.c -O2 line 20 a[1] == 2
FAIL: gcc.dg/guality/pr54970.c -O2 line 20 a[2] == 13
FAIL: gcc.dg/guality/pr54970.c -O2 line 25 *p == 13
FAIL: gcc.dg/guality/pr54970.c -O2 line 25 *q == 12
FAIL: gcc.dg/guality/pr54970.c -O2 line 25 a[0] == 1
FAIL: gcc.dg/guality/pr54970.c -O2 line 25 a[1] == 12
FAIL: gcc.dg/guality/pr54970.c -O2 line 25 a[2] == 13
FAIL: gcc.dg/guality/pr54970.c -O2 line 31 *p == 6
FAIL: gcc.dg/guality/pr54970.c -O2 line 31 *q == 5
FAIL: gcc.dg/guality/pr54970.c -O2 line 31 a[0] == 4
FAIL: gcc.dg/guality/pr54970.c -O2 line 31 a[1] == 5
FAIL: gcc.dg/guality/pr54970.c -O2 line 31 a[2] == 6
FAIL: gcc.dg/guality/pr54970.c -O2 line 36 *p == 26
FAIL: gcc.dg/guality/pr54970.c -O2 line 36 *q == 5
FAIL: gcc.dg/guality/pr54970.c -O2 line 36 a[0] == 4
FAIL: gcc.dg/guality/pr54970.c -O2 line 36 a[1] == 5
FAIL: gcc.dg/guality/pr54970.c -O2 line 36 a[2] == 26
FAIL: gcc.dg/guality/pr54970.c -O2 line 45 *p == 26
FAIL: gcc.dg/guality/pr54970.c -O2 line 45 *q == 25
FAIL: gcc.dg/guality/pr54970.c -O2 line 45 a[0] == 4
FAIL: gcc.dg/guality/pr54970.c -O2 line 45 a[1] == 25
FAIL: gcc.dg/guality/pr54970.c -O2 line 45 a[2] == 26
FAIL: gcc.dg/guality/pr54970.c -O2 line 45 p[-1] == 25
FAIL: gcc.dg/guality/pr54970.c -O2 line 45 p[-2] == 4
FAIL: gcc.dg/guality/pr54970.c -O2 line 45 q[-1] == 4
FAIL: gcc.dg/guality/pr54970.c -O2 line 45 q[1] == 26
FAIL: gcc.dg/guality/pr54970.c -O2 -flto -fno-use-linker-plugin -flto-partition=none line 15 *p == 3
FAIL: gcc.dg/guality/pr54970.c -O2 -flto -fno-use-linker-plugin -flto-partition=none line 15 *q == 2
FAIL: gcc.dg/guality/pr54970.c -O2 -flto -fno-use-linker-plugin -flto-partition=none line 15 a[0] == 1
FAIL: gcc.dg/guality/pr54970.c -O2 -flto -fno-use-linker-plugin -flto-partition=none line 15 a[1] == 2
FAIL: gcc.dg/guality/pr54970.c -O2 -flto -fno-use-linker-plugin -flto-partition=none line 15 a[2] == 3
FAIL: gcc.dg/guality/pr54970.c -O2 -flto -fno-use-linker-plugin -flto-partition=none line 20 *p == 13
FAIL: gcc.dg/guality/pr54970.c -O2 -flto -fno-use-linker-plugin -flto-partition=none line 20 *q == 2
FAIL: gcc.dg/guality/pr54970.c -O2 -flto -fno-use-linker-plugin -flto-partition=none line 20 a[0] == 1
FAIL: gcc.dg/guality/pr54970.c -O2 -flto -fno-use-linker-plugin -flto-partition=none line 20 a[1] == 2
FAIL: gcc.dg/guality/pr54970.c -O2 -flto -fno-use-linker-plugin -flto-partition=none line 20 a[2] == 13
FAIL: gcc.dg/guality/pr54970.c -O2 -flto -fno-use-linker-plugin -flto-partition=none line 25 *p == 13
FAIL: gcc.dg/guality/pr54970.c -O2 -flto -fno-use-linker-plugin -flto-partition=none line 25 *q == 12
FAIL: gcc.dg/guality/pr54970.c -O2 -flto -fno-use-linker-plugin -flto-partition=none line 25 a[0] == 1
FAIL: gcc.dg/guality/pr54970.c -O2 -flto -fno-use-linker-plugin -flto-partition=none line 25 a[1] == 12
FAIL: gcc.dg/guality/pr54970.c -O2 -flto -fno-use-linker-plugin -flto-partition=none line 25 a[2] == 13
FAIL: gcc.dg/guality/pr54970.c -O2 -flto -fno-use-linker-plugin -flto-partition=none line 31 *p == 6
FAIL: gcc.dg/guality/pr54970.c -O2 -flto -fno-use-linker-plugin -flto-partition=none line 31 *q == 5
FAIL: gcc.dg/guality/pr54970.c -O2 -flto -fno-use-linker-plugin -flto-partition=none line 31 a[0] == 4
FAIL: gcc.dg/guality/pr54970.c -O2 -flto -fno-use-linker-plugin -flto-partition=none line 31 a[1] == 5
FAIL: gcc.dg/guality/pr54970.c -O2 -flto -fno-use-linker-plugin -flto-partition=none line 31 a[2] == 6
FAIL: gcc.dg/guality/pr54970.c -O2 -flto -fno-use-linker-plugin -flto-partition=none line 36 *p == 26
FAIL: gcc.dg/guality/pr54970.c -O2 -flto -fno-use-linker-plugin -flto-partition=none line 36 *q == 5
FAIL: gcc.dg/guality/pr54970.c -O2 -flto -fno-use-linker-plugin -flto-partition=none line 36 a[0] == 4
FAIL: gcc.dg/guality/pr54970.c -O2 -flto -fno-use-linker-plugin -flto-partition=none line 36 a[1] == 5
FAIL: gcc.dg/guality/pr54970.c -O2 -flto -fno-use-linker-plugin -flto-partition=none line 36 a[2] == 26
FAIL: gcc.dg/guality/pr54970.c -O2 -flto -fno-use-linker-plugin -flto-partition=none line 45 *p == 26
FAIL: gcc.dg/guality/pr54970.c -O2 -flto -fno-use-linker-plugin -flto-partition=none line 45 *q == 25
FAIL: gcc.dg/guality/pr54970.c -O2 -flto -fno-use-linker-plugin -flto-partition=none line 45 a[0] == 4
FAIL: gcc.dg/guality/pr54970.c -O2 -flto -fno-use-linker-plugin -flto-partition=none line 45 a[1] == 25
FAIL: gcc.dg/guality/pr54970.c -O2 -flto -fno-use-linker-plugin -flto-partition=none line 45 a[2] == 26
FAIL: gcc.dg/guality/pr54970.c -O2 -flto -fno-use-linker-plugin -flto-partition=none line 45 p[-1] == 25
FAIL: gcc.dg/guality/pr54970.c -O2 -flto -fno-use-linker-plugin -flto-partition=none line 45 p[-2] == 4
FAIL: gcc.dg/guality/pr54970.c -O2 -flto -fno-use-linker-plugin -flto-partition=none line 45 q[-1] == 4
FAIL: gcc.dg/guality/pr54970.c -O2 -flto -fno-use-linker-plugin -flto-partition=none line 45 q[1] == 26
FAIL: gcc.dg/guality/pr54970.c -O2 -flto -fuse-linker-plugin -fno-fat-lto-objects line 15 *p == 3
FAIL: gcc.dg/guality/pr54970.c -O2 -flto -fuse-linker-plugin -fno-fat-lto-objects line 15 *q == 2
FAIL: gcc.dg/guality/pr54970.c -O2 -flto -fuse-linker-plugin -fno-fat-lto-objects line 15 a[0] == 1
FAIL: gcc.dg/guality/pr54970.c -O2 -flto -fuse-linker-plugin -fno-fat-lto-objects line 15 a[1] == 2
FAIL: gcc.dg/guality/pr54970.c -O2 -flto -fuse-linker-plugin -fno-fat-lto-objects line 15 a[2] == 3
FAIL: gcc.dg/guality/pr54970.c -O2 -flto -fuse-linker-plugin -fno-fat-lto-objects line 20 *p == 13
FAIL: gcc.dg/guality/pr54970.c -O2 -flto -fuse-linker-plugin -fno-fat-lto-objects line 20 *q == 2
FAIL: gcc.dg/guality/pr54970.c -O2 -flto -fuse-linker-plugin -fno-fat-lto-objects line 20 a[0] == 1
FAIL: gcc.dg/guality/pr54970.c -O2 -flto -fuse-linker-plugin -fno-fat-lto-objects line 20 a[1] == 2
FAIL: gcc.dg/guality/pr54970.c -O2 -flto -fuse-linker-plugin -fno-fat-lto-objects line 20 a[2] == 13
FAIL: gcc.dg/guality/pr54970.c -O2 -flto -fuse-linker-plugin -fno-fat-lto-objects line 25 *p == 13
FAIL: gcc.dg/guality/pr54970.c -O2 -flto -fuse-linker-plugin -fno-fat-lto-objects line 25 *q == 12
FAIL: gcc.dg/guality/pr54970.c -O2 -flto -fuse-linker-plugin -fno-fat-lto-objects line 25 a[0] == 1
FAIL: gcc.dg/guality/pr54970.c -O2 -flto -fuse-linker-plugin -fno-fat-lto-objects line 25 a[1] == 12
FAIL: gcc.dg/guality/pr54970.c -O2 -flto -fuse-linker-plugin -fno-fat-lto-objects line 25 a[2] == 13
FAIL: gcc.dg/guality/pr54970.c -O2 -flto -fuse-linker-plugin -fno-fat-lto-objects line 31 *p == 6
FAIL: gcc.dg/guality/pr54970.c -O2 -flto -fuse-linker-plugin -fno-fat-lto-objects line 31 *q == 5
FAIL: gcc.dg/guality/pr54970.c -O2 -flto -fuse-linker-plugin -fno-fat-lto-objects line 31 a[0] == 4
FAIL: gcc.dg/guality/pr54970.c -O2 -flto -fuse-linker-plugin -fno-fat-lto-objects line 31 a[1] == 5
FAIL: gcc.dg/guality/pr54970.c -O2 -flto -fuse-linker-plugin -fno-fat-lto-objects line 31 a[2] == 6
FAIL: gcc.dg/guality/pr54970.c -O2 -flto -fuse-linker-plugin -fno-fat-lto-objects line 36 *p == 26
FAIL: gcc.dg/guality/pr54970.c -O2 -flto -fuse-linker-plugin -fno-fat-lto-objects line 36 *q == 5
FAIL: gcc.dg/guality/pr54970.c -O2 -flto -fuse-linker-plugin -fno-fat-lto-objects line 36 a[0] == 4
FAIL: gcc.dg/guality/pr54970.c -O2 -flto -fuse-linker-plugin -fno-fat-lto-objects line 36 a[1] == 5
FAIL: gcc.dg/guality/pr54970.c -O2 -flto -fuse-linker-plugin -fno-fat-lto-objects line 36 a[2] == 26
FAIL: gcc.dg/guality/pr54970.c -O2 -flto -fuse-linker-plugin -fno-fat-lto-objects line 45 *p == 26
FAIL: gcc.dg/guality/pr54970.c -O2 -flto -fuse-linker-plugin -fno-fat-lto-objects line 45 *q == 25
FAIL: gcc.dg/guality/pr54970.c -O2 -flto -fuse-linker-plugin -fno-fat-lto-objects line 45 a[0] == 4
FAIL: gcc.dg/guality/pr54970.c -O2 -flto -fuse-linker-plugin -fno-fat-lto-objects line 45 a[1] == 25
FAIL: gcc.dg/guality/pr54970.c -O2 -flto -fuse-linker-plugin -fno-fat-lto-objects line 45 a[2] == 26
FAIL: gcc.dg/guality/pr54970.c -O2 -flto -fuse-linker-plugin -fno-fat-lto-objects line 45 p[-1] == 25
FAIL: gcc.dg/guality/pr54970.c -O2 -flto -fuse-linker-plugin -fno-fat-lto-objects line 45 p[-2] == 4
FAIL: gcc.dg/guality/pr54970.c -O2 -flto -fuse-linker-plugin -fno-fat-lto-objects line 45 q[-1] == 4
FAIL: gcc.dg/guality/pr54970.c -O2 -flto -fuse-linker-plugin -fno-fat-lto-objects line 45 q[1] == 26
FAIL: gcc.dg/guality/pr54970.c -O3 -g line 15 *p == 3
FAIL: gcc.dg/guality/pr54970.c -O3 -g line 15 *q == 2
FAIL: gcc.dg/guality/pr54970.c -O3 -g line 15 a[0] == 1
FAIL: gcc.dg/guality/pr54970.c -O3 -g line 15 a[1] == 2
FAIL: gcc.dg/guality/pr54970.c -O3 -g line 15 a[2] == 3
FAIL: gcc.dg/guality/pr54970.c -O3 -g line 20 *p == 13
FAIL: gcc.dg/guality/pr54970.c -O3 -g line 20 *q == 2
FAIL: gcc.dg/guality/pr54970.c -O3 -g line 20 a[0] == 1
FAIL: gcc.dg/guality/pr54970.c -O3 -g line 20 a[1] == 2
FAIL: gcc.dg/guality/pr54970.c -O3 -g line 20 a[2] == 13
FAIL: gcc.dg/guality/pr54970.c -O3 -g line 25 *p == 13
FAIL: gcc.dg/guality/pr54970.c -O3 -g line 25 *q == 12
FAIL: gcc.dg/guality/pr54970.c -O3 -g line 25 a[0] == 1
FAIL: gcc.dg/guality/pr54970.c -O3 -g line 25 a[1] == 12
FAIL: gcc.dg/guality/pr54970.c -O3 -g line 25 a[2] == 13
FAIL: gcc.dg/guality/pr54970.c -O3 -g line 31 *p == 6
FAIL: gcc.dg/guality/pr54970.c -O3 -g line 31 *q == 5
FAIL: gcc.dg/guality/pr54970.c -O3 -g line 31 a[0] == 4
FAIL: gcc.dg/guality/pr54970.c -O3 -g line 31 a[1] == 5
FAIL: gcc.dg/guality/pr54970.c -O3 -g line 31 a[2] == 6
FAIL: gcc.dg/guality/pr54970.c -O3 -g line 36 *p == 26
FAIL: gcc.dg/guality/pr54970.c -O3 -g line 36 *q == 5
FAIL: gcc.dg/guality/pr54970.c -O3 -g line 36 a[0] == 4
FAIL: gcc.dg/guality/pr54970.c -O3 -g line 36 a[1] == 5
FAIL: gcc.dg/guality/pr54970.c -O3 -g line 36 a[2] == 26
FAIL: gcc.dg/guality/pr54970.c -O3 -g line 45 *p == 26
FAIL: gcc.dg/guality/pr54970.c -O3 -g line 45 *q == 25
FAIL: gcc.dg/guality/pr54970.c -O3 -g line 45 a[0] == 4
FAIL: gcc.dg/guality/pr54970.c -O3 -g line 45 a[1] == 25
FAIL: gcc.dg/guality/pr54970.c -O3 -g line 45 a[2] == 26
FAIL: gcc.dg/guality/pr54970.c -O3 -g line 45 p[-1] == 25
FAIL: gcc.dg/guality/pr54970.c -O3 -g line 45 p[-2] == 4
FAIL: gcc.dg/guality/pr54970.c -O3 -g line 45 q[-1] == 4
FAIL: gcc.dg/guality/pr54970.c -O3 -g line 45 q[1] == 26
FAIL: gcc.dg/guality/pr54970.c -Os line 15 *p == 3
FAIL: gcc.dg/guality/pr54970.c -Os line 15 *q == 2
FAIL: gcc.dg/guality/pr54970.c -Os line 15 a[0] == 1
FAIL: gcc.dg/guality/pr54970.c -Os line 15 a[1] == 2
FAIL: gcc.dg/guality/pr54970.c -Os line 15 a[2] == 3
FAIL: gcc.dg/guality/pr54970.c -Os line 20 *p == 13
FAIL: gcc.dg/guality/pr54970.c -Os line 20 *q == 2
FAIL: gcc.dg/guality/pr54970.c -Os line 20 a[0] == 1
FAIL: gcc.dg/guality/pr54970.c -Os line 20 a[1] == 2
FAIL: gcc.dg/guality/pr54970.c -Os line 20 a[2] == 13
FAIL: gcc.dg/guality/pr54970.c -Os line 25 *p == 13
FAIL: gcc.dg/guality/pr54970.c -Os line 25 *q == 12
FAIL: gcc.dg/guality/pr54970.c -Os line 25 a[0] == 1
FAIL: gcc.dg/guality/pr54970.c -Os line 25 a[1] == 12
FAIL: gcc.dg/guality/pr54970.c -Os line 25 a[2] == 13
FAIL: gcc.dg/guality/pr54970.c -Os line 31 *p == 6
FAIL: gcc.dg/guality/pr54970.c -Os line 31 *q == 5
FAIL: gcc.dg/guality/pr54970.c -Os line 31 a[0] == 4
FAIL: gcc.dg/guality/pr54970.c -Os line 31 a[1] == 5
FAIL: gcc.dg/guality/pr54970.c -Os line 31 a[2] == 6
FAIL: gcc.dg/guality/pr54970.c -Os line 36 *p == 26
FAIL: gcc.dg/guality/pr54970.c -Os line 36 *q == 5
FAIL: gcc.dg/guality/pr54970.c -Os line 36 a[0] == 4
FAIL: gcc.dg/guality/pr54970.c -Os line 36 a[1] == 5
FAIL: gcc.dg/guality/pr54970.c -Os line 36 a[2] == 26
FAIL: gcc.dg/guality/pr54970.c -Os line 45 *p == 26
FAIL: gcc.dg/guality/pr54970.c -Os line 45 *q == 25
FAIL: gcc.dg/guality/pr54970.c -Os line 45 a[0] == 4
FAIL: gcc.dg/guality/pr54970.c -Os line 45 a[1] == 25
FAIL: gcc.dg/guality/pr54970.c -Os line 45 a[2] == 26
FAIL: gcc.dg/guality/pr54970.c -Os line 45 p[-1] == 25
FAIL: gcc.dg/guality/pr54970.c -Os line 45 p[-2] == 4
FAIL: gcc.dg/guality/pr54970.c -Os line 45 q[-1] == 4
FAIL: gcc.dg/guality/pr54970.c -Os line 45 q[1] == 26
FAIL: gcc.dg/guality/pr56154-1.c -O1 line pr56154-1.c:20 x.a == 6
FAIL: gcc.dg/guality/pr56154-1.c -O2 line pr56154-1.c:20 x.a == 6
FAIL: gcc.dg/guality/pr56154-1.c -O2 -flto -fno-use-linker-plugin -flto-partition=none line pr56154-1.c:20 x.a == 6
FAIL: gcc.dg/guality/pr56154-1.c -O2 -flto -fuse-linker-plugin -fno-fat-lto-objects line pr56154-1.c:20 x.a == 6
FAIL: gcc.dg/guality/pr56154-1.c -O3 -g line pr56154-1.c:20 x.a == 6
FAIL: gcc.dg/guality/pr56154-1.c -Os line pr56154-1.c:20 x.a == 6
FAIL: gcc.dg/guality/sra-1.c -O1 line 43 a.j == 14
FAIL: gcc.dg/guality/sra-1.c -O2 line 43 a.j == 14
FAIL: gcc.dg/guality/sra-1.c -O2 -flto -fno-use-linker-plugin -flto-partition=none line 43 a.j == 14
FAIL: gcc.dg/guality/sra-1.c -O2 -flto -fuse-linker-plugin -fno-fat-lto-objects line 43 a.j == 14
FAIL: gcc.dg/guality/sra-1.c -O3 -g line 43 a.j == 14
FAIL: gcc.dg/guality/sra-1.c -Os line 43 a.j == 14
FAIL: gcc.dg/guality/vla-1.c -O1 line 17 sizeof (a) == 6
FAIL: gcc.dg/guality/vla-1.c -O2 line 17 sizeof (a) == 6
FAIL: gcc.dg/guality/vla-1.c -O2 -flto -fno-use-linker-plugin -flto-partition=none line 17 sizeof (a) == 6
FAIL: gcc.dg/guality/vla-1.c -O2 -flto -fuse-linker-plugin -fno-fat-lto-objects line 17 sizeof (a) == 6
FAIL: gcc.dg/guality/vla-1.c -O3 -g line 17 sizeof (a) == 6
FAIL: gcc.dg/guality/vla-1.c -Os line 17 sizeof (a) == 6
FAIL: gcc.dg/ipa/iinline-attr.c scan-ipa-dump inline "hooray[^\\\\n]*inline copy in test"
FAIL: gcc.dg/tree-ssa/ivopts-lt-2.c scan-tree-dump-times ivopts "PHI <p_" 1
FAIL: gcc.dg/tree-ssa/ivopts-lt-2.c scan-tree-dump-times ivopts "PHI" 1
FAIL: gcc.dg/tree-ssa/ivopts-lt-2.c scan-tree-dump-times ivopts "p_[0-9]* <" 1
FAIL: gcc.dg/tree-ssa/ssa-dom-thread-4.c scan-tree-dump-times dom1 "Threaded" 4
FAIL: c-c++-common/ubsan/float-cast-overflow-8.c -O2 output pattern test, is ../../../../libsanitizer/ubsan/ubsan_handlers.cc:300: runtime error: value 0 is outside the range of representable values of type 'signed char'
FAIL: c-c++-common/ubsan/float-cast-overflow-8.c -O2 -flto -fno-use-linker-plugin -flto-partition=none output pattern test, is ../../../../libsanitizer/ubsan/ubsan_handlers.cc:300: runtime error: value 0 is outside the range of representable values of type 'signed char'
FAIL: c-c++-common/ubsan/float-cast-overflow-8.c -O2 -flto -fuse-linker-plugin -fno-fat-lto-objects output pattern test, is ../../../../libsanitizer/ubsan/ubsan_handlers.cc:300: runtime error: value 0 is outside the range of representable values of type 'signed char'
FAIL: gcc.dg/vect/costmodel/ppc/costmodel-vect-31a.c scan-tree-dump-times vect "vectorization not profitable" 1
FAIL: gcc.dg/vect/costmodel/ppc/costmodel-vect-33.c scan-tree-dump-times vect "vectorization not profitable" 1
FAIL: gcc.dg/vect/no-vfa-vect-depend-2.c scan-tree-dump-times vect "vectorized 1 loops" 1
FAIL: gcc.dg/vect/no-vfa-vect-depend-3.c scan-tree-dump-times vect "vectorized 1 loops" 4
FAIL: gcc.dg/vect/slp-multitypes-4.c -flto -ffat-lto-objects scan-tree-dump-times vect "vectorized 1 loops" 1
FAIL: gcc.dg/vect/slp-multitypes-4.c -flto -ffat-lto-objects scan-tree-dump-times vect "vectorizing stmts using SLP" 1
FAIL: gcc.dg/vect/slp-multitypes-4.c scan-tree-dump-times vect "vectorized 1 loops" 1
FAIL: gcc.dg/vect/slp-multitypes-4.c scan-tree-dump-times vect "vectorizing stmts using SLP" 1
FAIL: gcc.dg/vect/slp-multitypes-5.c -flto -ffat-lto-objects scan-tree-dump-times vect "vectorized 1 loops" 1
FAIL: gcc.dg/vect/slp-multitypes-5.c -flto -ffat-lto-objects scan-tree-dump-times vect "vectorizing stmts using SLP" 1
FAIL: gcc.dg/vect/slp-multitypes-5.c scan-tree-dump-times vect "vectorized 1 loops" 1
FAIL: gcc.dg/vect/slp-multitypes-5.c scan-tree-dump-times vect "vectorizing stmts using SLP" 1
FAIL: gcc.dg/vect/slp-perm-8.c -flto -ffat-lto-objects scan-tree-dump-times vect "vectorized 1 loops" 1
FAIL: gcc.dg/vect/slp-perm-8.c scan-tree-dump-times vect "vectorized 1 loops" 1
FAIL: gcc.dg/vect/vect-125.c -flto -ffat-lto-objects scan-tree-dump vect "vectorized 1 loops"
FAIL: gcc.dg/vect/vect-125.c scan-tree-dump vect "vectorized 1 loops"
FAIL: gcc.dg/vect/vect-31.c -flto -ffat-lto-objects scan-tree-dump-times vect "vectorized 4 loops" 1
FAIL: gcc.dg/vect/vect-31.c scan-tree-dump-times vect "vectorized 4 loops" 1
FAIL: gcc.dg/vmx/extract-vsx-be-order.c -O0 execution test
FAIL: gcc.dg/vmx/extract-vsx.c -O0 execution test
FAIL: gcc.dg/vmx/insert-vsx-be-order.c -O0 execution test
FAIL: gcc.dg/vmx/insert-vsx-be-order.c -O1 execution test
FAIL: gcc.dg/vmx/insert-vsx-be-order.c -O2 execution test
FAIL: gcc.dg/vmx/insert-vsx-be-order.c -O2 -flto -fno-use-linker-plugin -flto-partition=none execution test
FAIL: gcc.dg/vmx/insert-vsx-be-order.c -O2 -flto -fuse-linker-plugin -fno-fat-lto-objects execution test
FAIL: gcc.dg/vmx/insert-vsx-be-order.c -O3 -g execution test
FAIL: gcc.dg/vmx/insert-vsx-be-order.c -Os execution test
FAIL: gcc.dg/vmx/insert-vsx.c -O0 execution test
FAIL: gcc.dg/vmx/insert-vsx.c -O1 execution test
FAIL: gcc.dg/vmx/insert-vsx.c -O2 execution test
FAIL: gcc.dg/vmx/insert-vsx.c -O2 -flto -fno-use-linker-plugin -flto-partition=none execution test
FAIL: gcc.dg/vmx/insert-vsx.c -O2 -flto -fuse-linker-plugin -fno-fat-lto-objects execution test
FAIL: gcc.dg/vmx/insert-vsx.c -O3 -g execution test
FAIL: gcc.dg/vmx/insert-vsx.c -Os execution test
FAIL: gcc.dg/vmx/ld-vsx-be-order.c -O0 execution test
FAIL: gcc.dg/vmx/ld-vsx-be-order.c -O1 execution test
FAIL: gcc.dg/vmx/ld-vsx-be-order.c -O2 execution test
FAIL: gcc.dg/vmx/ld-vsx-be-order.c -O2 -flto -fno-use-linker-plugin -flto-partition=none execution test
FAIL: gcc.dg/vmx/ld-vsx-be-order.c -O2 -flto -fuse-linker-plugin -fno-fat-lto-objects execution test
FAIL: gcc.dg/vmx/ld-vsx-be-order.c -O3 -fomit-frame-pointer -funroll-loops -fpeel-loops -ftracer -finline-functions execution test
FAIL: gcc.dg/vmx/ld-vsx-be-order.c -O3 -g execution test
FAIL: gcc.dg/vmx/ld-vsx-be-order.c -Os execution test
FAIL: gcc.dg/vmx/ld-vsx.c -O0 execution test
FAIL: gcc.dg/vmx/ld-vsx.c -O1 execution test
FAIL: gcc.dg/vmx/ld-vsx.c -O2 execution test
FAIL: gcc.dg/vmx/ld-vsx.c -O2 -flto -fno-use-linker-plugin -flto-partition=none execution test
FAIL: gcc.dg/vmx/ld-vsx.c -O2 -flto -fuse-linker-plugin -fno-fat-lto-objects execution test
FAIL: gcc.dg/vmx/ld-vsx.c -O3 -fomit-frame-pointer -funroll-loops -fpeel-loops -ftracer -finline-functions execution test
FAIL: gcc.dg/vmx/ld-vsx.c -O3 -g execution test
FAIL: gcc.dg/vmx/ld-vsx.c -Os execution test
FAIL: gcc.dg/vmx/ldl-vsx-be-order.c -O0 execution test
FAIL: gcc.dg/vmx/ldl-vsx-be-order.c -O1 execution test
FAIL: gcc.dg/vmx/ldl-vsx-be-order.c -O2 execution test
FAIL: gcc.dg/vmx/ldl-vsx-be-order.c -O2 -flto -fno-use-linker-plugin -flto-partition=none execution test
FAIL: gcc.dg/vmx/ldl-vsx-be-order.c -O2 -flto -fuse-linker-plugin -fno-fat-lto-objects execution test
FAIL: gcc.dg/vmx/ldl-vsx-be-order.c -O3 -fomit-frame-pointer -funroll-loops -fpeel-loops -ftracer -finline-functions execution test
FAIL: gcc.dg/vmx/ldl-vsx-be-order.c -O3 -g execution test
FAIL: gcc.dg/vmx/ldl-vsx-be-order.c -Os execution test
FAIL: gcc.dg/vmx/ldl-vsx.c -O0 execution test
FAIL: gcc.dg/vmx/ldl-vsx.c -O1 execution test
FAIL: gcc.dg/vmx/ldl-vsx.c -O2 execution test
FAIL: gcc.dg/vmx/ldl-vsx.c -O2 -flto -fno-use-linker-plugin -flto-partition=none execution test
FAIL: gcc.dg/vmx/ldl-vsx.c -O2 -flto -fuse-linker-plugin -fno-fat-lto-objects execution test
FAIL: gcc.dg/vmx/ldl-vsx.c -O3 -fomit-frame-pointer -funroll-loops -fpeel-loops -ftracer -finline-functions execution test
FAIL: gcc.dg/vmx/ldl-vsx.c -O3 -g execution test
FAIL: gcc.dg/vmx/ldl-vsx.c -Os execution test
FAIL: gcc.dg/vmx/merge-vsx-be-order.c -O0 execution test
FAIL: gcc.dg/vmx/merge-vsx-be-order.c -O1 execution test
FAIL: gcc.dg/vmx/merge-vsx-be-order.c -O2 execution test
FAIL: gcc.dg/vmx/merge-vsx-be-order.c -O2 -flto -fno-use-linker-plugin -flto-partition=none execution test
FAIL: gcc.dg/vmx/merge-vsx-be-order.c -O2 -flto -fuse-linker-plugin -fno-fat-lto-objects execution test
FAIL: gcc.dg/vmx/merge-vsx-be-order.c -O3 -g execution test
FAIL: gcc.dg/vmx/merge-vsx-be-order.c -Os execution test
FAIL: gcc.dg/vmx/merge-vsx.c -O0 execution test
FAIL: gcc.dg/vmx/merge-vsx.c -O1 execution test
FAIL: gcc.dg/vmx/merge-vsx.c -O2 execution test
FAIL: gcc.dg/vmx/merge-vsx.c -O2 -flto -fno-use-linker-plugin -flto-partition=none execution test
FAIL: gcc.dg/vmx/merge-vsx.c -O2 -flto -fuse-linker-plugin -fno-fat-lto-objects execution test
FAIL: gcc.dg/vmx/merge-vsx.c -O3 -g execution test
FAIL: gcc.dg/vmx/merge-vsx.c -Os execution test
FAIL: gcc.dg/vmx/splat-vsx-be-order.c -O0 execution test
FAIL: gcc.dg/vmx/splat-vsx-be-order.c -O1 execution test
FAIL: gcc.dg/vmx/splat-vsx-be-order.c -O2 execution test
FAIL: gcc.dg/vmx/splat-vsx-be-order.c -O2 -flto -fno-use-linker-plugin -flto-partition=none execution test
FAIL: gcc.dg/vmx/splat-vsx-be-order.c -O2 -flto -fuse-linker-plugin -fno-fat-lto-objects execution test
FAIL: gcc.dg/vmx/splat-vsx-be-order.c -O3 -g execution test
FAIL: gcc.dg/vmx/splat-vsx-be-order.c -Os execution test
FAIL: gcc.dg/vmx/splat-vsx.c -O0 execution test
FAIL: gcc.dg/vmx/splat-vsx.c -O1 execution test
FAIL: gcc.dg/vmx/splat-vsx.c -O2 execution test
FAIL: gcc.dg/vmx/splat-vsx.c -O2 -flto -fno-use-linker-plugin -flto-partition=none execution test
FAIL: gcc.dg/vmx/splat-vsx.c -O2 -flto -fuse-linker-plugin -fno-fat-lto-objects execution test
FAIL: gcc.dg/vmx/splat-vsx.c -O3 -g execution test
FAIL: gcc.dg/vmx/splat-vsx.c -Os execution test
FAIL: gcc.dg/vmx/st-vsx-be-order.c -O0 execution test
FAIL: gcc.dg/vmx/st-vsx-be-order.c -O1 execution test
FAIL: gcc.dg/vmx/st-vsx-be-order.c -O2 execution test
FAIL: gcc.dg/vmx/st-vsx-be-order.c -O2 -flto -fno-use-linker-plugin -flto-partition=none execution test
FAIL: gcc.dg/vmx/st-vsx-be-order.c -O2 -flto -fuse-linker-plugin -fno-fat-lto-objects execution test
FAIL: gcc.dg/vmx/st-vsx-be-order.c -O3 -fomit-frame-pointer -funroll-loops -fpeel-loops -ftracer -finline-functions execution test
FAIL: gcc.dg/vmx/st-vsx-be-order.c -O3 -g execution test
FAIL: gcc.dg/vmx/st-vsx-be-order.c -Os execution test
FAIL: gcc.dg/vmx/st-vsx.c -O0 execution test
FAIL: gcc.dg/vmx/st-vsx.c -O1 execution test
FAIL: gcc.dg/vmx/st-vsx.c -O2 execution test
FAIL: gcc.dg/vmx/st-vsx.c -O2 -flto -fno-use-linker-plugin -flto-partition=none execution test
FAIL: gcc.dg/vmx/st-vsx.c -O2 -flto -fuse-linker-plugin -fno-fat-lto-objects execution test
FAIL: gcc.dg/vmx/st-vsx.c -O3 -fomit-frame-pointer -funroll-loops -fpeel-loops -ftracer -finline-functions execution test
FAIL: gcc.dg/vmx/st-vsx.c -O3 -g execution test
FAIL: gcc.dg/vmx/st-vsx.c -Os execution test
FAIL: gcc.dg/vmx/stl-vsx-be-order.c -O0 execution test
FAIL: gcc.dg/vmx/stl-vsx-be-order.c -O1 execution test
FAIL: gcc.dg/vmx/stl-vsx-be-order.c -O2 execution test
FAIL: gcc.dg/vmx/stl-vsx-be-order.c -O2 -flto -fno-use-linker-plugin -flto-partition=none execution test
FAIL: gcc.dg/vmx/stl-vsx-be-order.c -O2 -flto -fuse-linker-plugin -fno-fat-lto-objects execution test
FAIL: gcc.dg/vmx/stl-vsx-be-order.c -O3 -fomit-frame-pointer -funroll-loops -fpeel-loops -ftracer -finline-functions execution test
FAIL: gcc.dg/vmx/stl-vsx-be-order.c -O3 -g execution test
FAIL: gcc.dg/vmx/stl-vsx-be-order.c -Os execution test
FAIL: gcc.dg/vmx/stl-vsx.c -O0 execution test
FAIL: gcc.dg/vmx/stl-vsx.c -O1 execution test
FAIL: gcc.dg/vmx/stl-vsx.c -O2 execution test
FAIL: gcc.dg/vmx/stl-vsx.c -O2 -flto -fno-use-linker-plugin -flto-partition=none execution test
FAIL: gcc.dg/vmx/stl-vsx.c -O2 -flto -fuse-linker-plugin -fno-fat-lto-objects execution test
FAIL: gcc.dg/vmx/stl-vsx.c -O3 -fomit-frame-pointer -funroll-loops -fpeel-loops -ftracer -finline-functions execution test
FAIL: gcc.dg/vmx/stl-vsx.c -O3 -g execution test
FAIL: gcc.dg/vmx/stl-vsx.c -Os execution test
FAIL: gcc.target/powerpc/20050830-1.c scan-assembler bdn
=== gcc Summary for unix/-m64 ===
# of expected passes 95140
# of unexpected failures 711
# of unexpected successes 20
# of expected failures 259
# of unsupported tests 2051
=== gcc Summary ===
# of expected passes 189391
# of unexpected failures 1014
# of unexpected successes 36
# of expected failures 511
# of unresolved testcases 15
# of unsupported tests 4191
/daten/gcc/gcc-20151006/Build/gcc/xgcc version 6.0.0 20151006 (experimental) [trunk revision 228510] (GCC)
=== gfortran tests ===
Running target unix/-m32
FAIL: gfortran.dg/bessel_6.f90 -O0 execution test
FAIL: gfortran.dg/bessel_6.f90 -O1 execution test
FAIL: gfortran.dg/bessel_6.f90 -O2 execution test
FAIL: gfortran.dg/bessel_6.f90 -O3 -fomit-frame-pointer -funroll-loops -fpeel-loops -ftracer -finline-functions execution test
FAIL: gfortran.dg/bessel_6.f90 -O3 -g execution test
FAIL: gfortran.dg/bessel_6.f90 -Os execution test
FAIL: gfortran.dg/default_format_denormal_2.f90 -O0 execution test
FAIL: gfortran.dg/default_format_denormal_2.f90 -O1 execution test
FAIL: gfortran.dg/default_format_denormal_2.f90 -O2 execution test
FAIL: gfortran.dg/default_format_denormal_2.f90 -O3 -fomit-frame-pointer -funroll-loops -fpeel-loops -ftracer -finline-functions execution test
FAIL: gfortran.dg/default_format_denormal_2.f90 -O3 -g execution test
FAIL: gfortran.dg/default_format_denormal_2.f90 -Os execution test
FAIL: gfortran.dg/erf_3.F90 -O0 execution test
FAIL: gfortran.dg/erf_3.F90 -O1 execution test
FAIL: gfortran.dg/erf_3.F90 -O2 execution test
FAIL: gfortran.dg/erf_3.F90 -O3 -fomit-frame-pointer -funroll-loops -fpeel-loops -ftracer -finline-functions execution test
FAIL: gfortran.dg/erf_3.F90 -O3 -g execution test
FAIL: gfortran.dg/erf_3.F90 -Os execution test
XPASS: gfortran.dg/nint_2.f90 -O0 execution test
FAIL: gfortran.dg/ieee/ieee_7.f90 -O0 execution test
FAIL: gfortran.dg/ieee/ieee_7.f90 -O1 execution test
FAIL: gfortran.dg/ieee/ieee_7.f90 -O2 execution test
FAIL: gfortran.dg/ieee/ieee_7.f90 -O3 -fomit-frame-pointer -funroll-loops -fpeel-loops -ftracer -finline-functions execution test
FAIL: gfortran.dg/ieee/ieee_7.f90 -O3 -g execution test
FAIL: gfortran.dg/ieee/ieee_7.f90 -Os execution test
FAIL: gfortran.dg/ieee/large_2.f90 -O0 execution test
FAIL: gfortran.dg/ieee/large_2.f90 -O1 execution test
FAIL: gfortran.dg/ieee/large_2.f90 -O2 execution test
FAIL: gfortran.dg/ieee/large_2.f90 -O3 -fomit-frame-pointer -funroll-loops -fpeel-loops -ftracer -finline-functions execution test
FAIL: gfortran.dg/ieee/large_2.f90 -O3 -g execution test
FAIL: gfortran.dg/ieee/large_2.f90 -Os execution test
FAIL: gfortran.dg/vect/pr48329.f90 -O scan-tree-dump-times vect "vectorized 1 loops" 1
FAIL: gfortran.dg/vect/pr62283-2.f -O scan-tree-dump slp2 "basic block vectorized"
=== gfortran Summary for unix/-m32 ===
# of expected passes 40518
# of unexpected failures 32
# of unexpected successes 1
# of expected failures 83
# of unsupported tests 201
Running target unix/-m64
FAIL: gfortran.dg/bessel_6.f90 -O0 execution test
FAIL: gfortran.dg/bessel_6.f90 -O1 execution test
FAIL: gfortran.dg/bessel_6.f90 -O2 execution test
FAIL: gfortran.dg/bessel_6.f90 -O3 -fomit-frame-pointer -funroll-loops -fpeel-loops -ftracer -finline-functions execution test
FAIL: gfortran.dg/bessel_6.f90 -O3 -g execution test
FAIL: gfortran.dg/bessel_6.f90 -Os execution test
FAIL: gfortran.dg/default_format_denormal_2.f90 -O0 execution test
FAIL: gfortran.dg/default_format_denormal_2.f90 -O1 execution test
FAIL: gfortran.dg/default_format_denormal_2.f90 -O2 execution test
FAIL: gfortran.dg/default_format_denormal_2.f90 -O3 -fomit-frame-pointer -funroll-loops -fpeel-loops -ftracer -finline-functions execution test
FAIL: gfortran.dg/default_format_denormal_2.f90 -O3 -g execution test
FAIL: gfortran.dg/default_format_denormal_2.f90 -Os execution test
FAIL: gfortran.dg/erf_3.F90 -O0 execution test
FAIL: gfortran.dg/erf_3.F90 -O1 execution test
FAIL: gfortran.dg/erf_3.F90 -O2 execution test
FAIL: gfortran.dg/erf_3.F90 -O3 -fomit-frame-pointer -funroll-loops -fpeel-loops -ftracer -finline-functions execution test
FAIL: gfortran.dg/erf_3.F90 -O3 -g execution test
FAIL: gfortran.dg/erf_3.F90 -Os execution test
XPASS: gfortran.dg/nint_2.f90 -O0 execution test
FAIL: gfortran.dg/ieee/ieee_7.f90 -O0 execution test
FAIL: gfortran.dg/ieee/ieee_7.f90 -O1 execution test
FAIL: gfortran.dg/ieee/ieee_7.f90 -O2 execution test
FAIL: gfortran.dg/ieee/ieee_7.f90 -O3 -fomit-frame-pointer -funroll-loops -fpeel-loops -ftracer -finline-functions execution test
FAIL: gfortran.dg/ieee/ieee_7.f90 -O3 -g execution test
FAIL: gfortran.dg/ieee/ieee_7.f90 -Os execution test
FAIL: gfortran.dg/ieee/large_2.f90 -O0 execution test
FAIL: gfortran.dg/ieee/large_2.f90 -O1 execution test
FAIL: gfortran.dg/ieee/large_2.f90 -O2 execution test
FAIL: gfortran.dg/ieee/large_2.f90 -O3 -fomit-frame-pointer -funroll-loops -fpeel-loops -ftracer -finline-functions execution test
FAIL: gfortran.dg/ieee/large_2.f90 -O3 -g execution test
FAIL: gfortran.dg/ieee/large_2.f90 -Os execution test
FAIL: gfortran.dg/vect/pr48329.f90 -O scan-tree-dump-times vect "vectorized 1 loops" 1
FAIL: gfortran.dg/vect/pr62283-2.f -O scan-tree-dump slp2 "basic block vectorized"
=== gfortran Summary for unix/-m64 ===
# of expected passes 40765
# of unexpected failures 32
# of unexpected successes 1
# of expected failures 83
# of unsupported tests 80
=== gfortran Summary ===
# of expected passes 81283
# of unexpected failures 64
# of unexpected successes 2
# of expected failures 166
# of unsupported tests 281
/daten/gcc/gcc-20151006/Build/gcc/testsuite/gfortran/../../gfortran version 6.0.0 20151006 (experimental) [trunk revision 228510] (GCC)
=== gnat tests ===
Running target unix/-m32
=== gnat Summary for unix/-m32 ===
# of expected passes 1374
# of expected failures 21
# of unsupported tests 19
Running target unix/-m64
FAIL: gnat.dg/opt37.adb scan-tree-dump-not optimized "alloca"
FAIL: gnat.dg/specs/debug1.ads scan-assembler-times DW_AT_artificial 15
=== gnat Summary for unix/-m64 ===
# of expected passes 1372
# of unexpected failures 2
# of expected failures 21
# of unsupported tests 19
=== gnat Summary ===
# of expected passes 2746
# of unexpected failures 2
# of expected failures 42
# of unsupported tests 38
/daten/gcc/gcc-20151006/Build/gcc/gnatmake version 6.0.0 20151006 (experimental) [trunk revision 228510]
=== go tests ===
Running target unix/-m32
FAIL: go.test/test/235.go execution, -O2 -g
FAIL: go.test/test/ken/cplx2.go execution, -O2 -g
=== go Summary for unix/-m32 ===
# of expected passes 7358
# of unexpected failures 2
# of expected failures 1
# of untested testcases 11
# of unsupported tests 3
Running target unix/-m64
FAIL: go.test/test/ken/cplx2.go execution, -O2 -g
FAIL: go.test/test/nilptr2.go execution, -O2 -g
FAIL: go.test/test/peano.go execution, -O2 -g
=== go Summary for unix/-m64 ===
# of expected passes 7245
# of unexpected failures 3
# of expected failures 1
# of untested testcases 7
# of unsupported tests 3
=== go Summary ===
# of expected passes 14603
# of unexpected failures 5
# of expected failures 2
# of untested testcases 18
# of unsupported tests 6
/daten/gcc/gcc-20151006/Build/gcc/testsuite/go/../../gccgo version 6.0.0 20151006 (experimental) [trunk revision 228510] (GCC)
=== objc tests ===
Running target unix/-m32
=== objc Summary for unix/-m32 ===
# of expected passes 2772
# of unsupported tests 68
Running target unix/-m64
=== objc Summary for unix/-m64 ===
# of expected passes 2772
# of unsupported tests 68
=== objc Summary ===
# of expected passes 5544
# of unsupported tests 136
/daten/gcc/gcc-20151006/Build/gcc/xgcc version 6.0.0 20151006 (experimental) [trunk revision 228510] (GCC)
=== boehm-gc tests ===
Running target unix/-m32
=== boehm-gc Summary for unix/-m32 ===
# of expected passes 12
# of unsupported tests 1
Running target unix/-m64
=== boehm-gc Summary for unix/-m64 ===
# of expected passes 12
# of unsupported tests 1
=== boehm-gc Summary ===
# of expected passes 24
# of unsupported tests 2
=== libatomic tests ===
Running target unix/-m32
=== libatomic Summary for unix/-m32 ===
# of expected passes 44
# of unsupported tests 5
Running target unix/-m64
=== libatomic Summary for unix/-m64 ===
# of expected passes 54
=== libatomic Summary ===
# of expected passes 98
# of unsupported tests 5
=== libffi tests ===
Running target unix/-m32
=== libffi Summary for unix/-m32 ===
# of expected passes 1914
# of unsupported tests 30
Running target unix/-m64
=== libffi Summary for unix/-m64 ===
# of expected passes 1914
# of unsupported tests 30
=== libffi Summary ===
# of expected passes 3828
# of unsupported tests 60
=== libgo tests ===
Running target unix
FAIL: math
FAIL: runtime/pprof
=== libgo Summary for unix ===
# of expected passes 122
# of unexpected failures 2
Running target unix/-m32
FAIL: math
FAIL: sync/atomic
=== libgo Summary for unix/-m32 ===
# of expected passes 122
# of unexpected failures 2
=== libgo Summary ===
# of expected passes 244
# of unexpected failures 4
/daten/gcc/gcc-20151006/Build/./gcc/gccgo version 6.0.0 20151006 (experimental) [trunk revision 228510] (GCC)
=== libgomp tests ===
Running target unix/-m32
=== libgomp Summary for unix/-m32 ===
# of expected passes 4090
# of expected failures 4
# of unsupported tests 239
Running target unix/-m64
=== libgomp Summary for unix/-m64 ===
# of expected passes 4090
# of expected failures 4
# of unsupported tests 239
=== libgomp Summary ===
# of expected passes 8180
# of expected failures 8
# of unsupported tests 478
=== libitm tests ===
Running target unix/-m32
=== libitm Summary for unix/-m32 ===
# of expected passes 32
# of expected failures 3
# of unsupported tests 1
Running target unix/-m64
=== libitm Summary for unix/-m64 ===
# of expected passes 32
# of expected failures 3
# of unsupported tests 1
=== libitm Summary ===
# of expected passes 64
# of expected failures 6
# of unsupported tests 2
=== libjava tests ===
Running target unix/-m32
=== libjava Summary for unix/-m32 ===
# of expected passes 2582
# of expected failures 4
Running target unix/-m64
FAIL: getlocalvartable output
=== libjava Summary for unix/-m64 ===
# of expected passes 2581
# of unexpected failures 1
# of expected failures 4
=== libjava Summary ===
# of expected passes 5163
# of unexpected failures 1
# of expected failures 8
=== libstdc++ tests ===
Running target unix/-m32
=== libstdc++ Summary for unix/-m32 ===
# of expected passes 11026
# of expected failures 66
# of unsupported tests 240
Running target unix/-m64
XPASS: 26_numerics/complex/13450.cc execution test
XPASS: 26_numerics/complex/pow.cc execution test
XPASS: 26_numerics/complex/value_operations/1.cc execution test
XPASS: 26_numerics/headers/cmath/c_math.cc execution test
FAIL: libstdc++-prettyprinters/libfundts.cc print ab
FAIL: libstdc++-prettyprinters/libfundts.cc print ai
FAIL: libstdc++-prettyprinters/libfundts.cc print am
FAIL: libstdc++-prettyprinters/libfundts.cc print ap
FAIL: libstdc++-prettyprinters/libfundts.cc print as
FAIL: libstdc++-prettyprinters/libfundts.cc print as2
=== libstdc++ Summary for unix/-m64 ===
# of expected passes 4907
# of unexpected failures 6
# of unexpected successes 4
# of expected failures 62
# of unsupported tests 240
=== libstdc++ Summary ===
# of expected passes 15933
# of unexpected failures 6
# of unexpected successes 4
# of expected failures 128
# of unsupported tests 480
Compiler version: 6.0.0 20151006 (experimental) [trunk revision 228510] (GCC)
Platform: powerpc64-suse-linux-gnu
configure flags: --prefix=/usr --build=powerpc64-suse-linux --enable-checking=release --enable-shared --with-system-zlib CFLAGS='-O2 -g' CXXFLAGS='-O2 -g' --with-cpu-64=power4 --enable-secureplt --with-long-double-128