This is the mail archive of the
gcc-testresults@gcc.gnu.org
mailing list for the GCC project.
Results for 6.0.0 20150925 (experimental) [trunk revision 228109] (GCC) testsuite on hppa2.0w-hp-hpux11.11
- From: John David Anglin <dave at hiauly3 dot hia dot nrc dot ca>
- To: dave at hiauly3 dot hia dot nrc dot ca, gcc-testresults at gcc dot gnu dot org
- Date: Mon, 28 Sep 2015 10:09:25 -0400 (EDT)
- Subject: Results for 6.0.0 20150925 (experimental) [trunk revision 228109] (GCC) testsuite on hppa2.0w-hp-hpux11.11
- Authentication-results: sourceware.org; auth=none
=== acats tests ===
FAIL: a87b59a
FAIL: c32111a
FAIL: c32111b
FAIL: c32112b
FAIL: c32113a
FAIL: c32115a
FAIL: c32115b
FAIL: c330001
FAIL: c330002
FAIL: c34001c
FAIL: c34001f
FAIL: c34002c
FAIL: c34003c
FAIL: c34005c
FAIL: c34005f
FAIL: c34005i
FAIL: c34005l
FAIL: c34005o
FAIL: c34005r
FAIL: c34005u
FAIL: c34006f
FAIL: c34006l
FAIL: c34007a
FAIL: c34007d
FAIL: c34007f
FAIL: c34007g
FAIL: c34007i
FAIL: c34007j
FAIL: c34007m
FAIL: c34007p
FAIL: c34007r
FAIL: c34007s
FAIL: c34007u
FAIL: c34009f
FAIL: c34009l
FAIL: c34011b
FAIL: c34018a
FAIL: c35003a
FAIL: c35003b
FAIL: c35003d
FAIL: c354002
FAIL: c354003
FAIL: c35502c
FAIL: c35502e
FAIL: c35502k
FAIL: c35502l
FAIL: c35502m
FAIL: c35502n
FAIL: c35503c
FAIL: c35503e
FAIL: c35505c
FAIL: c35505e
FAIL: c35505f
FAIL: c35507c
FAIL: c35507e
FAIL: c35507k
FAIL: c35507l
FAIL: c35507m
FAIL: c35507n
FAIL: c35508c
FAIL: c35508e
FAIL: c35508g
FAIL: c35508h
FAIL: c35508k
FAIL: c35508l
FAIL: c35904a
FAIL: c35904b
FAIL: c36104a
FAIL: c36104b
FAIL: c36172a
FAIL: c36172b
FAIL: c36204c
FAIL: c36301a
FAIL: c36305a
FAIL: c37005a
FAIL: c37008a
FAIL: c371001
FAIL: c371002
FAIL: c371003
FAIL: c37108b
FAIL: c37207a
FAIL: c37208a
FAIL: c37208b
FAIL: c37209b
FAIL: c37211a
FAIL: c37211b
FAIL: c37211c
FAIL: c37211d
FAIL: c37211e
FAIL: c37213b
FAIL: c37213d
FAIL: c37213f
FAIL: c37213h
FAIL: c37213j
FAIL: c37213k
FAIL: c37213l
FAIL: c37215b
FAIL: c37215d
FAIL: c37215f
FAIL: c37215h
FAIL: c37217a
FAIL: c37217b
FAIL: c37217c
FAIL: c380001
FAIL: c380003
FAIL: c380004
FAIL: c38002a
FAIL: c38002b
FAIL: c38107a
FAIL: c38107b
FAIL: c38202a
FAIL: c390002
FAIL: c390010
FAIL: c39006a
FAIL: c39006b
FAIL: c39006c
FAIL: c39006d
FAIL: c39006g
FAIL: c39007a
FAIL: c39007b
FAIL: c39008a
FAIL: c39008b
FAIL: c39008c
FAIL: c391001
FAIL: c393a06
FAIL: c3a0014
FAIL: c3a2002
FAIL: c3a2003
FAIL: c3a2a01
FAIL: c3a2a02
FAIL: c410001
FAIL: c41104a
FAIL: c41105a
FAIL: c41204a
FAIL: c41205a
FAIL: c41304a
FAIL: c41304b
FAIL: c41401a
FAIL: c420001
FAIL: c42006a
FAIL: c43004a
FAIL: c43004c
FAIL: c43104a
FAIL: c432002
FAIL: c432003
FAIL: c43206a
FAIL: c43207b
FAIL: c43211a
FAIL: c43212a
FAIL: c43212c
FAIL: c43214a
FAIL: c43215a
FAIL: c43215b
FAIL: c433001
FAIL: c45113a
FAIL: c45304a
FAIL: c45304b
FAIL: c45304c
FAIL: c45504a
FAIL: c45504b
FAIL: c45504c
FAIL: c45504d
FAIL: c45504e
FAIL: c45504f
FAIL: c45534b
FAIL: c45613a
FAIL: c45613b
FAIL: c45613c
FAIL: c45614a
FAIL: c45614b
FAIL: c45614c
FAIL: c45632a
FAIL: c45632b
FAIL: c45632c
FAIL: c460001
FAIL: c460002
FAIL: c460004
FAIL: c460005
FAIL: c460008
FAIL: c460009
FAIL: c460011
FAIL: c460012
FAIL: c46014a
FAIL: c46043b
FAIL: c46044b
FAIL: c46052a
FAIL: c46053a
FAIL: c46054a
FAIL: c460a01
FAIL: c460a02
FAIL: c47003a
FAIL: c47004a
FAIL: c47005a
FAIL: c47006a
FAIL: c47007a
FAIL: c47008a
FAIL: c47009a
FAIL: c48006b
FAIL: c48007a
FAIL: c48007b
FAIL: c48007c
FAIL: c48008a
FAIL: c48008c
FAIL: c48009a
FAIL: c48009b
FAIL: c48009c
FAIL: c48009d
FAIL: c48009e
FAIL: c48009f
FAIL: c48009g
FAIL: c48009h
FAIL: c48009i
FAIL: c48009j
FAIL: c4a005b
FAIL: c4a006a
FAIL: c52005a
FAIL: c52005b
FAIL: c52005c
FAIL: c52005d
FAIL: c52005e
FAIL: c52005f
FAIL: c52008a
FAIL: c52008b
FAIL: c52009a
FAIL: c52009b
FAIL: c52011a
FAIL: c52011b
FAIL: c52101a
FAIL: c52103x
FAIL: c52104a
FAIL: c52104b
FAIL: c52104c
FAIL: c52104f
FAIL: c52104g
FAIL: c52104h
FAIL: c52104k
FAIL: c52104l
FAIL: c52104m
FAIL: c52104p
FAIL: c52104q
FAIL: c52104r
FAIL: c52104x
FAIL: c52104y
FAIL: c55b15a
FAIL: c58005a
FAIL: c58005b
FAIL: c58005h
FAIL: c58006a
FAIL: c58006b
FAIL: c59002a
FAIL: c61008a
FAIL: c62003a
FAIL: c62003b
FAIL: c641001
FAIL: c64103b
FAIL: c64103c
FAIL: c64103d
FAIL: c64103e
FAIL: c64103f
FAIL: c64104a
FAIL: c64104b
FAIL: c64104c
FAIL: c64104d
FAIL: c64104e
FAIL: c64104f
FAIL: c64104g
FAIL: c64104h
FAIL: c64104i
FAIL: c64104j
FAIL: c64104k
FAIL: c64104l
FAIL: c64104m
FAIL: c64104n
FAIL: c64104o
FAIL: c64106a
FAIL: c64106b
FAIL: c64106c
FAIL: c64201b
FAIL: c650001
FAIL: c65003a
FAIL: c65003b
FAIL: c74004a
FAIL: c760010
FAIL: c761002
FAIL: c761004
FAIL: c761006
FAIL: c761007
FAIL: c761011
FAIL: c761012
FAIL: c83030a
FAIL: c83030c
FAIL: c83e02b
FAIL: c85005g
FAIL: c85009a
FAIL: c85018a
FAIL: c85018b
FAIL: c854002
FAIL: c86003a
FAIL: c91004b
FAIL: c91007a
FAIL: c930001
FAIL: c93004a
FAIL: c93004b
FAIL: c93004c
FAIL: c93004d
FAIL: c93004f
FAIL: c93005a
FAIL: c93005b
FAIL: c93005c
FAIL: c93005d
FAIL: c93005e
FAIL: c93005f
FAIL: c93005g
FAIL: c93005h
FAIL: c93007a
FAIL: c940010
FAIL: c940013
FAIL: c940014
FAIL: c940016
FAIL: c94001a
FAIL: c94001b
FAIL: c94001c
FAIL: c94001e
FAIL: c94001f
FAIL: c94002a
FAIL: c94002f
FAIL: c94002g
FAIL: c94007a
FAIL: c94008a
FAIL: c94008b
FAIL: c94008c
FAIL: c94008d
FAIL: c94010a
FAIL: c94011a
FAIL: c94020a
FAIL: c95008a
FAIL: c95022b
FAIL: c95040a
FAIL: c95040b
FAIL: c95040c
FAIL: c95040d
FAIL: c95065a
FAIL: c95065b
FAIL: c95065c
FAIL: c95065d
FAIL: c95065e
FAIL: c95065f
FAIL: c95072a
FAIL: c95072b
FAIL: c95078a
FAIL: c95085a
FAIL: c95085b
FAIL: c95085c
FAIL: c95085d
FAIL: c95085e
FAIL: c95085f
FAIL: c95085g
FAIL: c95085h
FAIL: c95085i
FAIL: c95085j
FAIL: c95085k
FAIL: c95085l
FAIL: c95085m
FAIL: c95085n
FAIL: c95085o
FAIL: c95087a
FAIL: c95087b
FAIL: c95087c
FAIL: c95095a
FAIL: c95095b
FAIL: c95095c
FAIL: c95095d
FAIL: c953001
FAIL: c954013
FAIL: c954014
FAIL: c954016
FAIL: c954017
FAIL: c954018
FAIL: c954019
FAIL: c954023
FAIL: c954024
FAIL: c954025
FAIL: c954a01
FAIL: c954a02
FAIL: c960004
FAIL: c96004a
FAIL: c96005d
FAIL: c96007a
FAIL: c97117a
FAIL: c97204a
FAIL: c97204b
FAIL: c97304a
FAIL: c97304b
FAIL: c97307a
FAIL: c974001
FAIL: c974002
FAIL: c974003
FAIL: c974004
FAIL: c974005
FAIL: c974006
FAIL: c974008
FAIL: c974009
FAIL: c974010
FAIL: c974011
FAIL: c974012
FAIL: c974013
FAIL: c980001
FAIL: c980002
FAIL: c980003
FAIL: c99004a
FAIL: c99005a
FAIL: c9a007a
FAIL: c9a009a
FAIL: c9a009c
FAIL: c9a009f
FAIL: c9a009g
FAIL: c9a009h
FAIL: c9a010a
FAIL: c9a011a
FAIL: c9a011b
FAIL: ca11001
FAIL: ca11002
FAIL: ca11004
FAIL: ca11012
FAIL: ca11015
FAIL: ca11017
FAIL: ca11d01
FAIL: ca11d02
FAIL: ca11d03
FAIL: ca5006a
FAIL: cb1001a
FAIL: cb1004a
FAIL: cb1005a
FAIL: cb1010a
FAIL: cb1010c
FAIL: cb1010d
FAIL: cb20001
FAIL: cb20003
FAIL: cb20004
FAIL: cb20005
FAIL: cb20006
FAIL: cb20007
FAIL: cb2004a
FAIL: cb2005a
FAIL: cb2006a
FAIL: cb2007a
FAIL: cb20a02
FAIL: cb3003a
FAIL: cb3003b
FAIL: cb3004a
FAIL: cb40005
FAIL: cb4001a
FAIL: cb4002a
FAIL: cb4003a
FAIL: cb4004a
FAIL: cb4005a
FAIL: cb4006a
FAIL: cb4007a
FAIL: cb4008a
FAIL: cb4009a
FAIL: cb4013a
FAIL: cb40a01
FAIL: cb40a02
FAIL: cb40a03
FAIL: cb40a04
FAIL: cb41001
FAIL: cb41002
FAIL: cb41003
FAIL: cb41004
FAIL: cb5001a
FAIL: cb5001b
FAIL: cb5002a
FAIL: cc1004a
FAIL: cc1111a
FAIL: cc1220a
FAIL: cc1221c
FAIL: cc1311b
FAIL: cc3007a
FAIL: cc3017b
FAIL: cc3017c
FAIL: cc3019b
FAIL: cc3019c
FAIL: cc3120a
FAIL: cc3120b
FAIL: cc3125a
FAIL: cc3125b
FAIL: cc3125c
FAIL: cc3125d
FAIL: cc3126a
FAIL: cc3127a
FAIL: cc3128a
FAIL: cc3305a
FAIL: cc3305b
FAIL: cc3305c
FAIL: cc3305d
FAIL: cc3602a
FAIL: cc3606b
FAIL: cc70a01
FAIL: cd2a23e
FAIL: cd2b11a
FAIL: cd2b15c
FAIL: cdb0a02
FAIL: cdd2001
FAIL: ce2102a
FAIL: ce2102b
FAIL: ce2102c
FAIL: ce2102h
FAIL: ce2102l
FAIL: ce2102m
FAIL: ce2103a
FAIL: ce2103b
FAIL: ce2110a
FAIL: ce2110c
FAIL: ce2202a
FAIL: ce2203a
FAIL: ce2204a
FAIL: ce2204b
FAIL: ce2204c
FAIL: ce2204d
FAIL: ce2205a
FAIL: ce2206a
FAIL: ce2208b
FAIL: ce2402a
FAIL: ce2403a
FAIL: ce2404a
FAIL: ce2404b
FAIL: ce2405b
FAIL: ce2407a
FAIL: ce2407b
FAIL: ce2410a
FAIL: ce2410b
FAIL: ce3102a
FAIL: ce3102b
FAIL: ce3102d
FAIL: ce3102h
FAIL: ce3107a
FAIL: ce3114a
FAIL: ce3115a
FAIL: ce3206a
FAIL: ce3207a
FAIL: ce3302a
FAIL: ce3303a
FAIL: ce3304a
FAIL: ce3306a
FAIL: ce3402a
FAIL: ce3402e
FAIL: ce3403a
FAIL: ce3403d
FAIL: ce3403f
FAIL: ce3404a
FAIL: ce3405c
FAIL: ce3406b
FAIL: ce3406c
FAIL: ce3407b
FAIL: ce3408b
FAIL: ce3409a
FAIL: ce3409b
FAIL: ce3409e
FAIL: ce3410a
FAIL: ce3410b
FAIL: ce3410e
FAIL: ce3413b
FAIL: ce3414a
FAIL: ce3601a
FAIL: ce3602c
FAIL: ce3603a
FAIL: ce3605c
FAIL: ce3701a
FAIL: ce3704b
FAIL: ce3704c
FAIL: ce3704d
FAIL: ce3704e
FAIL: ce3704f
FAIL: ce3704m
FAIL: ce3704n
FAIL: ce3704o
FAIL: ce3705a
FAIL: ce3705b
FAIL: ce3705c
FAIL: ce3705d
FAIL: ce3705e
FAIL: ce3706c
FAIL: ce3706d
FAIL: ce3706f
FAIL: ce3707a
FAIL: ce3708a
FAIL: ce3801a
FAIL: ce3801b
FAIL: ce3804c
FAIL: ce3804d
FAIL: ce3804e
FAIL: ce3804f
FAIL: ce3804g
FAIL: ce3804h
FAIL: ce3804m
FAIL: ce3804o
FAIL: ce3804p
FAIL: ce3805a
FAIL: ce3805b
FAIL: ce3806a
FAIL: ce3806b
FAIL: ce3806c
FAIL: ce3806e
FAIL: ce3806f
FAIL: ce3806h
FAIL: ce3809a
FAIL: ce3809b
FAIL: ce3810a
FAIL: ce3810b
FAIL: ce3901a
FAIL: ce3904a
FAIL: ce3904b
FAIL: ce3905b
FAIL: ce3905c
FAIL: ce3905l
FAIL: ce3906b
FAIL: ce3906d
FAIL: ce3906e
FAIL: ce3907a
FAIL: ce3908a
FAIL: cxa4001
FAIL: cxa4004
FAIL: cxa4005
FAIL: cxa4008
FAIL: cxa4009
FAIL: cxa4012
FAIL: cxa4015
FAIL: cxa4016
FAIL: cxa4019
FAIL: cxa4020
FAIL: cxa4026
FAIL: cxa4027
FAIL: cxa4030
FAIL: cxa4032
FAIL: cxa4034
FAIL: cxa5012
FAIL: cxa5a01
FAIL: cxa5a02
FAIL: cxa5a03
FAIL: cxa5a04
FAIL: cxa5a05
FAIL: cxa5a06
FAIL: cxa5a07
FAIL: cxa5a08
FAIL: cxa5a09
FAIL: cxa5a10
FAIL: cxa8001
FAIL: cxa8003
FAIL: cxaa012
FAIL: cxaa013
FAIL: cxaa014
FAIL: cxaa015
FAIL: cxaa017
FAIL: cxaa018
FAIL: cxac003
FAIL: cxaf001
FAIL: cxb3004
FAIL: cxb3005
FAIL: cxb3007
FAIL: cxb3009
FAIL: cxb3010
FAIL: cxb3011
FAIL: cxb3012
FAIL: cxb3014
FAIL: cxb3015
FAIL: cxb3016
FAIL: cxb4002
FAIL: cxb4004
FAIL: cxb4006
FAIL: cxb4007
FAIL: cxb4008
FAIL: cxb5003
FAIL: cxf2001
FAIL: cxf3004
FAIL: cxf3a01
FAIL: cxf3a02
FAIL: cxf3a03
FAIL: cxf3a04
FAIL: cxf3a08
FAIL: cxg1003
FAIL: cxg1004
FAIL: cxg2002
FAIL: cxg2003
FAIL: cxg2006
FAIL: cxg2007
FAIL: cxg2011
FAIL: cxg2012
FAIL: cxg2013
FAIL: cxg2015
FAIL: cxg2016
FAIL: cxg2020
FAIL: cxg2021
FAIL: cz1102a
FAIL: cz1103a
=== acats Summary ===
# of expected passes 1626
# of unexpected failures 694
Native configuration is hppa2.0w-hp-hpux11.11
=== g++ tests ===
Running target unix
FAIL: g++.dg/compat/eh/ctor1 cp_compat_x_tst.o-cp_compat_y_tst.o execute
FAIL: g++.dg/compat/eh/ctor2 cp_compat_x_tst.o-cp_compat_y_tst.o execute
FAIL: g++.dg/compat/eh/dtor1 cp_compat_x_tst.o-cp_compat_y_tst.o execute
FAIL: g++.dg/compat/eh/filter1 cp_compat_x_tst.o-cp_compat_y_tst.o execute
FAIL: g++.dg/compat/eh/filter2 cp_compat_x_tst.o-cp_compat_y_tst.o execute
FAIL: g++.dg/compat/eh/new1 cp_compat_x_tst.o-cp_compat_y_tst.o execute
FAIL: g++.dg/compat/eh/nrv1 cp_compat_x_tst.o-cp_compat_y_tst.o execute
FAIL: g++.dg/compat/eh/spec3 cp_compat_x_tst.o-cp_compat_y_tst.o execute
FAIL: g++.dg/compat/eh/template1 cp_compat_x_tst.o-cp_compat_y_tst.o execute
FAIL: g++.dg/compat/eh/unexpected1 cp_compat_x_tst.o-cp_compat_y_tst.o execute
FAIL: g++.dg/compat/init/array5 cp_compat_x_tst.o-cp_compat_y_tst.o execute
FAIL: g++.dg/Wno-frame-address.C -std=gnu++98 (test for excess errors)
FAIL: g++.dg/Wno-frame-address.C -std=gnu++11 (test for excess errors)
FAIL: g++.dg/Wno-frame-address.C -std=gnu++14 (test for excess errors)
FAIL: g++.dg/cpp0x/bad_array_new1.C -std=c++11 execution test
FAIL: g++.dg/cpp0x/bad_array_new1.C -std=c++14 execution test
FAIL: g++.dg/cpp0x/bad_array_new2.C -std=c++11 execution test
FAIL: g++.dg/cpp0x/bad_array_new2.C -std=c++14 execution test
FAIL: g++.dg/cpp0x/inh-ctor12.C -std=c++11 execution test
FAIL: g++.dg/cpp0x/inh-ctor12.C -std=c++14 execution test
FAIL: g++.dg/cpp0x/initlist90.C -std=c++11 execution test
FAIL: g++.dg/cpp0x/initlist90.C -std=c++14 execution test
FAIL: g++.dg/cpp0x/lambda/lambda-eh2.C -std=gnu++11 execution test
FAIL: g++.dg/cpp0x/lambda/lambda-eh2.C -std=gnu++14 execution test
FAIL: g++.dg/cpp0x/noexcept03.C -std=gnu++11 execution test
FAIL: g++.dg/cpp0x/noexcept03.C -std=gnu++14 execution test
FAIL: g++.dg/cpp0x/noexcept04.C -std=c++11 execution test
FAIL: g++.dg/cpp0x/noexcept04.C -std=c++14 execution test
FAIL: g++.dg/cpp0x/noexcept06.C -std=gnu++11 execution test
FAIL: g++.dg/cpp0x/noexcept06.C -std=gnu++14 execution test
FAIL: g++.dg/cpp0x/noexcept07.C -std=c++11 execution test
FAIL: g++.dg/cpp0x/noexcept07.C -std=c++14 execution test
FAIL: g++.dg/cpp0x/nsdmi-eh1.C -std=c++11 execution test
FAIL: g++.dg/cpp0x/nsdmi-eh1.C -std=c++14 execution test
FAIL: g++.dg/cpp0x/nullptr21.C -std=c++11 execution test
FAIL: g++.dg/cpp0x/nullptr21.C -std=c++14 execution test
FAIL: g++.dg/cpp0x/range-for7.C -std=c++11 execution test
FAIL: g++.dg/cpp0x/range-for7.C -std=c++14 execution test
FAIL: g++.dg/cpp0x/udlit-general.C -std=c++11 execution test
FAIL: g++.dg/cpp0x/udlit-general.C -std=c++14 execution test
FAIL: g++.dg/cpp0x/udlit-namespace.C -std=c++11 execution test
FAIL: g++.dg/cpp0x/udlit-namespace.C -std=c++14 execution test
FAIL: g++.dg/cpp0x/udlit-resolve.C -std=c++11 execution test
FAIL: g++.dg/cpp0x/udlit-resolve.C -std=c++14 execution test
FAIL: g++.dg/cpp0x/udlit-sfinae.C -std=c++11 execution test
FAIL: g++.dg/cpp0x/udlit-sfinae.C -std=c++14 execution test
FAIL: g++.dg/cpp0x/variadic73.C -std=c++11 execution test
FAIL: g++.dg/cpp0x/variadic73.C -std=c++14 execution test
FAIL: g++.dg/cpp1y/sized-dealloc1.C -std=c++98 execution test
FAIL: g++.dg/cpp1y/sized-dealloc1.C -std=c++11 execution test
FAIL: g++.dg/cpp1y/sized-dealloc1.C -std=c++14 execution test
FAIL: g++.dg/eh/alias1.C -std=gnu++98 execution test
FAIL: g++.dg/eh/alias1.C -std=gnu++11 execution test
FAIL: g++.dg/eh/alias1.C -std=gnu++14 execution test
FAIL: g++.dg/eh/anon1.C -std=c++98 execution test
FAIL: g++.dg/eh/anon1.C -std=c++11 execution test
FAIL: g++.dg/eh/anon1.C -std=c++14 execution test
FAIL: g++.dg/eh/cond1.C -std=c++98 execution test
FAIL: g++.dg/eh/cond1.C -std=c++11 execution test
FAIL: g++.dg/eh/cond1.C -std=c++14 execution test
FAIL: g++.dg/eh/cond4.C -std=c++98 execution test
FAIL: g++.dg/eh/cond4.C -std=c++11 execution test
FAIL: g++.dg/eh/cond4.C -std=c++14 execution test
FAIL: g++.dg/eh/cond5.C -std=c++98 execution test
FAIL: g++.dg/eh/cond5.C -std=c++11 execution test
FAIL: g++.dg/eh/cond5.C -std=c++14 execution test
FAIL: g++.dg/eh/cond6.C -std=c++98 execution test
FAIL: g++.dg/eh/cond6.C -std=c++11 execution test
FAIL: g++.dg/eh/cond6.C -std=c++14 execution test
FAIL: g++.dg/eh/crossjump1.C -std=gnu++98 execution test
FAIL: g++.dg/eh/crossjump1.C -std=gnu++11 execution test
FAIL: g++.dg/eh/crossjump1.C -std=gnu++14 execution test
FAIL: g++.dg/eh/ctor1.C -std=c++98 execution test
FAIL: g++.dg/eh/ctor1.C -std=c++11 execution test
FAIL: g++.dg/eh/ctor1.C -std=c++14 execution test
FAIL: g++.dg/eh/ctor2.C -std=c++98 execution test
FAIL: g++.dg/eh/ctor2.C -std=c++11 execution test
FAIL: g++.dg/eh/ctor2.C -std=c++14 execution test
FAIL: g++.dg/eh/defarg1.C -std=c++98 execution test
FAIL: g++.dg/eh/defarg1.C -std=c++11 execution test
FAIL: g++.dg/eh/defarg1.C -std=c++14 execution test
FAIL: g++.dg/eh/delayslot1.C -std=gnu++98 execution test
FAIL: g++.dg/eh/delayslot1.C -std=gnu++11 execution test
FAIL: g++.dg/eh/delayslot1.C -std=gnu++14 execution test
FAIL: g++.dg/eh/dtor1.C -std=c++98 execution test
FAIL: g++.dg/eh/dtor1.C -std=c++11 execution test
FAIL: g++.dg/eh/dtor1.C -std=c++14 execution test
FAIL: g++.dg/eh/dtor3.C -std=c++98 execution test
FAIL: g++.dg/eh/elide1.C -std=c++98 execution test
FAIL: g++.dg/eh/elide1.C -std=c++11 execution test
FAIL: g++.dg/eh/elide1.C -std=c++14 execution test
FAIL: g++.dg/eh/elide2.C -std=c++98 execution test
FAIL: g++.dg/eh/elide2.C -std=c++11 execution test
FAIL: g++.dg/eh/elide2.C -std=c++14 execution test
FAIL: g++.dg/eh/filter1.C -std=c++98 execution test
FAIL: g++.dg/eh/filter1.C -std=c++11 execution test
FAIL: g++.dg/eh/filter1.C -std=c++14 execution test
FAIL: g++.dg/eh/filter2.C -std=gnu++98 execution test
FAIL: g++.dg/eh/filter2.C -std=gnu++11 execution test
FAIL: g++.dg/eh/filter2.C -std=gnu++14 execution test
FAIL: g++.dg/eh/forced1.C -std=c++98 execution test
FAIL: g++.dg/eh/forced1.C -std=c++11 execution test
FAIL: g++.dg/eh/forced1.C -std=c++14 execution test
FAIL: g++.dg/eh/forced2.C -std=c++98 execution test
FAIL: g++.dg/eh/forced2.C -std=c++11 execution test
FAIL: g++.dg/eh/forced2.C -std=c++14 execution test
FAIL: g++.dg/eh/forced3.C -std=c++98 execution test
FAIL: g++.dg/eh/forced3.C -std=c++11 execution test
FAIL: g++.dg/eh/forced3.C -std=c++14 execution test
FAIL: g++.dg/eh/forced4.C -std=c++98 execution test
FAIL: g++.dg/eh/forced4.C -std=c++11 execution test
FAIL: g++.dg/eh/forced4.C -std=c++14 execution test
FAIL: g++.dg/eh/fp-regs.C -std=gnu++98 execution test
FAIL: g++.dg/eh/fp-regs.C -std=gnu++11 execution test
FAIL: g++.dg/eh/fp-regs.C -std=gnu++14 execution test
FAIL: g++.dg/eh/ia64-2.C -std=gnu++98 execution test
FAIL: g++.dg/eh/ia64-2.C -std=gnu++11 execution test
FAIL: g++.dg/eh/ia64-2.C -std=gnu++14 execution test
FAIL: g++.dg/eh/init-temp1.C -std=c++98 execution test
FAIL: g++.dg/eh/init-temp1.C -std=c++11 execution test
FAIL: g++.dg/eh/init-temp1.C -std=c++14 execution test
FAIL: g++.dg/eh/loop1.C -std=gnu++98 execution test
FAIL: g++.dg/eh/loop1.C -std=gnu++11 execution test
FAIL: g++.dg/eh/loop1.C -std=gnu++14 execution test
FAIL: g++.dg/eh/loop2.C -std=c++98 execution test
FAIL: g++.dg/eh/loop2.C -std=c++11 execution test
FAIL: g++.dg/eh/loop2.C -std=c++14 execution test
FAIL: g++.dg/eh/new1.C -std=c++98 execution test
FAIL: g++.dg/eh/new1.C -std=c++11 execution test
FAIL: g++.dg/eh/new1.C -std=c++14 execution test
FAIL: g++.dg/eh/omit-frame-pointer.C -std=gnu++98 execution test
FAIL: g++.dg/eh/omit-frame-pointer.C -std=gnu++11 execution test
FAIL: g++.dg/eh/omit-frame-pointer.C -std=gnu++14 execution test
FAIL: g++.dg/eh/omit-frame-pointer2.C -std=gnu++98 execution test
FAIL: g++.dg/eh/omit-frame-pointer2.C -std=gnu++11 execution test
FAIL: g++.dg/eh/omit-frame-pointer2.C -std=gnu++14 execution test
FAIL: g++.dg/eh/partial1.C -std=c++98 execution test
FAIL: g++.dg/eh/partial1.C -std=c++11 execution test
FAIL: g++.dg/eh/partial1.C -std=c++14 execution test
FAIL: g++.dg/eh/pr29166.C -std=c++98 execution test
FAIL: g++.dg/eh/pr29166.C -std=c++11 execution test
FAIL: g++.dg/eh/pr29166.C -std=c++14 execution test
FAIL: g++.dg/eh/registers1.C -std=gnu++98 execution test
FAIL: g++.dg/eh/registers1.C -std=gnu++11 execution test
FAIL: g++.dg/eh/registers1.C -std=gnu++14 execution test
FAIL: g++.dg/eh/simd-1.C -std=gnu++98 execution test
FAIL: g++.dg/eh/simd-1.C -std=gnu++11 execution test
FAIL: g++.dg/eh/simd-1.C -std=gnu++14 execution test
FAIL: g++.dg/eh/simd-2.C -std=gnu++98 execution test
FAIL: g++.dg/eh/simd-2.C -std=gnu++11 execution test
FAIL: g++.dg/eh/simd-2.C -std=gnu++14 execution test
FAIL: g++.dg/eh/simd-3.C -std=gnu++98 execution test
FAIL: g++.dg/eh/simd-3.C -std=gnu++11 execution test
FAIL: g++.dg/eh/simd-3.C -std=gnu++14 execution test
FAIL: g++.dg/eh/spec10.C -std=gnu++98 execution test
FAIL: g++.dg/eh/spec10.C -std=gnu++11 execution test
FAIL: g++.dg/eh/spec10.C -std=gnu++14 execution test
FAIL: g++.dg/eh/spec3.C -std=c++98 execution test
FAIL: g++.dg/eh/spec3.C -std=c++11 execution test
FAIL: g++.dg/eh/spec3.C -std=c++14 execution test
FAIL: g++.dg/eh/spec7.C -std=gnu++98 execution test
FAIL: g++.dg/eh/spec7.C -std=gnu++11 execution test
FAIL: g++.dg/eh/spec7.C -std=gnu++14 execution test
FAIL: g++.dg/eh/spec9.C -std=c++98 execution test
FAIL: g++.dg/eh/spec9.C -std=c++11 execution test
FAIL: g++.dg/eh/spec9.C -std=c++14 execution test
FAIL: g++.dg/eh/synth2.C -std=c++98 execution test
FAIL: g++.dg/eh/synth2.C -std=c++11 execution test
FAIL: g++.dg/eh/synth2.C -std=c++14 execution test
FAIL: g++.dg/eh/template1.C -std=c++98 execution test
FAIL: g++.dg/eh/template1.C -std=c++11 execution test
FAIL: g++.dg/eh/template1.C -std=c++14 execution test
FAIL: g++.dg/eh/uncaught1.C -std=gnu++98 execution test
FAIL: g++.dg/eh/uncaught1.C -std=gnu++11 execution test
FAIL: g++.dg/eh/uncaught1.C -std=gnu++14 execution test
FAIL: g++.dg/eh/uncaught4.C -std=c++98 execution test
FAIL: g++.dg/eh/uncaught4.C -std=c++11 execution test
FAIL: g++.dg/eh/uncaught4.C -std=c++14 execution test
FAIL: g++.dg/eh/unexpected1.C -std=c++98 execution test
FAIL: g++.dg/eh/unexpected1.C -std=c++11 execution test
FAIL: g++.dg/eh/unexpected1.C -std=c++14 execution test
FAIL: g++.dg/ext/cleanup-10.C -std=gnu++98 execution test
FAIL: g++.dg/ext/cleanup-10.C -std=gnu++11 execution test
FAIL: g++.dg/ext/cleanup-10.C -std=gnu++14 execution test
FAIL: g++.dg/ext/cleanup-11.C -std=gnu++98 execution test
FAIL: g++.dg/ext/cleanup-11.C -std=gnu++11 execution test
FAIL: g++.dg/ext/cleanup-11.C -std=gnu++14 execution test
FAIL: g++.dg/ext/cleanup-5.C -std=gnu++98 execution test
FAIL: g++.dg/ext/cleanup-5.C -std=gnu++11 execution test
FAIL: g++.dg/ext/cleanup-5.C -std=gnu++14 execution test
FAIL: g++.dg/ext/cleanup-8.C -std=gnu++98 execution test
FAIL: g++.dg/ext/cleanup-8.C -std=gnu++11 execution test
FAIL: g++.dg/ext/cleanup-8.C -std=gnu++14 execution test
FAIL: g++.dg/ext/cleanup-9.C -std=gnu++98 execution test
FAIL: g++.dg/ext/cleanup-9.C -std=gnu++11 execution test
FAIL: g++.dg/ext/cleanup-9.C -std=gnu++14 execution test
FAIL: g++.dg/init/array16.C -std=gnu++98 execution test
FAIL: g++.dg/init/array16.C -std=gnu++11 execution test
FAIL: g++.dg/init/array16.C -std=gnu++14 execution test
FAIL: g++.dg/init/array5.C -std=c++98 execution test
FAIL: g++.dg/init/array5.C -std=c++11 execution test
FAIL: g++.dg/init/array5.C -std=c++14 execution test
FAIL: g++.dg/init/ctor1.C -std=c++98 execution test
FAIL: g++.dg/init/ctor1.C -std=c++11 execution test
FAIL: g++.dg/init/ctor1.C -std=c++14 execution test
FAIL: g++.dg/init/new36.C -std=c++98 execution test
FAIL: g++.dg/init/new36.C -std=c++11 execution test
FAIL: g++.dg/init/new36.C -std=c++14 execution test
FAIL: g++.dg/init/new39.C -std=c++98 execution test
FAIL: g++.dg/init/new39.C -std=c++11 execution test
FAIL: g++.dg/init/new39.C -std=c++14 execution test
FAIL: g++.dg/init/new40.C execution test
FAIL: g++.dg/init/placement2.C -std=c++98 execution test
FAIL: g++.dg/init/placement2.C -std=c++11 execution test
FAIL: g++.dg/init/placement2.C -std=c++14 execution test
FAIL: g++.dg/init/ref9.C -std=c++98 execution test
FAIL: g++.dg/init/ref9.C -std=c++11 execution test
FAIL: g++.dg/init/ref9.C -std=c++14 execution test
FAIL: g++.dg/ipa/pr63838.C -std=gnu++98 execution test
FAIL: g++.dg/ipa/pr63838.C -std=gnu++11 execution test
FAIL: g++.dg/ipa/pr63838.C -std=gnu++14 execution test
FAIL: g++.dg/opt/eh2.C -std=gnu++98 execution test
FAIL: g++.dg/opt/eh2.C -std=gnu++11 execution test
FAIL: g++.dg/opt/eh2.C -std=gnu++14 execution test
FAIL: g++.dg/opt/eh3.C -std=gnu++98 execution test
FAIL: g++.dg/opt/eh3.C -std=gnu++11 execution test
FAIL: g++.dg/opt/eh3.C -std=gnu++14 execution test
FAIL: g++.dg/opt/eh4.C -std=gnu++98 execution test
FAIL: g++.dg/opt/eh4.C -std=gnu++11 execution test
FAIL: g++.dg/opt/eh4.C -std=gnu++14 execution test
FAIL: g++.dg/opt/pr23478.C -std=gnu++98 execution test
FAIL: g++.dg/opt/pr23478.C -std=gnu++11 execution test
FAIL: g++.dg/opt/pr23478.C -std=gnu++14 execution test
FAIL: g++.dg/rtti/typeid10.C -std=c++98 execution test
FAIL: g++.dg/rtti/typeid10.C -std=c++11 execution test
FAIL: g++.dg/rtti/typeid10.C -std=c++14 execution test
FAIL: g++.dg/tree-ssa/pr61034.C -std=gnu++98 scan-tree-dump-times fre2 "free" 10
FAIL: g++.dg/tree-ssa/pr61034.C -std=gnu++11 scan-tree-dump-times fre2 "free" 10
FAIL: g++.dg/tree-ssa/pr61034.C -std=gnu++14 scan-tree-dump-times fre2 "free" 10
FAIL: g++.dg/warn/Wsign-compare-2.C -std=gnu++98 (internal compiler error)
FAIL: g++.dg/warn/Wsign-compare-2.C -std=gnu++98 (test for excess errors)
FAIL: g++.dg/warn/Wsign-compare-2.C -std=gnu++11 (internal compiler error)
FAIL: g++.dg/warn/Wsign-compare-2.C -std=gnu++11 (test for excess errors)
FAIL: g++.dg/warn/Wsign-compare-2.C -std=gnu++14 (internal compiler error)
FAIL: g++.dg/warn/Wsign-compare-2.C -std=gnu++14 (test for excess errors)
FAIL: g++.dg/gcov/gcov-11.C -std=gnu++98 execution test
FAIL: g++.dg/gcov/gcov-11.C -std=gnu++98 gcov failed: gcov-11.C.gov does not exist
FAIL: g++.dg/gcov/gcov-11.C -std=gnu++11 execution test
FAIL: g++.dg/gcov/gcov-11.C -std=gnu++11 gcov failed: gcov-11.C.gov does not exist
FAIL: g++.dg/gcov/gcov-11.C -std=gnu++14 execution test
FAIL: g++.dg/gcov/gcov-11.C -std=gnu++14 gcov failed: gcov-11.C.gov does not exist
FAIL: g++.dg/gcov/gcov-13.C -std=gnu++98 execution test
FAIL: g++.dg/gcov/gcov-13.C -std=gnu++98 gcov failed: gcov-13.C.gov does not exist
FAIL: g++.dg/gcov/gcov-13.C -std=gnu++11 execution test
FAIL: g++.dg/gcov/gcov-13.C -std=gnu++11 gcov failed: gcov-13.C.gov does not exist
FAIL: g++.dg/gcov/gcov-13.C -std=gnu++14 execution test
FAIL: g++.dg/gcov/gcov-13.C -std=gnu++14 gcov failed: gcov-13.C.gov does not exist
FAIL: g++.dg/gcov/gcov-15.C -std=gnu++98 execution test
FAIL: g++.dg/gcov/gcov-15.C -std=gnu++98 gcov failed: gcov-15.C.gov does not exist
FAIL: g++.dg/gcov/gcov-15.C -std=gnu++11 execution test
FAIL: g++.dg/gcov/gcov-15.C -std=gnu++11 gcov failed: gcov-15.C.gov does not exist
FAIL: g++.dg/gcov/gcov-15.C -std=gnu++14 execution test
FAIL: g++.dg/gcov/gcov-15.C -std=gnu++14 gcov failed: gcov-15.C.gov does not exist
FAIL: g++.dg/gcov/gcov-7.C -std=gnu++98 execution test
FAIL: g++.dg/gcov/gcov-7.C -std=gnu++98 gcov failed: gcov-7.C.gov does not exist
FAIL: g++.dg/gcov/gcov-7.C -std=gnu++11 execution test
FAIL: g++.dg/gcov/gcov-7.C -std=gnu++11 gcov failed: gcov-7.C.gov does not exist
FAIL: g++.dg/gcov/gcov-7.C -std=gnu++14 execution test
FAIL: g++.dg/gcov/gcov-7.C -std=gnu++14 gcov failed: gcov-7.C.gov does not exist
WARNING: program timed out.
FAIL: g++.dg/torture/pr49115.C -O0 execution test
FAIL: g++.dg/torture/pr49115.C -O1 execution test
FAIL: g++.dg/torture/pr49115.C -O2 execution test
FAIL: g++.dg/torture/pr49115.C -O3 -g execution test
FAIL: g++.dg/torture/pr49115.C -Os execution test
FAIL: g++.dg/torture/pr60750.C -O0 execution test
FAIL: g++.dg/torture/pr60750.C -O1 execution test
FAIL: g++.dg/torture/pr60750.C -O2 execution test
FAIL: g++.dg/torture/pr60750.C -O3 -g execution test
FAIL: g++.dg/torture/pr60750.C -Os execution test
FAIL: g++.dg/torture/stackalign/throw-3.C -O0 execution test
FAIL: g++.dg/torture/stackalign/throw-3.C -O0 -fpic execution test
FAIL: g++.dg/torture/stackalign/throw-3.C -O1 execution test
FAIL: g++.dg/torture/stackalign/throw-3.C -O1 -fpic execution test
FAIL: g++.dg/torture/stackalign/throw-3.C -O2 execution test
FAIL: g++.dg/torture/stackalign/throw-3.C -O2 -fpic execution test
FAIL: g++.dg/torture/stackalign/throw-3.C -O3 -fomit-frame-pointer -funroll-loops -fpeel-loops -ftracer -finline-functions execution test
FAIL: g++.dg/torture/stackalign/throw-3.C -O3 -fomit-frame-pointer -funroll-loops -fpeel-loops -ftracer -finline-functions -fpic execution test
FAIL: g++.dg/torture/stackalign/throw-3.C -O3 -g execution test
FAIL: g++.dg/torture/stackalign/throw-3.C -O3 -g -fpic execution test
FAIL: g++.dg/torture/stackalign/throw-3.C -Os execution test
FAIL: g++.dg/torture/stackalign/throw-3.C -Os -fpic execution test
FAIL: g++.old-deja/g++.abi/cxa_vec.C -std=gnu++98 execution test
FAIL: g++.old-deja/g++.abi/cxa_vec.C -std=gnu++11 execution test
FAIL: g++.old-deja/g++.abi/cxa_vec.C -std=gnu++14 execution test
FAIL: g++.old-deja/g++.brendan/eh1.C -std=gnu++98 execution test
FAIL: g++.old-deja/g++.brendan/eh1.C -std=gnu++11 execution test
FAIL: g++.old-deja/g++.brendan/eh1.C -std=gnu++14 execution test
FAIL: g++.old-deja/g++.eh/badalloc1.C -std=c++98 execution test
FAIL: g++.old-deja/g++.eh/badalloc1.C -std=c++11 execution test
FAIL: g++.old-deja/g++.eh/badalloc1.C -std=c++14 execution test
FAIL: g++.old-deja/g++.eh/catch11.C -std=c++98 execution test
FAIL: g++.old-deja/g++.eh/catch11.C -std=c++11 execution test
FAIL: g++.old-deja/g++.eh/catch11.C -std=c++14 execution test
FAIL: g++.old-deja/g++.eh/catch12.C -std=c++98 execution test
FAIL: g++.old-deja/g++.eh/catch12.C -std=c++11 execution test
FAIL: g++.old-deja/g++.eh/catch12.C -std=c++14 execution test
FAIL: g++.old-deja/g++.eh/catch3.C -std=gnu++98 execution test
FAIL: g++.old-deja/g++.eh/catch3.C -std=gnu++11 execution test
FAIL: g++.old-deja/g++.eh/catch3.C -std=gnu++14 execution test
FAIL: g++.old-deja/g++.eh/catch3p.C -std=gnu++98 execution test
FAIL: g++.old-deja/g++.eh/catch3p.C -std=gnu++11 execution test
FAIL: g++.old-deja/g++.eh/catch3p.C -std=gnu++14 execution test
FAIL: g++.old-deja/g++.eh/catch4.C -std=gnu++98 execution test
FAIL: g++.old-deja/g++.eh/catch4.C -std=gnu++11 execution test
FAIL: g++.old-deja/g++.eh/catch4.C -std=gnu++14 execution test
FAIL: g++.old-deja/g++.eh/catch4p.C -std=gnu++98 execution test
FAIL: g++.old-deja/g++.eh/catch4p.C -std=gnu++11 execution test
FAIL: g++.old-deja/g++.eh/catch4p.C -std=gnu++14 execution test
FAIL: g++.old-deja/g++.eh/catch5.C -std=gnu++98 execution test
FAIL: g++.old-deja/g++.eh/catch5.C -std=gnu++11 execution test
FAIL: g++.old-deja/g++.eh/catch5.C -std=gnu++14 execution test
FAIL: g++.old-deja/g++.eh/catch5p.C -std=gnu++98 execution test
FAIL: g++.old-deja/g++.eh/catch5p.C -std=gnu++11 execution test
FAIL: g++.old-deja/g++.eh/catch5p.C -std=gnu++14 execution test
FAIL: g++.old-deja/g++.eh/catch6.C -std=gnu++98 execution test
FAIL: g++.old-deja/g++.eh/catch6.C -std=gnu++11 execution test
FAIL: g++.old-deja/g++.eh/catch6.C -std=gnu++14 execution test
FAIL: g++.old-deja/g++.eh/catch6p.C -std=gnu++98 execution test
FAIL: g++.old-deja/g++.eh/catch6p.C -std=gnu++11 execution test
FAIL: g++.old-deja/g++.eh/catch6p.C -std=gnu++14 execution test
FAIL: g++.old-deja/g++.eh/catch7.C -std=gnu++98 execution test
FAIL: g++.old-deja/g++.eh/catch7.C -std=gnu++11 execution test
FAIL: g++.old-deja/g++.eh/catch7.C -std=gnu++14 execution test
FAIL: g++.old-deja/g++.eh/catch7p.C -std=gnu++98 execution test
FAIL: g++.old-deja/g++.eh/catch7p.C -std=gnu++11 execution test
FAIL: g++.old-deja/g++.eh/catch7p.C -std=gnu++14 execution test
FAIL: g++.old-deja/g++.eh/catch8.C -std=gnu++98 execution test
FAIL: g++.old-deja/g++.eh/catch8.C -std=gnu++11 execution test
FAIL: g++.old-deja/g++.eh/catch8.C -std=gnu++14 execution test
FAIL: g++.old-deja/g++.eh/catch8p.C -std=gnu++98 execution test
FAIL: g++.old-deja/g++.eh/catch8p.C -std=gnu++11 execution test
FAIL: g++.old-deja/g++.eh/catch8p.C -std=gnu++14 execution test
FAIL: g++.old-deja/g++.eh/catch9.C -std=gnu++98 execution test
FAIL: g++.old-deja/g++.eh/catch9.C -std=gnu++11 execution test
FAIL: g++.old-deja/g++.eh/catch9.C -std=gnu++14 execution test
FAIL: g++.old-deja/g++.eh/catch9p.C -std=gnu++98 execution test
FAIL: g++.old-deja/g++.eh/catch9p.C -std=gnu++11 execution test
FAIL: g++.old-deja/g++.eh/catch9p.C -std=gnu++14 execution test
FAIL: g++.old-deja/g++.eh/catchptr1.C -std=c++98 execution test
FAIL: g++.old-deja/g++.eh/catchptr1.C -std=c++11 execution test
FAIL: g++.old-deja/g++.eh/catchptr1.C -std=c++14 execution test
FAIL: g++.old-deja/g++.eh/cleanup1.C -std=c++98 execution test
FAIL: g++.old-deja/g++.eh/cleanup1.C -std=c++11 execution test
FAIL: g++.old-deja/g++.eh/cleanup1.C -std=c++14 execution test
FAIL: g++.old-deja/g++.eh/cleanup2.C -std=c++98 execution test
FAIL: g++.old-deja/g++.eh/cleanup2.C -std=c++11 execution test
FAIL: g++.old-deja/g++.eh/cleanup2.C -std=c++14 execution test
FAIL: g++.old-deja/g++.eh/flow1.C -std=c++98 execution test
FAIL: g++.old-deja/g++.eh/flow1.C -std=c++11 execution test
FAIL: g++.old-deja/g++.eh/flow1.C -std=c++14 execution test
FAIL: g++.old-deja/g++.eh/fntry1.C -std=c++98 execution test
FAIL: g++.old-deja/g++.eh/fntry1.C -std=c++11 execution test
FAIL: g++.old-deja/g++.eh/fntry1.C -std=c++14 execution test
FAIL: g++.old-deja/g++.eh/ia64-1.C -std=gnu++98 execution test
FAIL: g++.old-deja/g++.eh/ia64-1.C -std=gnu++11 execution test
FAIL: g++.old-deja/g++.eh/ia64-1.C -std=gnu++14 execution test
FAIL: g++.old-deja/g++.eh/inline2.C -std=gnu++98 execution test
FAIL: g++.old-deja/g++.eh/inline2.C -std=gnu++11 execution test
FAIL: g++.old-deja/g++.eh/inline2.C -std=gnu++14 execution test
FAIL: g++.old-deja/g++.eh/new1.C -std=gnu++98 execution test
FAIL: g++.old-deja/g++.eh/new1.C -std=gnu++11 execution test
FAIL: g++.old-deja/g++.eh/new1.C -std=gnu++14 execution test
FAIL: g++.old-deja/g++.eh/new2.C -std=gnu++98 execution test
FAIL: g++.old-deja/g++.eh/new2.C -std=gnu++11 execution test
FAIL: g++.old-deja/g++.eh/new2.C -std=gnu++14 execution test
FAIL: g++.old-deja/g++.eh/pdel1.C -std=c++98 execution test
FAIL: g++.old-deja/g++.eh/pdel1.C -std=c++11 execution test
FAIL: g++.old-deja/g++.eh/pdel1.C -std=c++14 execution test
FAIL: g++.old-deja/g++.eh/pdel2.C -std=c++98 execution test
FAIL: g++.old-deja/g++.eh/pdel2.C -std=c++11 execution test
FAIL: g++.old-deja/g++.eh/pdel2.C -std=c++14 execution test
FAIL: g++.old-deja/g++.eh/ptr1.C -std=c++98 execution test
FAIL: g++.old-deja/g++.eh/ptr1.C -std=c++11 execution test
FAIL: g++.old-deja/g++.eh/ptr1.C -std=c++14 execution test
FAIL: g++.old-deja/g++.eh/ptrmem1.C -std=c++98 execution test
FAIL: g++.old-deja/g++.eh/ptrmem1.C -std=c++11 execution test
FAIL: g++.old-deja/g++.eh/ptrmem1.C -std=c++14 execution test
FAIL: g++.old-deja/g++.eh/rethrow1.C -std=c++98 execution test
FAIL: g++.old-deja/g++.eh/rethrow1.C -std=c++11 execution test
FAIL: g++.old-deja/g++.eh/rethrow1.C -std=c++14 execution test
FAIL: g++.old-deja/g++.eh/rethrow2.C -std=c++98 execution test
FAIL: g++.old-deja/g++.eh/rethrow2.C -std=c++11 execution test
FAIL: g++.old-deja/g++.eh/rethrow2.C -std=c++14 execution test
FAIL: g++.old-deja/g++.eh/rethrow3.C -std=c++98 execution test
FAIL: g++.old-deja/g++.eh/rethrow3.C -std=c++11 execution test
FAIL: g++.old-deja/g++.eh/rethrow3.C -std=c++14 execution test
FAIL: g++.old-deja/g++.eh/rethrow4.C -std=c++98 execution test
FAIL: g++.old-deja/g++.eh/rethrow4.C -std=c++11 execution test
FAIL: g++.old-deja/g++.eh/rethrow4.C -std=c++14 execution test
FAIL: g++.old-deja/g++.eh/rethrow5.C -std=c++98 execution test
FAIL: g++.old-deja/g++.eh/rethrow5.C -std=c++11 execution test
FAIL: g++.old-deja/g++.eh/rethrow5.C -std=c++14 execution test
FAIL: g++.old-deja/g++.eh/rethrow6.C -std=c++98 execution test
FAIL: g++.old-deja/g++.eh/rethrow6.C -std=c++11 execution test
FAIL: g++.old-deja/g++.eh/rethrow6.C -std=c++14 execution test
FAIL: g++.old-deja/g++.eh/spec1.C -std=c++98 execution test
FAIL: g++.old-deja/g++.eh/spec1.C -std=c++11 execution test
FAIL: g++.old-deja/g++.eh/spec1.C -std=c++14 execution test
FAIL: g++.old-deja/g++.eh/spec2.C -std=c++98 execution test
FAIL: g++.old-deja/g++.eh/spec2.C -std=c++11 execution test
FAIL: g++.old-deja/g++.eh/spec2.C -std=c++14 execution test
FAIL: g++.old-deja/g++.eh/spec3.C -std=c++98 execution test
FAIL: g++.old-deja/g++.eh/spec3.C -std=c++11 execution test
FAIL: g++.old-deja/g++.eh/spec3.C -std=c++14 execution test
FAIL: g++.old-deja/g++.eh/spec4.C -std=c++98 execution test
FAIL: g++.old-deja/g++.eh/spec4.C -std=c++11 execution test
FAIL: g++.old-deja/g++.eh/spec4.C -std=c++14 execution test
FAIL: g++.old-deja/g++.eh/terminate1.C -std=c++98 execution test
FAIL: g++.old-deja/g++.eh/terminate1.C -std=c++11 execution test
FAIL: g++.old-deja/g++.eh/terminate1.C -std=c++14 execution test
FAIL: g++.old-deja/g++.eh/terminate2.C -std=c++98 execution test
FAIL: g++.old-deja/g++.eh/terminate2.C -std=c++11 execution test
FAIL: g++.old-deja/g++.eh/terminate2.C -std=c++14 execution test
FAIL: g++.old-deja/g++.eh/tmpl1.C -std=c++98 execution test
FAIL: g++.old-deja/g++.eh/tmpl1.C -std=c++11 execution test
FAIL: g++.old-deja/g++.eh/tmpl1.C -std=c++14 execution test
FAIL: g++.old-deja/g++.eh/unwind1.C -std=c++98 execution test
FAIL: g++.old-deja/g++.eh/unwind1.C -std=c++11 execution test
FAIL: g++.old-deja/g++.eh/unwind1.C -std=c++14 execution test
FAIL: g++.old-deja/g++.eh/vbase1.C -std=c++98 execution test
FAIL: g++.old-deja/g++.eh/vbase1.C -std=c++11 execution test
FAIL: g++.old-deja/g++.eh/vbase1.C -std=c++14 execution test
FAIL: g++.old-deja/g++.eh/vbase2.C -std=c++98 execution test
FAIL: g++.old-deja/g++.eh/vbase2.C -std=c++11 execution test
FAIL: g++.old-deja/g++.eh/vbase2.C -std=c++14 execution test
FAIL: g++.old-deja/g++.eh/vbase4.C -std=c++98 execution test
FAIL: g++.old-deja/g++.eh/vbase4.C -std=c++11 execution test
FAIL: g++.old-deja/g++.eh/vbase4.C -std=c++14 execution test
FAIL: g++.old-deja/g++.martin/new1.C -std=c++98 execution test
FAIL: g++.old-deja/g++.martin/new1.C -std=c++11 execution test
FAIL: g++.old-deja/g++.martin/new1.C -std=c++14 execution test
FAIL: g++.old-deja/g++.mike/dyncast1.C -std=gnu++98 execution test
FAIL: g++.old-deja/g++.mike/dyncast1.C -std=gnu++11 execution test
FAIL: g++.old-deja/g++.mike/dyncast1.C -std=gnu++14 execution test
FAIL: g++.old-deja/g++.mike/dyncast2.C -std=gnu++98 execution test
FAIL: g++.old-deja/g++.mike/dyncast2.C -std=gnu++11 execution test
FAIL: g++.old-deja/g++.mike/dyncast2.C -std=gnu++14 execution test
FAIL: g++.old-deja/g++.mike/eh10.C -std=gnu++98 execution test
FAIL: g++.old-deja/g++.mike/eh10.C -std=gnu++11 execution test
FAIL: g++.old-deja/g++.mike/eh10.C -std=gnu++14 execution test
FAIL: g++.old-deja/g++.mike/eh12.C -std=gnu++98 execution test
FAIL: g++.old-deja/g++.mike/eh12.C -std=gnu++11 execution test
FAIL: g++.old-deja/g++.mike/eh12.C -std=gnu++14 execution test
FAIL: g++.old-deja/g++.mike/eh14.C -std=gnu++98 execution test
FAIL: g++.old-deja/g++.mike/eh14.C -std=gnu++11 execution test
FAIL: g++.old-deja/g++.mike/eh14.C -std=gnu++14 execution test
FAIL: g++.old-deja/g++.mike/eh16.C -std=gnu++98 execution test
FAIL: g++.old-deja/g++.mike/eh16.C -std=gnu++11 execution test
FAIL: g++.old-deja/g++.mike/eh16.C -std=gnu++14 execution test
FAIL: g++.old-deja/g++.mike/eh17.C -std=gnu++98 execution test
FAIL: g++.old-deja/g++.mike/eh17.C -std=gnu++11 execution test
FAIL: g++.old-deja/g++.mike/eh17.C -std=gnu++14 execution test
FAIL: g++.old-deja/g++.mike/eh18.C -std=gnu++98 execution test
FAIL: g++.old-deja/g++.mike/eh18.C -std=gnu++11 execution test
FAIL: g++.old-deja/g++.mike/eh18.C -std=gnu++14 execution test
FAIL: g++.old-deja/g++.mike/eh2.C -std=gnu++98 execution test
FAIL: g++.old-deja/g++.mike/eh2.C -std=gnu++11 execution test
FAIL: g++.old-deja/g++.mike/eh2.C -std=gnu++14 execution test
FAIL: g++.old-deja/g++.mike/eh21.C -std=gnu++98 execution test
FAIL: g++.old-deja/g++.mike/eh21.C -std=gnu++11 execution test
FAIL: g++.old-deja/g++.mike/eh21.C -std=gnu++14 execution test
FAIL: g++.old-deja/g++.mike/eh23.C -std=gnu++98 execution test
FAIL: g++.old-deja/g++.mike/eh23.C -std=gnu++11 execution test
FAIL: g++.old-deja/g++.mike/eh23.C -std=gnu++14 execution test
FAIL: g++.old-deja/g++.mike/eh24.C -std=gnu++98 execution test
FAIL: g++.old-deja/g++.mike/eh24.C -std=gnu++11 execution test
FAIL: g++.old-deja/g++.mike/eh24.C -std=gnu++14 execution test
FAIL: g++.old-deja/g++.mike/eh25.C -std=gnu++98 execution test
FAIL: g++.old-deja/g++.mike/eh25.C -std=gnu++11 execution test
FAIL: g++.old-deja/g++.mike/eh25.C -std=gnu++14 execution test
FAIL: g++.old-deja/g++.mike/eh26.C -std=gnu++98 execution test
FAIL: g++.old-deja/g++.mike/eh26.C -std=gnu++11 execution test
FAIL: g++.old-deja/g++.mike/eh26.C -std=gnu++14 execution test
FAIL: g++.old-deja/g++.mike/eh27.C -std=gnu++98 execution test
FAIL: g++.old-deja/g++.mike/eh27.C -std=gnu++11 execution test
FAIL: g++.old-deja/g++.mike/eh27.C -std=gnu++14 execution test
FAIL: g++.old-deja/g++.mike/eh28.C -std=gnu++98 execution test
FAIL: g++.old-deja/g++.mike/eh28.C -std=gnu++11 execution test
FAIL: g++.old-deja/g++.mike/eh28.C -std=gnu++14 execution test
FAIL: g++.old-deja/g++.mike/eh29.C -std=gnu++98 execution test
FAIL: g++.old-deja/g++.mike/eh29.C -std=gnu++11 execution test
FAIL: g++.old-deja/g++.mike/eh29.C -std=gnu++14 execution test
FAIL: g++.old-deja/g++.mike/eh3.C -std=gnu++98 execution test
FAIL: g++.old-deja/g++.mike/eh3.C -std=gnu++11 execution test
FAIL: g++.old-deja/g++.mike/eh3.C -std=gnu++14 execution test
FAIL: g++.old-deja/g++.mike/eh31.C -std=gnu++98 execution test
FAIL: g++.old-deja/g++.mike/eh31.C -std=gnu++11 execution test
FAIL: g++.old-deja/g++.mike/eh31.C -std=gnu++14 execution test
FAIL: g++.old-deja/g++.mike/eh33.C -std=gnu++98 execution test
FAIL: g++.old-deja/g++.mike/eh33.C -std=gnu++11 execution test
FAIL: g++.old-deja/g++.mike/eh33.C -std=gnu++14 execution test
FAIL: g++.old-deja/g++.mike/eh34.C -std=c++98 execution test
FAIL: g++.old-deja/g++.mike/eh34.C -std=c++11 execution test
FAIL: g++.old-deja/g++.mike/eh34.C -std=c++14 execution test
FAIL: g++.old-deja/g++.mike/eh35.C -std=gnu++98 execution test
FAIL: g++.old-deja/g++.mike/eh35.C -std=gnu++11 execution test
FAIL: g++.old-deja/g++.mike/eh35.C -std=gnu++14 execution test
FAIL: g++.old-deja/g++.mike/eh36.C -std=gnu++98 execution test
FAIL: g++.old-deja/g++.mike/eh36.C -std=gnu++11 execution test
FAIL: g++.old-deja/g++.mike/eh36.C -std=gnu++14 execution test
FAIL: g++.old-deja/g++.mike/eh37.C -std=gnu++98 execution test
FAIL: g++.old-deja/g++.mike/eh37.C -std=gnu++11 execution test
FAIL: g++.old-deja/g++.mike/eh37.C -std=gnu++14 execution test
FAIL: g++.old-deja/g++.mike/eh38.C -std=gnu++98 execution test
FAIL: g++.old-deja/g++.mike/eh38.C -std=gnu++11 execution test
FAIL: g++.old-deja/g++.mike/eh38.C -std=gnu++14 execution test
FAIL: g++.old-deja/g++.mike/eh39.C -std=gnu++98 execution test
FAIL: g++.old-deja/g++.mike/eh39.C -std=gnu++11 execution test
FAIL: g++.old-deja/g++.mike/eh39.C -std=gnu++14 execution test
FAIL: g++.old-deja/g++.mike/eh40.C -std=gnu++98 execution test
FAIL: g++.old-deja/g++.mike/eh40.C -std=gnu++11 execution test
FAIL: g++.old-deja/g++.mike/eh40.C -std=gnu++14 execution test
FAIL: g++.old-deja/g++.mike/eh41.C -std=gnu++98 execution test
FAIL: g++.old-deja/g++.mike/eh41.C -std=gnu++11 execution test
FAIL: g++.old-deja/g++.mike/eh41.C -std=gnu++14 execution test
FAIL: g++.old-deja/g++.mike/eh42.C -std=gnu++98 execution test
FAIL: g++.old-deja/g++.mike/eh42.C -std=gnu++11 execution test
FAIL: g++.old-deja/g++.mike/eh42.C -std=gnu++14 execution test
FAIL: g++.old-deja/g++.mike/eh44.C -std=gnu++98 execution test
FAIL: g++.old-deja/g++.mike/eh44.C -std=gnu++11 execution test
FAIL: g++.old-deja/g++.mike/eh44.C -std=gnu++14 execution test
FAIL: g++.old-deja/g++.mike/eh47.C -std=gnu++98 execution test
FAIL: g++.old-deja/g++.mike/eh47.C -std=gnu++11 execution test
FAIL: g++.old-deja/g++.mike/eh47.C -std=gnu++14 execution test
FAIL: g++.old-deja/g++.mike/eh48.C -std=gnu++98 execution test
FAIL: g++.old-deja/g++.mike/eh48.C -std=gnu++11 execution test
FAIL: g++.old-deja/g++.mike/eh48.C -std=gnu++14 execution test
FAIL: g++.old-deja/g++.mike/eh49.C -std=gnu++98 execution test
FAIL: g++.old-deja/g++.mike/eh49.C -std=gnu++11 execution test
FAIL: g++.old-deja/g++.mike/eh49.C -std=gnu++14 execution test
FAIL: g++.old-deja/g++.mike/eh5.C -std=gnu++98 execution test
FAIL: g++.old-deja/g++.mike/eh5.C -std=gnu++11 execution test
FAIL: g++.old-deja/g++.mike/eh5.C -std=gnu++14 execution test
FAIL: g++.old-deja/g++.mike/eh50.C -std=gnu++98 execution test
FAIL: g++.old-deja/g++.mike/eh50.C -std=gnu++11 execution test
FAIL: g++.old-deja/g++.mike/eh50.C -std=gnu++14 execution test
FAIL: g++.old-deja/g++.mike/eh51.C -std=gnu++98 execution test
FAIL: g++.old-deja/g++.mike/eh51.C -std=gnu++11 execution test
FAIL: g++.old-deja/g++.mike/eh51.C -std=gnu++14 execution test
FAIL: g++.old-deja/g++.mike/eh55.C -std=gnu++98 execution test
FAIL: g++.old-deja/g++.mike/eh55.C -std=gnu++11 execution test
FAIL: g++.old-deja/g++.mike/eh55.C -std=gnu++14 execution test
FAIL: g++.old-deja/g++.mike/eh6.C -std=gnu++98 execution test
FAIL: g++.old-deja/g++.mike/eh6.C -std=gnu++11 execution test
FAIL: g++.old-deja/g++.mike/eh6.C -std=gnu++14 execution test
FAIL: g++.old-deja/g++.mike/eh8.C -std=gnu++98 execution test
FAIL: g++.old-deja/g++.mike/eh8.C -std=gnu++11 execution test
FAIL: g++.old-deja/g++.mike/eh8.C -std=gnu++14 execution test
FAIL: g++.old-deja/g++.mike/p7912.C -std=gnu++98 execution test
FAIL: g++.old-deja/g++.mike/p7912.C -std=gnu++11 execution test
FAIL: g++.old-deja/g++.mike/p7912.C -std=gnu++14 execution test
FAIL: g++.old-deja/g++.mike/p9706.C -std=gnu++98 execution test
FAIL: g++.old-deja/g++.mike/p9706.C -std=gnu++11 execution test
FAIL: g++.old-deja/g++.mike/p9706.C -std=gnu++14 execution test
FAIL: g++.old-deja/g++.oliva/delete3.C -std=c++98 execution test
FAIL: g++.old-deja/g++.oliva/delete3.C -std=c++11 execution test
FAIL: g++.old-deja/g++.oliva/delete3.C -std=c++14 execution test
FAIL: g++.old-deja/g++.oliva/new1.C -std=c++98 execution test
FAIL: g++.old-deja/g++.oliva/new1.C -std=c++11 execution test
FAIL: g++.old-deja/g++.oliva/new1.C -std=c++14 execution test
FAIL: g++.old-deja/g++.other/array1.C -std=c++98 execution test
FAIL: g++.old-deja/g++.other/array1.C -std=c++11 execution test
FAIL: g++.old-deja/g++.other/array1.C -std=c++14 execution test
FAIL: g++.old-deja/g++.other/eh3.C -std=gnu++98 execution test
FAIL: g++.old-deja/g++.other/eh3.C -std=gnu++11 execution test
FAIL: g++.old-deja/g++.other/eh3.C -std=gnu++14 execution test
FAIL: g++.old-deja/g++.other/init7.C -std=c++98 execution test
FAIL: g++.old-deja/g++.other/init7.C -std=c++11 execution test
FAIL: g++.old-deja/g++.other/init7.C -std=c++14 execution test
FAIL: g++.old-deja/g++.other/new7.C -std=c++98 execution test
FAIL: g++.old-deja/g++.other/new7.C -std=c++11 execution test
FAIL: g++.old-deja/g++.other/new7.C -std=c++14 execution test
FAIL: g++.old-deja/g++.other/singleton.C -std=c++98 execution test
FAIL: g++.old-deja/g++.other/singleton.C -std=c++11 execution test
FAIL: g++.old-deja/g++.other/singleton.C -std=c++14 execution test
FAIL: g++.old-deja/g++.other/vbase2.C -std=c++98 execution test
FAIL: g++.old-deja/g++.other/vbase2.C -std=c++11 execution test
FAIL: g++.old-deja/g++.other/vbase2.C -std=c++14 execution test
FAIL: g++.old-deja/g++.pt/fntry1.C -std=c++98 execution test
FAIL: g++.old-deja/g++.pt/fntry1.C -std=c++11 execution test
FAIL: g++.old-deja/g++.pt/fntry1.C -std=c++14 execution test
FAIL: g++.old-deja/g++.robertl/eb31.C -std=c++98 execution test
FAIL: g++.old-deja/g++.robertl/eb31.C -std=c++11 execution test
FAIL: g++.old-deja/g++.robertl/eb31.C -std=c++14 execution test
FAIL: g++.old-deja/g++.robertl/eb50.C -std=c++98 execution test
FAIL: g++.old-deja/g++.robertl/eb50.C -std=c++11 execution test
FAIL: g++.old-deja/g++.robertl/eb50.C -std=c++14 execution test
FAIL: g++.old-deja/g++.robertl/eb66.C -std=c++98 execution test
FAIL: g++.old-deja/g++.robertl/eb66.C -std=c++11 execution test
FAIL: g++.old-deja/g++.robertl/eb66.C -std=c++14 execution test
FAIL: g++.old-deja/g++.robertl/eb88.C -std=gnu++98 execution test
FAIL: g++.old-deja/g++.robertl/eb88.C -std=gnu++11 execution test
FAIL: g++.old-deja/g++.robertl/eb88.C -std=gnu++14 execution test
FAIL: g++.old-deja/g++.robertl/eh990323-1.C -std=c++98 execution test
FAIL: g++.old-deja/g++.robertl/eh990323-1.C -std=c++11 execution test
FAIL: g++.old-deja/g++.robertl/eh990323-1.C -std=c++14 execution test
FAIL: g++.old-deja/g++.robertl/eh990323-2.C -std=c++98 execution test
FAIL: g++.old-deja/g++.robertl/eh990323-2.C -std=c++11 execution test
FAIL: g++.old-deja/g++.robertl/eh990323-2.C -std=c++14 execution test
FAIL: g++.old-deja/g++.robertl/eh990323-3.C -std=c++98 execution test
FAIL: g++.old-deja/g++.robertl/eh990323-3.C -std=c++11 execution test
FAIL: g++.old-deja/g++.robertl/eh990323-3.C -std=c++14 execution test
FAIL: g++.old-deja/g++.robertl/eh990323-4.C -std=c++98 execution test
FAIL: g++.old-deja/g++.robertl/eh990323-4.C -std=c++11 execution test
FAIL: g++.old-deja/g++.robertl/eh990323-4.C -std=c++14 execution test
FAIL: g++.old-deja/g++.robertl/eh990323-5.C -std=c++98 execution test
FAIL: g++.old-deja/g++.robertl/eh990323-5.C -std=c++11 execution test
FAIL: g++.old-deja/g++.robertl/eh990323-5.C -std=c++14 execution test
FAIL: g++.old-deja/g++.robertl/ice990323-2.C -std=c++98 execution test
FAIL: g++.old-deja/g++.robertl/ice990323-2.C -std=c++11 execution test
FAIL: g++.old-deja/g++.robertl/ice990323-2.C -std=c++14 execution test
=== g++ Summary ===
# of expected passes 76570
# of unexpected failures 621
# of expected failures 271
# of unsupported tests 4016
/test/gnu/gcc/objdir/gcc/testsuite/g++/../../xg++ version 6.0.0 20150925 (experimental) [trunk revision 228109] (GCC)
=== gcc tests ===
Running target unix
FAIL: gcc.c-torture/compile/981223-1.c -O0 (internal compiler error)
FAIL: gcc.c-torture/compile/981223-1.c -O0 (test for excess errors)
FAIL: gcc.c-torture/compile/complex-1.c -O0 (internal compiler error)
FAIL: gcc.c-torture/compile/complex-1.c -O0 (test for excess errors)
FAIL: gcc.c-torture/compile/complex-3.c -O0 (internal compiler error)
FAIL: gcc.c-torture/compile/complex-3.c -O0 (test for excess errors)
FAIL: gcc.c-torture/compile/complex-5.c -O0 (internal compiler error)
FAIL: gcc.c-torture/compile/complex-5.c -O0 (test for excess errors)
FAIL: gcc.c-torture/compile/pr55921.c -O0 (internal compiler error)
FAIL: gcc.c-torture/compile/pr55921.c -O0 (test for excess errors)
FAIL: gcc.c-torture/execute/builtins/complex-1.c compilation, -O0 (internal compiler error)
UNRESOLVED: gcc.c-torture/execute/builtins/complex-1.c execution, -O0
FAIL: gcc.c-torture/execute/20010605-2.c -O0 (internal compiler error)
FAIL: gcc.c-torture/execute/20010605-2.c -O0 (test for excess errors)
UNRESOLVED: gcc.c-torture/execute/20010605-2.c -O0 compilation failed to produce executable
FAIL: gcc.c-torture/execute/20020413-1.c -O0 execution test
FAIL: gcc.c-torture/execute/20030914-1.c -O0 execution test
FAIL: gcc.c-torture/execute/20080502-1.c -O0 execution test
FAIL: gcc.c-torture/execute/930622-2.c -O0 execution test
FAIL: gcc.c-torture/execute/960513-1.c -O0 execution test
FAIL: gcc.c-torture/execute/complex-1.c -O0 execution test
FAIL: gcc.c-torture/execute/complex-5.c -O0 (internal compiler error)
FAIL: gcc.c-torture/execute/complex-5.c -O0 (test for excess errors)
UNRESOLVED: gcc.c-torture/execute/complex-5.c -O0 compilation failed to produce executable
FAIL: gcc.c-torture/execute/complex-6.c -O0 (internal compiler error)
FAIL: gcc.c-torture/execute/complex-6.c -O0 (test for excess errors)
UNRESOLVED: gcc.c-torture/execute/complex-6.c -O0 compilation failed to produce executable
FAIL: gcc.c-torture/execute/complex-7.c -O0 (internal compiler error)
FAIL: gcc.c-torture/execute/complex-7.c -O0 (test for excess errors)
UNRESOLVED: gcc.c-torture/execute/complex-7.c -O0 compilation failed to produce executable
FAIL: gcc.c-torture/execute/conversion.c -O0 execution test
FAIL: gcc.c-torture/execute/pr38969.c -O0 (internal compiler error)
FAIL: gcc.c-torture/execute/pr38969.c -O0 (test for excess errors)
UNRESOLVED: gcc.c-torture/execute/pr38969.c -O0 compilation failed to produce executable
FAIL: gcc.c-torture/execute/pr42248.c -O0 execution test
FAIL: gcc.c-torture/execute/pr44942.c -O0 execution test
FAIL: gcc.c-torture/execute/ieee/fp-cmp-8l.c execution, -O0
FAIL: gcc.c-torture/execute/ieee/inf-2.c execution, -O0
FAIL: gcc.c-torture/execute/ieee/inf-3.c execution, -O0
FAIL: gcc.c-torture/execute/ieee/pr36332.c execution, -O0
FAIL: gcc.dg/atomic/c11-atomic-exec-5.c -O0 execution test
FAIL: gcc.dg/atomic/c11-atomic-exec-5.c -O1 execution test
FAIL: gcc.dg/atomic/c11-atomic-exec-5.c -O2 execution test
FAIL: gcc.dg/atomic/c11-atomic-exec-5.c -O3 -fomit-frame-pointer -funroll-loops -fpeel-loops -ftracer -finline-functions execution test
FAIL: gcc.dg/atomic/c11-atomic-exec-5.c -O3 -g execution test
FAIL: gcc.dg/atomic/c11-atomic-exec-5.c -Os execution test
FAIL: gcc.dg/compat/scalar-by-value-1 c_compat_x_tst.o-c_compat_y_tst.o execute
FAIL: gcc.dg/compat/scalar-by-value-3 c_compat_x_tst.o compile, (internal compiler error)
FAIL: gcc.dg/compat/scalar-by-value-3 c_compat_y_tst.o compile, (internal compiler error)
UNRESOLVED: gcc.dg/compat/scalar-by-value-3 c_compat_x_tst.o-c_compat_y_tst.o link
UNRESOLVED: gcc.dg/compat/scalar-by-value-3 c_compat_x_tst.o-c_compat_y_tst.o execute
FAIL: gcc.dg/compat/scalar-by-value-4 c_compat_x_tst.o compile, (internal compiler error)
FAIL: gcc.dg/compat/scalar-by-value-4 c_compat_y_tst.o compile, (internal compiler error)
UNRESOLVED: gcc.dg/compat/scalar-by-value-4 c_compat_x_tst.o-c_compat_y_tst.o link
UNRESOLVED: gcc.dg/compat/scalar-by-value-4 c_compat_x_tst.o-c_compat_y_tst.o execute
FAIL: gcc.dg/compat/scalar-by-value-5 c_compat_y_tst.o compile, (internal compiler error)
UNRESOLVED: gcc.dg/compat/scalar-by-value-5 c_compat_x_tst.o-c_compat_y_tst.o link
UNRESOLVED: gcc.dg/compat/scalar-by-value-5 c_compat_x_tst.o-c_compat_y_tst.o execute
FAIL: gcc.dg/compat/scalar-return-1 c_compat_x_tst.o-c_compat_y_tst.o execute
FAIL: gcc.dg/compat/scalar-return-3 c_compat_x_tst.o compile, (internal compiler error)
FAIL: gcc.dg/compat/scalar-return-3 c_compat_y_tst.o compile, (internal compiler error)
UNRESOLVED: gcc.dg/compat/scalar-return-3 c_compat_x_tst.o-c_compat_y_tst.o link
UNRESOLVED: gcc.dg/compat/scalar-return-3 c_compat_x_tst.o-c_compat_y_tst.o execute
FAIL: gcc.dg/compat/scalar-return-4 c_compat_x_tst.o compile, (internal compiler error)
FAIL: gcc.dg/compat/scalar-return-4 c_compat_y_tst.o compile, (internal compiler error)
UNRESOLVED: gcc.dg/compat/scalar-return-4 c_compat_x_tst.o-c_compat_y_tst.o link
UNRESOLVED: gcc.dg/compat/scalar-return-4 c_compat_x_tst.o-c_compat_y_tst.o execute
FAIL: gcc.dg/compat/struct-by-value-13 c_compat_x_tst.o compile, (internal compiler error)
FAIL: gcc.dg/compat/struct-by-value-13 c_compat_y_tst.o compile, (internal compiler error)
UNRESOLVED: gcc.dg/compat/struct-by-value-13 c_compat_x_tst.o-c_compat_y_tst.o link
UNRESOLVED: gcc.dg/compat/struct-by-value-13 c_compat_x_tst.o-c_compat_y_tst.o execute
FAIL: gcc.dg/compat/struct-by-value-14 c_compat_x_tst.o compile, (internal compiler error)
FAIL: gcc.dg/compat/struct-by-value-14 c_compat_y_tst.o compile, (internal compiler error)
UNRESOLVED: gcc.dg/compat/struct-by-value-14 c_compat_x_tst.o-c_compat_y_tst.o link
UNRESOLVED: gcc.dg/compat/struct-by-value-14 c_compat_x_tst.o-c_compat_y_tst.o execute
FAIL: gcc.dg/compat/struct-by-value-15 c_compat_x_tst.o-c_compat_y_tst.o execute
FAIL: gcc.dg/compat/struct-by-value-16 c_compat_x_tst.o compile, (internal compiler error)
FAIL: gcc.dg/compat/struct-by-value-16 c_compat_y_tst.o compile, (internal compiler error)
UNRESOLVED: gcc.dg/compat/struct-by-value-16 c_compat_x_tst.o-c_compat_y_tst.o link
UNRESOLVED: gcc.dg/compat/struct-by-value-16 c_compat_x_tst.o-c_compat_y_tst.o execute
FAIL: gcc.dg/compat/struct-by-value-16a c_compat_x_tst.o compile, (internal compiler error)
FAIL: gcc.dg/compat/struct-by-value-16a c_compat_y_tst.o compile, (internal compiler error)
UNRESOLVED: gcc.dg/compat/struct-by-value-16a c_compat_x_tst.o-c_compat_y_tst.o link
UNRESOLVED: gcc.dg/compat/struct-by-value-16a c_compat_x_tst.o-c_compat_y_tst.o execute
FAIL: gcc.dg/compat/struct-by-value-17 c_compat_x_tst.o-c_compat_y_tst.o execute
FAIL: gcc.dg/compat/struct-by-value-17a c_compat_x_tst.o-c_compat_y_tst.o execute
FAIL: gcc.dg/compat/struct-by-value-18 c_compat_x_tst.o-c_compat_y_tst.o execute
FAIL: gcc.dg/compat/struct-by-value-18a c_compat_x_tst.o-c_compat_y_tst.o execute
FAIL: gcc.dg/compat/struct-by-value-7a c_compat_x_tst.o-c_compat_y_tst.o execute
FAIL: gcc.dg/compat/struct-by-value-7b c_compat_x_tst.o-c_compat_y_tst.o execute
FAIL: gcc.dg/Wno-frame-address.c (test for excess errors)
FAIL: gcc.dg/builtins-1.c (internal compiler error)
FAIL: gcc.dg/builtins-1.c (test for excess errors)
FAIL: gcc.dg/cleanup-10.c execution test
FAIL: gcc.dg/cleanup-11.c execution test
FAIL: gcc.dg/cleanup-12.c execution test
FAIL: gcc.dg/cleanup-13.c execution test
FAIL: gcc.dg/cleanup-5.c execution test
FAIL: gcc.dg/cleanup-8.c execution test
FAIL: gcc.dg/cleanup-9.c execution test
FAIL: gcc.dg/loop-8.c scan-rtl-dump-times loop2_invariant "Decided" 1
FAIL: gcc.dg/loop-8.c scan-rtl-dump-not loop2_invariant "without introducing a new temporary register"
FAIL: gcc.dg/pr35430.c (internal compiler error)
FAIL: gcc.dg/pr35430.c (test for excess errors)
FAIL: gcc.dg/pr49551.c (test for excess errors)
FAIL: gcc.dg/pr64434.c scan-rtl-dump-times expand "Swap operands" 1
WARNING: program timed out.
FAIL: gcc.dg/torture/builtin-complex-1.c -O0 (internal compiler error)
FAIL: gcc.dg/torture/builtin-complex-1.c -O0 (test for excess errors)
UNRESOLVED: gcc.dg/torture/builtin-complex-1.c -O0 compilation failed to produce executable
FAIL: gcc.dg/torture/pr26869.c -O0 (internal compiler error)
FAIL: gcc.dg/torture/pr26869.c -O0 (test for excess errors)
FAIL: gcc.dg/torture/pr27773.c -O0 (internal compiler error)
FAIL: gcc.dg/torture/pr27773.c -O0 (test for excess errors)
FAIL: gcc.dg/tree-ssa/ivopts-lt-2.c scan-tree-dump-times ivopts "PHI <p_" 1
FAIL: gcc.dg/tree-ssa/ivopts-lt-2.c scan-tree-dump-times ivopts "p_[0-9]* <" 1
FAIL: gcc.dg/tree-ssa/pr65447.c scan-tree-dump-not ivopts "\\\\nuse 5\\\\n"
=== gcc Summary ===
# of expected passes 62631
# of unexpected failures 91
# of expected failures 134
# of unresolved testcases 25
# of unsupported tests 1714
/test/gnu/gcc/objdir/gcc/xgcc version 6.0.0 20150925 (experimental) [trunk revision 228109] (GCC)
=== gfortran tests ===
Running target unix
FAIL: gfortran.dg/backtrace_1.f90 -O0 execution test
FAIL: gfortran.dg/backtrace_1.f90 -O1 execution test
FAIL: gfortran.dg/backtrace_1.f90 -O2 execution test
FAIL: gfortran.dg/backtrace_1.f90 -O3 -fomit-frame-pointer -funroll-loops -fpeel-loops -ftracer -finline-functions execution test
FAIL: gfortran.dg/backtrace_1.f90 -O3 -g execution test
FAIL: gfortran.dg/backtrace_1.f90 -Os execution test
FAIL: gfortran.dg/c_by_val_1.f -O0 (internal compiler error)
FAIL: gfortran.dg/c_by_val_1.f -O0 (test for excess errors)
UNRESOLVED: gfortran.dg/c_by_val_1.f -O0 compilation failed to produce executable
FAIL: gfortran.dg/c_by_val_1.f -O1 (internal compiler error)
FAIL: gfortran.dg/c_by_val_1.f -O1 (test for excess errors)
UNRESOLVED: gfortran.dg/c_by_val_1.f -O1 compilation failed to produce executable
FAIL: gfortran.dg/c_by_val_1.f -O2 (internal compiler error)
FAIL: gfortran.dg/c_by_val_1.f -O2 (test for excess errors)
UNRESOLVED: gfortran.dg/c_by_val_1.f -O2 compilation failed to produce executable
FAIL: gfortran.dg/c_by_val_1.f -O3 -fomit-frame-pointer -funroll-loops -fpeel-loops -ftracer -finline-functions (internal compiler error)
FAIL: gfortran.dg/c_by_val_1.f -O3 -fomit-frame-pointer -funroll-loops -fpeel-loops -ftracer -finline-functions (test for excess errors)
UNRESOLVED: gfortran.dg/c_by_val_1.f -O3 -fomit-frame-pointer -funroll-loops -fpeel-loops -ftracer -finline-functions compilation failed to produce executable
FAIL: gfortran.dg/c_by_val_1.f -O3 -g (internal compiler error)
FAIL: gfortran.dg/c_by_val_1.f -O3 -g (test for excess errors)
UNRESOLVED: gfortran.dg/c_by_val_1.f -O3 -g compilation failed to produce executable
FAIL: gfortran.dg/c_by_val_1.f -Os (internal compiler error)
FAIL: gfortran.dg/c_by_val_1.f -Os (test for excess errors)
UNRESOLVED: gfortran.dg/c_by_val_1.f -Os compilation failed to produce executable
FAIL: gfortran.dg/optional_absent_3.f90 -O0 (internal compiler error)
FAIL: gfortran.dg/optional_absent_3.f90 -O0 (test for excess errors)
UNRESOLVED: gfortran.dg/optional_absent_3.f90 -O0 compilation failed to produce executable
FAIL: gfortran.dg/proc_ptr_39.f90 -O (test for excess errors)
FAIL: gfortran.dg/read_dir.f90 -O0 execution test
FAIL: gfortran.dg/read_dir.f90 -O1 execution test
FAIL: gfortran.dg/read_dir.f90 -O2 execution test
FAIL: gfortran.dg/read_dir.f90 -O3 -fomit-frame-pointer -funroll-loops -fpeel-loops -ftracer -finline-functions execution test
FAIL: gfortran.dg/read_dir.f90 -O3 -g execution test
FAIL: gfortran.dg/read_dir.f90 -Os execution test
FAIL: gfortran.dg/value_4.f90 -O0 (internal compiler error)
FAIL: gfortran.dg/value_4.f90 -O0 (test for excess errors)
UNRESOLVED: gfortran.dg/value_4.f90 -O0 compilation failed to produce executable
FAIL: gfortran.dg/value_4.f90 -O1 (internal compiler error)
FAIL: gfortran.dg/value_4.f90 -O1 (test for excess errors)
UNRESOLVED: gfortran.dg/value_4.f90 -O1 compilation failed to produce executable
FAIL: gfortran.dg/value_4.f90 -O2 (internal compiler error)
FAIL: gfortran.dg/value_4.f90 -O2 (test for excess errors)
UNRESOLVED: gfortran.dg/value_4.f90 -O2 compilation failed to produce executable
FAIL: gfortran.dg/value_4.f90 -O3 -fomit-frame-pointer -funroll-loops -fpeel-loops -ftracer -finline-functions (internal compiler error)
FAIL: gfortran.dg/value_4.f90 -O3 -fomit-frame-pointer -funroll-loops -fpeel-loops -ftracer -finline-functions (test for excess errors)
UNRESOLVED: gfortran.dg/value_4.f90 -O3 -fomit-frame-pointer -funroll-loops -fpeel-loops -ftracer -finline-functions compilation failed to produce executable
FAIL: gfortran.dg/value_4.f90 -O3 -g (internal compiler error)
FAIL: gfortran.dg/value_4.f90 -O3 -g (test for excess errors)
UNRESOLVED: gfortran.dg/value_4.f90 -O3 -g compilation failed to produce executable
FAIL: gfortran.dg/value_4.f90 -Os (internal compiler error)
FAIL: gfortran.dg/value_4.f90 -Os (test for excess errors)
UNRESOLVED: gfortran.dg/value_4.f90 -Os compilation failed to produce executable
=== gfortran Summary ===
# of expected passes 38776
# of unexpected failures 39
# of expected failures 71
# of unresolved testcases 13
# of unsupported tests 405
/test/gnu/gcc/objdir/gcc/testsuite/gfortran/../../gfortran version 6.0.0 20150925 (experimental) [trunk revision 228109] (GCC)
=== gnat tests ===
Running target unix
FAIL: gnat.dg/aliased_prefix_accessibility.adb execution test
FAIL: gnat.dg/conv_bug.adb execution test
FAIL: gnat.dg/curr_task.adb execution test
FAIL: gnat.dg/expect1.adb execution test
FAIL: gnat.dg/handle_and_return.adb execution test
FAIL: gnat.dg/invalid1.adb execution test
FAIL: gnat.dg/iprot_test.adb execution test
FAIL: gnat.dg/missing_acc_check.adb execution test
FAIL: gnat.dg/nested_controlled_alloc.adb execution test
FAIL: gnat.dg/not_null.adb execution test
FAIL: gnat.dg/null_pointer_deref1.adb execution test
FAIL: gnat.dg/null_pointer_deref2.adb execution test
FAIL: gnat.dg/null_pointer_deref3.adb execution test
FAIL: gnat.dg/opt22.adb execution test
FAIL: gnat.dg/opt35.adb execution test
FAIL: gnat.dg/opt36.adb execution test
FAIL: gnat.dg/overflow_fixed.adb execution test
FAIL: gnat.dg/overflow_sum.adb execution test
FAIL: gnat.dg/overflow_sum3.adb execution test
FAIL: gnat.dg/regpat1.adb execution test
FAIL: gnat.dg/stack_check1.adb execution test
FAIL: gnat.dg/stack_check2.adb execution test
FAIL: gnat.dg/tag1.adb execution test
FAIL: gnat.dg/test_enum_io.adb execution test
FAIL: gnat.dg/test_fixed_io.adb execution test
FAIL: gnat.dg/test_image.adb execution test
FAIL: gnat.dg/timer_cancel.adb execution test
=== gnat Summary ===
# of expected passes 1335
# of unexpected failures 27
# of expected failures 21
# of unsupported tests 21
/test/gnu/gcc/objdir/gcc/gnatmake version 6.0.0 20150925 (experimental) [trunk revision 228109]
=== obj-c++ tests ===
Running target unix
FAIL: obj-c++.dg/except-1.mm -fgnu-runtime execution test
=== obj-c++ Summary ===
# of expected passes 1396
# of unexpected failures 1
# of expected failures 2
# of unsupported tests 60
/test/gnu/gcc/objdir/gcc/testsuite/obj-c++/../../xg++ version 6.0.0 20150925 (experimental) [trunk revision 228109] (GCC)
=== objc tests ===
Running target unix
FAIL: objc.dg/exceptions-2.m -fgnu-runtime execution test
=== objc Summary ===
# of expected passes 2595
# of unexpected failures 1
# of unsupported tests 61
/test/gnu/gcc/objdir/gcc/xgcc version 6.0.0 20150925 (experimental) [trunk revision 228109] (GCC)
=== boehm-gc tests ===
Running target unix
=== boehm-gc Summary ===
# of expected passes 12
# of unsupported tests 1
=== libatomic tests ===
Running target unix
=== libatomic Summary ===
# of expected passes 44
# of unsupported tests 5
=== libffi tests ===
Running target unix
FAIL: libffi.special/unwindtest.cc -shared-libgcc -lstdc++ execution test
FAIL: libffi.special/unwindtest_ffi_call.cc -shared-libgcc -lstdc++ execution test
FAIL: libffi.special/unwindtest.cc -shared-libgcc -lstdc++ execution test
FAIL: libffi.special/unwindtest_ffi_call.cc -shared-libgcc -lstdc++ execution test
FAIL: libffi.special/unwindtest.cc -shared-libgcc -lstdc++ execution test
FAIL: libffi.special/unwindtest_ffi_call.cc -shared-libgcc -lstdc++ execution test
FAIL: libffi.special/unwindtest.cc -shared-libgcc -lstdc++ execution test
FAIL: libffi.special/unwindtest_ffi_call.cc -shared-libgcc -lstdc++ execution test
=== libffi Summary ===
# of expected passes 1888
# of unexpected failures 8
# of unsupported tests 35
=== libgomp tests ===
Running target unix
=== libgomp Summary ===
# of expected passes 4017
# of expected failures 4
# of unsupported tests 250
=== libjava tests ===
Running target unix
FAIL: PR9577 run
FAIL: longfield run
FAIL: shortfield run
FAIL: TestClosureGC run
FAIL: libjava.jar/TestClosureGC.jar execution - gij test
FAIL: simple run
FAIL: libjava.jar/simple.jar execution - gij test
FAIL: PR15133 run
FAIL: PR18116 run
FAIL: PR28178 run
FAIL: bytebuffer run
FAIL: calls run
FAIL: cxxtest run
FAIL: directbuffer run
FAIL: field run
FAIL: final_method run
FAIL: findclass run
FAIL: findclass2 run
FAIL: iface run
FAIL: init run
FAIL: invoke run
FAIL: jniutf run
FAIL: martin run
FAIL: noclass run
FAIL: overload run
FAIL: pr11951 run
FAIL: pr18278 run
FAIL: pr23739 run
FAIL: register run
FAIL: register2 run
FAIL: simple_int run
FAIL: throwit run
FAIL: virtual run
FAIL: PR16923 run
FAIL: pr29812 execution - gij test
FAIL: getargssize run
FAIL: getlocalvartable run
FAIL: getstacktrace run
FAIL: events run
FAIL: getallthreads run
FAIL: geterrorname run
FAIL: getmethodname run
FAIL: ArrayStore execution - source compiled test
FAIL: ArrayStore -findirect-dispatch execution - source compiled test
FAIL: ArrayStore -O3 execution - source compiled test
FAIL: ArrayStore -O3 -findirect-dispatch execution - source compiled test
FAIL: ArrayStore2 execution - source compiled test
FAIL: ArrayStore2 -findirect-dispatch execution - source compiled test
FAIL: ArrayStore2 -O3 execution - source compiled test
FAIL: ArrayStore2 -O3 -findirect-dispatch execution - source compiled test
FAIL: Array_1 execution - source compiled test
FAIL: Array_1 -findirect-dispatch execution - source compiled test
FAIL: Array_1 -O3 execution - source compiled test
FAIL: Array_1 -O3 -findirect-dispatch execution - source compiled test
FAIL: Array_2 execution - source compiled test
FAIL: Array_2 -findirect-dispatch execution - source compiled test
FAIL: Array_2 -O3 execution - source compiled test
FAIL: Array_2 -O3 -findirect-dispatch execution - source compiled test
FAIL: Array_3 execution - source compiled test
FAIL: Array_3 -findirect-dispatch execution - source compiled test
FAIL: Array_3 -O3 execution - source compiled test
FAIL: Array_3 -O3 -findirect-dispatch execution - source compiled test
FAIL: Class_1 execution - source compiled test
FAIL: Class_1 -findirect-dispatch execution - source compiled test
FAIL: Class_1 -O3 execution - source compiled test
FAIL: Class_1 -O3 -findirect-dispatch execution - source compiled test
FAIL: CompareNaN execution - source compiled test
FAIL: CompareNaN -findirect-dispatch execution - source compiled test
FAIL: CompareNaN -O3 execution - source compiled test
FAIL: CompareNaN -O3 -findirect-dispatch execution - source compiled test
FAIL: Divide_1 execution - source compiled test
FAIL: Divide_1 -findirect-dispatch execution - source compiled test
FAIL: Divide_1 -O3 execution - source compiled test
FAIL: Divide_1 -O3 -findirect-dispatch execution - source compiled test
FAIL: Divide_2 execution - source compiled test
FAIL: Divide_2 -findirect-dispatch execution - source compiled test
FAIL: Divide_2 -O3 execution - source compiled test
FAIL: Divide_2 -O3 -findirect-dispatch execution - source compiled test
FAIL: EvaluationOrder execution - source compiled test
FAIL: EvaluationOrder -findirect-dispatch execution - source compiled test
FAIL: EvaluationOrder -O3 execution - source compiled test
FAIL: EvaluationOrder -O3 -findirect-dispatch execution - source compiled test
FAIL: ExtraClassLoader execution - source compiled test
FAIL: ExtraClassLoader -findirect-dispatch execution - source compiled test
FAIL: ExtraClassLoader -O3 execution - source compiled test
FAIL: ExtraClassLoader -O3 -findirect-dispatch execution - source compiled test
FAIL: FileHandleGcTest execution - source compiled test
FAIL: FileHandleGcTest -findirect-dispatch execution - source compiled test
FAIL: FileHandleGcTest -O3 execution - source compiled test
FAIL: FileHandleGcTest -O3 -findirect-dispatch execution - source compiled test
FAIL: Final execution - source compiled test
FAIL: Final -findirect-dispatch execution - source compiled test
FAIL: Final -O3 execution - source compiled test
FAIL: Final -O3 -findirect-dispatch execution - source compiled test
FAIL: Float_1 execution - source compiled test
FAIL: Float_1 -findirect-dispatch execution - source compiled test
FAIL: Float_1 -O3 execution - source compiled test
FAIL: Float_1 -O3 -findirect-dispatch execution - source compiled test
FAIL: Float_2 execution - source compiled test
FAIL: Float_2 -findirect-dispatch execution - source compiled test
FAIL: Float_2 -O3 execution - source compiled test
FAIL: Float_2 -O3 -findirect-dispatch execution - source compiled test
FAIL: G19990301_01 execution - source compiled test
FAIL: G19990301_01 -findirect-dispatch execution - source compiled test
FAIL: G19990301_01 -O3 execution - source compiled test
FAIL: G19990301_01 -O3 -findirect-dispatch execution - source compiled test
FAIL: G19990302_02 execution - source compiled test
FAIL: G19990302_02 -findirect-dispatch execution - source compiled test
FAIL: G19990302_02 -O3 execution - source compiled test
FAIL: G19990302_02 -O3 -findirect-dispatch execution - source compiled test
FAIL: G19990303_01 execution - source compiled test
FAIL: G19990303_01 -findirect-dispatch execution - source compiled test
FAIL: G19990303_01 -O3 execution - source compiled test
FAIL: G19990303_01 -O3 -findirect-dispatch execution - source compiled test
FAIL: G19990303_02 execution - source compiled test
FAIL: G19990303_02 -findirect-dispatch execution - source compiled test
FAIL: G19990303_02 -O3 execution - source compiled test
FAIL: G19990303_02 -O3 -findirect-dispatch execution - source compiled test
FAIL: G19990304_01 execution - source compiled test
FAIL: G19990304_01 -findirect-dispatch execution - source compiled test
FAIL: G19990304_01 -O3 execution - source compiled test
FAIL: G19990304_01 -O3 -findirect-dispatch execution - source compiled test
FAIL: G19990310_01 execution - source compiled test
FAIL: G19990310_01 -findirect-dispatch execution - source compiled test
FAIL: G19990310_01 -O3 execution - source compiled test
FAIL: G19990310_01 -O3 -findirect-dispatch execution - source compiled test
FAIL: II execution - source compiled test
FAIL: II -findirect-dispatch execution - source compiled test
FAIL: II -O3 execution - source compiled test
FAIL: II -O3 -findirect-dispatch execution - source compiled test
FAIL: InterfaceDispatch execution - source compiled test
FAIL: InterfaceDispatch -findirect-dispatch execution - source compiled test
FAIL: InterfaceDispatch -O3 execution - source compiled test
FAIL: InterfaceDispatch -O3 -findirect-dispatch execution - source compiled test
FAIL: InvokeInterface execution - source compiled test
FAIL: InvokeInterface -findirect-dispatch execution - source compiled test
FAIL: InvokeInterface -O3 execution - source compiled test
FAIL: InvokeInterface -O3 -findirect-dispatch execution - source compiled test
FAIL: InvokeReturn execution - source compiled test
FAIL: InvokeReturn -findirect-dispatch execution - source compiled test
FAIL: InvokeReturn -O3 execution - source compiled test
FAIL: InvokeReturn -O3 -findirect-dispatch execution - source compiled test
FAIL: Invoke_1 execution - source compiled test
FAIL: Invoke_1 -findirect-dispatch execution - source compiled test
FAIL: Invoke_1 -O3 execution - source compiled test
FAIL: Invoke_1 -O3 -findirect-dispatch execution - source compiled test
FAIL: Invoke_2 execution - source compiled test
FAIL: Invoke_2 -findirect-dispatch execution - source compiled test
FAIL: Invoke_2 -O3 execution - source compiled test
FAIL: Invoke_2 -O3 -findirect-dispatch execution - source compiled test
FAIL: KeepInline execution - source compiled test
FAIL: KeepInline -findirect-dispatch execution - source compiled test
FAIL: KeepInline -O3 execution - source compiled test
FAIL: KeepInline -O3 -findirect-dispatch execution - source compiled test
FAIL: LargeFile execution - source compiled test
FAIL: LargeFile -findirect-dispatch execution - source compiled test
FAIL: LargeFile -O3 execution - source compiled test
FAIL: LargeFile -O3 -findirect-dispatch execution - source compiled test
FAIL: MathBuiltin execution - source compiled test
FAIL: MathBuiltin -findirect-dispatch execution - source compiled test
FAIL: MathBuiltin -O3 execution - source compiled test
FAIL: MathBuiltin -O3 -findirect-dispatch execution - source compiled test
FAIL: Matrix4f execution - source compiled test
FAIL: Matrix4f -findirect-dispatch execution - source compiled test
FAIL: Matrix4f -O3 execution - source compiled test
FAIL: Matrix4f -O3 -findirect-dispatch execution - source compiled test
FAIL: N19990310_02 execution - source compiled test
FAIL: N19990310_02 -findirect-dispatch execution - source compiled test
FAIL: N19990310_02 -O3 execution - source compiled test
FAIL: N19990310_02 -O3 -findirect-dispatch execution - source compiled test
FAIL: N19990310_3 execution - source compiled test
FAIL: N19990310_3 -findirect-dispatch execution - source compiled test
FAIL: N19990310_3 -O3 execution - source compiled test
FAIL: N19990310_3 -O3 -findirect-dispatch execution - source compiled test
FAIL: N19990310_4 execution - source compiled test
FAIL: N19990310_4 -findirect-dispatch execution - source compiled test
FAIL: N19990310_4 -O3 execution - source compiled test
FAIL: N19990310_4 -O3 -findirect-dispatch execution - source compiled test
FAIL: N19990310_5 execution - source compiled test
FAIL: N19990310_5 -findirect-dispatch execution - source compiled test
FAIL: N19990310_5 -O3 execution - source compiled test
FAIL: N19990310_5 -O3 -findirect-dispatch execution - source compiled test
FAIL: Overflow execution - source compiled test
FAIL: Overflow -findirect-dispatch execution - source compiled test
FAIL: Overflow -O3 execution - source compiled test
FAIL: Overflow -O3 -findirect-dispatch execution - source compiled test
FAIL: PR12350 execution - source compiled test
FAIL: PR12350 -findirect-dispatch execution - source compiled test
FAIL: PR12350 -O3 execution - source compiled test
FAIL: PR12350 -O3 -findirect-dispatch execution - source compiled test
FAIL: PR12416 execution - source compiled test
FAIL: PR12416 -findirect-dispatch execution - source compiled test
FAIL: PR12416 -O3 execution - source compiled test
FAIL: PR12416 -O3 -findirect-dispatch execution - source compiled test
FAIL: PR12656 execution - source compiled test
FAIL: PR12656 -findirect-dispatch execution - source compiled test
FAIL: PR12656 -O3 execution - source compiled test
FAIL: PR12656 -O3 -findirect-dispatch execution - source compiled test
FAIL: PR12915 execution - source compiled test
FAIL: PR12915 -findirect-dispatch execution - source compiled test
FAIL: PR12915 -O3 execution - source compiled test
FAIL: PR12915 -O3 -findirect-dispatch execution - source compiled test
FAIL: PR141 execution - source compiled test
FAIL: PR141 -findirect-dispatch execution - source compiled test
FAIL: PR141 -O3 execution - source compiled test
FAIL: PR141 -O3 -findirect-dispatch execution - source compiled test
FAIL: PR160 execution - source compiled test
FAIL: PR160 -findirect-dispatch execution - source compiled test
FAIL: PR160 -O3 execution - source compiled test
FAIL: PR160 -O3 -findirect-dispatch execution - source compiled test
FAIL: PR162 execution - source compiled test
FAIL: PR162 -findirect-dispatch execution - source compiled test
FAIL: PR162 -O3 execution - source compiled test
FAIL: PR162 -O3 -findirect-dispatch execution - source compiled test
FAIL: PR16867 execution - source compiled test
FAIL: PR16867 -findirect-dispatch execution - source compiled test
FAIL: PR16867 -O3 execution - source compiled test
FAIL: PR16867 -O3 -findirect-dispatch execution - source compiled test
FAIL: PR18699 execution - source compiled test
FAIL: PR18699 -findirect-dispatch execution - source compiled test
FAIL: PR18699 -O3 execution - source compiled test
FAIL: PR18699 -O3 -findirect-dispatch execution - source compiled test
FAIL: PR19870 execution - source compiled test
FAIL: PR19870 -findirect-dispatch execution - source compiled test
FAIL: PR19870 -O3 execution - source compiled test
FAIL: PR19870 -O3 -findirect-dispatch execution - source compiled test
FAIL: PR19870_2 execution - source compiled test
FAIL: PR19870_2 -findirect-dispatch execution - source compiled test
FAIL: PR19870_2 -O3 execution - source compiled test
FAIL: PR19870_2 -O3 -findirect-dispatch execution - source compiled test
FAIL: PR19921 execution - source compiled test
FAIL: PR19921 -findirect-dispatch execution - source compiled test
FAIL: PR19921 -O3 execution - source compiled test
FAIL: PR19921 -O3 -findirect-dispatch execution - source compiled test
FAIL: PR20056 execution - source compiled test
FAIL: PR20056 -findirect-dispatch execution - source compiled test
FAIL: PR20056 -O3 execution - source compiled test
FAIL: PR20056 -O3 -findirect-dispatch execution - source compiled test
FAIL: PR218 execution - source compiled test
FAIL: PR218 -findirect-dispatch execution - source compiled test
FAIL: PR218 -O3 execution - source compiled test
FAIL: PR218 -O3 -findirect-dispatch execution - source compiled test
FAIL: PR242 execution - source compiled test
FAIL: PR242 -findirect-dispatch execution - source compiled test
FAIL: PR242 -O3 execution - source compiled test
FAIL: PR242 -O3 -findirect-dispatch execution - source compiled test
FAIL: PR25535 execution - source compiled test
FAIL: PR25535 -findirect-dispatch execution - source compiled test
FAIL: PR25535 -O3 execution - source compiled test
FAIL: PR25535 -O3 -findirect-dispatch execution - source compiled test
FAIL: PR260 execution - source compiled test
FAIL: PR260 -findirect-dispatch execution - source compiled test
FAIL: PR260 -O3 execution - source compiled test
FAIL: PR260 -O3 -findirect-dispatch execution - source compiled test
FAIL: PR26858 execution - source compiled test
FAIL: PR26858 -findirect-dispatch execution - source compiled test
FAIL: PR26858 -O3 execution - source compiled test
FAIL: PR26858 -O3 -findirect-dispatch execution - source compiled test
FAIL: PR27908 execution - source compiled test
FAIL: PR27908 -findirect-dispatch execution - source compiled test
FAIL: PR27908 -O3 execution - source compiled test
FAIL: PR27908 -O3 -findirect-dispatch execution - source compiled test
FAIL: PR29013 execution - source compiled test
FAIL: PR29013 -findirect-dispatch execution - source compiled test
FAIL: PR29013 -O3 execution - source compiled test
FAIL: PR29013 -O3 -findirect-dispatch execution - source compiled test
FAIL: PR29495 execution - source compiled test
FAIL: PR29495 -findirect-dispatch execution - source compiled test
FAIL: PR29495 -O3 execution - source compiled test
FAIL: PR29495 -O3 -findirect-dispatch execution - source compiled test
FAIL: PR3096 execution - source compiled test
FAIL: PR3096 -findirect-dispatch execution - source compiled test
FAIL: PR3096 -O3 execution - source compiled test
FAIL: PR3096 -O3 -findirect-dispatch execution - source compiled test
FAIL: PR31264 execution - source compiled test
FAIL: PR31264 -findirect-dispatch execution - source compiled test
FAIL: PR31264 -O3 execution - source compiled test
FAIL: PR31264 -O3 -findirect-dispatch execution - source compiled test
FAIL: PR35020 execution - source compiled test
FAIL: PR35020 -findirect-dispatch execution - source compiled test
FAIL: PR35020 -O3 execution - source compiled test
FAIL: PR35020 -O3 -findirect-dispatch execution - source compiled test
FAIL: PR36252 execution - source compiled test
FAIL: PR36252 -findirect-dispatch execution - source compiled test
FAIL: PR36252 -O3 execution - source compiled test
FAIL: PR36252 -O3 -findirect-dispatch execution - source compiled test
FAIL: PR3731 execution - source compiled test
FAIL: PR3731 -findirect-dispatch execution - source compiled test
FAIL: PR3731 -O3 execution - source compiled test
FAIL: PR3731 -O3 -findirect-dispatch execution - source compiled test
FAIL: PR5057 execution - source compiled test
FAIL: PR5057 -findirect-dispatch execution - source compiled test
FAIL: PR5057 -O3 execution - source compiled test
FAIL: PR5057 -O3 -findirect-dispatch execution - source compiled test
FAIL: PR5057_2 execution - source compiled test
FAIL: PR5057_2 -findirect-dispatch execution - source compiled test
FAIL: PR5057_2 -O3 execution - source compiled test
FAIL: PR5057_2 -O3 -findirect-dispatch execution - source compiled test
FAIL: PR55 execution - source compiled test
FAIL: PR55 -findirect-dispatch execution - source compiled test
FAIL: PR55 -O3 execution - source compiled test
FAIL: PR55 -O3 -findirect-dispatch execution - source compiled test
FAIL: PR56 execution - source compiled test
FAIL: PR56 -findirect-dispatch execution - source compiled test
FAIL: PR56 -O3 execution - source compiled test
FAIL: PR56 -O3 -findirect-dispatch execution - source compiled test
FAIL: PR6085 execution - source compiled test
FAIL: PR6085 -findirect-dispatch execution - source compiled test
FAIL: PR6085 -O3 execution - source compiled test
FAIL: PR6085 -O3 -findirect-dispatch execution - source compiled test
FAIL: PR6204 execution - source compiled test
FAIL: PR6204 -findirect-dispatch execution - source compiled test
FAIL: PR6204 -O3 execution - source compiled test
FAIL: PR6204 -O3 -findirect-dispatch execution - source compiled test
FAIL: PR6729 execution - source compiled test
FAIL: PR6729 -findirect-dispatch execution - source compiled test
FAIL: PR6729 -O3 execution - source compiled test
FAIL: PR6729 -O3 -findirect-dispatch execution - source compiled test
FAIL: PR6820 execution - source compiled test
FAIL: PR6820 -findirect-dispatch execution - source compiled test
FAIL: PR6820 -O3 execution - source compiled test
FAIL: PR6820 -O3 -findirect-dispatch execution - source compiled test
FAIL: PR7482 execution - source compiled test
FAIL: PR7482 -findirect-dispatch execution - source compiled test
FAIL: PR7482 -O3 execution - source compiled test
FAIL: PR7482 -O3 -findirect-dispatch execution - source compiled test
FAIL: Process_1 execution - source compiled test
FAIL: Process_1 -findirect-dispatch execution - source compiled test
FAIL: Process_1 -O3 execution - source compiled test
FAIL: Process_1 -O3 -findirect-dispatch execution - source compiled test
FAIL: Process_2 execution - source compiled test
FAIL: Process_2 -findirect-dispatch execution - source compiled test
FAIL: Process_2 -O3 execution - source compiled test
FAIL: Process_2 -O3 -findirect-dispatch execution - source compiled test
FAIL: Process_3 execution - source compiled test
FAIL: Process_3 -findirect-dispatch execution - source compiled test
FAIL: Process_3 -O3 execution - source compiled test
FAIL: Process_3 -O3 -findirect-dispatch execution - source compiled test
FAIL: Process_4 execution - source compiled test
FAIL: Process_4 -findirect-dispatch execution - source compiled test
FAIL: Process_4 -O3 execution - source compiled test
FAIL: Process_4 -O3 -findirect-dispatch execution - source compiled test
FAIL: Process_5 execution - source compiled test
FAIL: Process_5 -findirect-dispatch execution - source compiled test
FAIL: Process_5 -O3 execution - source compiled test
FAIL: Process_5 -O3 -findirect-dispatch execution - source compiled test
FAIL: Process_6 execution - source compiled test
FAIL: Process_6 -findirect-dispatch execution - source compiled test
FAIL: Process_6 -O3 execution - source compiled test
FAIL: Process_6 -O3 -findirect-dispatch execution - source compiled test
FAIL: Process_7 execution - source compiled test
FAIL: Process_7 -findirect-dispatch execution - source compiled test
FAIL: Process_7 -O3 execution - source compiled test
FAIL: Process_7 -O3 -findirect-dispatch execution - source compiled test
FAIL: ProxyTest execution - source compiled test
FAIL: ProxyTest -findirect-dispatch execution - source compiled test
FAIL: ProxyTest -O3 execution - source compiled test
FAIL: ProxyTest -O3 -findirect-dispatch execution - source compiled test
FAIL: RH194522 execution - source compiled test
FAIL: RH194522 -findirect-dispatch execution - source compiled test
FAIL: RH194522 -O3 execution - source compiled test
FAIL: RH194522 -O3 -findirect-dispatch execution - source compiled test
FAIL: Serialization execution - source compiled test
FAIL: Serialization -findirect-dispatch execution - source compiled test
FAIL: Serialization -O3 execution - source compiled test
FAIL: Serialization -O3 -findirect-dispatch execution - source compiled test
FAIL: Shazam execution - source compiled test
FAIL: Shazam -findirect-dispatch execution - source compiled test
FAIL: Shazam -O3 execution - source compiled test
FAIL: Shazam -O3 -findirect-dispatch execution - source compiled test
FAIL: StackTrace2 execution - source compiled test
FAIL: StackTrace2 -findirect-dispatch execution - source compiled test
FAIL: StackTrace2 -O3 execution - source compiled test
FAIL: StackTrace2 -O3 -findirect-dispatch execution - source compiled test
FAIL: StaticConstructor execution - source compiled test
FAIL: StaticConstructor -findirect-dispatch execution - source compiled test
FAIL: StaticConstructor -O3 execution - source compiled test
FAIL: StaticConstructor -O3 -findirect-dispatch execution - source compiled test
FAIL: StringBuffer_1 execution - source compiled test
FAIL: StringBuffer_1 -findirect-dispatch execution - source compiled test
FAIL: StringBuffer_1 -O3 execution - source compiled test
FAIL: StringBuffer_1 -O3 -findirect-dispatch execution - source compiled test
FAIL: StringBuffer_overflow execution - source compiled test
FAIL: StringBuffer_overflow -findirect-dispatch execution - source compiled test
FAIL: StringBuffer_overflow -O3 execution - source compiled test
FAIL: StringBuffer_overflow -O3 -findirect-dispatch execution - source compiled test
FAIL: String_overflow execution - source compiled test
FAIL: String_overflow -findirect-dispatch execution - source compiled test
FAIL: String_overflow -O3 execution - source compiled test
FAIL: String_overflow -O3 -findirect-dispatch execution - source compiled test
FAIL: SyncGlobal execution - source compiled test
FAIL: SyncGlobal -findirect-dispatch execution - source compiled test
FAIL: SyncGlobal -O3 execution - source compiled test
FAIL: SyncGlobal -O3 -findirect-dispatch execution - source compiled test
FAIL: SyncTest execution - source compiled test
FAIL: SyncTest -findirect-dispatch execution - source compiled test
FAIL: SyncTest -O3 execution - source compiled test
FAIL: SyncTest -O3 -findirect-dispatch execution - source compiled test
FAIL: Synch execution - source compiled test
FAIL: Synch -findirect-dispatch execution - source compiled test
FAIL: Synch -O3 execution - source compiled test
FAIL: Synch -O3 -findirect-dispatch execution - source compiled test
FAIL: TLtest execution - source compiled test
FAIL: TLtest -findirect-dispatch execution - source compiled test
FAIL: TLtest -O3 execution - source compiled test
FAIL: TLtest -O3 -findirect-dispatch execution - source compiled test
FAIL: TestProxy execution - source compiled test
FAIL: TestProxy -findirect-dispatch execution - source compiled test
FAIL: TestProxy -O3 execution - source compiled test
FAIL: TestProxy -O3 -findirect-dispatch execution - source compiled test
FAIL: Thread_Alive execution - source compiled test
FAIL: Thread_Alive -findirect-dispatch execution - source compiled test
FAIL: Thread_Alive -O3 execution - source compiled test
FAIL: Thread_Alive -O3 -findirect-dispatch execution - source compiled test
FAIL: Thread_HoldsLock execution - source compiled test
FAIL: Thread_HoldsLock -findirect-dispatch execution - source compiled test
FAIL: Thread_HoldsLock -O3 execution - source compiled test
FAIL: Thread_HoldsLock -O3 -findirect-dispatch execution - source compiled test
FAIL: Thread_Interrupt execution - source compiled test
FAIL: Thread_Interrupt -findirect-dispatch execution - source compiled test
FAIL: Thread_Interrupt -O3 execution - source compiled test
FAIL: Thread_Interrupt -O3 -findirect-dispatch execution - source compiled test
FAIL: Thread_Join execution - source compiled test
FAIL: Thread_Join -findirect-dispatch execution - source compiled test
FAIL: Thread_Join -O3 execution - source compiled test
FAIL: Thread_Join -O3 -findirect-dispatch execution - source compiled test
FAIL: Thread_Monitor execution - source compiled test
FAIL: Thread_Monitor -findirect-dispatch execution - source compiled test
FAIL: Thread_Monitor -O3 execution - source compiled test
FAIL: Thread_Monitor -O3 -findirect-dispatch execution - source compiled test
FAIL: Thread_Sleep execution - source compiled test
FAIL: Thread_Sleep -findirect-dispatch execution - source compiled test
FAIL: Thread_Sleep -O3 execution - source compiled test
FAIL: Thread_Sleep -O3 -findirect-dispatch execution - source compiled test
FAIL: Thread_Sleep_2 execution - source compiled test
FAIL: Thread_Sleep_2 -findirect-dispatch execution - source compiled test
FAIL: Thread_Sleep_2 -O3 execution - source compiled test
FAIL: Thread_Sleep_2 -O3 -findirect-dispatch execution - source compiled test
FAIL: Thread_Wait execution - source compiled test
FAIL: Thread_Wait -findirect-dispatch execution - source compiled test
FAIL: Thread_Wait -O3 execution - source compiled test
FAIL: Thread_Wait -O3 -findirect-dispatch execution - source compiled test
FAIL: Thread_Wait_2 execution - source compiled test
FAIL: Thread_Wait_2 -findirect-dispatch execution - source compiled test
FAIL: Thread_Wait_2 -O3 execution - source compiled test
FAIL: Thread_Wait_2 -O3 -findirect-dispatch execution - source compiled test
FAIL: Thread_Wait_Interrupt execution - source compiled test
FAIL: Thread_Wait_Interrupt -findirect-dispatch execution - source compiled test
FAIL: Thread_Wait_Interrupt -O3 execution - source compiled test
FAIL: Thread_Wait_Interrupt -O3 -findirect-dispatch execution - source compiled test
FAIL: Throw_1 execution - source compiled test
FAIL: Throw_1 -findirect-dispatch execution - source compiled test
FAIL: Throw_1 -O3 execution - source compiled test
FAIL: Throw_1 -O3 -findirect-dispatch execution - source compiled test
FAIL: Throw_2 execution - source compiled test
FAIL: Throw_2 -findirect-dispatch execution - source compiled test
FAIL: Throw_2 -O3 execution - source compiled test
FAIL: Throw_2 -O3 -findirect-dispatch execution - source compiled test
FAIL: Throw_3 execution - source compiled test
FAIL: Throw_3 -findirect-dispatch execution - source compiled test
FAIL: Throw_3 -O3 execution - source compiled test
FAIL: Throw_3 -O3 -findirect-dispatch execution - source compiled test
FAIL: WalkerTest execution - source compiled test
FAIL: WalkerTest -findirect-dispatch execution - source compiled test
FAIL: WalkerTest -O3 execution - source compiled test
FAIL: WalkerTest -O3 -findirect-dispatch execution - source compiled test
FAIL: anfi execution - source compiled test
FAIL: anfi -findirect-dispatch execution - source compiled test
FAIL: anfi -O3 execution - source compiled test
FAIL: anfi -O3 -findirect-dispatch execution - source compiled test
FAIL: anon execution - source compiled test
FAIL: anon -findirect-dispatch execution - source compiled test
FAIL: anon -O3 execution - source compiled test
FAIL: anon -O3 -findirect-dispatch execution - source compiled test
FAIL: anon2 execution - source compiled test
FAIL: anon2 -findirect-dispatch execution - source compiled test
FAIL: anon2 -O3 execution - source compiled test
FAIL: anon2 -O3 -findirect-dispatch execution - source compiled test
FAIL: anon3 execution - source compiled test
FAIL: anon3 -findirect-dispatch execution - source compiled test
FAIL: anon3 -O3 execution - source compiled test
FAIL: anon3 -O3 -findirect-dispatch execution - source compiled test
FAIL: anon4 execution - source compiled test
FAIL: anon4 -findirect-dispatch execution - source compiled test
FAIL: anon4 -O3 execution - source compiled test
FAIL: anon4 -O3 -findirect-dispatch execution - source compiled test
FAIL: anon_ctor_itf_arg execution - source compiled test
FAIL: anon_ctor_itf_arg -findirect-dispatch execution - source compiled test
FAIL: anon_ctor_itf_arg -O3 execution - source compiled test
FAIL: anon_ctor_itf_arg -O3 -findirect-dispatch execution - source compiled test
FAIL: anonarray execution - source compiled test
FAIL: anonarray -findirect-dispatch execution - source compiled test
FAIL: anonarray -O3 execution - source compiled test
FAIL: anonarray -O3 -findirect-dispatch execution - source compiled test
FAIL: anonarray2 execution - source compiled test
FAIL: anonarray2 -findirect-dispatch execution - source compiled test
FAIL: anonarray2 -O3 execution - source compiled test
FAIL: anonarray2 -O3 -findirect-dispatch execution - source compiled test
FAIL: anonarray3 execution - source compiled test
FAIL: anonarray3 -findirect-dispatch execution - source compiled test
FAIL: anonarray3 -O3 execution - source compiled test
FAIL: anonarray3 -O3 -findirect-dispatch execution - source compiled test
FAIL: assign execution - source compiled test
FAIL: assign -findirect-dispatch execution - source compiled test
FAIL: assign -O3 execution - source compiled test
FAIL: assign -O3 -findirect-dispatch execution - source compiled test
FAIL: assign2 execution - source compiled test
FAIL: assign2 -findirect-dispatch execution - source compiled test
FAIL: assign2 -O3 execution - source compiled test
FAIL: assign2 -O3 -findirect-dispatch execution - source compiled test
FAIL: bclink execution - source compiled test
FAIL: bclink -findirect-dispatch execution - source compiled test
FAIL: bclink -O3 execution - source compiled test
FAIL: bclink -O3 -findirect-dispatch execution - source compiled test
FAIL: bytearray execution - source compiled test
FAIL: bytearray -findirect-dispatch execution - source compiled test
FAIL: bytearray -O3 execution - source compiled test
FAIL: bytearray -O3 -findirect-dispatch execution - source compiled test
FAIL: direct_read execution - source compiled test
FAIL: direct_read -findirect-dispatch execution - source compiled test
FAIL: direct_read -O3 execution - source compiled test
FAIL: direct_read -O3 -findirect-dispatch execution - source compiled test
FAIL: direct_write execution - source compiled test
FAIL: direct_write -findirect-dispatch execution - source compiled test
FAIL: direct_write -O3 execution - source compiled test
FAIL: direct_write -O3 -findirect-dispatch execution - source compiled test
FAIL: emptystring execution - source compiled test
FAIL: emptystring -findirect-dispatch execution - source compiled test
FAIL: emptystring -O3 execution - source compiled test
FAIL: emptystring -O3 -findirect-dispatch execution - source compiled test
FAIL: err1 execution - source compiled test
FAIL: err1 -findirect-dispatch execution - source compiled test
FAIL: err1 -O3 execution - source compiled test
FAIL: err1 -O3 -findirect-dispatch execution - source compiled test
FAIL: err10 execution - source compiled test
FAIL: err10 -findirect-dispatch execution - source compiled test
FAIL: err10 -O3 execution - source compiled test
FAIL: err10 -O3 -findirect-dispatch execution - source compiled test
FAIL: err11 execution - source compiled test
FAIL: err11 -findirect-dispatch execution - source compiled test
FAIL: err11 -O3 execution - source compiled test
FAIL: err11 -O3 -findirect-dispatch execution - source compiled test
FAIL: err12 execution - source compiled test
FAIL: err12 -findirect-dispatch execution - source compiled test
FAIL: err12 -O3 execution - source compiled test
FAIL: err12 -O3 -findirect-dispatch execution - source compiled test
FAIL: err13 execution - source compiled test
FAIL: err13 -findirect-dispatch execution - source compiled test
FAIL: err13 -O3 execution - source compiled test
FAIL: err13 -O3 -findirect-dispatch execution - source compiled test
FAIL: err14 execution - source compiled test
FAIL: err14 -findirect-dispatch execution - source compiled test
FAIL: err14 -O3 execution - source compiled test
FAIL: err14 -O3 -findirect-dispatch execution - source compiled test
FAIL: err2 execution - source compiled test
FAIL: err2 -findirect-dispatch execution - source compiled test
FAIL: err2 -O3 execution - source compiled test
FAIL: err2 -O3 -findirect-dispatch execution - source compiled test
FAIL: err3 execution - source compiled test
FAIL: err3 -findirect-dispatch execution - source compiled test
FAIL: err3 -O3 execution - source compiled test
FAIL: err3 -O3 -findirect-dispatch execution - source compiled test
FAIL: err4 execution - source compiled test
FAIL: err4 -findirect-dispatch execution - source compiled test
FAIL: err4 -O3 execution - source compiled test
FAIL: err4 -O3 -findirect-dispatch execution - source compiled test
FAIL: err5 execution - source compiled test
FAIL: err5 -findirect-dispatch execution - source compiled test
FAIL: err5 -O3 execution - source compiled test
FAIL: err5 -O3 -findirect-dispatch execution - source compiled test
FAIL: err6 execution - source compiled test
FAIL: err6 -findirect-dispatch execution - source compiled test
FAIL: err6 -O3 execution - source compiled test
FAIL: err6 -O3 -findirect-dispatch execution - source compiled test
FAIL: err7 execution - source compiled test
FAIL: err7 -findirect-dispatch execution - source compiled test
FAIL: err7 -O3 execution - source compiled test
FAIL: err7 -O3 -findirect-dispatch execution - source compiled test
FAIL: err8 execution - source compiled test
FAIL: err8 -findirect-dispatch execution - source compiled test
FAIL: err8 -O3 execution - source compiled test
FAIL: err8 -O3 -findirect-dispatch execution - source compiled test
FAIL: err9 execution - source compiled test
FAIL: err9 -findirect-dispatch execution - source compiled test
FAIL: err9 -O3 execution - source compiled test
FAIL: err9 -O3 -findirect-dispatch execution - source compiled test
FAIL: final_inner execution - source compiled test
FAIL: final_inner -findirect-dispatch execution - source compiled test
FAIL: final_inner -O3 execution - source compiled test
FAIL: final_inner -O3 -findirect-dispatch execution - source compiled test
FAIL: final_int execution - source compiled test
FAIL: final_int -findirect-dispatch execution - source compiled test
FAIL: final_int -O3 execution - source compiled test
FAIL: final_int -O3 -findirect-dispatch execution - source compiled test
FAIL: final_static_and_friend execution - source compiled test
FAIL: final_static_and_friend -findirect-dispatch execution - source compiled test
FAIL: final_static_and_friend -O3 execution - source compiled test
FAIL: final_static_and_friend -O3 -findirect-dispatch execution - source compiled test
FAIL: indirect execution - source compiled test
FAIL: indirect -findirect-dispatch execution - source compiled test
FAIL: indirect -O3 execution - source compiled test
FAIL: indirect -O3 -findirect-dispatch execution - source compiled test
FAIL: indirect_read execution - source compiled test
FAIL: indirect_read -findirect-dispatch execution - source compiled test
FAIL: indirect_read -O3 execution - source compiled test
FAIL: indirect_read -O3 -findirect-dispatch execution - source compiled test
FAIL: indirect_write execution - source compiled test
FAIL: indirect_write -findirect-dispatch execution - source compiled test
FAIL: indirect_write -O3 execution - source compiled test
FAIL: indirect_write -O3 -findirect-dispatch execution - source compiled test
FAIL: initexc execution - source compiled test
FAIL: initexc -findirect-dispatch execution - source compiled test
FAIL: initexc -O3 execution - source compiled test
FAIL: initexc -O3 -findirect-dispatch execution - source compiled test
FAIL: initfield execution - source compiled test
FAIL: initfield -findirect-dispatch execution - source compiled test
FAIL: initfield -O3 execution - source compiled test
FAIL: initfield -O3 -findirect-dispatch execution - source compiled test
FAIL: inline execution - source compiled test
FAIL: inline -findirect-dispatch execution - source compiled test
FAIL: inline -O3 execution - source compiled test
FAIL: inline -O3 -findirect-dispatch execution - source compiled test
FAIL: inner1 execution - source compiled test
FAIL: inner1 -findirect-dispatch execution - source compiled test
FAIL: inner1 -O3 execution - source compiled test
FAIL: inner1 -O3 -findirect-dispatch execution - source compiled test
FAIL: inner2 execution - source compiled test
FAIL: inner2 -findirect-dispatch execution - source compiled test
FAIL: inner2 -O3 execution - source compiled test
FAIL: inner2 -O3 -findirect-dispatch execution - source compiled test
FAIL: inner3 execution - source compiled test
FAIL: inner3 -findirect-dispatch execution - source compiled test
FAIL: inner3 -O3 execution - source compiled test
FAIL: inner3 -O3 -findirect-dispatch execution - source compiled test
FAIL: inner4 execution - source compiled test
FAIL: inner4 -findirect-dispatch execution - source compiled test
FAIL: inner4 -O3 execution - source compiled test
FAIL: inner4 -O3 -findirect-dispatch execution - source compiled test
FAIL: inner_array execution - source compiled test
FAIL: inner_array -findirect-dispatch execution - source compiled test
FAIL: inner_array -O3 execution - source compiled test
FAIL: inner_array -O3 -findirect-dispatch execution - source compiled test
FAIL: inner_interface execution - source compiled test
FAIL: inner_interface -findirect-dispatch execution - source compiled test
FAIL: inner_interface -O3 execution - source compiled test
FAIL: inner_interface -O3 -findirect-dispatch execution - source compiled test
FAIL: instance execution - source compiled test
FAIL: instance -findirect-dispatch execution - source compiled test
FAIL: instance -O3 execution - source compiled test
FAIL: instance -O3 -findirect-dispatch execution - source compiled test
FAIL: instinit execution - source compiled test
FAIL: instinit -findirect-dispatch execution - source compiled test
FAIL: instinit -O3 execution - source compiled test
FAIL: instinit -O3 -findirect-dispatch execution - source compiled test
FAIL: instinit2 execution - source compiled test
FAIL: instinit2 -findirect-dispatch execution - source compiled test
FAIL: instinit2 -O3 execution - source compiled test
FAIL: instinit2 -O3 -findirect-dispatch execution - source compiled test
FAIL: invoke_from_inner execution - source compiled test
FAIL: invoke_from_inner -findirect-dispatch execution - source compiled test
FAIL: invoke_from_inner -O3 execution - source compiled test
FAIL: invoke_from_inner -O3 -findirect-dispatch execution - source compiled test
FAIL: invokethrow execution - source compiled test
FAIL: invokethrow -findirect-dispatch execution - source compiled test
FAIL: invokethrow -O3 execution - source compiled test
FAIL: invokethrow -O3 -findirect-dispatch execution - source compiled test
FAIL: klass execution - source compiled test
FAIL: klass -findirect-dispatch execution - source compiled test
FAIL: klass -O3 execution - source compiled test
FAIL: klass -O3 -findirect-dispatch execution - source compiled test
FAIL: md5test execution - source compiled test
FAIL: md5test -findirect-dispatch execution - source compiled test
FAIL: md5test -O3 execution - source compiled test
FAIL: md5test -O3 -findirect-dispatch execution - source compiled test
FAIL: multiple_finit execution - source compiled test
FAIL: multiple_finit -findirect-dispatch execution - source compiled test
FAIL: multiple_finit -O3 execution - source compiled test
FAIL: multiple_finit -O3 -findirect-dispatch execution - source compiled test
FAIL: negzero execution - source compiled test
FAIL: negzero -findirect-dispatch execution - source compiled test
FAIL: negzero -O3 execution - source compiled test
FAIL: negzero -O3 -findirect-dispatch execution - source compiled test
FAIL: nested_with_ctor execution - source compiled test
FAIL: nested_with_ctor -findirect-dispatch execution - source compiled test
FAIL: nested_with_ctor -O3 execution - source compiled test
FAIL: nested_with_ctor -O3 -findirect-dispatch execution - source compiled test
FAIL: newarray_overflow execution - source compiled test
FAIL: newarray_overflow -findirect-dispatch execution - source compiled test
FAIL: newarray_overflow -O3 execution - source compiled test
FAIL: newarray_overflow -O3 -findirect-dispatch execution - source compiled test
FAIL: override execution - source compiled test
FAIL: override -findirect-dispatch execution - source compiled test
FAIL: override -O3 execution - source compiled test
FAIL: override -O3 -findirect-dispatch execution - source compiled test
FAIL: pr109 execution - source compiled test
FAIL: pr109 -findirect-dispatch execution - source compiled test
FAIL: pr109 -O3 execution - source compiled test
FAIL: pr109 -O3 -findirect-dispatch execution - source compiled test
FAIL: pr13107 execution - source compiled test
FAIL: pr13107 -findirect-dispatch execution - source compiled test
FAIL: pr13107 -O3 execution - source compiled test
FAIL: pr13107 -O3 -findirect-dispatch execution - source compiled test
FAIL: pr13107_2 execution - source compiled test
FAIL: pr13107_2 -findirect-dispatch execution - source compiled test
FAIL: pr13107_2 -O3 execution - source compiled test
FAIL: pr13107_2 -O3 -findirect-dispatch execution - source compiled test
FAIL: pr13107_3 execution - source compiled test
FAIL: pr13107_3 -findirect-dispatch execution - source compiled test
FAIL: pr13107_3 -O3 execution - source compiled test
FAIL: pr13107_3 -O3 -findirect-dispatch execution - source compiled test
FAIL: pr133 execution - source compiled test
FAIL: pr133 -findirect-dispatch execution - source compiled test
FAIL: pr133 -O3 execution - source compiled test
FAIL: pr133 -O3 -findirect-dispatch execution - source compiled test
FAIL: pr16789 execution - source compiled test
FAIL: pr16789 -findirect-dispatch execution - source compiled test
FAIL: pr16789 -O3 execution - source compiled test
FAIL: pr16789 -O3 -findirect-dispatch execution - source compiled test
FAIL: pr17536 execution - source compiled test
FAIL: pr17536 -findirect-dispatch execution - source compiled test
FAIL: pr17536 -O3 execution - source compiled test
FAIL: pr17536 -O3 -findirect-dispatch execution - source compiled test
FAIL: pr179 execution - source compiled test
FAIL: pr179 -findirect-dispatch execution - source compiled test
FAIL: pr179 -O3 execution - source compiled test
FAIL: pr179 -O3 -findirect-dispatch execution - source compiled test
FAIL: pr184 execution - source compiled test
FAIL: pr184 -findirect-dispatch execution - source compiled test
FAIL: pr184 -O3 execution - source compiled test
FAIL: pr184 -O3 -findirect-dispatch execution - source compiled test
FAIL: pr21785 execution - source compiled test
FAIL: pr21785 -findirect-dispatch execution - source compiled test
FAIL: pr21785 -O3 execution - source compiled test
FAIL: pr21785 -O3 -findirect-dispatch execution - source compiled test
FAIL: pr21844 execution - source compiled test
FAIL: pr21844 -findirect-dispatch execution - source compiled test
FAIL: pr21844 -O3 execution - source compiled test
FAIL: pr21844 -O3 -findirect-dispatch execution - source compiled test
FAIL: pr24321 execution - source compiled test
FAIL: pr24321 -findirect-dispatch execution - source compiled test
FAIL: pr24321 -O3 execution - source compiled test
FAIL: pr24321 -O3 -findirect-dispatch execution - source compiled test
FAIL: pr25676 execution - source compiled test
FAIL: pr25676 -findirect-dispatch execution - source compiled test
FAIL: pr25676 -O3 execution - source compiled test
FAIL: pr25676 -O3 -findirect-dispatch execution - source compiled test
FAIL: pr26390 execution - source compiled test
FAIL: pr26390 -findirect-dispatch execution - source compiled test
FAIL: pr26390 -O3 execution - source compiled test
FAIL: pr26390 -O3 -findirect-dispatch execution - source compiled test
FAIL: pr26990 execution - source compiled test
FAIL: pr26990 -findirect-dispatch execution - source compiled test
FAIL: pr26990 -O3 execution - source compiled test
FAIL: pr26990 -O3 -findirect-dispatch execution - source compiled test
FAIL: pr27171 execution - source compiled test
FAIL: pr27171 -findirect-dispatch execution - source compiled test
FAIL: pr27171 -O3 execution - source compiled test
FAIL: pr27171 -O3 -findirect-dispatch execution - source compiled test
FAIL: pr6388 execution - source compiled test
FAIL: pr6388 -findirect-dispatch execution - source compiled test
FAIL: pr6388 -O3 execution - source compiled test
FAIL: pr6388 -O3 -findirect-dispatch execution - source compiled test
FAIL: pr83 execution - source compiled test
FAIL: pr83 -findirect-dispatch execution - source compiled test
FAIL: pr83 -O3 execution - source compiled test
FAIL: pr83 -O3 -findirect-dispatch execution - source compiled test
FAIL: pr8415 execution - source compiled test
FAIL: pr8415 -findirect-dispatch execution - source compiled test
FAIL: pr8415 -O3 execution - source compiled test
FAIL: pr8415 -O3 -findirect-dispatch execution - source compiled test
FAIL: pr8676 execution - source compiled test
FAIL: pr8676 -findirect-dispatch execution - source compiled test
FAIL: pr8676 -O3 execution - source compiled test
FAIL: pr8676 -O3 -findirect-dispatch execution - source compiled test
FAIL: pr8823 execution - source compiled test
FAIL: pr8823 -findirect-dispatch execution - source compiled test
FAIL: pr8823 -O3 execution - source compiled test
FAIL: pr8823 -O3 -findirect-dispatch execution - source compiled test
FAIL: pr8945 execution - source compiled test
FAIL: pr8945 -findirect-dispatch execution - source compiled test
FAIL: pr8945 -O3 execution - source compiled test
FAIL: pr8945 -O3 -findirect-dispatch execution - source compiled test
FAIL: private_direct_read execution - source compiled test
FAIL: private_direct_read -findirect-dispatch execution - source compiled test
FAIL: private_direct_read -O3 execution - source compiled test
FAIL: private_direct_read -O3 -findirect-dispatch execution - source compiled test
FAIL: search_outer execution - source compiled test
FAIL: search_outer -findirect-dispatch execution - source compiled test
FAIL: search_outer -O3 execution - source compiled test
FAIL: search_outer -O3 -findirect-dispatch execution - source compiled test
FAIL: shatest execution - source compiled test
FAIL: shatest -findirect-dispatch execution - source compiled test
FAIL: shatest -O3 execution - source compiled test
FAIL: shatest -O3 -findirect-dispatch execution - source compiled test
FAIL: sourcelocation execution - source compiled test
FAIL: sourcelocation -findirect-dispatch execution - source compiled test
FAIL: sourcelocation -O3 execution - source compiled test
FAIL: sourcelocation -O3 -findirect-dispatch execution - source compiled test
FAIL: stacktrace execution - source compiled test
FAIL: stacktrace -findirect-dispatch execution - source compiled test
FAIL: stacktrace -O3 execution - source compiled test
FAIL: stacktrace -O3 -findirect-dispatch execution - source compiled test
FAIL: stringconst execution - source compiled test
FAIL: stringconst -findirect-dispatch execution - source compiled test
FAIL: stringconst -O3 execution - source compiled test
FAIL: stringconst -O3 -findirect-dispatch execution - source compiled test
FAIL: stringconst2 execution - source compiled test
FAIL: stringconst2 -findirect-dispatch execution - source compiled test
FAIL: stringconst2 -O3 execution - source compiled test
FAIL: stringconst2 -O3 -findirect-dispatch execution - source compiled test
FAIL: stub execution - source compiled test
FAIL: stub -findirect-dispatch execution - source compiled test
FAIL: stub -O3 execution - source compiled test
FAIL: stub -O3 -findirect-dispatch execution - source compiled test
FAIL: test_long execution - source compiled test
FAIL: test_long -findirect-dispatch execution - source compiled test
FAIL: test_long -O3 execution - source compiled test
FAIL: test_long -O3 -findirect-dispatch execution - source compiled test
FAIL: tmi execution - source compiled test
FAIL: tmi -findirect-dispatch execution - source compiled test
FAIL: tmi -O3 execution - source compiled test
FAIL: tmi -O3 -findirect-dispatch execution - source compiled test
FAIL: tp execution - source compiled test
FAIL: tp -findirect-dispatch execution - source compiled test
FAIL: tp -O3 execution - source compiled test
FAIL: tp -O3 -findirect-dispatch execution - source compiled test
FAIL: update_outer execution - source compiled test
FAIL: update_outer -findirect-dispatch execution - source compiled test
FAIL: update_outer -O3 execution - source compiled test
FAIL: update_outer -O3 -findirect-dispatch execution - source compiled test
FAIL: utf8concat execution - source compiled test
FAIL: utf8concat -findirect-dispatch execution - source compiled test
FAIL: utf8concat -O3 execution - source compiled test
FAIL: utf8concat -O3 -findirect-dispatch execution - source compiled test
FAIL: utilTest execution - source compiled test
FAIL: utilTest -findirect-dispatch execution - source compiled test
FAIL: utilTest -O3 execution - source compiled test
FAIL: utilTest -O3 -findirect-dispatch execution - source compiled test
FAIL: verify execution - source compiled test
FAIL: verify -findirect-dispatch execution - source compiled test
FAIL: verify -O3 execution - source compiled test
FAIL: verify -O3 -findirect-dispatch execution - source compiled test
FAIL: TestEarlyGC execution - source compiled test
FAIL: TestLeak execution - source compiled test
FAIL: TestMultiple execution - source compiled test
FAIL: TestParent execution - source compiled test
=== libjava Summary ===
# of expected passes 881
# of unexpected failures 846
# of untested testcases 846
=== libstdc++ tests ===
Running target unix
FAIL: 18_support/bad_alloc/cons_virtual_derivation.cc execution test
FAIL: 18_support/bad_cast/cons_virtual_derivation.cc execution test
FAIL: 18_support/bad_exception/59392.cc execution test
FAIL: 18_support/bad_exception/cons_virtual_derivation.cc execution test
FAIL: 18_support/bad_typeid/cons_virtual_derivation.cc execution test
FAIL: 18_support/cxa_vec.cc execution test
FAIL: 18_support/exception/38732.cc execution test
FAIL: 18_support/uncaught_exception/14026.cc execution test
FAIL: 18_support/uncaught_exceptions/uncaught_exceptions.cc execution test
FAIL: 19_diagnostics/logic_error/cons_virtual_derivation.cc execution test
FAIL: 19_diagnostics/logic_error/what-2.cc execution test
FAIL: 19_diagnostics/runtime_error/cons_virtual_derivation.cc execution test
FAIL: 19_diagnostics/runtime_error/what-2.cc execution test
FAIL: 19_diagnostics/stdexcept.cc execution test
FAIL: 19_diagnostics/system_error/cons_virtual_derivation.cc execution test
FAIL: 19_diagnostics/system_error/what-2.cc execution test
FAIL: 20_util/allocator/8230.cc execution test
FAIL: 20_util/bad_function_call/cons_virtual_derivation.cc execution test
FAIL: 20_util/bad_function_call/what.cc execution test
FAIL: 20_util/function/1.cc execution test
FAIL: 20_util/function/63840.cc execution test
FAIL: 20_util/function/cons/55320.cc execution test
FAIL: 20_util/shared_ptr/cons/weak_ptr_expired.cc execution test
FAIL: 21_strings/basic_string/cons/char/1.cc execution test
FAIL: 21_strings/basic_string/cons/char/3.cc execution test
FAIL: 21_strings/basic_string/cons/wchar_t/1.cc execution test
FAIL: 21_strings/basic_string/cons/wchar_t/3.cc execution test
FAIL: 21_strings/basic_string/element_access/char/1.cc execution test
FAIL: 21_strings/basic_string/element_access/wchar_t/1.cc execution test
FAIL: 21_strings/basic_string/inserters_extractors/pod/10081-in.cc execution test
FAIL: 21_strings/basic_string/modifiers/append/char/1.cc execution test
FAIL: 21_strings/basic_string/modifiers/append/wchar_t/1.cc execution test
FAIL: 21_strings/basic_string/modifiers/insert/char/1.cc execution test
FAIL: 21_strings/basic_string/modifiers/insert/wchar_t/1.cc execution test
FAIL: 21_strings/basic_string/operations/substr/char/1.cc execution test
FAIL: 21_strings/basic_string/operations/substr/wchar_t/1.cc execution test
FAIL: 22_locale/facet/25421.cc execution test
FAIL: 22_locale/global_templates/1.cc execution test
FAIL: 22_locale/locale/cons/12438.cc execution test
FAIL: 22_locale/numpunct/members/pod/2.cc execution test
FAIL: 23_containers/array/element_access/at_out_of_range.cc execution test
FAIL: 23_containers/bitset/cons/1.cc execution test
FAIL: 23_containers/bitset/cons/6282.cc execution test
FAIL: 23_containers/bitset/test/1.cc execution test
FAIL: 23_containers/bitset/to_ulong/1.cc execution test
FAIL: 23_containers/deque/capacity/29134-2.cc execution test
FAIL: 23_containers/deque/cons/2.cc execution test
FAIL: 23_containers/deque/requirements/exception/basic.cc execution test
FAIL: 23_containers/deque/requirements/exception/propagation_consistent.cc execution test
FAIL: 23_containers/forward_list/requirements/exception/basic.cc execution test
FAIL: 23_containers/forward_list/requirements/exception/propagation_consistent.cc execution test
FAIL: 23_containers/list/modifiers/3.cc execution test
FAIL: 23_containers/list/requirements/exception/basic.cc execution test
FAIL: 23_containers/list/requirements/exception/propagation_consistent.cc execution test
FAIL: 23_containers/map/element_access/1.cc execution test
FAIL: 23_containers/map/requirements/exception/basic.cc execution test
FAIL: 23_containers/map/requirements/exception/propagation_consistent.cc execution test
FAIL: 23_containers/multimap/requirements/exception/basic.cc execution test
FAIL: 23_containers/multimap/requirements/exception/propagation_consistent.cc execution test
FAIL: 23_containers/multiset/requirements/exception/basic.cc execution test
FAIL: 23_containers/multiset/requirements/exception/propagation_consistent.cc execution test
FAIL: 23_containers/set/requirements/exception/basic.cc execution test
FAIL: 23_containers/set/requirements/exception/propagation_consistent.cc execution test
FAIL: 23_containers/unordered_map/dr761.cc execution test
FAIL: 23_containers/unordered_map/requirements/exception/basic.cc execution test
FAIL: 23_containers/unordered_map/requirements/exception/propagation_consistent.cc execution test
FAIL: 23_containers/unordered_multimap/requirements/exception/basic.cc execution test
FAIL: 23_containers/unordered_multimap/requirements/exception/propagation_consistent.cc execution test
FAIL: 23_containers/unordered_multiset/insert/hash_policy.cc execution test
FAIL: 23_containers/unordered_multiset/requirements/exception/basic.cc execution test
FAIL: 23_containers/unordered_multiset/requirements/exception/propagation_consistent.cc execution test
FAIL: 23_containers/unordered_set/insert/hash_policy.cc execution test
FAIL: 23_containers/unordered_set/max_load_factor/robustness.cc execution test
FAIL: 23_containers/unordered_set/requirements/exception/basic.cc execution test
FAIL: 23_containers/unordered_set/requirements/exception/propagation_consistent.cc execution test
FAIL: 23_containers/vector/bool/modifiers/insert/31370.cc execution test
FAIL: 23_containers/vector/capacity/2.cc execution test
FAIL: 23_containers/vector/capacity/29134-2.cc execution test
FAIL: 23_containers/vector/capacity/8230.cc execution test
FAIL: 23_containers/vector/capacity/resize/1.cc execution test
FAIL: 23_containers/vector/cons/4.cc execution test
FAIL: 23_containers/vector/element_access/1.cc execution test
FAIL: 23_containers/vector/ext_pointer/modifiers/element.cc execution test
FAIL: 23_containers/vector/ext_pointer/modifiers/insert.cc execution test
FAIL: 23_containers/vector/modifiers/insert/1.cc execution test
FAIL: 23_containers/vector/modifiers/push_back/strong_guarantee.cc execution test
FAIL: 23_containers/vector/requirements/exception/basic.cc execution test
FAIL: 23_containers/vector/requirements/exception/propagation_consistent.cc execution test
FAIL: 25_algorithms/stable_partition/mem_check.cc execution test
FAIL: 25_algorithms/stable_sort/mem_check.cc execution test
FAIL: 27_io/basic_filebuf/cons/wchar_t/10132-1.cc execution test
FAIL: 27_io/basic_filebuf/overflow/char/13858.cc execution test
FAIL: 27_io/basic_filebuf/overflow/char/9182-2.cc execution test
FAIL: 27_io/basic_filebuf/overflow/wchar_t/13858.cc execution test
FAIL: 27_io/basic_filebuf/seekoff/wchar_t/3.cc execution test
FAIL: 27_io/basic_filebuf/seekpos/wchar_t/1.cc execution test
FAIL: 27_io/basic_filebuf/sync/char/9182-1.cc execution test
FAIL: 27_io/basic_filebuf/underflow/wchar_t/11544-1.cc execution test
FAIL: 27_io/basic_filebuf/underflow/wchar_t/11544-2.cc execution test
FAIL: 27_io/basic_filebuf/underflow/wchar_t/11603.cc execution test
FAIL: 27_io/basic_ios/copyfmt/char/1.cc execution test
FAIL: 27_io/basic_ios/exceptions/char/1.cc execution test
FAIL: 27_io/basic_ios/exceptions/char/2.cc execution test
FAIL: 27_io/basic_ios/imbue/14072.cc execution test
FAIL: 27_io/basic_istream/exceptions/char/9561.cc execution test
FAIL: 27_io/basic_istream/exceptions/wchar_t/9561.cc execution test
FAIL: 27_io/basic_istream/extractors_arithmetic/char/exceptions_badbit_throw.cc execution test
FAIL: 27_io/basic_istream/extractors_arithmetic/char/exceptions_failbit.cc execution test
FAIL: 27_io/basic_istream/extractors_arithmetic/char/exceptions_failbit_throw.cc execution test
FAIL: 27_io/basic_istream/extractors_arithmetic/pod/3983-1.cc execution test
FAIL: 27_io/basic_istream/extractors_arithmetic/wchar_t/exceptions_badbit_throw.cc execution test
FAIL: 27_io/basic_istream/extractors_arithmetic/wchar_t/exceptions_failbit.cc execution test
FAIL: 27_io/basic_istream/extractors_arithmetic/wchar_t/exceptions_failbit_throw.cc execution test
FAIL: 27_io/basic_istream/extractors_character/pod/3983-2.cc execution test
FAIL: 27_io/basic_istream/extractors_other/char/error_failbit.cc execution test
FAIL: 27_io/basic_istream/extractors_other/char/exceptions_badbit_throw.cc execution test
FAIL: 27_io/basic_istream/extractors_other/char/exceptions_failbit_throw.cc execution test
FAIL: 27_io/basic_istream/extractors_other/char/exceptions_null.cc execution test
FAIL: 27_io/basic_istream/extractors_other/pod/3983-3.cc execution test
FAIL: 27_io/basic_istream/extractors_other/wchar_t/error_failbit.cc execution test
FAIL: 27_io/basic_istream/extractors_other/wchar_t/exceptions_badbit_throw.cc execution test
FAIL: 27_io/basic_istream/extractors_other/wchar_t/exceptions_failbit_throw.cc execution test
FAIL: 27_io/basic_istream/extractors_other/wchar_t/exceptions_null.cc execution test
FAIL: 27_io/basic_istream/seekg/char/exceptions_badbit_throw.cc execution test
FAIL: 27_io/basic_istream/seekg/wchar_t/exceptions_badbit_throw.cc execution test
FAIL: 27_io/basic_istream/sentry/char/12297.cc execution test
FAIL: 27_io/basic_istream/sentry/pod/1.cc execution test
FAIL: 27_io/basic_istream/sentry/wchar_t/12297.cc execution test
FAIL: 27_io/basic_istream/tellg/char/exceptions_badbit_throw.cc execution test
FAIL: 27_io/basic_istream/tellg/wchar_t/exceptions_badbit_throw.cc execution test
FAIL: 27_io/basic_ostream/exceptions/char/9561.cc execution test
FAIL: 27_io/basic_ostream/exceptions/wchar_t/9561.cc execution test
FAIL: 27_io/basic_ostream/flush/char/exceptions_badbit_throw.cc execution test
FAIL: 27_io/basic_ostream/flush/wchar_t/exceptions_badbit_throw.cc execution test
FAIL: 27_io/basic_ostream/inserters_arithmetic/char/9555-oa.cc execution test
FAIL: 27_io/basic_ostream/inserters_arithmetic/char/exceptions_badbit_throw.cc execution test
FAIL: 27_io/basic_ostream/inserters_arithmetic/char/exceptions_failbit_throw.cc execution test
FAIL: 27_io/basic_ostream/inserters_arithmetic/pod/23875.cc execution test
FAIL: 27_io/basic_ostream/inserters_arithmetic/wchar_t/9555-oa.cc execution test
FAIL: 27_io/basic_ostream/inserters_arithmetic/wchar_t/exceptions_badbit_throw.cc execution test
FAIL: 27_io/basic_ostream/inserters_arithmetic/wchar_t/exceptions_failbit_throw.cc execution test
FAIL: 27_io/basic_ostream/inserters_character/char/9555-oc.cc execution test
FAIL: 27_io/basic_ostream/inserters_character/wchar_t/9555-oc.cc execution test
FAIL: 27_io/basic_ostream/inserters_other/char/5.cc execution test
FAIL: 27_io/basic_ostream/inserters_other/char/error_failbit.cc execution test
FAIL: 27_io/basic_ostream/inserters_other/char/exceptions_badbit_throw.cc execution test
FAIL: 27_io/basic_ostream/inserters_other/char/exceptions_failbit_throw.cc execution test
FAIL: 27_io/basic_ostream/inserters_other/char/exceptions_null.cc execution test
FAIL: 27_io/basic_ostream/inserters_other/wchar_t/5.cc execution test
FAIL: 27_io/basic_ostream/inserters_other/wchar_t/error_failbit.cc execution test
FAIL: 27_io/basic_ostream/inserters_other/wchar_t/exceptions_badbit_throw.cc execution test
FAIL: 27_io/basic_ostream/inserters_other/wchar_t/exceptions_failbit_throw.cc execution test
FAIL: 27_io/basic_ostream/inserters_other/wchar_t/exceptions_null.cc execution test
FAIL: 27_io/basic_ostream/put/char/1.cc execution test
FAIL: 27_io/basic_ostream/put/wchar_t/1.cc execution test
FAIL: 27_io/basic_ostream/seekp/char/exceptions_badbit_throw.cc execution test
FAIL: 27_io/basic_ostream/seekp/wchar_t/exceptions_badbit_throw.cc execution test
FAIL: 27_io/basic_ostream/tellp/char/exceptions_badbit_throw.cc execution test
FAIL: 27_io/basic_ostream/tellp/wchar_t/exceptions_badbit_throw.cc execution test
FAIL: 27_io/basic_ostream/write/char/1.cc execution test
FAIL: 27_io/basic_ostream/write/wchar_t/1.cc execution test
FAIL: 27_io/ios_base/failure/cons_virtual_derivation.cc execution test
FAIL: 27_io/ios_base/failure/what-2.cc execution test
FAIL: 27_io/ios_base/storage/11584.cc execution test
FAIL: 27_io/ios_base/storage/2.cc execution test
FAIL: 27_io/objects/char/6.cc execution test
FAIL: 27_io/objects/wchar_t/6.cc execution test
FAIL: 28_regex/algorithms/regex_match/basic/empty_range.cc execution test
FAIL: 28_regex/algorithms/regex_match/cstring_bracket_01.cc execution test
FAIL: 28_regex/algorithms/regex_match/ecma/char/61601.cc execution test
FAIL: 28_regex/algorithms/regex_match/ecma/char/backref.cc execution test
FAIL: 28_regex/algorithms/regex_match/ecma/char/hex.cc execution test
FAIL: 28_regex/basic_regex/assign/char/string.cc execution test
FAIL: 28_regex/basic_regex/ctors/basic/string_range_01_02_03.cc execution test
FAIL: 28_regex/basic_regex/ctors/extended/string_range_01_02_03.cc execution test
FAIL: 28_regex/regex_error/regex_error.cc execution test
FAIL: experimental/any/misc/any_cast.cc execution test
FAIL: experimental/any/misc/any_cast_no_rtti.cc execution test
FAIL: experimental/optional/assignment/1.cc execution test
FAIL: experimental/optional/assignment/2.cc execution test
FAIL: experimental/optional/assignment/3.cc execution test
FAIL: experimental/optional/assignment/4.cc execution test
FAIL: experimental/optional/cons/copy.cc execution test
FAIL: experimental/optional/cons/move.cc execution test
FAIL: experimental/optional/cons/value.cc execution test
FAIL: experimental/optional/observers/3.cc execution test
FAIL: experimental/string_view/element_access/char/1.cc execution test
FAIL: experimental/string_view/element_access/wchar_t/1.cc execution test
FAIL: experimental/string_view/operations/substr/char/1.cc execution test
FAIL: experimental/string_view/operations/substr/wchar_t/1.cc execution test
FAIL: ext/array_allocator/check_allocate_max_size.cc execution test
FAIL: ext/bitmap_allocator/check_allocate_max_size.cc execution test
FAIL: ext/concurrence_lock_error/cons_virtual_derivation.cc execution test
FAIL: ext/concurrence_unlock_error/cons_virtual_derivation.cc execution test
FAIL: ext/debug_allocator/check_deallocate_null.cc execution test
FAIL: ext/malloc_allocator/check_allocate_max_size.cc execution test
FAIL: ext/mt_allocator/check_allocate_max_size.cc execution test
FAIL: ext/new_allocator/check_allocate_max_size.cc execution test
FAIL: ext/pb_ds/example/hash_illegal_resize.cc execution test
FAIL: ext/pb_ds/example/tree_join.cc execution test
FAIL: ext/pool_allocator/allocate_chunk.cc execution test
FAIL: ext/pool_allocator/check_allocate_max_size.cc execution test
FAIL: ext/vstring/requirements/exception/propagation_consistent.cc execution test
FAIL: tr1/2_general_utilities/enable_shared_from_this/not_shared.cc execution test
FAIL: tr1/2_general_utilities/enable_shared_from_this/not_shared2.cc execution test
FAIL: tr1/2_general_utilities/enable_shared_from_this/not_shared3.cc execution test
FAIL: tr1/2_general_utilities/shared_ptr/cons/weak_ptr_expired.cc execution test
FAIL: tr1/3_function_objects/function/1.cc execution test
FAIL: tr1/3_function_objects/function/63840.cc execution test
FAIL: tr1/6_containers/array/element_access/at_out_of_range.cc execution test
FAIL: tr1/8_c_compatibility/complex/50880.cc (test for excess errors)
UNRESOLVED: tr1/8_c_compatibility/complex/50880.cc compilation failed to produce executable
FAIL: tr1/8_c_compatibility/complex/functions.cc (test for excess errors)
=== libstdc++ Summary ===
# of expected passes 8713
# of unexpected failures 212
# of expected failures 66
# of unresolved testcases 1
# of unsupported tests 1042
Compiler version: 6.0.0 20150925 (experimental) [trunk revision 228109] (GCC)
Platform: hppa2.0w-hp-hpux11.11
configure flags:Test Run By dave on Sat Sep 26 00:34:33 EDT 2015