This is the mail archive of the gcc-testresults@gcc.gnu.org mailing list for the GCC project.


Index Nav: [Date Index] [Subject Index] [Author Index] [Thread Index]
Message Nav: [Date Prev] [Date Next] [Thread Prev] [Thread Next]
Other format: [Raw text]

Results for 6.0.0 20150925 (experimental) [trunk revision 228112] (GCC) testsuite on sparc-sun-solaris2.11


LAST_UPDATED: Fri Sep 25 11:00:48 UTC 2015 (revision 228112)

		=== acats tests ===

		=== acats Summary ===
# of expected passes		2320
# of unexpected failures	0
Native configuration is sparc-sun-solaris2.11

		=== g++ tests ===


Running target unix
FAIL: g++.dg/tree-ssa/pr61034.C  -std=gnu++11  scan-tree-dump-times fre2 "free" 10
FAIL: g++.dg/tree-ssa/pr61034.C  -std=gnu++14  scan-tree-dump-times fre2 "free" 10
FAIL: g++.dg/tree-ssa/pr61034.C  -std=gnu++98  scan-tree-dump-times fre2 "free" 10

		=== g++ Summary for unix ===

# of expected passes		83473
# of unexpected failures	3
# of expected failures		288
# of unsupported tests		3646

Running target unix/-m64
FAIL: g++.dg/tree-ssa/pr61034.C  -std=gnu++11  scan-tree-dump-times fre2 "free" 10
FAIL: g++.dg/tree-ssa/pr61034.C  -std=gnu++14  scan-tree-dump-times fre2 "free" 10
FAIL: g++.dg/tree-ssa/pr61034.C  -std=gnu++98  scan-tree-dump-times fre2 "free" 10

		=== g++ Summary for unix/-m64 ===

# of expected passes		85345
# of unexpected failures	3
# of expected failures		288
# of unsupported tests		3623

		=== g++ Summary ===

# of expected passes		168818
# of unexpected failures	6
# of expected failures		576
# of unsupported tests		7269
/var/gcc/regression/trunk/11-gcc/build/gcc/testsuite/g++/../../xg++  version 6.0.0 20150925 (experimental) [trunk revision 228112] (GCC) 

		=== gcc tests ===


Running target unix
FAIL: gcc.c-torture/execute/20071216-1.c   -O1  execution test
FAIL: gcc.c-torture/execute/20071216-1.c   -Os  execution test
FAIL: gcc.dg/debug/dwarf2/stacked-qualified-types-3.c scan-assembler-times DIE \\\\([^\\n]*\\\\) DW_TAG_(?:const|volatile|atomic|restrict)_type 8
FAIL: gcc.dg/unroll-2.c  (test for warnings, line 24)
FAIL: gcc.dg/visibility-22.c execution test
FAIL: gcc.dg/simulate-thread/atomic-other-int.c   -O2 -g  thread simulation test
FAIL: gcc.dg/simulate-thread/atomic-other-int.c   -O3 -g  thread simulation test
FAIL: gcc.dg/simulate-thread/speculative-store-4.c   -O0 -g  thread simulation test
FAIL: gcc.dg/simulate-thread/speculative-store-4.c   -O2 -g  thread simulation test
FAIL: gcc.dg/simulate-thread/speculative-store-4.c   -O3 -g  thread simulation test
FAIL: gcc.dg/simulate-thread/speculative-store.c   -O0 -g  thread simulation test
FAIL: gcc.dg/vect/pr20122.c -flto -ffat-lto-objects  scan-tree-dump-times vect "Alignment of access forced using versioning" 2
FAIL: gcc.dg/vect/pr20122.c scan-tree-dump-times vect "Alignment of access forced using versioning" 2

		=== gcc Summary for unix ===

# of expected passes		82425
# of unexpected failures	13
# of expected failures		340
# of unsupported tests		1990

Running target unix/-m64
FAIL: gcc.dg/debug/dwarf2/stacked-qualified-types-3.c scan-assembler-times DIE \\\\([^\\n]*\\\\) DW_TAG_(?:const|volatile|atomic|restrict)_type 8
FAIL: gcc.dg/unroll-2.c  (test for warnings, line 24)
FAIL: gcc.dg/visibility-22.c execution test
FAIL: gcc.dg/vect/pr20122.c -flto -ffat-lto-objects  scan-tree-dump-times vect "Alignment of access forced using versioning" 2
FAIL: gcc.dg/vect/pr20122.c scan-tree-dump-times vect "Alignment of access forced using versioning" 2

		=== gcc Summary for unix/-m64 ===

# of expected passes		83228
# of unexpected failures	5
# of expected failures		327
# of unsupported tests		1917

		=== gcc Summary ===

# of expected passes		165653
# of unexpected failures	18
# of expected failures		667
# of unsupported tests		3907
/var/gcc/regression/trunk/11-gcc/build/gcc/xgcc  version 6.0.0 20150925 (experimental) [trunk revision 228112] (GCC) 

		=== gfortran tests ===


Running target unix
FAIL: gfortran.dg/do_iterator.f90   -O  changing do-iterator 3 (test for errors, line 10)
FAIL: gfortran.dg/do_iterator.f90   -O  changing do-iterator 3 (test for errors, line 9)
XPASS: gfortran.dg/graphite/pr14741.f90   -O   scan-tree-dump-times graphite "number of SCoPs: 1" 1

		=== gfortran Summary for unix ===

# of expected passes		40385
# of unexpected failures	2
# of unexpected successes	1
# of expected failures		76
# of unsupported tests		225

Running target unix/-m64
FAIL: gfortran.dg/do_iterator.f90   -O  changing do-iterator 3 (test for errors, line 10)
FAIL: gfortran.dg/do_iterator.f90   -O  changing do-iterator 3 (test for errors, line 9)
XPASS: gfortran.dg/graphite/pr14741.f90   -O   scan-tree-dump-times graphite "number of SCoPs: 1" 1

		=== gfortran Summary for unix/-m64 ===

# of expected passes		40632
# of unexpected failures	2
# of unexpected successes	1
# of expected failures		76
# of unsupported tests		104

		=== gfortran Summary ===

# of expected passes		81017
# of unexpected failures	4
# of unexpected successes	2
# of expected failures		152
# of unsupported tests		329
/var/gcc/regression/trunk/11-gcc/build/gcc/testsuite/gfortran/../../gfortran  version 6.0.0 20150925 (experimental) [trunk revision 228112] (GCC) 

		=== gnat tests ===


Running target unix

		=== gnat Summary for unix ===

# of expected passes		1366
# of expected failures		21
# of unsupported tests		18

Running target unix/-m64

		=== gnat Summary for unix/-m64 ===

# of expected passes		1366
# of expected failures		21
# of unsupported tests		18

		=== gnat Summary ===

# of expected passes		2732
# of expected failures		42
# of unsupported tests		36
/var/gcc/regression/trunk/11-gcc/build/gcc/gnatmake version 6.0.0 20150925 (experimental) [trunk revision 228112]

		=== go tests ===


Running target unix

		=== go Summary for unix ===

# of expected passes		7360
# of expected failures		1
# of untested testcases		11
# of unsupported tests		3

Running target unix/-m64

		=== go Summary for unix/-m64 ===

# of expected passes		7240
# of expected failures		1
# of untested testcases		11
# of unsupported tests		3

		=== go Summary ===

# of expected passes		14600
# of expected failures		2
# of untested testcases		22
# of unsupported tests		6
		=== obj-c++ tests ===


Running target unix

		=== obj-c++ Summary for unix ===

# of expected passes		1439
# of expected failures		2
# of unsupported tests		77

Running target unix/-m64

		=== obj-c++ Summary for unix/-m64 ===

# of expected passes		1431
# of expected failures		10
# of unsupported tests		77

		=== obj-c++ Summary ===

# of expected passes		2870
# of expected failures		12
# of unsupported tests		154
/var/gcc/regression/trunk/11-gcc/build/gcc/testsuite/obj-c++/../../xg++  version 6.0.0 20150925 (experimental) [trunk revision 228112] (GCC) 

		=== objc tests ===


Running target unix

		=== objc Summary for unix ===

# of expected passes		2772
# of unsupported tests		68

Running target unix/-m64

		=== objc Summary for unix/-m64 ===

# of expected passes		2772
# of unsupported tests		68

		=== objc Summary ===

# of expected passes		5544
# of unsupported tests		136
/var/gcc/regression/trunk/11-gcc/build/gcc/xgcc  version 6.0.0 20150925 (experimental) [trunk revision 228112] (GCC) 

		=== boehm-gc tests ===


Running target unix

		=== boehm-gc Summary for unix ===

# of expected passes		12
# of unsupported tests		1

Running target unix/-m64

		=== boehm-gc Summary for unix/-m64 ===

# of expected passes		12
# of unsupported tests		1

		=== boehm-gc Summary ===

# of expected passes		24
# of unsupported tests		2
		=== libatomic tests ===


Running target unix

		=== libatomic Summary for unix ===

# of expected passes		44
# of unsupported tests		5

Running target unix/-m64

		=== libatomic Summary for unix/-m64 ===

# of expected passes		54

		=== libatomic Summary ===

# of expected passes		98
# of unsupported tests		5
		=== libffi tests ===


Running target unix

		=== libffi Summary for unix ===

# of expected passes		1914
# of unsupported tests		30

Running target unix/-m64

		=== libffi Summary for unix/-m64 ===

# of expected passes		1914
# of unsupported tests		30

		=== libffi Summary ===

# of expected passes		3828
# of unsupported tests		60
		=== libgo tests ===


Running target unix
FAIL: reflect

		=== libgo Summary for unix ===

# of expected passes		123
# of unexpected failures	1

Running target unix/-m64
FAIL: runtime

		=== libgo Summary for unix/-m64 ===

# of expected passes		123
# of unexpected failures	1

		=== libgo Summary ===

# of expected passes		246
# of unexpected failures	2
/var/gcc/regression/trunk/11-gcc/build/./gcc/gccgo version 6.0.0 20150925 (experimental) [trunk revision 228112] (GCC)

		=== libgomp tests ===


Running target unix

		=== libgomp Summary for unix ===

# of expected passes		4081
# of expected failures		4
# of unsupported tests		241

Running target unix/-m64

		=== libgomp Summary for unix/-m64 ===

# of expected passes		4081
# of expected failures		4
# of unsupported tests		241

		=== libgomp Summary ===

# of expected passes		8162
# of expected failures		8
# of unsupported tests		482
		=== libitm tests ===


Running target unix

		=== libitm Summary for unix ===

# of expected passes		26
# of expected failures		3
# of unsupported tests		1

Running target unix/-m64

		=== libitm Summary for unix/-m64 ===

# of expected passes		26
# of expected failures		3
# of unsupported tests		1

		=== libitm Summary ===

# of expected passes		52
# of expected failures		6
# of unsupported tests		2
		=== libjava tests ===


Running target unix

		=== libjava Summary for unix ===

# of expected passes		2582
# of expected failures		4

Running target unix/-m64

		=== libjava Summary for unix/-m64 ===

# of expected passes		2582
# of expected failures		4

		=== libjava Summary ===

# of expected passes		5164
# of expected failures		8
		=== libstdc++ tests ===


Running target unix
FAIL: libstdc++-abi/abi_check
FAIL: experimental/filesystem/iterators/recursive_directory_iterator.cc execution test

		=== libstdc++ Summary for unix ===

# of expected passes		9775
# of unexpected failures	2
# of expected failures		67
# of unsupported tests		620

Running target unix/-m64
FAIL: libstdc++-abi/abi_check

		=== libstdc++ Summary for unix/-m64 ===

# of expected passes		9776
# of unexpected failures	1
# of expected failures		67
# of unsupported tests		620

		=== libstdc++ Summary ===

# of expected passes		19551
# of unexpected failures	3
# of expected failures		134
# of unsupported tests		1240

Compiler version: 6.0.0 20150925 (experimental) [trunk revision 228112] (GCC) 
Platform: sparc-sun-solaris2.11
configure flags: --prefix=/vol/gcc --target=sparc-sun-solaris2.11 --enable-objc-gc --enable-libmudflap --with-as=/usr/ccs/bin/as --without-gnu-as --with-gmp-include=/vol/gcc/include --with-gmp-lib=/vol/gcc/lib --with-mpfr-include=/vol/gcc/include --with-mpfr-lib=/vol/gcc/lib --with-mpc-include=/vol/gcc/include --with-mpc-lib=/vol/gcc/lib --enable-languages=all,ada,obj-c++,go --with-isl-include=/vol/gcc/include --with-isl-lib=/vol/gcc/lib --with-cloog-include=/vol/gcc/include --with-cloog-lib=/vol/gcc/lib --enable-cloog-backend=isl
BOOT_CFLAGS=-g -O2


Index Nav: [Date Index] [Subject Index] [Author Index] [Thread Index]
Message Nav: [Date Prev] [Date Next] [Thread Prev] [Thread Next]