This is the mail archive of the
gcc-testresults@gcc.gnu.org
mailing list for the GCC project.
Results for 6.0.0 20150913 (experimental) (GCC) testsuite on arm-none-linux-gnueabi
- From: CodeSourcery Automatic Testing System <gcc at codesourcery dot com>
- To: <gcc-testresults at gcc dot gnu dot org>
- Date: Mon, 14 Sep 2015 04:03:38 -0700
- Subject: Results for 6.0.0 20150913 (experimental) (GCC) testsuite on arm-none-linux-gnueabi
- Authentication-results: sourceware.org; auth=none
LAST_UPDATED: Sun Sep 13 07:10:07 UTC 2015 (/trunk revision 227715)
Target is arm-none-linux-gnueabi
Host is i686-pc-linux-gnu
=== g++ tests ===
Running target qemu-wheezy
FAIL: c-c++-common/asan/heap-overflow-1.c -O1 output pattern test, is =================================================================
FAIL: c-c++-common/asan/strncpy-overflow-1.c -O1 output pattern test, is =================================================================
FAIL: c-c++-common/asan/use-after-free-1.c -O1 output pattern test, is =================================================================
FAIL: g++.dg/tree-ssa/pr61034.C -std=gnu++98 scan-tree-dump-times fre2 "free" 10
FAIL: g++.dg/tree-ssa/pr61034.C -std=gnu++11 scan-tree-dump-times fre2 "free" 10
FAIL: g++.dg/tree-ssa/pr61034.C -std=gnu++14 scan-tree-dump-times fre2 "free" 10
FAIL: g++.dg/lto/pr65276 cp_lto_pr65276_0.o-cp_lto_pr65276_1.o link, -flto -O0 -std=c++11
UNRESOLVED: g++.dg/lto/pr65276 cp_lto_pr65276_0.o-cp_lto_pr65276_1.o execute -flto -O0 -std=c++11
FAIL: c-c++-common/ubsan/object-size-1.c -O2 output pattern test, is [1mc-c++-common/ubsan/object-size-1.c:16:15:[1m[31m runtime error: [1m[0m[1mload of address 0x00df6f24 with insufficient space for an object of type 'char'[1m[0m
FAIL: c-c++-common/ubsan/object-size-1.c -O2 -flto -fno-use-linker-plugin -flto-partition=none output pattern test, is [1mc-c++-common/ubsan/object-size-1.c:16:15:[1m[31m runtime error: [1m[0m[1mload of address 0x0091cf24 with insufficient space for an object of type 'char'[1m[0m
FAIL: c-c++-common/ubsan/object-size-1.c -O2 -flto -fuse-linker-plugin -fno-fat-lto-objects output pattern test, is [1mc-c++-common/ubsan/object-size-1.c:16:15:[1m[31m runtime error: [1m[0m[1mload of address 0x017e5f24 with insufficient space for an object of type 'char'[1m[0m
FAIL: c-c++-common/ubsan/object-size-10.c -O2 output pattern test, is [1mc-c++-common/ubsan/object-size-10.c:19:19:[1m[31m runtime error: [1m[0m[1mindex 128 out of bounds for type 'char [128]'[1m[0m
FAIL: c-c++-common/ubsan/object-size-10.c -O2 -flto -fno-use-linker-plugin -flto-partition=none output pattern test, is [1mc-c++-common/ubsan/object-size-10.c:19:19:[1m[31m runtime error: [1m[0m[1mindex 128 out of bounds for type 'char [128]'[1m[0m
FAIL: c-c++-common/ubsan/object-size-10.c -O2 -flto -fuse-linker-plugin -fno-fat-lto-objects output pattern test, is [1mc-c++-common/ubsan/object-size-10.c:19:19:[1m[31m runtime error: [1m[0m[1mindex 128 out of bounds for type 'char [128]'[1m[0m
FAIL: c-c++-common/ubsan/object-size-4.c -O2 output pattern test, is [1mc-c++-common/ubsan/object-size-4.c:16:13:[1m[31m runtime error: [1m[0m[1mload of address 0x00267f18 with insufficient space for an object of type 'int'[1m[0m
FAIL: c-c++-common/ubsan/object-size-4.c -O2 -flto -fno-use-linker-plugin -flto-partition=none output pattern test, is [1mc-c++-common/ubsan/object-size-4.c:16:13:[1m[31m runtime error: [1m[0m[1mload of address 0x01a71f18 with insufficient space for an object of type 'int'[1m[0m
FAIL: c-c++-common/ubsan/object-size-4.c -O2 -flto -fuse-linker-plugin -fno-fat-lto-objects output pattern test, is [1mc-c++-common/ubsan/object-size-4.c:16:13:[1m[31m runtime error: [1m[0m[1mload of address 0x00dc6f18 with insufficient space for an object of type 'int'[1m[0m
FAIL: c-c++-common/ubsan/object-size-5.c -O2 output pattern test, is [1mc-c++-common/ubsan/object-size-5.c:18:12:[1m[31m runtime error: [1m[0m[1mload of address 0x0147bf24 with insufficient space for an object of type 'char'[1m[0m
FAIL: c-c++-common/ubsan/object-size-5.c -O2 -flto -fno-use-linker-plugin -flto-partition=none output pattern test, is [1mc-c++-common/ubsan/object-size-5.c:18:12:[1m[31m runtime error: [1m[0m[1mload of address 0x00b44f24 with insufficient space for an object of type 'char'[1m[0m
FAIL: c-c++-common/ubsan/object-size-5.c -O2 -flto -fuse-linker-plugin -fno-fat-lto-objects output pattern test, is [1mc-c++-common/ubsan/object-size-5.c:18:12:[1m[31m runtime error: [1m[0m[1mload of address 0x00dc4f24 with insufficient space for an object of type 'char'[1m[0m
FAIL: c-c++-common/ubsan/object-size-7.c -O2 output pattern test, is [1mc-c++-common/ubsan/object-size-7.c:15:11:[1m[31m runtime error: [1m[0m[1mload of address 0xbee089f8 with insufficient space for an object of type 'const struct S'[1m[0m
FAIL: c-c++-common/ubsan/object-size-7.c -O2 -flto -fno-use-linker-plugin -flto-partition=none output pattern test, is [1mc-c++-common/ubsan/object-size-7.c:15:11:[1m[31m runtime error: [1m[0m[1mload of address 0xbecc49f8 with insufficient space for an object of type 'const struct S'[1m[0m
FAIL: c-c++-common/ubsan/object-size-7.c -O2 -flto -fuse-linker-plugin -fno-fat-lto-objects output pattern test, is [1mc-c++-common/ubsan/object-size-7.c:15:11:[1m[31m runtime error: [1m[0m[1mload of address 0xbebdd9f8 with insufficient space for an object of type 'const struct S'[1m[0m
FAIL: c-c++-common/ubsan/object-size-8.c -O2 output pattern test, is [1mc-c++-common/ubsan/object-size-8.c:12:13:[1m[31m runtime error: [1m[0m[1mload of address 0x0087cf14 with insufficient space for an object of type 'int'[1m[0m
FAIL: c-c++-common/ubsan/object-size-8.c -O2 -flto -fno-use-linker-plugin -flto-partition=none output pattern test, is [1mc-c++-common/ubsan/object-size-8.c:12:13:[1m[31m runtime error: [1m[0m[1mload of address 0x0067af14 with insufficient space for an object of type 'int'[1m[0m
FAIL: c-c++-common/ubsan/object-size-8.c -O2 -flto -fuse-linker-plugin -fno-fat-lto-objects output pattern test, is [1mc-c++-common/ubsan/object-size-8.c:12:13:[1m[31m runtime error: [1m[0m[1mload of address 0x006baf14 with insufficient space for an object of type 'int'[1m[0m
FAIL: c-c++-common/ubsan/object-size-9.c -O2 output pattern test, is [1mc-c++-common/ubsan/object-size-9.c:21:11:[1m[31m runtime error: [1m[0m[1mload of address 0xbeabb9e8 with insufficient space for an object of type 'char'[1m[0m
FAIL: c-c++-common/ubsan/object-size-9.c -O2 -flto -fno-use-linker-plugin -flto-partition=none output pattern test, is [1mc-c++-common/ubsan/object-size-9.c:21:11:[1m[31m runtime error: [1m[0m[1mload of address 0xbe9229e8 with insufficient space for an object of type 'char'[1m[0m
FAIL: c-c++-common/ubsan/object-size-9.c -O2 -flto -fuse-linker-plugin -fno-fat-lto-objects output pattern test, is [1mc-c++-common/ubsan/object-size-9.c:21:11:[1m[31m runtime error: [1m[0m[1mload of address 0xbeece9f0 with insufficient space for an object of type 'char'[1m[0m
FAIL: g++.dg/ubsan/null-1.C -O0 output pattern test, is [1mg++.dg/ubsan/null-1.C:12:13:[1m[31m runtime error: [1m[0m[1mreference binding to null pointer of type 'int'[1m[0m
FAIL: g++.dg/ubsan/null-1.C -O1 output pattern test, is [1mg++.dg/ubsan/null-1.C:12:13:[1m[31m runtime error: [1m[0m[1mreference binding to null pointer of type 'int'[1m[0m
FAIL: g++.dg/ubsan/null-1.C -O2 output pattern test, is [1mg++.dg/ubsan/null-1.C:12:13:[1m[31m runtime error: [1m[0m[1mreference binding to null pointer of type 'int'[1m[0m
FAIL: g++.dg/ubsan/null-1.C -O3 -g output pattern test, is [1mg++.dg/ubsan/null-1.C:12:13:[1m[31m runtime error: [1m[0m[1mreference binding to null pointer of type 'int'[1m[0m
FAIL: g++.dg/ubsan/null-1.C -Os output pattern test, is [1mg++.dg/ubsan/null-1.C:12:13:[1m[31m runtime error: [1m[0m[1mreference binding to null pointer of type 'int'[1m[0m
FAIL: g++.dg/ubsan/null-1.C -O2 -flto -fno-use-linker-plugin -flto-partition=none output pattern test, is [1mg++.dg/ubsan/null-1.C:12:13:[1m[31m runtime error: [1m[0m[1mreference binding to null pointer of type 'int'[1m[0m
FAIL: g++.dg/ubsan/null-1.C -O2 -flto -fuse-linker-plugin -fno-fat-lto-objects output pattern test, is [1mg++.dg/ubsan/null-1.C:12:13:[1m[31m runtime error: [1m[0m[1mreference binding to null pointer of type 'int'[1m[0m
FAIL: g++.dg/ubsan/null-3.C -O0 output pattern test, is [1mg++.dg/ubsan/null-3.C:9:14:[1m[31m runtime error: [1m[0m[1mreference binding to null pointer of type 'int'[1m[0m
FAIL: g++.dg/ubsan/null-3.C -O1 output pattern test, is [1mg++.dg/ubsan/null-3.C:9:14:[1m[31m runtime error: [1m[0m[1mreference binding to null pointer of type 'int'[1m[0m
FAIL: g++.dg/ubsan/null-3.C -O2 output pattern test, is [1mg++.dg/ubsan/null-3.C:9:14:[1m[31m runtime error: [1m[0m[1mreference binding to null pointer of type 'int'[1m[0m
FAIL: g++.dg/ubsan/null-3.C -O3 -g output pattern test, is [1mg++.dg/ubsan/null-3.C:9:14:[1m[31m runtime error: [1m[0m[1mreference binding to null pointer of type 'int'[1m[0m
FAIL: g++.dg/ubsan/null-3.C -Os output pattern test, is [1mg++.dg/ubsan/null-3.C:9:14:[1m[31m runtime error: [1m[0m[1mreference binding to null pointer of type 'int'[1m[0m
FAIL: g++.dg/ubsan/null-3.C -O2 -flto -fno-use-linker-plugin -flto-partition=none output pattern test, is [1mg++.dg/ubsan/null-3.C:9:14:[1m[31m runtime error: [1m[0m[1mreference binding to null pointer of type 'int'[1m[0m
FAIL: g++.dg/ubsan/null-3.C -O2 -flto -fuse-linker-plugin -fno-fat-lto-objects output pattern test, is [1mg++.dg/ubsan/null-3.C:9:14:[1m[31m runtime error: [1m[0m[1mreference binding to null pointer of type 'int'[1m[0m
FAIL: g++.dg/ubsan/static-init-2.C -O0 output pattern test, is [1mg++.dg/ubsan/static-init-2.C:9:20:[1m[31m runtime error: [1m[0m[1mreference binding to null pointer of type 'int'[1m[0m
FAIL: g++.dg/ubsan/static-init-2.C -O1 output pattern test, is [1mg++.dg/ubsan/static-init-2.C:9:20:[1m[31m runtime error: [1m[0m[1mreference binding to null pointer of type 'int'[1m[0m
FAIL: g++.dg/ubsan/static-init-2.C -O2 output pattern test, is [1mg++.dg/ubsan/static-init-2.C:9:20:[1m[31m runtime error: [1m[0m[1mreference binding to null pointer of type 'int'[1m[0m
FAIL: g++.dg/ubsan/static-init-2.C -O3 -g output pattern test, is [1mg++.dg/ubsan/static-init-2.C:9:20:[1m[31m runtime error: [1m[0m[1mreference binding to null pointer of type 'int'[1m[0m
FAIL: g++.dg/ubsan/static-init-2.C -Os output pattern test, is [1mg++.dg/ubsan/static-init-2.C:9:20:[1m[31m runtime error: [1m[0m[1mreference binding to null pointer of type 'int'[1m[0m
FAIL: g++.dg/ubsan/static-init-2.C -O2 -flto -fno-use-linker-plugin -flto-partition=none output pattern test, is [1mg++.dg/ubsan/static-init-2.C:9:20:[1m[31m runtime error: [1m[0m[1mreference binding to null pointer of type 'int'[1m[0m
FAIL: g++.dg/ubsan/static-init-2.C -O2 -flto -fuse-linker-plugin -fno-fat-lto-objects output pattern test, is [1mg++.dg/ubsan/static-init-2.C:9:20:[1m[31m runtime error: [1m[0m[1mreference binding to null pointer of type 'int'[1m[0m
FAIL: g++.dg/ubsan/static-init-3.C -O0 output pattern test, is [1mg++.dg/ubsan/static-init-3.C:11:24:[1m[31m runtime error: [1m[0m[1mreference binding to null pointer of type 'int'[1m[0m
FAIL: g++.dg/ubsan/static-init-3.C -O1 output pattern test, is [1mg++.dg/ubsan/static-init-3.C:11:24:[1m[31m runtime error: [1m[0m[1mreference binding to null pointer of type 'int'[1m[0m
FAIL: g++.dg/ubsan/static-init-3.C -O2 output pattern test, is [1mg++.dg/ubsan/static-init-3.C:11:24:[1m[31m runtime error: [1m[0m[1mreference binding to null pointer of type 'int'[1m[0m
FAIL: g++.dg/ubsan/static-init-3.C -O3 -g output pattern test, is [1mg++.dg/ubsan/static-init-3.C:11:24:[1m[31m runtime error: [1m[0m[1mreference binding to null pointer of type 'int'[1m[0m
FAIL: g++.dg/ubsan/static-init-3.C -Os output pattern test, is [1mg++.dg/ubsan/static-init-3.C:11:24:[1m[31m runtime error: [1m[0m[1mreference binding to null pointer of type 'int'[1m[0m
FAIL: g++.dg/ubsan/static-init-3.C -O2 -flto -fno-use-linker-plugin -flto-partition=none output pattern test, is [1mg++.dg/ubsan/static-init-3.C:11:24:[1m[31m runtime error: [1m[0m[1mreference binding to null pointer of type 'int'[1m[0m
FAIL: g++.dg/ubsan/static-init-3.C -O2 -flto -fuse-linker-plugin -fno-fat-lto-objects output pattern test, is [1mg++.dg/ubsan/static-init-3.C:11:24:[1m[31m runtime error: [1m[0m[1mreference binding to null pointer of type 'int'[1m[0m
FAIL: g++.dg/ubsan/vptr-1.C -O0 output pattern test, is [1mg++.dg/ubsan/vptr-1.C:75:17:[1m[31m runtime error: [1m[0m[1mmember access within address 0x00688f10 which does not point to an object of type 'T'[1m[0m
FAIL: g++.dg/ubsan/vptr-1.C -O1 output pattern test, is [1mg++.dg/ubsan/vptr-1.C:75:17:[1m[31m runtime error: [1m[0m[1mmember access within address 0x017f9f10 which does not point to an object of type 'T'[1m[0m
FAIL: g++.dg/ubsan/vptr-1.C -O2 output pattern test, is [1mg++.dg/ubsan/vptr-1.C:75:17:[1m[31m runtime error: [1m[0m[1mmember access within address 0x0018bf10 which does not point to an object of type 'T'[1m[0m
FAIL: g++.dg/ubsan/vptr-1.C -O3 -fomit-frame-pointer -funroll-loops -fpeel-loops -ftracer -finline-functions output pattern test, is [1mg++.dg/ubsan/vptr-1.C:75:17:[1m[31m runtime error: [1m[0m[1mmember access within address 0x0175cf10 which does not point to an object of type 'T'[1m[0m
FAIL: g++.dg/ubsan/vptr-1.C -O3 -g output pattern test, is [1mg++.dg/ubsan/vptr-1.C:75:17:[1m[31m runtime error: [1m[0m[1mmember access within address 0x00cfff10 which does not point to an object of type 'T'[1m[0m
FAIL: g++.dg/ubsan/vptr-1.C -Os output pattern test, is [1mg++.dg/ubsan/vptr-1.C:75:17:[1m[31m runtime error: [1m[0m[1mmember access within address 0x00c0bf10 which does not point to an object of type 'T'[1m[0m
FAIL: g++.dg/ubsan/vptr-1.C -O2 -flto -fno-use-linker-plugin -flto-partition=none output pattern test, is [1mg++.dg/ubsan/vptr-1.C:75:17:[1m[31m runtime error: [1m[0m[1mmember access within address 0x011dcf10 which does not point to an object of type 'T'[1m[0m
FAIL: g++.dg/ubsan/vptr-1.C -O2 -flto -fuse-linker-plugin -fno-fat-lto-objects output pattern test, is [1mg++.dg/ubsan/vptr-1.C:75:17:[1m[31m runtime error: [1m[0m[1mmember access within address 0x01e5af10 which does not point to an object of type 'T'[1m[0m
FAIL: g++.dg/ubsan/vptr-2.C -O0 output pattern test, is [1mg++.dg/ubsan/vptr-2.C:75:17:[1m[31m runtime error: [1m[0m[1mmember access within address 0x00647f10 which does not point to an object of type 'T'[1m[0m
FAIL: g++.dg/ubsan/vptr-2.C -O1 output pattern test, is [1mg++.dg/ubsan/vptr-2.C:75:17:[1m[31m runtime error: [1m[0m[1mmember access within address 0x01ee2f10 which does not point to an object of type 'T'[1m[0m
FAIL: g++.dg/ubsan/vptr-2.C -O2 output pattern test, is [1mg++.dg/ubsan/vptr-2.C:75:17:[1m[31m runtime error: [1m[0m[1mmember access within address 0x01b44f10 which does not point to an object of type 'T'[1m[0m
FAIL: g++.dg/ubsan/vptr-2.C -O3 -fomit-frame-pointer -funroll-loops -fpeel-loops -ftracer -finline-functions output pattern test, is [1mg++.dg/ubsan/vptr-2.C:75:17:[1m[31m runtime error: [1m[0m[1mmember access within address 0x00c9ff10 which does not point to an object of type 'T'[1m[0m
FAIL: g++.dg/ubsan/vptr-2.C -O3 -g output pattern test, is [1mg++.dg/ubsan/vptr-2.C:75:17:[1m[31m runtime error: [1m[0m[1mmember access within address 0x01c63f10 which does not point to an object of type 'T'[1m[0m
FAIL: g++.dg/ubsan/vptr-2.C -Os output pattern test, is [1mg++.dg/ubsan/vptr-2.C:75:17:[1m[31m runtime error: [1m[0m[1mmember access within address 0x00ccef10 which does not point to an object of type 'T'[1m[0m
FAIL: g++.dg/ubsan/vptr-2.C -O2 -flto -fno-use-linker-plugin -flto-partition=none output pattern test, is [1mg++.dg/ubsan/vptr-2.C:75:17:[1m[31m runtime error: [1m[0m[1mmember access within address 0x00ec9f10 which does not point to an object of type 'T'[1m[0m
FAIL: g++.dg/ubsan/vptr-2.C -O2 -flto -fuse-linker-plugin -fno-fat-lto-objects output pattern test, is [1mg++.dg/ubsan/vptr-2.C:75:17:[1m[31m runtime error: [1m[0m[1mmember access within address 0x00ca2f10 which does not point to an object of type 'T'[1m[0m
FAIL: g++.dg/ubsan/vptr-3.C -O0 output pattern test, is [1mg++.dg/ubsan/vptr-3.C:75:17:[1m[31m runtime error: [1m[0m[1mmember access within address 0x00f95f10 which does not point to an object of type 'T'[1m[0m
FAIL: g++.dg/ubsan/vptr-3.C -O1 output pattern test, is [1mg++.dg/ubsan/vptr-3.C:75:17:[1m[31m runtime error: [1m[0m[1mmember access within address 0x01f4cf10 which does not point to an object of type 'T'[1m[0m
FAIL: g++.dg/ubsan/vptr-3.C -O2 output pattern test, is [1mg++.dg/ubsan/vptr-3.C:75:17:[1m[31m runtime error: [1m[0m[1mmember access within address 0x01f1ff10 which does not point to an object of type 'T'[1m[0m
FAIL: g++.dg/ubsan/vptr-3.C -O3 -fomit-frame-pointer -funroll-loops -fpeel-loops -ftracer -finline-functions output pattern test, is [1mg++.dg/ubsan/vptr-3.C:75:17:[1m[31m runtime error: [1m[0m[1mmember access within address 0x01ac6f10 which does not point to an object of type 'T'[1m[0m
FAIL: g++.dg/ubsan/vptr-3.C -O3 -g output pattern test, is [1mg++.dg/ubsan/vptr-3.C:75:17:[1m[31m runtime error: [1m[0m[1mmember access within address 0x01d8df10 which does not point to an object of type 'T'[1m[0m
FAIL: g++.dg/ubsan/vptr-3.C -Os output pattern test, is [1mg++.dg/ubsan/vptr-3.C:75:17:[1m[31m runtime error: [1m[0m[1mmember access within address 0x0115ff10 which does not point to an object of type 'T'[1m[0m
FAIL: g++.dg/ubsan/vptr-3.C -O2 -flto -fno-use-linker-plugin -flto-partition=none output pattern test, is [1mg++.dg/ubsan/vptr-3.C:75:17:[1m[31m runtime error: [1m[0m[1mmember access within address 0x0199ef10 which does not point to an object of type 'T'[1m[0m
FAIL: g++.dg/ubsan/vptr-3.C -O2 -flto -fuse-linker-plugin -fno-fat-lto-objects output pattern test, is [1mg++.dg/ubsan/vptr-3.C:75:17:[1m[31m runtime error: [1m[0m[1mmember access within address 0x01654f10 which does not point to an object of type 'T'[1m[0m
FAIL: g++.dg/ubsan/vptr-8.C -O0 output pattern test, is [1mg++.dg/ubsan/vptr-8.C:24:13:[1m[31m runtime error: [1m[0m[1mcast to virtual base of address 0xbeaeea00 which does not point to an object of type 'V'[1m[0m
FAIL: g++.dg/ubsan/vptr-8.C -O1 output pattern test, is [1mg++.dg/ubsan/vptr-8.C:24:13:[1m[31m runtime error: [1m[0m[1mcast to virtual base of address 0xbeedfa08 which does not point to an object of type 'V'[1m[0m
FAIL: g++.dg/ubsan/vptr-8.C -O2 output pattern test, is [1mg++.dg/ubsan/vptr-8.C:24:13:[1m[31m runtime error: [1m[0m[1mcast to virtual base of address 0xbed03a00 which does not point to an object of type 'V'[1m[0m
FAIL: g++.dg/ubsan/vptr-8.C -O3 -g output pattern test, is [1mg++.dg/ubsan/vptr-8.C:24:13:[1m[31m runtime error: [1m[0m[1mcast to virtual base of address 0xbef8da00 which does not point to an object of type 'V'[1m[0m
FAIL: g++.dg/ubsan/vptr-8.C -Os output pattern test, is [1mg++.dg/ubsan/vptr-8.C:24:13:[1m[31m runtime error: [1m[0m[1mcast to virtual base of address 0xbece6a00 which does not point to an object of type 'V'[1m[0m
FAIL: g++.dg/ubsan/vptr-8.C -O2 -flto -fno-use-linker-plugin -flto-partition=none output pattern test, is [1mg++.dg/ubsan/vptr-8.C:24:13:[1m[31m runtime error: [1m[0m[1mcast to virtual base of address 0xbeafca00 which does not point to an object of type 'V'[1m[0m
FAIL: g++.dg/ubsan/vptr-8.C -O2 -flto -fuse-linker-plugin -fno-fat-lto-objects output pattern test, is [1mg++.dg/ubsan/vptr-8.C:24:13:[1m[31m runtime error: [1m[0m[1mcast to virtual base of address 0xbef98a18 which does not point to an object of type 'V'[1m[0m
FAIL: g++.dg/ubsan/vptr-9.C -O0 output pattern test, is [1mg++.dg/ubsan/vptr-9.C:14:10:[1m[31m runtime error: [1m[0m[1mcast to virtual base of address 0xbef849f4 which does not point to an object of type 'T'[1m[0m
FAIL: g++.dg/ubsan/vptr-9.C -O1 output pattern test, is [1mg++.dg/ubsan/vptr-9.C:14:10:[1m[31m runtime error: [1m[0m[1mcast to virtual base of address 0xbe9f7a0c which does not point to an object of type 'T'[1m[0m
FAIL: g++.dg/ubsan/vptr-9.C -O2 output pattern test, is [1mg++.dg/ubsan/vptr-9.C:14:10:[1m[31m runtime error: [1m[0m[1mcast to virtual base of address 0xbead6a04 which does not point to an object of type 'T'[1m[0m
FAIL: g++.dg/ubsan/vptr-9.C -O3 -g output pattern test, is [1mg++.dg/ubsan/vptr-9.C:14:10:[1m[31m runtime error: [1m[0m[1mcast to virtual base of address 0xbefa3a04 which does not point to an object of type 'T'[1m[0m
FAIL: g++.dg/ubsan/vptr-9.C -Os output pattern test, is [1mg++.dg/ubsan/vptr-9.C:14:10:[1m[31m runtime error: [1m[0m[1mcast to virtual base of address 0xbed5c9fc which does not point to an object of type 'T'[1m[0m
FAIL: g++.dg/ubsan/vptr-9.C -O2 -flto -fno-use-linker-plugin -flto-partition=none output pattern test, is [1mg++.dg/ubsan/vptr-9.C:14:10:[1m[31m runtime error: [1m[0m[1mcast to virtual base of address 0xbebf6a1c which does not point to an object of type 'T'[1m[0m
FAIL: g++.dg/ubsan/vptr-9.C -O2 -flto -fuse-linker-plugin -fno-fat-lto-objects output pattern test, is [1mg++.dg/ubsan/vptr-9.C:14:10:[1m[31m runtime error: [1m[0m[1mcast to virtual base of address 0xbebd8a1c which does not point to an object of type 'T'[1m[0m
=== g++ Summary ===
# of expected passes 86901
# of unexpected failures 94
# of expected failures 333
# of unresolved testcases 1
# of unsupported tests 3891
/scratch/gcc/nightly-2015-09-13-mainline/arm-none-linux-gnueabi/obj/test-mainline-0-arm-none-linux-gnueabi/host-i686-pc-linux-gnu/fsf-mainline/bin/arm-none-linux-gnueabi-g++ version 6.0.0 20150913 (experimental) (GCC)
=== Summary adjusted for local xfails ===
# of unexpected failures 94
# of expected passes 86901
# of expected failures 333
# of unresolved testcases 1
# of unsupported tests 3891
Host is i686-pc-linux-gnu
=== gcc tests ===
Running target qemu-wheezy
FAIL: c-c++-common/asan/heap-overflow-1.c -O1 output pattern test, is =================================================================
FAIL: c-c++-common/asan/strncpy-overflow-1.c -O1 output pattern test, is =================================================================
FAIL: c-c++-common/asan/use-after-free-1.c -O1 output pattern test, is =================================================================
FAIL: gcc.dg/debug/dwarf2/stacked-qualified-types-3.c scan-assembler-times DIE \\\\([^\\n]*\\\\) DW_TAG_(?:const|volatile|atomic|restrict)_type 8
FAIL: gcc.dg/tree-ssa/sra-12.c scan-tree-dump-times release_ssa "l;" 0
FAIL: gcc.dg/tree-ssa/ssa-dom-cse-2.c scan-tree-dump optimized "return 28;"
FAIL: c-c++-common/ubsan/object-size-1.c -O2 output pattern test, is [1mc-c++-common/ubsan/object-size-1.c:16:7:[1m[31m runtime error: [1m[0m[1mload of address 0x00b28f24 with insufficient space for an object of type 'char'[1m[0m
FAIL: c-c++-common/ubsan/object-size-1.c -O2 -flto -fno-use-linker-plugin -flto-partition=none output pattern test, is [1mc-c++-common/ubsan/object-size-1.c:16:7:[1m[31m runtime error: [1m[0m[1mload of address 0x01b28f24 with insufficient space for an object of type 'char'[1m[0m
FAIL: c-c++-common/ubsan/object-size-1.c -O2 -flto -fuse-linker-plugin -fno-fat-lto-objects output pattern test, is [1mc-c++-common/ubsan/object-size-1.c:16:7:[1m[31m runtime error: [1m[0m[1mload of address 0x01759f24 with insufficient space for an object of type 'char'[1m[0m
FAIL: c-c++-common/ubsan/object-size-10.c -O2 output pattern test, is [1mc-c++-common/ubsan/object-size-10.c:19:11:[1m[31m runtime error: [1m[0m[1mindex 128 out of bounds for type 'char [128]'[1m[0m
FAIL: c-c++-common/ubsan/object-size-10.c -O2 -flto -fno-use-linker-plugin -flto-partition=none output pattern test, is [1mc-c++-common/ubsan/object-size-10.c:19:11:[1m[31m runtime error: [1m[0m[1mindex 128 out of bounds for type 'char [128]'[1m[0m
FAIL: c-c++-common/ubsan/object-size-10.c -O2 -flto -fuse-linker-plugin -fno-fat-lto-objects output pattern test, is [1mc-c++-common/ubsan/object-size-10.c:19:11:[1m[31m runtime error: [1m[0m[1mindex 128 out of bounds for type 'char [128]'[1m[0m
FAIL: c-c++-common/ubsan/object-size-4.c -O2 output pattern test, is [1mc-c++-common/ubsan/object-size-4.c:16:11:[1m[31m runtime error: [1m[0m[1mload of address 0x0191df18 with insufficient space for an object of type 'int'[1m[0m
FAIL: c-c++-common/ubsan/object-size-4.c -O2 -flto -fno-use-linker-plugin -flto-partition=none output pattern test, is [1mc-c++-common/ubsan/object-size-4.c:16:11:[1m[31m runtime error: [1m[0m[1mload of address 0x01f82f18 with insufficient space for an object of type 'int'[1m[0m
FAIL: c-c++-common/ubsan/object-size-4.c -O2 -flto -fuse-linker-plugin -fno-fat-lto-objects output pattern test, is [1mc-c++-common/ubsan/object-size-4.c:16:11:[1m[31m runtime error: [1m[0m[1mload of address 0x01355f18 with insufficient space for an object of type 'int'[1m[0m
FAIL: c-c++-common/ubsan/object-size-5.c -O2 output pattern test, is [1mc-c++-common/ubsan/object-size-5.c:18:10:[1m[31m runtime error: [1m[0m[1mload of address 0x017d3f24 with insufficient space for an object of type 'char'[1m[0m
FAIL: c-c++-common/ubsan/object-size-5.c -O2 -flto -fno-use-linker-plugin -flto-partition=none output pattern test, is [1mc-c++-common/ubsan/object-size-5.c:18:10:[1m[31m runtime error: [1m[0m[1mload of address 0x01674f24 with insufficient space for an object of type 'char'[1m[0m
FAIL: c-c++-common/ubsan/object-size-5.c -O2 -flto -fuse-linker-plugin -fno-fat-lto-objects output pattern test, is [1mc-c++-common/ubsan/object-size-5.c:18:10:[1m[31m runtime error: [1m[0m[1mload of address 0x01516f24 with insufficient space for an object of type 'char'[1m[0m
FAIL: c-c++-common/ubsan/object-size-7.c -O2 output pattern test, is [1mc-c++-common/ubsan/object-size-7.c:15:5:[1m[31m runtime error: [1m[0m[1mload of address 0xbe82d9f8 with insufficient space for an object of type 'struct S'[1m[0m
FAIL: c-c++-common/ubsan/object-size-7.c -O2 -flto -fno-use-linker-plugin -flto-partition=none output pattern test, is [1mc-c++-common/ubsan/object-size-7.c:15:5:[1m[31m runtime error: [1m[0m[1mload of address 0xbe8849f8 with insufficient space for an object of type 'struct S'[1m[0m
FAIL: c-c++-common/ubsan/object-size-7.c -O2 -flto -fuse-linker-plugin -fno-fat-lto-objects output pattern test, is [1mc-c++-common/ubsan/object-size-7.c:15:5:[1m[31m runtime error: [1m[0m[1mload of address 0xbe83e9f8 with insufficient space for an object of type 'struct S'[1m[0m
FAIL: c-c++-common/ubsan/object-size-8.c -O2 output pattern test, is [1mc-c++-common/ubsan/object-size-8.c:12:10:[1m[31m runtime error: [1m[0m[1mload of address 0x00d6bf14 with insufficient space for an object of type 'int'[1m[0m
FAIL: c-c++-common/ubsan/object-size-8.c -O2 -flto -fno-use-linker-plugin -flto-partition=none output pattern test, is [1mc-c++-common/ubsan/object-size-8.c:12:10:[1m[31m runtime error: [1m[0m[1mload of address 0x0162af14 with insufficient space for an object of type 'int'[1m[0m
FAIL: c-c++-common/ubsan/object-size-8.c -O2 -flto -fuse-linker-plugin -fno-fat-lto-objects output pattern test, is [1mc-c++-common/ubsan/object-size-8.c:12:10:[1m[31m runtime error: [1m[0m[1mload of address 0x01605f14 with insufficient space for an object of type 'int'[1m[0m
FAIL: c-c++-common/ubsan/object-size-9.c -O2 output pattern test, is [1mc-c++-common/ubsan/object-size-9.c:21:10:[1m[31m runtime error: [1m[0m[1mload of address 0xbeeaea00 with insufficient space for an object of type 'char'[1m[0m
FAIL: c-c++-common/ubsan/object-size-9.c -O2 -flto -fno-use-linker-plugin -flto-partition=none output pattern test, is [1mc-c++-common/ubsan/object-size-9.c:21:10:[1m[31m runtime error: [1m[0m[1mload of address 0xbef0ba00 with insufficient space for an object of type 'char'[1m[0m
FAIL: c-c++-common/ubsan/object-size-9.c -O2 -flto -fuse-linker-plugin -fno-fat-lto-objects output pattern test, is [1mc-c++-common/ubsan/object-size-9.c:21:10:[1m[31m runtime error: [1m[0m[1mload of address 0xbe964a00 with insufficient space for an object of type 'char'[1m[0m
FAIL: gcc.dg/ubsan/object-size-9.c -O2 output pattern test, is [1mgcc.dg/ubsan/object-size-9.c:11:13:[1m[31m runtime error: [1m[0m[1mload of address 0x00020a5a with insufficient space for an object of type 'char'[1m[0m
FAIL: gcc.dg/ubsan/object-size-9.c -O2 -flto -fno-use-linker-plugin -flto-partition=none output pattern test, is [1mgcc.dg/ubsan/object-size-9.c:11:13:[1m[31m runtime error: [1m[0m[1mload of address 0x00020a5a with insufficient space for an object of type 'char'[1m[0m
FAIL: gcc.dg/ubsan/object-size-9.c -O2 -flto -fuse-linker-plugin -fno-fat-lto-objects output pattern test, is [1mgcc.dg/ubsan/object-size-9.c:11:13:[1m[31m runtime error: [1m[0m[1mload of address 0x00020a16 with insufficient space for an object of type 'char'[1m[0m
FAIL: gcc.target/arm/bics_4.c scan-assembler-times bics\\tr[0-9]+, r[0-9]+, r[0-9]+ 2
FAIL: gcc.target/arm/builtin-bswap-1.c scan-assembler-times revshne\\\\t 1
FAIL: gcc.target/arm/builtin-bswap-1.c scan-assembler-times rev16ne\\\\t 1
FAIL: gcc.target/arm/memcpy-aligned-1.c scan-assembler-times str\\t 1
FAIL: gcc.target/arm/memcpy-aligned-1.c scan-assembler-not ldr\\t
FAIL: gcc.target/arm/neon-vfma-1.c scan-assembler vfma\\\\.f32[\\t]+[dDqQ]
FAIL: gcc.target/arm/neon-vfms-1.c scan-assembler vfms\\\\.f32[\\t]+[dDqQ]
FAIL: gcc.target/arm/pr42575.c scan-assembler-not mov
FAIL: gcc.target/arm/pr45701-1.c scan-assembler push\\t{r3
FAIL: gcc.target/arm/reg_equal_test.c scan-rtl-dump expand "expr_list:REG_EQUAL \\\\(const_int -942519458"
FAIL: gcc.target/arm/shiftable.c scan-assembler sub.*[al]sl #6
FAIL: gcc.target/arm/thumb-ltu.c scan-assembler-not uxtb
=== gcc Summary ===
# of expected passes 84982
# of unexpected failures 42
# of expected failures 121
# of unsupported tests 3851
/scratch/gcc/nightly-2015-09-13-mainline/arm-none-linux-gnueabi/obj/test-mainline-0-arm-none-linux-gnueabi/host-i686-pc-linux-gnu/fsf-mainline/bin/arm-none-linux-gnueabi-gcc version 6.0.0 20150913 (experimental) (GCC)
=== Summary adjusted for local xfails ===
# of unexpected failures 42
# of expected passes 84982
# of expected failures 121
# of unsupported tests 3851
Host is i686-pc-linux-gnu
=== gfortran tests ===
Running target qemu-wheezy
XPASS: gfortran.dg/graphite/pr14741.f90 -O scan-tree-dump-times graphite "number of SCoPs: 1" 1
FAIL: gfortran.dg/ieee/ieee_1.F90 -O0 execution test
FAIL: gfortran.dg/ieee/ieee_1.F90 -O1 execution test
FAIL: gfortran.dg/ieee/ieee_1.F90 -O2 execution test
FAIL: gfortran.dg/ieee/ieee_1.F90 -O3 -fomit-frame-pointer -funroll-loops -fpeel-loops -ftracer -finline-functions execution test
FAIL: gfortran.dg/ieee/ieee_1.F90 -O3 -g execution test
FAIL: gfortran.dg/ieee/ieee_1.F90 -Os execution test
FAIL: gfortran.dg/ieee/ieee_2.f90 -O0 execution test
FAIL: gfortran.dg/ieee/ieee_2.f90 -O1 execution test
FAIL: gfortran.dg/ieee/ieee_2.f90 -O2 execution test
FAIL: gfortran.dg/ieee/ieee_2.f90 -O3 -fomit-frame-pointer -funroll-loops -fpeel-loops -ftracer -finline-functions execution test
FAIL: gfortran.dg/ieee/ieee_2.f90 -O3 -g execution test
FAIL: gfortran.dg/ieee/ieee_2.f90 -Os execution test
FAIL: gfortran.dg/ieee/ieee_6.f90 -O0 execution test
FAIL: gfortran.dg/ieee/ieee_6.f90 -O1 execution test
FAIL: gfortran.dg/ieee/ieee_6.f90 -O2 execution test
FAIL: gfortran.dg/ieee/ieee_6.f90 -O3 -fomit-frame-pointer -funroll-loops -fpeel-loops -ftracer -finline-functions execution test
FAIL: gfortran.dg/ieee/ieee_6.f90 -O3 -g execution test
FAIL: gfortran.dg/ieee/ieee_6.f90 -Os execution test
FAIL: gfortran.dg/ieee/large_2.f90 -O0 execution test
FAIL: gfortran.dg/ieee/large_2.f90 -O1 execution test
FAIL: gfortran.dg/ieee/large_2.f90 -O2 execution test
FAIL: gfortran.dg/ieee/large_2.f90 -O3 -fomit-frame-pointer -funroll-loops -fpeel-loops -ftracer -finline-functions execution test
FAIL: gfortran.dg/ieee/large_2.f90 -O3 -g execution test
FAIL: gfortran.dg/ieee/large_2.f90 -Os execution test
FAIL: gfortran.dg/ieee/large_3.F90 -O0 execution test
FAIL: gfortran.dg/ieee/large_3.F90 -O1 execution test
FAIL: gfortran.dg/ieee/large_3.F90 -O2 execution test
FAIL: gfortran.dg/ieee/large_3.F90 -O3 -fomit-frame-pointer -funroll-loops -fpeel-loops -ftracer -finline-functions execution test
FAIL: gfortran.dg/ieee/large_3.F90 -O3 -g execution test
FAIL: gfortran.dg/ieee/large_3.F90 -Os execution test
FAIL: gfortran.dg/ieee/rounding_1.f90 -O0 execution test
FAIL: gfortran.dg/ieee/rounding_1.f90 -O1 execution test
FAIL: gfortran.dg/ieee/rounding_1.f90 -O2 execution test
FAIL: gfortran.dg/ieee/rounding_1.f90 -O3 -fomit-frame-pointer -funroll-loops -fpeel-loops -ftracer -finline-functions execution test
FAIL: gfortran.dg/ieee/rounding_1.f90 -O3 -g execution test
FAIL: gfortran.dg/ieee/rounding_1.f90 -Os execution test
=== gfortran Summary ===
# of expected passes 39558
# of unexpected failures 36
# of unexpected successes 1
# of expected failures 74
# of unsupported tests 320
/scratch/gcc/nightly-2015-09-13-mainline/arm-none-linux-gnueabi/obj/test-mainline-0-arm-none-linux-gnueabi/host-i686-pc-linux-gnu/fsf-mainline/bin/arm-none-linux-gnueabi-gfortran version 6.0.0 20150913 (experimental) (GCC)
=== Summary adjusted for local xfails ===
# of unexpected failures 36
# of expected passes 39558
# of unexpected successes 1
# of expected failures 74
# of unsupported tests 320
Host is i686-pc-linux-gnu
=== libatomic tests ===
Running target qemu-wheezy
=== libatomic Summary ===
# of expected passes 44
# of unsupported tests 5
=== Summary adjusted for local xfails ===
# of expected passes 44
# of unsupported tests 5
Host is i686-pc-linux-gnu
=== libgomp tests ===
Running target qemu-wheezy
FAIL: libgomp.c/pr46193.c execution test
WARNING: program timed out.
FAIL: libgomp.fortran/strassen.f90 -O execution test
FAIL: libgomp.graphite/force-parallel-7.c execution test
FAIL: libgomp.oacc-fortran/reduction-1.f90 -DACC_DEVICE_TYPE_host=1 -DACC_MEM_SHARED=1 -O3 -fomit-frame-pointer -funroll-loops -fpeel-loops -ftracer -finline-functions execution test
FAIL: libgomp.oacc-fortran/reduction-1.f90 -DACC_DEVICE_TYPE_host=1 -DACC_MEM_SHARED=1 -O3 -g execution test
=== libgomp Summary ===
# of expected passes 4018
# of unexpected failures 5
# of expected failures 4
# of unsupported tests 301
=== Summary adjusted for local xfails ===
# of unexpected failures 5
# of expected passes 4018
# of expected failures 4
# of unsupported tests 301
Host is i686-pc-linux-gnu
=== libitm tests ===
Running target qemu-wheezy
=== libitm Summary ===
# of expected passes 26
# of expected failures 3
# of unsupported tests 1
=== Summary adjusted for local xfails ===
# of expected passes 26
# of expected failures 3
# of unsupported tests 1
Host is i686-pc-linux-gnu
=== libstdc++ tests ===
Running target qemu-wheezy
FAIL: 22_locale/messages/13631.cc execution test
FAIL: 22_locale/messages/members/char/1.cc execution test
FAIL: 22_locale/messages/members/char/2.cc execution test
FAIL: 22_locale/messages/members/char/wrapped_locale.cc execution test
FAIL: 22_locale/messages_byname/named_equivalence.cc execution test
FAIL: 25_algorithms/remove/requirements/explicit_instantiation/2.cc (test for excess errors)
=== libstdc++ Summary ===
# of expected passes 10268
# of unexpected failures 6
# of expected failures 66
# of unsupported tests 376
=== Summary adjusted for local xfails ===
# of unexpected failures 6
# of expected passes 10268
# of expected failures 66
# of unsupported tests 376
Host is i686-pc-linux-gnu
=== g++ tests ===
Running target qemu-wheezy-thumb/-mthumb
FAIL: c-c++-common/asan/heap-overflow-1.c -O1 output pattern test, is =================================================================
FAIL: c-c++-common/asan/null-deref-1.c -O2 output pattern test, is ASAN:SIGSEGV
FAIL: c-c++-common/asan/null-deref-1.c -O3 -g output pattern test, is ASAN:SIGSEGV
FAIL: c-c++-common/asan/null-deref-1.c -Os output pattern test, is ASAN:SIGSEGV
FAIL: c-c++-common/asan/null-deref-1.c -O2 -flto -fno-use-linker-plugin -flto-partition=none output pattern test, is ASAN:SIGSEGV
FAIL: c-c++-common/asan/null-deref-1.c -O2 -flto -fuse-linker-plugin -fno-fat-lto-objects output pattern test, is ASAN:SIGSEGV
FAIL: c-c++-common/asan/strncpy-overflow-1.c -O1 output pattern test, is =================================================================
FAIL: c-c++-common/asan/use-after-free-1.c -O0 output pattern test, is =================================================================
FAIL: c-c++-common/asan/use-after-free-1.c -O1 output pattern test, is =================================================================
FAIL: g++.dg/tree-ssa/pr61034.C -std=gnu++98 scan-tree-dump-times fre2 "free" 10
FAIL: g++.dg/tree-ssa/pr61034.C -std=gnu++11 scan-tree-dump-times fre2 "free" 10
FAIL: g++.dg/tree-ssa/pr61034.C -std=gnu++14 scan-tree-dump-times fre2 "free" 10
FAIL: g++.dg/lto/pr65276 cp_lto_pr65276_0.o-cp_lto_pr65276_1.o link, -flto -O0 -std=c++11
UNRESOLVED: g++.dg/lto/pr65276 cp_lto_pr65276_0.o-cp_lto_pr65276_1.o execute -flto -O0 -std=c++11
FAIL: g++.dg/torture/vshuf-v16qi.C -O2 execution test
FAIL: g++.dg/torture/vshuf-v16qi.C -O2 -flto -fno-use-linker-plugin -flto-partition=none execution test
FAIL: g++.dg/torture/vshuf-v16qi.C -O2 -flto -fuse-linker-plugin -fno-fat-lto-objects execution test
FAIL: g++.dg/torture/vshuf-v2di.C -O2 execution test
FAIL: g++.dg/torture/vshuf-v2di.C -O2 -flto -fno-use-linker-plugin -flto-partition=none execution test
FAIL: g++.dg/torture/vshuf-v2di.C -O2 -flto -fuse-linker-plugin -fno-fat-lto-objects execution test
FAIL: g++.dg/torture/vshuf-v4si.C -O2 execution test
FAIL: g++.dg/torture/vshuf-v4si.C -O2 -flto -fno-use-linker-plugin -flto-partition=none execution test
FAIL: g++.dg/torture/vshuf-v4si.C -O2 -flto -fuse-linker-plugin -fno-fat-lto-objects execution test
FAIL: g++.dg/torture/vshuf-v8hi.C -O2 execution test
FAIL: g++.dg/torture/vshuf-v8hi.C -O2 -flto -fno-use-linker-plugin -flto-partition=none execution test
FAIL: g++.dg/torture/vshuf-v8hi.C -O2 -flto -fuse-linker-plugin -fno-fat-lto-objects execution test
FAIL: c-c++-common/ubsan/object-size-1.c -O2 output pattern test, is [1mc-c++-common/ubsan/object-size-1.c:16:15:[1m[31m runtime error: [1m[0m[1mload of address 0x01566f24 with insufficient space for an object of type 'char'[1m[0m
FAIL: c-c++-common/ubsan/object-size-1.c -O2 -flto -fno-use-linker-plugin -flto-partition=none output pattern test, is [1mc-c++-common/ubsan/object-size-1.c:16:15:[1m[31m runtime error: [1m[0m[1mload of address 0x01f44f24 with insufficient space for an object of type 'char'[1m[0m
FAIL: c-c++-common/ubsan/object-size-1.c -O2 -flto -fuse-linker-plugin -fno-fat-lto-objects output pattern test, is [1mc-c++-common/ubsan/object-size-1.c:16:15:[1m[31m runtime error: [1m[0m[1mload of address 0x01e77f24 with insufficient space for an object of type 'char'[1m[0m
FAIL: c-c++-common/ubsan/object-size-10.c -O2 output pattern test, is [1mc-c++-common/ubsan/object-size-10.c:19:19:[1m[31m runtime error: [1m[0m[1mindex 128 out of bounds for type 'char [128]'[1m[0m
FAIL: c-c++-common/ubsan/object-size-10.c -O2 -flto -fno-use-linker-plugin -flto-partition=none output pattern test, is [1mc-c++-common/ubsan/object-size-10.c:19:19:[1m[31m runtime error: [1m[0m[1mindex 128 out of bounds for type 'char [128]'[1m[0m
FAIL: c-c++-common/ubsan/object-size-10.c -O2 -flto -fuse-linker-plugin -fno-fat-lto-objects output pattern test, is [1mc-c++-common/ubsan/object-size-10.c:19:19:[1m[31m runtime error: [1m[0m[1mindex 128 out of bounds for type 'char [128]'[1m[0m
FAIL: c-c++-common/ubsan/object-size-4.c -O2 output pattern test, is [1mc-c++-common/ubsan/object-size-4.c:16:13:[1m[31m runtime error: [1m[0m[1mload of address 0x00cc2f18 with insufficient space for an object of type 'int'[1m[0m
FAIL: c-c++-common/ubsan/object-size-4.c -O2 -flto -fno-use-linker-plugin -flto-partition=none output pattern test, is [1mc-c++-common/ubsan/object-size-4.c:16:13:[1m[31m runtime error: [1m[0m[1mload of address 0x00425f18 with insufficient space for an object of type 'int'[1m[0m
FAIL: c-c++-common/ubsan/object-size-4.c -O2 -flto -fuse-linker-plugin -fno-fat-lto-objects output pattern test, is [1mc-c++-common/ubsan/object-size-4.c:16:13:[1m[31m runtime error: [1m[0m[1mload of address 0x00a48f18 with insufficient space for an object of type 'int'[1m[0m
FAIL: c-c++-common/ubsan/object-size-5.c -O2 output pattern test, is [1mc-c++-common/ubsan/object-size-5.c:18:12:[1m[31m runtime error: [1m[0m[1mload of address 0x0167bf24 with insufficient space for an object of type 'char'[1m[0m
FAIL: c-c++-common/ubsan/object-size-5.c -O2 -flto -fno-use-linker-plugin -flto-partition=none output pattern test, is [1mc-c++-common/ubsan/object-size-5.c:18:12:[1m[31m runtime error: [1m[0m[1mload of address 0x01fbdf24 with insufficient space for an object of type 'char'[1m[0m
FAIL: c-c++-common/ubsan/object-size-5.c -O2 -flto -fuse-linker-plugin -fno-fat-lto-objects output pattern test, is [1mc-c++-common/ubsan/object-size-5.c:18:12:[1m[31m runtime error: [1m[0m[1mload of address 0x0177cf24 with insufficient space for an object of type 'char'[1m[0m
FAIL: c-c++-common/ubsan/object-size-7.c -O2 output pattern test, is [1mc-c++-common/ubsan/object-size-7.c:15:11:[1m[31m runtime error: [1m[0m[1mload of address 0xbea349f8 with insufficient space for an object of type 'const struct S'[1m[0m
FAIL: c-c++-common/ubsan/object-size-7.c -O2 -flto -fno-use-linker-plugin -flto-partition=none output pattern test, is [1mc-c++-common/ubsan/object-size-7.c:15:11:[1m[31m runtime error: [1m[0m[1mload of address 0xbea469f8 with insufficient space for an object of type 'const struct S'[1m[0m
FAIL: c-c++-common/ubsan/object-size-7.c -O2 -flto -fuse-linker-plugin -fno-fat-lto-objects output pattern test, is [1mc-c++-common/ubsan/object-size-7.c:15:11:[1m[31m runtime error: [1m[0m[1mload of address 0xbec969f8 with insufficient space for an object of type 'const struct S'[1m[0m
FAIL: c-c++-common/ubsan/object-size-8.c -O2 output pattern test, is [1mc-c++-common/ubsan/object-size-8.c:12:13:[1m[31m runtime error: [1m[0m[1mload of address 0x00432f14 with insufficient space for an object of type 'int'[1m[0m
FAIL: c-c++-common/ubsan/object-size-8.c -O2 -flto -fno-use-linker-plugin -flto-partition=none output pattern test, is [1mc-c++-common/ubsan/object-size-8.c:12:13:[1m[31m runtime error: [1m[0m[1mload of address 0x01822f14 with insufficient space for an object of type 'int'[1m[0m
FAIL: c-c++-common/ubsan/object-size-8.c -O2 -flto -fuse-linker-plugin -fno-fat-lto-objects output pattern test, is [1mc-c++-common/ubsan/object-size-8.c:12:13:[1m[31m runtime error: [1m[0m[1mload of address 0x0027ef14 with insufficient space for an object of type 'int'[1m[0m
FAIL: c-c++-common/ubsan/object-size-9.c -O2 output pattern test, is [1mc-c++-common/ubsan/object-size-9.c:21:11:[1m[31m runtime error: [1m[0m[1mload of address 0xbe96f9f0 with insufficient space for an object of type 'char'[1m[0m
FAIL: c-c++-common/ubsan/object-size-9.c -O2 -flto -fno-use-linker-plugin -flto-partition=none output pattern test, is [1mc-c++-common/ubsan/object-size-9.c:21:11:[1m[31m runtime error: [1m[0m[1mload of address 0xbeebc9e8 with insufficient space for an object of type 'char'[1m[0m
FAIL: c-c++-common/ubsan/object-size-9.c -O2 -flto -fuse-linker-plugin -fno-fat-lto-objects output pattern test, is [1mc-c++-common/ubsan/object-size-9.c:21:11:[1m[31m runtime error: [1m[0m[1mload of address 0xbed6f9e8 with insufficient space for an object of type 'char'[1m[0m
FAIL: g++.dg/ubsan/null-1.C -O0 output pattern test, is [1mg++.dg/ubsan/null-1.C:12:13:[1m[31m runtime error: [1m[0m[1mreference binding to null pointer of type 'int'[1m[0m
FAIL: g++.dg/ubsan/null-1.C -O1 output pattern test, is [1mg++.dg/ubsan/null-1.C:12:13:[1m[31m runtime error: [1m[0m[1mreference binding to null pointer of type 'int'[1m[0m
FAIL: g++.dg/ubsan/null-1.C -O2 output pattern test, is [1mg++.dg/ubsan/null-1.C:12:13:[1m[31m runtime error: [1m[0m[1mreference binding to null pointer of type 'int'[1m[0m
FAIL: g++.dg/ubsan/null-1.C -O3 -g output pattern test, is [1mg++.dg/ubsan/null-1.C:12:13:[1m[31m runtime error: [1m[0m[1mreference binding to null pointer of type 'int'[1m[0m
FAIL: g++.dg/ubsan/null-1.C -Os output pattern test, is [1mg++.dg/ubsan/null-1.C:12:13:[1m[31m runtime error: [1m[0m[1mreference binding to null pointer of type 'int'[1m[0m
FAIL: g++.dg/ubsan/null-1.C -O2 -flto -fno-use-linker-plugin -flto-partition=none output pattern test, is [1mg++.dg/ubsan/null-1.C:12:13:[1m[31m runtime error: [1m[0m[1mreference binding to null pointer of type 'int'[1m[0m
FAIL: g++.dg/ubsan/null-1.C -O2 -flto -fuse-linker-plugin -fno-fat-lto-objects output pattern test, is [1mg++.dg/ubsan/null-1.C:12:13:[1m[31m runtime error: [1m[0m[1mreference binding to null pointer of type 'int'[1m[0m
FAIL: g++.dg/ubsan/null-3.C -O0 output pattern test, is [1mg++.dg/ubsan/null-3.C:9:14:[1m[31m runtime error: [1m[0m[1mreference binding to null pointer of type 'int'[1m[0m
FAIL: g++.dg/ubsan/null-3.C -O1 output pattern test, is [1mg++.dg/ubsan/null-3.C:9:14:[1m[31m runtime error: [1m[0m[1mreference binding to null pointer of type 'int'[1m[0m
FAIL: g++.dg/ubsan/null-3.C -O2 output pattern test, is [1mg++.dg/ubsan/null-3.C:9:14:[1m[31m runtime error: [1m[0m[1mreference binding to null pointer of type 'int'[1m[0m
FAIL: g++.dg/ubsan/null-3.C -O3 -g output pattern test, is [1mg++.dg/ubsan/null-3.C:9:14:[1m[31m runtime error: [1m[0m[1mreference binding to null pointer of type 'int'[1m[0m
FAIL: g++.dg/ubsan/null-3.C -Os output pattern test, is [1mg++.dg/ubsan/null-3.C:9:14:[1m[31m runtime error: [1m[0m[1mreference binding to null pointer of type 'int'[1m[0m
FAIL: g++.dg/ubsan/null-3.C -O2 -flto -fno-use-linker-plugin -flto-partition=none output pattern test, is [1mg++.dg/ubsan/null-3.C:9:14:[1m[31m runtime error: [1m[0m[1mreference binding to null pointer of type 'int'[1m[0m
FAIL: g++.dg/ubsan/null-3.C -O2 -flto -fuse-linker-plugin -fno-fat-lto-objects output pattern test, is [1mg++.dg/ubsan/null-3.C:9:14:[1m[31m runtime error: [1m[0m[1mreference binding to null pointer of type 'int'[1m[0m
FAIL: g++.dg/ubsan/static-init-2.C -O0 output pattern test, is [1mg++.dg/ubsan/static-init-2.C:9:20:[1m[31m runtime error: [1m[0m[1mreference binding to null pointer of type 'int'[1m[0m
FAIL: g++.dg/ubsan/static-init-2.C -O1 output pattern test, is [1mg++.dg/ubsan/static-init-2.C:9:20:[1m[31m runtime error: [1m[0m[1mreference binding to null pointer of type 'int'[1m[0m
FAIL: g++.dg/ubsan/static-init-2.C -O2 output pattern test, is [1mg++.dg/ubsan/static-init-2.C:9:20:[1m[31m runtime error: [1m[0m[1mreference binding to null pointer of type 'int'[1m[0m
FAIL: g++.dg/ubsan/static-init-2.C -O3 -g output pattern test, is [1mg++.dg/ubsan/static-init-2.C:9:20:[1m[31m runtime error: [1m[0m[1mreference binding to null pointer of type 'int'[1m[0m
FAIL: g++.dg/ubsan/static-init-2.C -Os output pattern test, is [1mg++.dg/ubsan/static-init-2.C:9:20:[1m[31m runtime error: [1m[0m[1mreference binding to null pointer of type 'int'[1m[0m
FAIL: g++.dg/ubsan/static-init-2.C -O2 -flto -fno-use-linker-plugin -flto-partition=none output pattern test, is [1mg++.dg/ubsan/static-init-2.C:9:20:[1m[31m runtime error: [1m[0m[1mreference binding to null pointer of type 'int'[1m[0m
FAIL: g++.dg/ubsan/static-init-2.C -O2 -flto -fuse-linker-plugin -fno-fat-lto-objects output pattern test, is [1mg++.dg/ubsan/static-init-2.C:9:20:[1m[31m runtime error: [1m[0m[1mreference binding to null pointer of type 'int'[1m[0m
FAIL: g++.dg/ubsan/static-init-3.C -O0 output pattern test, is [1mg++.dg/ubsan/static-init-3.C:11:24:[1m[31m runtime error: [1m[0m[1mreference binding to null pointer of type 'int'[1m[0m
FAIL: g++.dg/ubsan/static-init-3.C -O1 output pattern test, is [1mg++.dg/ubsan/static-init-3.C:11:24:[1m[31m runtime error: [1m[0m[1mreference binding to null pointer of type 'int'[1m[0m
FAIL: g++.dg/ubsan/static-init-3.C -O2 output pattern test, is [1mg++.dg/ubsan/static-init-3.C:11:24:[1m[31m runtime error: [1m[0m[1mreference binding to null pointer of type 'int'[1m[0m
FAIL: g++.dg/ubsan/static-init-3.C -O3 -g output pattern test, is [1mg++.dg/ubsan/static-init-3.C:11:24:[1m[31m runtime error: [1m[0m[1mreference binding to null pointer of type 'int'[1m[0m
FAIL: g++.dg/ubsan/static-init-3.C -Os output pattern test, is [1mg++.dg/ubsan/static-init-3.C:11:24:[1m[31m runtime error: [1m[0m[1mreference binding to null pointer of type 'int'[1m[0m
FAIL: g++.dg/ubsan/static-init-3.C -O2 -flto -fno-use-linker-plugin -flto-partition=none output pattern test, is [1mg++.dg/ubsan/static-init-3.C:11:24:[1m[31m runtime error: [1m[0m[1mreference binding to null pointer of type 'int'[1m[0m
FAIL: g++.dg/ubsan/static-init-3.C -O2 -flto -fuse-linker-plugin -fno-fat-lto-objects output pattern test, is [1mg++.dg/ubsan/static-init-3.C:11:24:[1m[31m runtime error: [1m[0m[1mreference binding to null pointer of type 'int'[1m[0m
FAIL: g++.dg/ubsan/vptr-1.C -O0 output pattern test, is [1mg++.dg/ubsan/vptr-1.C:75:17:[1m[31m runtime error: [1m[0m[1mmember access within address 0x00a06f10 which does not point to an object of type 'T'[1m[0m
FAIL: g++.dg/ubsan/vptr-1.C -O1 output pattern test, is [1mg++.dg/ubsan/vptr-1.C:75:17:[1m[31m runtime error: [1m[0m[1mmember access within address 0x00480f10 which does not point to an object of type 'T'[1m[0m
FAIL: g++.dg/ubsan/vptr-1.C -O2 output pattern test, is [1mg++.dg/ubsan/vptr-1.C:75:17:[1m[31m runtime error: [1m[0m[1mmember access within address 0x01658f10 which does not point to an object of type 'T'[1m[0m
FAIL: g++.dg/ubsan/vptr-1.C -O3 -fomit-frame-pointer -funroll-loops -fpeel-loops -ftracer -finline-functions output pattern test, is [1mg++.dg/ubsan/vptr-1.C:75:17:[1m[31m runtime error: [1m[0m[1mmember access within address 0x011cef10 which does not point to an object of type 'T'[1m[0m
FAIL: g++.dg/ubsan/vptr-1.C -O3 -g output pattern test, is [1mg++.dg/ubsan/vptr-1.C:75:17:[1m[31m runtime error: [1m[0m[1mmember access within address 0x000e1f10 which does not point to an object of type 'T'[1m[0m
FAIL: g++.dg/ubsan/vptr-1.C -Os output pattern test, is [1mg++.dg/ubsan/vptr-1.C:75:17:[1m[31m runtime error: [1m[0m[1mmember access within address 0x00cfaf10 which does not point to an object of type 'T'[1m[0m
FAIL: g++.dg/ubsan/vptr-1.C -O2 -flto -fno-use-linker-plugin -flto-partition=none output pattern test, is [1mg++.dg/ubsan/vptr-1.C:75:17:[1m[31m runtime error: [1m[0m[1mmember access within address 0x018d1f10 which does not point to an object of type 'T'[1m[0m
FAIL: g++.dg/ubsan/vptr-1.C -O2 -flto -fuse-linker-plugin -fno-fat-lto-objects output pattern test, is [1mg++.dg/ubsan/vptr-1.C:75:17:[1m[31m runtime error: [1m[0m[1mmember access within address 0x005baf10 which does not point to an object of type 'T'[1m[0m
FAIL: g++.dg/ubsan/vptr-2.C -O0 output pattern test, is [1mg++.dg/ubsan/vptr-2.C:75:17:[1m[31m runtime error: [1m[0m[1mmember access within address 0x00a2bf10 which does not point to an object of type 'T'[1m[0m
FAIL: g++.dg/ubsan/vptr-2.C -O1 output pattern test, is [1mg++.dg/ubsan/vptr-2.C:75:17:[1m[31m runtime error: [1m[0m[1mmember access within address 0x01a67f10 which does not point to an object of type 'T'[1m[0m
FAIL: g++.dg/ubsan/vptr-2.C -O2 output pattern test, is [1mg++.dg/ubsan/vptr-2.C:75:17:[1m[31m runtime error: [1m[0m[1mmember access within address 0x01f20f10 which does not point to an object of type 'T'[1m[0m
FAIL: g++.dg/ubsan/vptr-2.C -O3 -fomit-frame-pointer -funroll-loops -fpeel-loops -ftracer -finline-functions output pattern test, is [1mg++.dg/ubsan/vptr-2.C:75:17:[1m[31m runtime error: [1m[0m[1mmember access within address 0x0179bf10 which does not point to an object of type 'T'[1m[0m
FAIL: g++.dg/ubsan/vptr-2.C -O3 -g output pattern test, is [1mg++.dg/ubsan/vptr-2.C:75:17:[1m[31m runtime error: [1m[0m[1mmember access within address 0x00d18f10 which does not point to an object of type 'T'[1m[0m
FAIL: g++.dg/ubsan/vptr-2.C -Os output pattern test, is [1mg++.dg/ubsan/vptr-2.C:75:17:[1m[31m runtime error: [1m[0m[1mmember access within address 0x01683f10 which does not point to an object of type 'T'[1m[0m
FAIL: g++.dg/ubsan/vptr-2.C -O2 -flto -fno-use-linker-plugin -flto-partition=none output pattern test, is [1mg++.dg/ubsan/vptr-2.C:75:17:[1m[31m runtime error: [1m[0m[1mmember access within address 0x0143cf10 which does not point to an object of type 'T'[1m[0m
FAIL: g++.dg/ubsan/vptr-2.C -O2 -flto -fuse-linker-plugin -fno-fat-lto-objects output pattern test, is [1mg++.dg/ubsan/vptr-2.C:75:17:[1m[31m runtime error: [1m[0m[1mmember access within address 0x01e3bf10 which does not point to an object of type 'T'[1m[0m
FAIL: g++.dg/ubsan/vptr-3.C -O0 output pattern test, is [1mg++.dg/ubsan/vptr-3.C:75:17:[1m[31m runtime error: [1m[0m[1mmember access within address 0x01a22f10 which does not point to an object of type 'T'[1m[0m
FAIL: g++.dg/ubsan/vptr-3.C -O1 output pattern test, is [1mg++.dg/ubsan/vptr-3.C:75:17:[1m[31m runtime error: [1m[0m[1mmember access within address 0x01502f10 which does not point to an object of type 'T'[1m[0m
FAIL: g++.dg/ubsan/vptr-3.C -O2 output pattern test, is [1mg++.dg/ubsan/vptr-3.C:75:17:[1m[31m runtime error: [1m[0m[1mmember access within address 0x01c7cf10 which does not point to an object of type 'T'[1m[0m
FAIL: g++.dg/ubsan/vptr-3.C -O3 -fomit-frame-pointer -funroll-loops -fpeel-loops -ftracer -finline-functions output pattern test, is [1mg++.dg/ubsan/vptr-3.C:75:17:[1m[31m runtime error: [1m[0m[1mmember access within address 0x01a0af10 which does not point to an object of type 'T'[1m[0m
FAIL: g++.dg/ubsan/vptr-3.C -O3 -g output pattern test, is [1mg++.dg/ubsan/vptr-3.C:75:17:[1m[31m runtime error: [1m[0m[1mmember access within address 0x00474f10 which does not point to an object of type 'T'[1m[0m
FAIL: g++.dg/ubsan/vptr-3.C -Os output pattern test, is [1mg++.dg/ubsan/vptr-3.C:75:17:[1m[31m runtime error: [1m[0m[1mmember access within address 0x0008bf10 which does not point to an object of type 'T'[1m[0m
FAIL: g++.dg/ubsan/vptr-3.C -O2 -flto -fno-use-linker-plugin -flto-partition=none output pattern test, is [1mg++.dg/ubsan/vptr-3.C:75:17:[1m[31m runtime error: [1m[0m[1mmember access within address 0x015c2f10 which does not point to an object of type 'T'[1m[0m
FAIL: g++.dg/ubsan/vptr-3.C -O2 -flto -fuse-linker-plugin -fno-fat-lto-objects output pattern test, is [1mg++.dg/ubsan/vptr-3.C:75:17:[1m[31m runtime error: [1m[0m[1mmember access within address 0x006acf10 which does not point to an object of type 'T'[1m[0m
FAIL: g++.dg/ubsan/vptr-8.C -O0 output pattern test, is [1mg++.dg/ubsan/vptr-8.C:24:13:[1m[31m runtime error: [1m[0m[1mcast to virtual base of address 0xbee50a08 which does not point to an object of type 'V'[1m[0m
FAIL: g++.dg/ubsan/vptr-8.C -O1 output pattern test, is [1mg++.dg/ubsan/vptr-8.C:24:13:[1m[31m runtime error: [1m[0m[1mcast to virtual base of address 0xbee2ba18 which does not point to an object of type 'V'[1m[0m
FAIL: g++.dg/ubsan/vptr-8.C -O2 output pattern test, is [1mg++.dg/ubsan/vptr-8.C:24:13:[1m[31m runtime error: [1m[0m[1mcast to virtual base of address 0xbedcaa10 which does not point to an object of type 'V'[1m[0m
FAIL: g++.dg/ubsan/vptr-8.C -O3 -g output pattern test, is [1mg++.dg/ubsan/vptr-8.C:24:13:[1m[31m runtime error: [1m[0m[1mcast to virtual base of address 0xbeed2a10 which does not point to an object of type 'V'[1m[0m
FAIL: g++.dg/ubsan/vptr-8.C -Os output pattern test, is [1mg++.dg/ubsan/vptr-8.C:24:13:[1m[31m runtime error: [1m[0m[1mcast to virtual base of address 0xbecb3a10 which does not point to an object of type 'V'[1m[0m
FAIL: g++.dg/ubsan/vptr-8.C -O2 -flto -fno-use-linker-plugin -flto-partition=none output pattern test, is [1mg++.dg/ubsan/vptr-8.C:24:13:[1m[31m runtime error: [1m[0m[1mcast to virtual base of address 0xbee34a10 which does not point to an object of type 'V'[1m[0m
FAIL: g++.dg/ubsan/vptr-8.C -O2 -flto -fuse-linker-plugin -fno-fat-lto-objects output pattern test, is [1mg++.dg/ubsan/vptr-8.C:24:13:[1m[31m runtime error: [1m[0m[1mcast to virtual base of address 0xbecbfa08 which does not point to an object of type 'V'[1m[0m
FAIL: g++.dg/ubsan/vptr-9.C -O0 output pattern test, is [1mg++.dg/ubsan/vptr-9.C:14:10:[1m[31m runtime error: [1m[0m[1mcast to virtual base of address 0xbe9a2a04 which does not point to an object of type 'T'[1m[0m
FAIL: g++.dg/ubsan/vptr-9.C -O1 output pattern test, is [1mg++.dg/ubsan/vptr-9.C:14:10:[1m[31m runtime error: [1m[0m[1mcast to virtual base of address 0xbe9ffa1c which does not point to an object of type 'T'[1m[0m
FAIL: g++.dg/ubsan/vptr-9.C -O2 output pattern test, is [1mg++.dg/ubsan/vptr-9.C:14:10:[1m[31m runtime error: [1m[0m[1mcast to virtual base of address 0xbeabca14 which does not point to an object of type 'T'[1m[0m
FAIL: g++.dg/ubsan/vptr-9.C -O3 -g output pattern test, is [1mg++.dg/ubsan/vptr-9.C:14:10:[1m[31m runtime error: [1m[0m[1mcast to virtual base of address 0xbecb2a14 which does not point to an object of type 'T'[1m[0m
FAIL: g++.dg/ubsan/vptr-9.C -Os output pattern test, is [1mg++.dg/ubsan/vptr-9.C:14:10:[1m[31m runtime error: [1m[0m[1mcast to virtual base of address 0xbee79a14 which does not point to an object of type 'T'[1m[0m
FAIL: g++.dg/ubsan/vptr-9.C -O2 -flto -fno-use-linker-plugin -flto-partition=none output pattern test, is [1mg++.dg/ubsan/vptr-9.C:14:10:[1m[31m runtime error: [1m[0m[1mcast to virtual base of address 0xbef8da14 which does not point to an object of type 'T'[1m[0m
FAIL: g++.dg/ubsan/vptr-9.C -O2 -flto -fuse-linker-plugin -fno-fat-lto-objects output pattern test, is [1mg++.dg/ubsan/vptr-9.C:14:10:[1m[31m runtime error: [1m[0m[1mcast to virtual base of address 0xbea7ba14 which does not point to an object of type 'T'[1m[0m
=== g++ Summary ===
# of expected passes 86820
# of unexpected failures 112
# of expected failures 333
# of unresolved testcases 1
# of unsupported tests 3909
/scratch/gcc/nightly-2015-09-13-mainline/arm-none-linux-gnueabi/obj/test-mainline-0-arm-none-linux-gnueabi/host-i686-pc-linux-gnu/fsf-mainline/bin/arm-none-linux-gnueabi-g++ version 6.0.0 20150913 (experimental) (GCC)
=== Summary adjusted for local xfails ===
# of unexpected failures 112
# of expected passes 86820
# of expected failures 333
# of unresolved testcases 1
# of unsupported tests 3909
Host is i686-pc-linux-gnu
=== gcc tests ===
Running target qemu-wheezy-thumb/-mthumb
FAIL: c-c++-common/asan/heap-overflow-1.c -O1 output pattern test, is =================================================================
FAIL: c-c++-common/asan/null-deref-1.c -O2 output pattern test, is ASAN:SIGSEGV
FAIL: c-c++-common/asan/null-deref-1.c -O3 -g output pattern test, is ASAN:SIGSEGV
FAIL: c-c++-common/asan/null-deref-1.c -Os output pattern test, is ASAN:SIGSEGV
FAIL: c-c++-common/asan/null-deref-1.c -O2 -flto -fno-use-linker-plugin -flto-partition=none output pattern test, is ASAN:SIGSEGV
FAIL: c-c++-common/asan/null-deref-1.c -O2 -flto -fuse-linker-plugin -fno-fat-lto-objects output pattern test, is ASAN:SIGSEGV
FAIL: c-c++-common/asan/strncpy-overflow-1.c -O1 output pattern test, is =================================================================
FAIL: c-c++-common/asan/use-after-free-1.c -O0 output pattern test, is =================================================================
FAIL: c-c++-common/asan/use-after-free-1.c -O1 output pattern test, is =================================================================
FAIL: gcc.dg/atomic/stdatomic-compare-exchange-4.c -O0 execution test
FAIL: gcc.dg/atomic/stdatomic-compare-exchange-4.c -O1 execution test
FAIL: gcc.dg/atomic/stdatomic-compare-exchange-4.c -O2 execution test
FAIL: gcc.dg/atomic/stdatomic-compare-exchange-4.c -O3 -g execution test
FAIL: gcc.dg/atomic/stdatomic-compare-exchange-4.c -Os execution test
FAIL: gcc.dg/atomic/stdatomic-compare-exchange-4.c -O2 -flto -fno-use-linker-plugin -flto-partition=none execution test
FAIL: gcc.dg/atomic/stdatomic-compare-exchange-4.c -O2 -flto -fuse-linker-plugin -fno-fat-lto-objects execution test
FAIL: gcc.dg/debug/dwarf2/stacked-qualified-types-3.c scan-assembler-times DIE \\\\([^\\n]*\\\\) DW_TAG_(?:const|volatile|atomic|restrict)_type 8
FAIL: gcc.dg/loop-8.c scan-rtl-dump-times loop2_invariant "Decided" 1
FAIL: gcc.dg/loop-8.c scan-rtl-dump-not loop2_invariant "without introducing a new temporary register"
XPASS: gcc.dg/sibcall-3.c execution test
XPASS: gcc.dg/sibcall-4.c execution test
FAIL: gcc.dg/ipa/iinline-attr.c scan-ipa-dump inline "hooray[^\\\\n]*inline copy in test"
FAIL: gcc.dg/tree-ssa/sra-12.c scan-tree-dump-times release_ssa "l;" 0
FAIL: gcc.dg/tree-ssa/ssa-dom-cse-2.c scan-tree-dump optimized "return 28;"
FAIL: c-c++-common/ubsan/object-size-1.c -O2 output pattern test, is [1mc-c++-common/ubsan/object-size-1.c:16:7:[1m[31m runtime error: [1m[0m[1mload of address 0x01c76f24 with insufficient space for an object of type 'char'[1m[0m
FAIL: c-c++-common/ubsan/object-size-1.c -O2 -flto -fno-use-linker-plugin -flto-partition=none output pattern test, is [1mc-c++-common/ubsan/object-size-1.c:16:7:[1m[31m runtime error: [1m[0m[1mload of address 0x00f83f24 with insufficient space for an object of type 'char'[1m[0m
FAIL: c-c++-common/ubsan/object-size-1.c -O2 -flto -fuse-linker-plugin -fno-fat-lto-objects output pattern test, is [1mc-c++-common/ubsan/object-size-1.c:16:7:[1m[31m runtime error: [1m[0m[1mload of address 0x014a2f24 with insufficient space for an object of type 'char'[1m[0m
FAIL: c-c++-common/ubsan/object-size-10.c -O2 output pattern test, is [1mc-c++-common/ubsan/object-size-10.c:19:11:[1m[31m runtime error: [1m[0m[1mindex 128 out of bounds for type 'char [128]'[1m[0m
FAIL: c-c++-common/ubsan/object-size-10.c -O2 -flto -fno-use-linker-plugin -flto-partition=none output pattern test, is [1mc-c++-common/ubsan/object-size-10.c:19:11:[1m[31m runtime error: [1m[0m[1mindex 128 out of bounds for type 'char [128]'[1m[0m
FAIL: c-c++-common/ubsan/object-size-10.c -O2 -flto -fuse-linker-plugin -fno-fat-lto-objects output pattern test, is [1mc-c++-common/ubsan/object-size-10.c:19:11:[1m[31m runtime error: [1m[0m[1mindex 128 out of bounds for type 'char [128]'[1m[0m
FAIL: c-c++-common/ubsan/object-size-4.c -O2 output pattern test, is [1mc-c++-common/ubsan/object-size-4.c:16:11:[1m[31m runtime error: [1m[0m[1mload of address 0x01ec1f18 with insufficient space for an object of type 'int'[1m[0m
FAIL: c-c++-common/ubsan/object-size-4.c -O2 -flto -fno-use-linker-plugin -flto-partition=none output pattern test, is [1mc-c++-common/ubsan/object-size-4.c:16:11:[1m[31m runtime error: [1m[0m[1mload of address 0x01557f18 with insufficient space for an object of type 'int'[1m[0m
FAIL: c-c++-common/ubsan/object-size-4.c -O2 -flto -fuse-linker-plugin -fno-fat-lto-objects output pattern test, is [1mc-c++-common/ubsan/object-size-4.c:16:11:[1m[31m runtime error: [1m[0m[1mload of address 0x00c60f18 with insufficient space for an object of type 'int'[1m[0m
FAIL: c-c++-common/ubsan/object-size-5.c -O2 output pattern test, is [1mc-c++-common/ubsan/object-size-5.c:18:10:[1m[31m runtime error: [1m[0m[1mload of address 0x018b5f24 with insufficient space for an object of type 'char'[1m[0m
FAIL: c-c++-common/ubsan/object-size-5.c -O2 -flto -fno-use-linker-plugin -flto-partition=none output pattern test, is [1mc-c++-common/ubsan/object-size-5.c:18:10:[1m[31m runtime error: [1m[0m[1mload of address 0x01d15f24 with insufficient space for an object of type 'char'[1m[0m
FAIL: c-c++-common/ubsan/object-size-5.c -O2 -flto -fuse-linker-plugin -fno-fat-lto-objects output pattern test, is [1mc-c++-common/ubsan/object-size-5.c:18:10:[1m[31m runtime error: [1m[0m[1mload of address 0x01f18f24 with insufficient space for an object of type 'char'[1m[0m
FAIL: c-c++-common/ubsan/object-size-7.c -O2 output pattern test, is [1mc-c++-common/ubsan/object-size-7.c:15:5:[1m[31m runtime error: [1m[0m[1mload of address 0xbe8289f8 with insufficient space for an object of type 'struct S'[1m[0m
FAIL: c-c++-common/ubsan/object-size-7.c -O2 -flto -fno-use-linker-plugin -flto-partition=none output pattern test, is [1mc-c++-common/ubsan/object-size-7.c:15:5:[1m[31m runtime error: [1m[0m[1mload of address 0xbef629f8 with insufficient space for an object of type 'struct S'[1m[0m
FAIL: c-c++-common/ubsan/object-size-7.c -O2 -flto -fuse-linker-plugin -fno-fat-lto-objects output pattern test, is [1mc-c++-common/ubsan/object-size-7.c:15:5:[1m[31m runtime error: [1m[0m[1mload of address 0xbe9bb9f8 with insufficient space for an object of type 'struct S'[1m[0m
FAIL: c-c++-common/ubsan/object-size-8.c -O2 output pattern test, is [1mc-c++-common/ubsan/object-size-8.c:12:10:[1m[31m runtime error: [1m[0m[1mload of address 0x00b15f14 with insufficient space for an object of type 'int'[1m[0m
FAIL: c-c++-common/ubsan/object-size-8.c -O2 -flto -fno-use-linker-plugin -flto-partition=none output pattern test, is [1mc-c++-common/ubsan/object-size-8.c:12:10:[1m[31m runtime error: [1m[0m[1mload of address 0x01b9cf14 with insufficient space for an object of type 'int'[1m[0m
FAIL: c-c++-common/ubsan/object-size-8.c -O2 -flto -fuse-linker-plugin -fno-fat-lto-objects output pattern test, is [1mc-c++-common/ubsan/object-size-8.c:12:10:[1m[31m runtime error: [1m[0m[1mload of address 0x00c59f14 with insufficient space for an object of type 'int'[1m[0m
FAIL: c-c++-common/ubsan/object-size-9.c -O2 output pattern test, is [1mc-c++-common/ubsan/object-size-9.c:21:10:[1m[31m runtime error: [1m[0m[1mload of address 0xbe8959f8 with insufficient space for an object of type 'char'[1m[0m
FAIL: c-c++-common/ubsan/object-size-9.c -O2 -flto -fno-use-linker-plugin -flto-partition=none output pattern test, is [1mc-c++-common/ubsan/object-size-9.c:21:10:[1m[31m runtime error: [1m[0m[1mload of address 0xbeb579f8 with insufficient space for an object of type 'char'[1m[0m
FAIL: c-c++-common/ubsan/object-size-9.c -O2 -flto -fuse-linker-plugin -fno-fat-lto-objects output pattern test, is [1mc-c++-common/ubsan/object-size-9.c:21:10:[1m[31m runtime error: [1m[0m[1mload of address 0xbef4a9f8 with insufficient space for an object of type 'char'[1m[0m
FAIL: gcc.dg/ubsan/object-size-9.c -O2 output pattern test, is [1mgcc.dg/ubsan/object-size-9.c:11:13:[1m[31m runtime error: [1m[0m[1mload of address 0x00020a3a with insufficient space for an object of type 'char'[1m[0m
FAIL: gcc.dg/ubsan/object-size-9.c -O2 -flto -fno-use-linker-plugin -flto-partition=none output pattern test, is [1mgcc.dg/ubsan/object-size-9.c:11:13:[1m[31m runtime error: [1m[0m[1mload of address 0x00020a3a with insufficient space for an object of type 'char'[1m[0m
FAIL: gcc.dg/ubsan/object-size-9.c -O2 -flto -fuse-linker-plugin -fno-fat-lto-objects output pattern test, is [1mgcc.dg/ubsan/object-size-9.c:11:13:[1m[31m runtime error: [1m[0m[1mload of address 0x00020a0e with insufficient space for an object of type 'char'[1m[0m
FAIL: gcc.target/arm/builtin-bswap-1.c scan-assembler-times revsh\\\\t 2
FAIL: gcc.target/arm/builtin-bswap-1.c scan-assembler-times rev16\\\\t 2
FAIL: gcc.target/arm/pr45701-1.c scan-assembler push\\t{r3
FAIL: gcc.target/arm/reg_equal_test.c scan-rtl-dump expand "expr_list:REG_EQUAL \\\\(const_int -942519458"
FAIL: gcc.target/arm/thumb-ltu.c scan-assembler-not uxtb
=== gcc Summary ===
# of expected passes 84125
# of unexpected failures 51
# of unexpected successes 2
# of expected failures 123
# of unsupported tests 4128
/scratch/gcc/nightly-2015-09-13-mainline/arm-none-linux-gnueabi/obj/test-mainline-0-arm-none-linux-gnueabi/host-i686-pc-linux-gnu/fsf-mainline/bin/arm-none-linux-gnueabi-gcc version 6.0.0 20150913 (experimental) (GCC)
=== Summary adjusted for local xfails ===
# of unexpected failures 51
# of expected passes 84125
# of unexpected successes 2
# of expected failures 123
# of unsupported tests 4128
Host is i686-pc-linux-gnu
=== gfortran tests ===
Running target qemu-wheezy-thumb/-mthumb
XPASS: gfortran.dg/graphite/pr14741.f90 -O scan-tree-dump-times graphite "number of SCoPs: 1" 1
FAIL: gfortran.dg/ieee/ieee_1.F90 -O0 execution test
FAIL: gfortran.dg/ieee/ieee_1.F90 -O1 execution test
FAIL: gfortran.dg/ieee/ieee_1.F90 -O2 execution test
FAIL: gfortran.dg/ieee/ieee_1.F90 -O3 -fomit-frame-pointer -funroll-loops -fpeel-loops -ftracer -finline-functions execution test
FAIL: gfortran.dg/ieee/ieee_1.F90 -O3 -g execution test
FAIL: gfortran.dg/ieee/ieee_1.F90 -Os execution test
FAIL: gfortran.dg/ieee/ieee_2.f90 -O0 execution test
FAIL: gfortran.dg/ieee/ieee_2.f90 -O1 execution test
FAIL: gfortran.dg/ieee/ieee_2.f90 -O2 execution test
FAIL: gfortran.dg/ieee/ieee_2.f90 -O3 -fomit-frame-pointer -funroll-loops -fpeel-loops -ftracer -finline-functions execution test
FAIL: gfortran.dg/ieee/ieee_2.f90 -O3 -g execution test
FAIL: gfortran.dg/ieee/ieee_2.f90 -Os execution test
FAIL: gfortran.dg/ieee/ieee_6.f90 -O0 execution test
FAIL: gfortran.dg/ieee/ieee_6.f90 -O1 execution test
FAIL: gfortran.dg/ieee/ieee_6.f90 -O2 execution test
FAIL: gfortran.dg/ieee/ieee_6.f90 -O3 -fomit-frame-pointer -funroll-loops -fpeel-loops -ftracer -finline-functions execution test
FAIL: gfortran.dg/ieee/ieee_6.f90 -O3 -g execution test
FAIL: gfortran.dg/ieee/ieee_6.f90 -Os execution test
FAIL: gfortran.dg/ieee/large_2.f90 -O0 execution test
FAIL: gfortran.dg/ieee/large_2.f90 -O1 execution test
FAIL: gfortran.dg/ieee/large_2.f90 -O2 execution test
FAIL: gfortran.dg/ieee/large_2.f90 -O3 -fomit-frame-pointer -funroll-loops -fpeel-loops -ftracer -finline-functions execution test
FAIL: gfortran.dg/ieee/large_2.f90 -O3 -g execution test
FAIL: gfortran.dg/ieee/large_2.f90 -Os execution test
FAIL: gfortran.dg/ieee/large_3.F90 -O0 execution test
FAIL: gfortran.dg/ieee/large_3.F90 -O1 execution test
FAIL: gfortran.dg/ieee/large_3.F90 -O2 execution test
FAIL: gfortran.dg/ieee/large_3.F90 -O3 -fomit-frame-pointer -funroll-loops -fpeel-loops -ftracer -finline-functions execution test
FAIL: gfortran.dg/ieee/large_3.F90 -O3 -g execution test
FAIL: gfortran.dg/ieee/large_3.F90 -Os execution test
FAIL: gfortran.dg/ieee/rounding_1.f90 -O0 execution test
FAIL: gfortran.dg/ieee/rounding_1.f90 -O1 execution test
FAIL: gfortran.dg/ieee/rounding_1.f90 -O2 execution test
FAIL: gfortran.dg/ieee/rounding_1.f90 -O3 -fomit-frame-pointer -funroll-loops -fpeel-loops -ftracer -finline-functions execution test
FAIL: gfortran.dg/ieee/rounding_1.f90 -O3 -g execution test
FAIL: gfortran.dg/ieee/rounding_1.f90 -Os execution test
=== gfortran Summary ===
# of expected passes 39558
# of unexpected failures 36
# of unexpected successes 1
# of expected failures 74
# of unsupported tests 320
/scratch/gcc/nightly-2015-09-13-mainline/arm-none-linux-gnueabi/obj/test-mainline-0-arm-none-linux-gnueabi/host-i686-pc-linux-gnu/fsf-mainline/bin/arm-none-linux-gnueabi-gfortran version 6.0.0 20150913 (experimental) (GCC)
=== Summary adjusted for local xfails ===
# of unexpected failures 36
# of expected passes 39558
# of unexpected successes 1
# of expected failures 74
# of unsupported tests 320
Host is i686-pc-linux-gnu
=== libatomic tests ===
Running target qemu-wheezy-thumb/-mthumb
=== libatomic Summary ===
# of expected passes 44
# of unsupported tests 5
=== Summary adjusted for local xfails ===
# of expected passes 44
# of unsupported tests 5
Host is i686-pc-linux-gnu
=== libgomp tests ===
Running target qemu-wheezy-thumb/-mthumb
WARNING: program timed out.
FAIL: libgomp.fortran/strassen.f90 -O execution test
FAIL: libgomp.graphite/force-parallel-7.c execution test
=== libgomp Summary ===
# of expected passes 4021
# of unexpected failures 2
# of expected failures 4
# of unsupported tests 301
=== Summary adjusted for local xfails ===
# of unexpected failures 2
# of expected passes 4021
# of expected failures 4
# of unsupported tests 301
Host is i686-pc-linux-gnu
=== libitm tests ===
Running target qemu-wheezy-thumb/-mthumb
=== libitm Summary ===
# of expected passes 26
# of expected failures 3
# of unsupported tests 1
=== Summary adjusted for local xfails ===
# of expected passes 26
# of expected failures 3
# of unsupported tests 1
Host is i686-pc-linux-gnu
=== libstdc++ tests ===
Running target qemu-wheezy-thumb/-mthumb
FAIL: 22_locale/messages/13631.cc execution test
FAIL: 22_locale/messages/members/char/1.cc execution test
FAIL: 22_locale/messages/members/char/2.cc execution test
FAIL: 22_locale/messages/members/char/wrapped_locale.cc execution test
FAIL: 22_locale/messages_byname/named_equivalence.cc execution test
FAIL: 25_algorithms/remove/requirements/explicit_instantiation/2.cc (test for excess errors)
=== libstdc++ Summary ===
# of expected passes 10268
# of unexpected failures 6
# of expected failures 66
# of unsupported tests 376
=== Summary adjusted for local xfails ===
# of unexpected failures 6
# of expected passes 10268
# of expected failures 66
# of unsupported tests 376
Compiler version: 6.0.0 20150913 (experimental) (GCC)
Platform: arm-none-linux-gnueabi
configure flags: --build=i686-pc-linux-gnu --host=i686-pc-linux-gnu --target=arm-none-linux-gnueabi --enable-threads --disable-libmudflap --disable-libssp --disable-libstdcxx-pch --with-gnu-as --with-gnu-ld --enable-languages=c,c++,fortran --enable-shared --enable-lto --enable-symvers=gnu --enable-__cxa_atexit --with-glibc-version=2.21 --disable-nls --prefix=/scratch/gcc/nightly-2015-09-13-mainline/arm-none-linux-gnueabi/install --with-sysroot=/scratch/gcc/nightly-2015-09-13-mainline/arm-none-linux-gnueabi/install/arm-none-linux-gnueabi/libc --with-gmp=/scratch/gcc/nightly-2015-09-13-mainline/arm-none-linux-gnueabi/obj/pkg-mainline-0-arm-none-linux-gnueabi/fsf-mainline-0-arm-none-linux-gnueabi.extras/host-libs-i686-pc-linux-gnu/usr --with-mpfr=/scratch/gcc/nightly-2015-09-13-mainline/arm-none-linux-gnueabi/obj/pkg-mainline-0-arm-none-linux-gnueabi/fsf-mainline-0-arm-none-linux-gnueabi.extras/host-libs-i686-pc-linux-gnu/usr --with-mpc=/scratch/gcc/nightly-2015-09-13-mainline/a
rm-none-linux-gnueabi/obj/pkg-mainline-0-arm-none-linux-gnueabi/fsf-mainline-0-arm-none-linux-gnueabi.extras/host-libs-i686-pc-linux-gnu/usr --with-isl=/scratch/gcc/nightly-2015-09-13-mainline/arm-none-linux-gnueabi/obj/pkg-mainline-0-arm-none-linux-gnueabi/fsf-mainline-0-arm-none-linux-gnueabi.extras/host-libs-i686-pc-linux-gnu/usr --enable-libgomp --enable-libitm --enable-libatomic --disable-libssp --disable-libcc1 --enable-poison-system-directories --with-python-dir=arm-none-linux-gnueabi/share/gdb/python --with-build-time-tools=/scratch/gcc/nightly-2015-09-13-mainline/arm-none-linux-gnueabi/install/arm-none-linux-gnueabi/bin --with-build-time-tools=/scratch/gcc/nightly-2015-09-13-mainline/arm-none-linux-gnueabi/install/arm-none-linux-gnueabi/bin SED=sed