This is the mail archive of the
gcc-testresults@gcc.gnu.org
mailing list for the GCC project.
Results for 6.0.0 20150910 (experimental) (GCC) testsuite on i686-pc-linux-gnu
- From: CodeSourcery Automatic Testing System <gcc at codesourcery dot com>
- To: <gcc-testresults at gcc dot gnu dot org>
- Date: Thu, 10 Sep 2015 09:32:07 -0700
- Subject: Results for 6.0.0 20150910 (experimental) (GCC) testsuite on i686-pc-linux-gnu
- Authentication-results: sourceware.org; auth=none
LAST_UPDATED: Thu Sep 10 07:09:29 UTC 2015 (/trunk revision 227604)
Native configuration is i686-pc-linux-gnu
=== g++ tests ===
Running target localhost
FAIL: g++.dg/guality/pr55665.C -O2 line 23 p == 40
FAIL: g++.dg/guality/pr55665.C -O3 -g line 23 p == 40
=== g++ Summary ===
# of expected passes 90755
# of unexpected failures 2
# of expected failures 334
# of unsupported tests 3211
/scratch/gcc/nightly-2015-09-10-mainline/i686-pc-linux-gnu/obj/test-mainline-0-i686-pc-linux-gnu/host-i686-pc-linux-gnu/fsf-mainline/bin/i686-pc-linux-gnu-g++ version 6.0.0 20150910 (experimental) (GCC)
=== Summary adjusted for local xfails ===
# of unexpected failures 2
# of expected passes 90755
# of expected failures 334
# of unsupported tests 3211
=== gcc tests ===
Running target localhost
FAIL: gcc.dg/debug/dwarf2/stacked-qualified-types-3.c scan-assembler-times DIE \\\\([^\\n]*\\\\) DW_TAG_(?:const|volatile|atomic|restrict)_type 8
XPASS: gcc.dg/guality/example.c -O0 execution test
XPASS: gcc.dg/guality/example.c -O1 execution test
XPASS: gcc.dg/guality/guality.c -O0 execution test
XPASS: gcc.dg/guality/guality.c -O1 execution test
XPASS: gcc.dg/guality/guality.c -O2 execution test
XPASS: gcc.dg/guality/guality.c -O3 -g execution test
XPASS: gcc.dg/guality/guality.c -Os execution test
XPASS: gcc.dg/guality/guality.c -O2 -flto -fno-use-linker-plugin -flto-partition=none execution test
XPASS: gcc.dg/guality/guality.c -O2 -flto -fuse-linker-plugin -fno-fat-lto-objects execution test
XPASS: gcc.dg/guality/inline-params.c -O2 execution test
XPASS: gcc.dg/guality/inline-params.c -O3 -g execution test
XPASS: gcc.dg/guality/inline-params.c -Os execution test
XPASS: gcc.dg/guality/inline-params.c -O2 -flto -fno-use-linker-plugin -flto-partition=none execution test
XPASS: gcc.dg/guality/pr41353-1.c -O0 line 28 j == 28 + 37
XPASS: gcc.dg/guality/pr41353-1.c -O1 line 28 j == 28 + 37
XPASS: gcc.dg/guality/pr41353-1.c -O2 line 28 j == 28 + 37
XPASS: gcc.dg/guality/pr41353-1.c -O3 -g line 28 j == 28 + 37
XPASS: gcc.dg/guality/pr41353-1.c -Os line 28 j == 28 + 37
XPASS: gcc.dg/guality/pr41353-1.c -O2 -flto -fno-use-linker-plugin -flto-partition=none line 28 j == 28 + 37
XPASS: gcc.dg/guality/pr41353-1.c -O2 -flto -fuse-linker-plugin -fno-fat-lto-objects line 28 j == 28 + 37
FAIL: gcc.dg/guality/pr41447-1.c -O2 execution test
FAIL: gcc.dg/guality/pr41447-1.c -O3 -g execution test
FAIL: gcc.dg/guality/pr41447-1.c -O2 -flto -fno-use-linker-plugin -flto-partition=none execution test
FAIL: gcc.dg/guality/pr41616-1.c -O2 -flto -fuse-linker-plugin -fno-fat-lto-objects execution test
FAIL: gcc.dg/guality/pr45882.c -O2 -flto -fuse-linker-plugin -fno-fat-lto-objects line 16 d == 112
FAIL: gcc.dg/guality/pr45882.c -O2 -flto -fuse-linker-plugin -fno-fat-lto-objects line 16 e == 142
FAIL: gcc.dg/guality/pr54200.c -O2 -flto -fuse-linker-plugin -fno-fat-lto-objects line 20 z == 3
FAIL: gcc.dg/guality/pr54519-1.c -O2 -flto -fno-use-linker-plugin -flto-partition=none line 20 y == 25
FAIL: gcc.dg/guality/pr54519-1.c -O2 -flto -fno-use-linker-plugin -flto-partition=none line 20 z == 6
FAIL: gcc.dg/guality/pr54519-1.c -O2 -flto -fno-use-linker-plugin -flto-partition=none line 23 y == 117
FAIL: gcc.dg/guality/pr54519-1.c -O2 -flto -fno-use-linker-plugin -flto-partition=none line 23 z == 8
FAIL: gcc.dg/guality/pr54519-2.c -O2 -flto -fno-use-linker-plugin -flto-partition=none line 17 y == 25
FAIL: gcc.dg/guality/pr54519-2.c -O2 -flto -fuse-linker-plugin -fno-fat-lto-objects line 17 y == 25
FAIL: gcc.dg/guality/pr54519-3.c -O2 -flto -fno-use-linker-plugin -flto-partition=none line 20 y == 25
FAIL: gcc.dg/guality/pr54519-3.c -O2 -flto -fno-use-linker-plugin -flto-partition=none line 20 z == 6
FAIL: gcc.dg/guality/pr54519-3.c -O2 -flto -fno-use-linker-plugin -flto-partition=none line 23 y == 117
FAIL: gcc.dg/guality/pr54519-3.c -O2 -flto -fno-use-linker-plugin -flto-partition=none line 23 z == 8
FAIL: gcc.dg/guality/pr54519-3.c -O2 -flto -fuse-linker-plugin -fno-fat-lto-objects line 20 y == 25
FAIL: gcc.dg/guality/pr54519-3.c -O2 -flto -fuse-linker-plugin -fno-fat-lto-objects line 20 z == 6
FAIL: gcc.dg/guality/pr54519-3.c -O2 -flto -fuse-linker-plugin -fno-fat-lto-objects line 23 y == 117
FAIL: gcc.dg/guality/pr54519-3.c -O2 -flto -fuse-linker-plugin -fno-fat-lto-objects line 23 z == 8
FAIL: gcc.dg/guality/pr54519-4.c -O2 -flto -fno-use-linker-plugin -flto-partition=none line 17 y == 25
FAIL: gcc.dg/guality/pr54519-4.c -O2 -flto -fuse-linker-plugin -fno-fat-lto-objects line 17 y == 25
FAIL: gcc.dg/guality/pr54519-5.c -O2 -flto -fno-use-linker-plugin -flto-partition=none line 17 y == 25
FAIL: gcc.dg/guality/pr54519-5.c -O2 -flto -fuse-linker-plugin -fno-fat-lto-objects line 17 y == 25
FAIL: gcc.dg/guality/pr54970.c -Os line 15 a[0] == 1
FAIL: gcc.dg/guality/pr54970.c -Os line 20 a[0] == 1
FAIL: gcc.dg/guality/pr54970.c -Os line 25 a[0] == 1
FAIL: gcc.dg/guality/pr54970.c -Os line 31 a[0] == 4
FAIL: gcc.dg/guality/pr54970.c -Os line 36 a[0] == 4
FAIL: gcc.dg/guality/pr54970.c -Os line 45 a[0] == 4
FAIL: gcc.dg/guality/pr54970.c -Os line 45 p[-2] == 4
FAIL: gcc.dg/guality/pr54970.c -Os line 45 q[-1] == 4
FAIL: gcc.dg/guality/vla-1.c -O1 line 17 sizeof (a) == 6
FAIL: gcc.dg/guality/vla-1.c -O2 line 17 sizeof (a) == 6
FAIL: gcc.dg/guality/vla-1.c -O3 -g line 17 sizeof (a) == 6
FAIL: gcc.dg/guality/vla-1.c -Os line 17 sizeof (a) == 6
FAIL: gcc.dg/guality/vla-1.c -O2 -flto -fno-use-linker-plugin -flto-partition=none line 17 sizeof (a) == 6
FAIL: gcc.dg/guality/vla-1.c -O2 -flto -fuse-linker-plugin -fno-fat-lto-objects line 17 sizeof (a) == 6
FAIL: gcc.target/i386/pr61403.c scan-assembler blend
=== gcc Summary ===
# of expected passes 105994
# of unexpected failures 41
# of unexpected successes 20
# of expected failures 281
# of unsupported tests 1640
/scratch/gcc/nightly-2015-09-10-mainline/i686-pc-linux-gnu/obj/test-mainline-0-i686-pc-linux-gnu/host-i686-pc-linux-gnu/fsf-mainline/bin/i686-pc-linux-gnu-gcc version 6.0.0 20150910 (experimental) (GCC)
=== Summary adjusted for local xfails ===
# of unexpected failures 41
# of expected passes 105994
# of unexpected successes 20
# of expected failures 281
# of unsupported tests 1640
=== gfortran tests ===
Running target localhost
XPASS: gfortran.dg/graphite/pr14741.f90 -O scan-tree-dump-times graphite "number of SCoPs: 1" 1
=== gfortran Summary ===
# of expected passes 40521
# of unexpected successes 1
# of expected failures 74
# of unsupported tests 165
/scratch/gcc/nightly-2015-09-10-mainline/i686-pc-linux-gnu/obj/test-mainline-0-i686-pc-linux-gnu/host-i686-pc-linux-gnu/fsf-mainline/bin/i686-pc-linux-gnu-gfortran version 6.0.0 20150910 (experimental) (GCC)
=== Summary adjusted for local xfails ===
# of expected passes 40521
# of unexpected successes 1
# of expected failures 74
# of unsupported tests 165
=== libatomic tests ===
Running target localhost
=== libatomic Summary ===
# of expected passes 44
# of unsupported tests 5
=== Summary adjusted for local xfails ===
# of expected passes 44
# of unsupported tests 5
=== libgomp tests ===
Running target localhost
=== libgomp Summary ===
# of expected passes 4171
# of expected failures 4
# of unsupported tests 196
=== Summary adjusted for local xfails ===
# of expected passes 4171
# of expected failures 4
# of unsupported tests 196
=== libitm tests ===
Running target localhost
=== libitm Summary ===
# of expected passes 26
# of expected failures 3
# of unsupported tests 1
=== Summary adjusted for local xfails ===
# of expected passes 26
# of expected failures 3
# of unsupported tests 1
=== libstdc++ tests ===
Running target localhost
FAIL: 25_algorithms/remove/requirements/explicit_instantiation/2.cc (test for excess errors)
=== libstdc++ Summary ===
# of expected passes 10072
# of unexpected failures 1
# of expected failures 66
# of unsupported tests 551
=== Summary adjusted for local xfails ===
# of unexpected failures 1
# of expected passes 10072
# of expected failures 66
# of unsupported tests 551
=== g++ tests ===
Running target localhost/-m64
FAIL: c-c++-common/asan/asan-interface-1.c -O0 execution test
FAIL: c-c++-common/asan/asan-interface-1.c -O1 execution test
FAIL: c-c++-common/asan/asan-interface-1.c -O2 execution test
FAIL: c-c++-common/asan/asan-interface-1.c -O3 -g execution test
FAIL: c-c++-common/asan/asan-interface-1.c -Os execution test
FAIL: c-c++-common/asan/asan-interface-1.c -O2 -flto -fno-use-linker-plugin -flto-partition=none execution test
FAIL: c-c++-common/asan/asan-interface-1.c -O2 -flto -fuse-linker-plugin -fno-fat-lto-objects execution test
FAIL: c-c++-common/asan/bitfield-1.c -O0 output pattern test, is ==14139==ERROR: AddressSanitizer failed to allocate 0xdfff0001000 (15392894357504) bytes at address 2008fff7000 (errno: 12)
FAIL: c-c++-common/asan/bitfield-1.c -O1 output pattern test, is ==14149==ERROR: AddressSanitizer failed to allocate 0xdfff0001000 (15392894357504) bytes at address 2008fff7000 (errno: 12)
FAIL: c-c++-common/asan/bitfield-1.c -O2 output pattern test, is ==14159==ERROR: AddressSanitizer failed to allocate 0xdfff0001000 (15392894357504) bytes at address 2008fff7000 (errno: 12)
FAIL: c-c++-common/asan/bitfield-1.c -O3 -g output pattern test, is ==14170==ERROR: AddressSanitizer failed to allocate 0xdfff0001000 (15392894357504) bytes at address 2008fff7000 (errno: 12)
FAIL: c-c++-common/asan/bitfield-1.c -Os output pattern test, is ==14180==ERROR: AddressSanitizer failed to allocate 0xdfff0001000 (15392894357504) bytes at address 2008fff7000 (errno: 12)
FAIL: c-c++-common/asan/bitfield-1.c -O2 -flto -fno-use-linker-plugin -flto-partition=none output pattern test, is ==14202==ERROR: AddressSanitizer failed to allocate 0xdfff0001000 (15392894357504) bytes at address 2008fff7000 (errno: 12)
FAIL: c-c++-common/asan/bitfield-1.c -O2 -flto -fuse-linker-plugin -fno-fat-lto-objects output pattern test, is ==14225==ERROR: AddressSanitizer failed to allocate 0xdfff0001000 (15392894357504) bytes at address 2008fff7000 (errno: 12)
FAIL: c-c++-common/asan/bitfield-2.c -O0 output pattern test, is ==14235==ERROR: AddressSanitizer failed to allocate 0xdfff0001000 (15392894357504) bytes at address 2008fff7000 (errno: 12)
FAIL: c-c++-common/asan/bitfield-2.c -O1 output pattern test, is ==14245==ERROR: AddressSanitizer failed to allocate 0xdfff0001000 (15392894357504) bytes at address 2008fff7000 (errno: 12)
FAIL: c-c++-common/asan/bitfield-2.c -O2 output pattern test, is ==14258==ERROR: AddressSanitizer failed to allocate 0xdfff0001000 (15392894357504) bytes at address 2008fff7000 (errno: 12)
FAIL: c-c++-common/asan/bitfield-2.c -O3 -g output pattern test, is ==14268==ERROR: AddressSanitizer failed to allocate 0xdfff0001000 (15392894357504) bytes at address 2008fff7000 (errno: 12)
FAIL: c-c++-common/asan/bitfield-2.c -Os output pattern test, is ==14278==ERROR: AddressSanitizer failed to allocate 0xdfff0001000 (15392894357504) bytes at address 2008fff7000 (errno: 12)
FAIL: c-c++-common/asan/bitfield-2.c -O2 -flto -fno-use-linker-plugin -flto-partition=none output pattern test, is ==14300==ERROR: AddressSanitizer failed to allocate 0xdfff0001000 (15392894357504) bytes at address 2008fff7000 (errno: 12)
FAIL: c-c++-common/asan/bitfield-2.c -O2 -flto -fuse-linker-plugin -fno-fat-lto-objects output pattern test, is ==14325==ERROR: AddressSanitizer failed to allocate 0xdfff0001000 (15392894357504) bytes at address 2008fff7000 (errno: 12)
FAIL: c-c++-common/asan/bitfield-3.c -O0 output pattern test, is ==14336==ERROR: AddressSanitizer failed to allocate 0xdfff0001000 (15392894357504) bytes at address 2008fff7000 (errno: 12)
FAIL: c-c++-common/asan/bitfield-3.c -O1 output pattern test, is ==14346==ERROR: AddressSanitizer failed to allocate 0xdfff0001000 (15392894357504) bytes at address 2008fff7000 (errno: 12)
FAIL: c-c++-common/asan/bitfield-3.c -O2 output pattern test, is ==14356==ERROR: AddressSanitizer failed to allocate 0xdfff0001000 (15392894357504) bytes at address 2008fff7000 (errno: 12)
FAIL: c-c++-common/asan/bitfield-3.c -O3 -g output pattern test, is ==14366==ERROR: AddressSanitizer failed to allocate 0xdfff0001000 (15392894357504) bytes at address 2008fff7000 (errno: 12)
FAIL: c-c++-common/asan/bitfield-3.c -Os output pattern test, is ==14382==ERROR: AddressSanitizer failed to allocate 0xdfff0001000 (15392894357504) bytes at address 2008fff7000 (errno: 12)
FAIL: c-c++-common/asan/bitfield-3.c -O2 -flto -fno-use-linker-plugin -flto-partition=none output pattern test, is ==14406==ERROR: AddressSanitizer failed to allocate 0xdfff0001000 (15392894357504) bytes at address 2008fff7000 (errno: 12)
FAIL: c-c++-common/asan/bitfield-3.c -O2 -flto -fuse-linker-plugin -fno-fat-lto-objects output pattern test, is ==14422==ERROR: AddressSanitizer failed to allocate 0xdfff0001000 (15392894357504) bytes at address 2008fff7000 (errno: 12)
FAIL: c-c++-common/asan/bitfield-4.c -O0 output pattern test, is ==14432==ERROR: AddressSanitizer failed to allocate 0xdfff0001000 (15392894357504) bytes at address 2008fff7000 (errno: 12)
FAIL: c-c++-common/asan/bitfield-4.c -O1 output pattern test, is ==14442==ERROR: AddressSanitizer failed to allocate 0xdfff0001000 (15392894357504) bytes at address 2008fff7000 (errno: 12)
FAIL: c-c++-common/asan/bitfield-4.c -O2 output pattern test, is ==14452==ERROR: AddressSanitizer failed to allocate 0xdfff0001000 (15392894357504) bytes at address 2008fff7000 (errno: 12)
FAIL: c-c++-common/asan/bitfield-4.c -O3 -g output pattern test, is ==14462==ERROR: AddressSanitizer failed to allocate 0xdfff0001000 (15392894357504) bytes at address 2008fff7000 (errno: 12)
FAIL: c-c++-common/asan/bitfield-4.c -Os output pattern test, is ==14475==ERROR: AddressSanitizer failed to allocate 0xdfff0001000 (15392894357504) bytes at address 2008fff7000 (errno: 12)
FAIL: c-c++-common/asan/bitfield-4.c -O2 -flto -fno-use-linker-plugin -flto-partition=none output pattern test, is ==14499==ERROR: AddressSanitizer failed to allocate 0xdfff0001000 (15392894357504) bytes at address 2008fff7000 (errno: 12)
FAIL: c-c++-common/asan/bitfield-4.c -O2 -flto -fuse-linker-plugin -fno-fat-lto-objects output pattern test, is ==14515==ERROR: AddressSanitizer failed to allocate 0xdfff0001000 (15392894357504) bytes at address 2008fff7000 (errno: 12)
FAIL: c-c++-common/asan/bitfield-5.c -O0 output pattern test, is ==14525==ERROR: AddressSanitizer failed to allocate 0xdfff0001000 (15392894357504) bytes at address 2008fff7000 (errno: 12)
FAIL: c-c++-common/asan/bitfield-5.c -O1 output pattern test, is ==14538==ERROR: AddressSanitizer failed to allocate 0xdfff0001000 (15392894357504) bytes at address 2008fff7000 (errno: 12)
FAIL: c-c++-common/asan/bitfield-5.c -O2 output pattern test, is ==14548==ERROR: AddressSanitizer failed to allocate 0xdfff0001000 (15392894357504) bytes at address 2008fff7000 (errno: 12)
FAIL: c-c++-common/asan/bitfield-5.c -O3 -g output pattern test, is ==14558==ERROR: AddressSanitizer failed to allocate 0xdfff0001000 (15392894357504) bytes at address 2008fff7000 (errno: 12)
FAIL: c-c++-common/asan/bitfield-5.c -Os output pattern test, is ==14568==ERROR: AddressSanitizer failed to allocate 0xdfff0001000 (15392894357504) bytes at address 2008fff7000 (errno: 12)
FAIL: c-c++-common/asan/bitfield-5.c -O2 -flto -fno-use-linker-plugin -flto-partition=none output pattern test, is ==14598==ERROR: AddressSanitizer failed to allocate 0xdfff0001000 (15392894357504) bytes at address 2008fff7000 (errno: 12)
FAIL: c-c++-common/asan/bitfield-5.c -O2 -flto -fuse-linker-plugin -fno-fat-lto-objects output pattern test, is ==14614==ERROR: AddressSanitizer failed to allocate 0xdfff0001000 (15392894357504) bytes at address 2008fff7000 (errno: 12)
FAIL: c-c++-common/asan/clone-test-1.c -O0 execution test
FAIL: c-c++-common/asan/clone-test-1.c -O1 execution test
FAIL: c-c++-common/asan/clone-test-1.c -O2 execution test
FAIL: c-c++-common/asan/clone-test-1.c -O3 -fomit-frame-pointer -funroll-loops -fpeel-loops -ftracer -finline-functions execution test
FAIL: c-c++-common/asan/clone-test-1.c -O3 -g execution test
FAIL: c-c++-common/asan/clone-test-1.c -Os execution test
FAIL: c-c++-common/asan/clone-test-1.c -O2 -flto -fno-use-linker-plugin -flto-partition=none execution test
FAIL: c-c++-common/asan/clone-test-1.c -O2 -flto -fuse-linker-plugin -fno-fat-lto-objects execution test
FAIL: c-c++-common/asan/global-overflow-1.c -O0 output pattern test, is ==14789==ERROR: AddressSanitizer failed to allocate 0xdfff0001000 (15392894357504) bytes at address 2008fff7000 (errno: 12)
FAIL: c-c++-common/asan/global-overflow-1.c -O1 output pattern test, is ==14799==ERROR: AddressSanitizer failed to allocate 0xdfff0001000 (15392894357504) bytes at address 2008fff7000 (errno: 12)
FAIL: c-c++-common/asan/global-overflow-1.c -O2 output pattern test, is ==14809==ERROR: AddressSanitizer failed to allocate 0xdfff0001000 (15392894357504) bytes at address 2008fff7000 (errno: 12)
FAIL: c-c++-common/asan/global-overflow-1.c -O3 -g output pattern test, is ==14819==ERROR: AddressSanitizer failed to allocate 0xdfff0001000 (15392894357504) bytes at address 2008fff7000 (errno: 12)
FAIL: c-c++-common/asan/global-overflow-1.c -Os output pattern test, is ==14829==ERROR: AddressSanitizer failed to allocate 0xdfff0001000 (15392894357504) bytes at address 2008fff7000 (errno: 12)
FAIL: c-c++-common/asan/global-overflow-1.c -O2 -flto -fno-use-linker-plugin -flto-partition=none output pattern test, is ==14862==ERROR: AddressSanitizer failed to allocate 0xdfff0001000 (15392894357504) bytes at address 2008fff7000 (errno: 12)
FAIL: c-c++-common/asan/global-overflow-1.c -O2 -flto -fuse-linker-plugin -fno-fat-lto-objects output pattern test, is ==14878==ERROR: AddressSanitizer failed to allocate 0xdfff0001000 (15392894357504) bytes at address 2008fff7000 (errno: 12)
FAIL: c-c++-common/asan/heap-overflow-1.c -O0 output pattern test, is ==14888==ERROR: AddressSanitizer failed to allocate 0xdfff0001000 (15392894357504) bytes at address 2008fff7000 (errno: 12)
FAIL: c-c++-common/asan/heap-overflow-1.c -O1 output pattern test, is ==14898==ERROR: AddressSanitizer failed to allocate 0xdfff0001000 (15392894357504) bytes at address 2008fff7000 (errno: 12)
FAIL: c-c++-common/asan/heap-overflow-1.c -O2 output pattern test, is ==14908==ERROR: AddressSanitizer failed to allocate 0xdfff0001000 (15392894357504) bytes at address 2008fff7000 (errno: 12)
FAIL: c-c++-common/asan/heap-overflow-1.c -O3 -g output pattern test, is ==14918==ERROR: AddressSanitizer failed to allocate 0xdfff0001000 (15392894357504) bytes at address 2008fff7000 (errno: 12)
FAIL: c-c++-common/asan/heap-overflow-1.c -Os output pattern test, is ==14929==ERROR: AddressSanitizer failed to allocate 0xdfff0001000 (15392894357504) bytes at address 2008fff7000 (errno: 12)
FAIL: c-c++-common/asan/heap-overflow-1.c -O2 -flto -fno-use-linker-plugin -flto-partition=none output pattern test, is ==14951==ERROR: AddressSanitizer failed to allocate 0xdfff0001000 (15392894357504) bytes at address 2008fff7000 (errno: 12)
FAIL: c-c++-common/asan/heap-overflow-1.c -O2 -flto -fuse-linker-plugin -fno-fat-lto-objects output pattern test, is ==14968==ERROR: AddressSanitizer failed to allocate 0xdfff0001000 (15392894357504) bytes at address 2008fff7000 (errno: 12)
FAIL: c-c++-common/asan/memcmp-1.c -O0 output pattern test, is ==15171==ERROR: AddressSanitizer failed to allocate 0xdfff0001000 (15392894357504) bytes at address 2008fff7000 (errno: 12)
FAIL: c-c++-common/asan/memcmp-1.c -O1 output pattern test, is ==15181==ERROR: AddressSanitizer failed to allocate 0xdfff0001000 (15392894357504) bytes at address 2008fff7000 (errno: 12)
FAIL: c-c++-common/asan/memcmp-1.c -O2 output pattern test, is ==15191==ERROR: AddressSanitizer failed to allocate 0xdfff0001000 (15392894357504) bytes at address 2008fff7000 (errno: 12)
FAIL: c-c++-common/asan/memcmp-1.c -O3 -g output pattern test, is ==15201==ERROR: AddressSanitizer failed to allocate 0xdfff0001000 (15392894357504) bytes at address 2008fff7000 (errno: 12)
FAIL: c-c++-common/asan/memcmp-1.c -Os output pattern test, is ==15211==ERROR: AddressSanitizer failed to allocate 0xdfff0001000 (15392894357504) bytes at address 2008fff7000 (errno: 12)
FAIL: c-c++-common/asan/memcmp-1.c -O2 -flto -fno-use-linker-plugin -flto-partition=none output pattern test, is ==15233==ERROR: AddressSanitizer failed to allocate 0xdfff0001000 (15392894357504) bytes at address 2008fff7000 (errno: 12)
FAIL: c-c++-common/asan/memcmp-1.c -O2 -flto -fuse-linker-plugin -fno-fat-lto-objects output pattern test, is ==15249==ERROR: AddressSanitizer failed to allocate 0xdfff0001000 (15392894357504) bytes at address 2008fff7000 (errno: 12)
FAIL: c-c++-common/asan/misalign-1.c -O0 output pattern test, is ==15317==ERROR: AddressSanitizer failed to allocate 0xdfff0001000 (15392894357504) bytes at address 2008fff7000 (errno: 12)
FAIL: c-c++-common/asan/misalign-1.c -O1 output pattern test, is ==15338==ERROR: AddressSanitizer failed to allocate 0xdfff0001000 (15392894357504) bytes at address 2008fff7000 (errno: 12)
FAIL: c-c++-common/asan/misalign-1.c -O2 output pattern test, is ==15348==ERROR: AddressSanitizer failed to allocate 0xdfff0001000 (15392894357504) bytes at address 2008fff7000 (errno: 12)
FAIL: c-c++-common/asan/misalign-1.c -O3 -g output pattern test, is ==15358==ERROR: AddressSanitizer failed to allocate 0xdfff0001000 (15392894357504) bytes at address 2008fff7000 (errno: 12)
FAIL: c-c++-common/asan/misalign-1.c -Os output pattern test, is ==15376==ERROR: AddressSanitizer failed to allocate 0xdfff0001000 (15392894357504) bytes at address 2008fff7000 (errno: 12)
FAIL: c-c++-common/asan/misalign-1.c -O2 -flto -fno-use-linker-plugin -flto-partition=none output pattern test, is ==15403==ERROR: AddressSanitizer failed to allocate 0xdfff0001000 (15392894357504) bytes at address 2008fff7000 (errno: 12)
FAIL: c-c++-common/asan/misalign-1.c -O2 -flto -fuse-linker-plugin -fno-fat-lto-objects output pattern test, is ==15419==ERROR: AddressSanitizer failed to allocate 0xdfff0001000 (15392894357504) bytes at address 2008fff7000 (errno: 12)
FAIL: c-c++-common/asan/misalign-2.c -O0 output pattern test, is ==15441==ERROR: AddressSanitizer failed to allocate 0xdfff0001000 (15392894357504) bytes at address 2008fff7000 (errno: 12)
FAIL: c-c++-common/asan/misalign-2.c -O1 output pattern test, is ==15454==ERROR: AddressSanitizer failed to allocate 0xdfff0001000 (15392894357504) bytes at address 2008fff7000 (errno: 12)
FAIL: c-c++-common/asan/misalign-2.c -O2 output pattern test, is ==15465==ERROR: AddressSanitizer failed to allocate 0xdfff0001000 (15392894357504) bytes at address 2008fff7000 (errno: 12)
FAIL: c-c++-common/asan/misalign-2.c -O3 -g output pattern test, is ==15478==ERROR: AddressSanitizer failed to allocate 0xdfff0001000 (15392894357504) bytes at address 2008fff7000 (errno: 12)
FAIL: c-c++-common/asan/misalign-2.c -Os output pattern test, is ==15490==ERROR: AddressSanitizer failed to allocate 0xdfff0001000 (15392894357504) bytes at address 2008fff7000 (errno: 12)
FAIL: c-c++-common/asan/misalign-2.c -O2 -flto -fno-use-linker-plugin -flto-partition=none output pattern test, is ==15530==ERROR: AddressSanitizer failed to allocate 0xdfff0001000 (15392894357504) bytes at address 2008fff7000 (errno: 12)
FAIL: c-c++-common/asan/misalign-2.c -O2 -flto -fuse-linker-plugin -fno-fat-lto-objects output pattern test, is ==15557==ERROR: AddressSanitizer failed to allocate 0xdfff0001000 (15392894357504) bytes at address 2008fff7000 (errno: 12)
FAIL: c-c++-common/asan/null-deref-1.c -O0 output pattern test, is ==15954==ERROR: AddressSanitizer failed to allocate 0xdfff0001000 (15392894357504) bytes at address 2008fff7000 (errno: 12)
FAIL: c-c++-common/asan/null-deref-1.c -O1 output pattern test, is ==15964==ERROR: AddressSanitizer failed to allocate 0xdfff0001000 (15392894357504) bytes at address 2008fff7000 (errno: 12)
FAIL: c-c++-common/asan/null-deref-1.c -O2 output pattern test, is ==15977==ERROR: AddressSanitizer failed to allocate 0xdfff0001000 (15392894357504) bytes at address 2008fff7000 (errno: 12)
FAIL: c-c++-common/asan/null-deref-1.c -O3 -g output pattern test, is ==15987==ERROR: AddressSanitizer failed to allocate 0xdfff0001000 (15392894357504) bytes at address 2008fff7000 (errno: 12)
FAIL: c-c++-common/asan/null-deref-1.c -Os output pattern test, is ==15997==ERROR: AddressSanitizer failed to allocate 0xdfff0001000 (15392894357504) bytes at address 2008fff7000 (errno: 12)
FAIL: c-c++-common/asan/null-deref-1.c -O2 -flto -fno-use-linker-plugin -flto-partition=none output pattern test, is ==16027==ERROR: AddressSanitizer failed to allocate 0xdfff0001000 (15392894357504) bytes at address 2008fff7000 (errno: 12)
FAIL: c-c++-common/asan/null-deref-1.c -O2 -flto -fuse-linker-plugin -fno-fat-lto-objects output pattern test, is ==16046==ERROR: AddressSanitizer failed to allocate 0xdfff0001000 (15392894357504) bytes at address 2008fff7000 (errno: 12)
FAIL: c-c++-common/asan/pr59063-1.c -O0 execution test
FAIL: c-c++-common/asan/pr59063-1.c -O1 execution test
FAIL: c-c++-common/asan/pr59063-1.c -O2 execution test
FAIL: c-c++-common/asan/pr59063-1.c -O3 -g execution test
FAIL: c-c++-common/asan/pr59063-1.c -Os execution test
FAIL: c-c++-common/asan/pr59063-1.c -O2 -flto -fno-use-linker-plugin -flto-partition=none execution test
FAIL: c-c++-common/asan/pr59063-1.c -O2 -flto -fuse-linker-plugin -fno-fat-lto-objects execution test
FAIL: c-c++-common/asan/pr59063-2.c -O0 execution test
FAIL: c-c++-common/asan/pr59063-2.c -O1 execution test
FAIL: c-c++-common/asan/pr59063-2.c -O2 execution test
FAIL: c-c++-common/asan/pr59063-2.c -O3 -g execution test
FAIL: c-c++-common/asan/pr59063-2.c -Os execution test
FAIL: c-c++-common/asan/pr59063-2.c -O2 -flto -fno-use-linker-plugin -flto-partition=none execution test
FAIL: c-c++-common/asan/pr59063-2.c -O2 -flto -fuse-linker-plugin -fno-fat-lto-objects execution test
FAIL: c-c++-common/asan/pr61530.c -O0 output pattern test, is ==16400==ERROR: AddressSanitizer failed to allocate 0xdfff0001000 (15392894357504) bytes at address 2008fff7000 (errno: 12)
FAIL: c-c++-common/asan/pr61530.c -O1 output pattern test, is ==16411==ERROR: AddressSanitizer failed to allocate 0xdfff0001000 (15392894357504) bytes at address 2008fff7000 (errno: 12)
FAIL: c-c++-common/asan/pr61530.c -O2 output pattern test, is ==16421==ERROR: AddressSanitizer failed to allocate 0xdfff0001000 (15392894357504) bytes at address 2008fff7000 (errno: 12)
FAIL: c-c++-common/asan/pr61530.c -O3 -g output pattern test, is ==16431==ERROR: AddressSanitizer failed to allocate 0xdfff0001000 (15392894357504) bytes at address 2008fff7000 (errno: 12)
FAIL: c-c++-common/asan/pr61530.c -Os output pattern test, is ==16441==ERROR: AddressSanitizer failed to allocate 0xdfff0001000 (15392894357504) bytes at address 2008fff7000 (errno: 12)
FAIL: c-c++-common/asan/pr61530.c -O2 -flto -fno-use-linker-plugin -flto-partition=none output pattern test, is ==16463==ERROR: AddressSanitizer failed to allocate 0xdfff0001000 (15392894357504) bytes at address 2008fff7000 (errno: 12)
FAIL: c-c++-common/asan/pr61530.c -O2 -flto -fuse-linker-plugin -fno-fat-lto-objects output pattern test, is ==16479==ERROR: AddressSanitizer failed to allocate 0xdfff0001000 (15392894357504) bytes at address 2008fff7000 (errno: 12)
FAIL: c-c++-common/asan/pr62089.c -O0 output pattern test, is ==16495==ERROR: AddressSanitizer failed to allocate 0xdfff0001000 (15392894357504) bytes at address 2008fff7000 (errno: 12)
FAIL: c-c++-common/asan/pr62089.c -O1 output pattern test, is ==16507==ERROR: AddressSanitizer failed to allocate 0xdfff0001000 (15392894357504) bytes at address 2008fff7000 (errno: 12)
FAIL: c-c++-common/asan/pr62089.c -O2 output pattern test, is ==16517==ERROR: AddressSanitizer failed to allocate 0xdfff0001000 (15392894357504) bytes at address 2008fff7000 (errno: 12)
FAIL: c-c++-common/asan/pr62089.c -O3 -g output pattern test, is ==16527==ERROR: AddressSanitizer failed to allocate 0xdfff0001000 (15392894357504) bytes at address 2008fff7000 (errno: 12)
FAIL: c-c++-common/asan/pr62089.c -Os output pattern test, is ==16537==ERROR: AddressSanitizer failed to allocate 0xdfff0001000 (15392894357504) bytes at address 2008fff7000 (errno: 12)
FAIL: c-c++-common/asan/pr62089.c -O2 -flto -fno-use-linker-plugin -flto-partition=none output pattern test, is ==16559==ERROR: AddressSanitizer failed to allocate 0xdfff0001000 (15392894357504) bytes at address 2008fff7000 (errno: 12)
FAIL: c-c++-common/asan/pr62089.c -O2 -flto -fuse-linker-plugin -fno-fat-lto-objects output pattern test, is ==16575==ERROR: AddressSanitizer failed to allocate 0xdfff0001000 (15392894357504) bytes at address 2008fff7000 (errno: 12)
FAIL: c-c++-common/asan/pr63316.c -O0 execution test
FAIL: c-c++-common/asan/pr63316.c -O1 execution test
FAIL: c-c++-common/asan/pr63316.c -O2 execution test
FAIL: c-c++-common/asan/pr63316.c -O3 -g execution test
FAIL: c-c++-common/asan/pr63316.c -Os execution test
FAIL: c-c++-common/asan/pr63316.c -O2 -flto -fno-use-linker-plugin -flto-partition=none execution test
FAIL: c-c++-common/asan/pr63316.c -O2 -flto -fuse-linker-plugin -fno-fat-lto-objects execution test
FAIL: c-c++-common/asan/pr63888.c -O0 execution test
FAIL: c-c++-common/asan/pr63888.c -O1 execution test
FAIL: c-c++-common/asan/pr63888.c -O2 execution test
FAIL: c-c++-common/asan/pr63888.c -O3 -g execution test
FAIL: c-c++-common/asan/pr63888.c -Os execution test
FAIL: c-c++-common/asan/pr63888.c -O2 -flto -fno-use-linker-plugin -flto-partition=none execution test
FAIL: c-c++-common/asan/pr63888.c -O2 -flto -fuse-linker-plugin -fno-fat-lto-objects execution test
FAIL: c-c++-common/asan/rlimit-mmap-test-1.c -O0 output pattern test, is ==16998==ERROR: AddressSanitizer failed to allocate 0xdfff0001000 (15392894357504) bytes at address 2008fff7000 (errno: 12)
FAIL: c-c++-common/asan/sanity-check-pure-c-1.c -O0 output pattern test, is ==17054==ERROR: AddressSanitizer failed to allocate 0xdfff0001000 (15392894357504) bytes at address 2008fff7000 (errno: 12)
FAIL: c-c++-common/asan/sanity-check-pure-c-1.c -O1 output pattern test, is ==17065==ERROR: AddressSanitizer failed to allocate 0xdfff0001000 (15392894357504) bytes at address 2008fff7000 (errno: 12)
FAIL: c-c++-common/asan/sanity-check-pure-c-1.c -O2 output pattern test, is ==17084==ERROR: AddressSanitizer failed to allocate 0xdfff0001000 (15392894357504) bytes at address 2008fff7000 (errno: 12)
FAIL: c-c++-common/asan/sanity-check-pure-c-1.c -O3 -g output pattern test, is ==17096==ERROR: AddressSanitizer failed to allocate 0xdfff0001000 (15392894357504) bytes at address 2008fff7000 (errno: 12)
FAIL: c-c++-common/asan/sanity-check-pure-c-1.c -Os output pattern test, is ==17113==ERROR: AddressSanitizer failed to allocate 0xdfff0001000 (15392894357504) bytes at address 2008fff7000 (errno: 12)
FAIL: c-c++-common/asan/sanity-check-pure-c-1.c -O2 -flto -fno-use-linker-plugin -flto-partition=none output pattern test, is ==17135==ERROR: AddressSanitizer failed to allocate 0xdfff0001000 (15392894357504) bytes at address 2008fff7000 (errno: 12)
FAIL: c-c++-common/asan/sanity-check-pure-c-1.c -O2 -flto -fuse-linker-plugin -fno-fat-lto-objects output pattern test, is ==17151==ERROR: AddressSanitizer failed to allocate 0xdfff0001000 (15392894357504) bytes at address 2008fff7000 (errno: 12)
FAIL: c-c++-common/asan/sleep-before-dying-1.c -O2 output pattern test, is ==17199==ERROR: AddressSanitizer failed to allocate 0xdfff0001000 (15392894357504) bytes at address 2008fff7000 (errno: 12)
FAIL: c-c++-common/asan/sleep-before-dying-1.c -O2 -flto -fno-use-linker-plugin -flto-partition=none output pattern test, is ==17221==ERROR: AddressSanitizer failed to allocate 0xdfff0001000 (15392894357504) bytes at address 2008fff7000 (errno: 12)
FAIL: c-c++-common/asan/sleep-before-dying-1.c -O2 -flto -fuse-linker-plugin -fno-fat-lto-objects output pattern test, is ==17240==ERROR: AddressSanitizer failed to allocate 0xdfff0001000 (15392894357504) bytes at address 2008fff7000 (errno: 12)
FAIL: c-c++-common/asan/stack-overflow-1.c -O0 output pattern test, is ==17250==ERROR: AddressSanitizer failed to allocate 0xdfff0001000 (15392894357504) bytes at address 2008fff7000 (errno: 12)
FAIL: c-c++-common/asan/stack-overflow-1.c -O1 output pattern test, is ==17265==ERROR: AddressSanitizer failed to allocate 0xdfff0001000 (15392894357504) bytes at address 2008fff7000 (errno: 12)
FAIL: c-c++-common/asan/stack-overflow-1.c -O2 output pattern test, is ==17275==ERROR: AddressSanitizer failed to allocate 0xdfff0001000 (15392894357504) bytes at address 2008fff7000 (errno: 12)
FAIL: c-c++-common/asan/stack-overflow-1.c -O3 -g output pattern test, is ==17288==ERROR: AddressSanitizer failed to allocate 0xdfff0001000 (15392894357504) bytes at address 2008fff7000 (errno: 12)
FAIL: c-c++-common/asan/stack-overflow-1.c -Os output pattern test, is ==17300==ERROR: AddressSanitizer failed to allocate 0xdfff0001000 (15392894357504) bytes at address 2008fff7000 (errno: 12)
FAIL: c-c++-common/asan/stack-overflow-1.c -O2 -flto -fno-use-linker-plugin -flto-partition=none output pattern test, is ==17330==ERROR: AddressSanitizer failed to allocate 0xdfff0001000 (15392894357504) bytes at address 2008fff7000 (errno: 12)
FAIL: c-c++-common/asan/stack-overflow-1.c -O2 -flto -fuse-linker-plugin -fno-fat-lto-objects output pattern test, is ==17351==ERROR: AddressSanitizer failed to allocate 0xdfff0001000 (15392894357504) bytes at address 2008fff7000 (errno: 12)
FAIL: c-c++-common/asan/strip-path-prefix-1.c -O2 output pattern test, is ==17361==ERROR: AddressSanitizer failed to allocate 0xdfff0001000 (15392894357504) bytes at address 2008fff7000 (errno: 12)
FAIL: c-c++-common/asan/strip-path-prefix-1.c -O2 -flto -fno-use-linker-plugin -flto-partition=none output pattern test, is ==17388==ERROR: AddressSanitizer failed to allocate 0xdfff0001000 (15392894357504) bytes at address 2008fff7000 (errno: 12)
FAIL: c-c++-common/asan/strip-path-prefix-1.c -O2 -flto -fuse-linker-plugin -fno-fat-lto-objects output pattern test, is ==17414==ERROR: AddressSanitizer failed to allocate 0xdfff0001000 (15392894357504) bytes at address 2008fff7000 (errno: 12)
FAIL: c-c++-common/asan/strlen-overflow-1.c -O0 output pattern test, is ==17424==ERROR: AddressSanitizer failed to allocate 0xdfff0001000 (15392894357504) bytes at address 2008fff7000 (errno: 12)
FAIL: c-c++-common/asan/strlen-overflow-1.c -O1 output pattern test, is ==17434==ERROR: AddressSanitizer failed to allocate 0xdfff0001000 (15392894357504) bytes at address 2008fff7000 (errno: 12)
FAIL: c-c++-common/asan/strlen-overflow-1.c -O2 output pattern test, is ==17444==ERROR: AddressSanitizer failed to allocate 0xdfff0001000 (15392894357504) bytes at address 2008fff7000 (errno: 12)
FAIL: c-c++-common/asan/strlen-overflow-1.c -O3 -g output pattern test, is ==17464==ERROR: AddressSanitizer failed to allocate 0xdfff0001000 (15392894357504) bytes at address 2008fff7000 (errno: 12)
FAIL: c-c++-common/asan/strlen-overflow-1.c -Os output pattern test, is ==17474==ERROR: AddressSanitizer failed to allocate 0xdfff0001000 (15392894357504) bytes at address 2008fff7000 (errno: 12)
FAIL: c-c++-common/asan/strncpy-overflow-1.c -O0 output pattern test, is ==17484==ERROR: AddressSanitizer failed to allocate 0xdfff0001000 (15392894357504) bytes at address 2008fff7000 (errno: 12)
FAIL: c-c++-common/asan/strncpy-overflow-1.c -O1 output pattern test, is ==17494==ERROR: AddressSanitizer failed to allocate 0xdfff0001000 (15392894357504) bytes at address 2008fff7000 (errno: 12)
FAIL: c-c++-common/asan/strncpy-overflow-1.c -O2 output pattern test, is ==17514==ERROR: AddressSanitizer failed to allocate 0xdfff0001000 (15392894357504) bytes at address 2008fff7000 (errno: 12)
FAIL: c-c++-common/asan/strncpy-overflow-1.c -O3 -g output pattern test, is ==17524==ERROR: AddressSanitizer failed to allocate 0xdfff0001000 (15392894357504) bytes at address 2008fff7000 (errno: 12)
FAIL: c-c++-common/asan/strncpy-overflow-1.c -Os output pattern test, is ==17534==ERROR: AddressSanitizer failed to allocate 0xdfff0001000 (15392894357504) bytes at address 2008fff7000 (errno: 12)
FAIL: c-c++-common/asan/strncpy-overflow-1.c -O2 -flto -fno-use-linker-plugin -flto-partition=none output pattern test, is ==17565==ERROR: AddressSanitizer failed to allocate 0xdfff0001000 (15392894357504) bytes at address 2008fff7000 (errno: 12)
FAIL: c-c++-common/asan/strncpy-overflow-1.c -O2 -flto -fuse-linker-plugin -fno-fat-lto-objects output pattern test, is ==17582==ERROR: AddressSanitizer failed to allocate 0xdfff0001000 (15392894357504) bytes at address 2008fff7000 (errno: 12)
FAIL: c-c++-common/asan/swapcontext-test-1.c -O0 execution test
FAIL: c-c++-common/asan/swapcontext-test-1.c -O1 execution test
FAIL: c-c++-common/asan/swapcontext-test-1.c -O2 execution test
FAIL: c-c++-common/asan/swapcontext-test-1.c -O3 -fomit-frame-pointer -funroll-loops -fpeel-loops -ftracer -finline-functions execution test
FAIL: c-c++-common/asan/swapcontext-test-1.c -O3 -g execution test
FAIL: c-c++-common/asan/swapcontext-test-1.c -Os execution test
FAIL: c-c++-common/asan/swapcontext-test-1.c -O2 -flto -fno-use-linker-plugin -flto-partition=none execution test
FAIL: c-c++-common/asan/swapcontext-test-1.c -O2 -flto -fuse-linker-plugin -fno-fat-lto-objects execution test
FAIL: c-c++-common/asan/use-after-free-1.c -O0 output pattern test, is ==17723==ERROR: AddressSanitizer failed to allocate 0xdfff0001000 (15392894357504) bytes at address 2008fff7000 (errno: 12)
FAIL: c-c++-common/asan/use-after-free-1.c -O1 output pattern test, is ==17736==ERROR: AddressSanitizer failed to allocate 0xdfff0001000 (15392894357504) bytes at address 2008fff7000 (errno: 12)
FAIL: c-c++-common/asan/use-after-free-1.c -O2 output pattern test, is ==17749==ERROR: AddressSanitizer failed to allocate 0xdfff0001000 (15392894357504) bytes at address 2008fff7000 (errno: 12)
FAIL: c-c++-common/asan/use-after-free-1.c -O3 -g output pattern test, is ==17759==ERROR: AddressSanitizer failed to allocate 0xdfff0001000 (15392894357504) bytes at address 2008fff7000 (errno: 12)
FAIL: c-c++-common/asan/use-after-free-1.c -Os output pattern test, is ==17769==ERROR: AddressSanitizer failed to allocate 0xdfff0001000 (15392894357504) bytes at address 2008fff7000 (errno: 12)
FAIL: c-c++-common/asan/use-after-free-1.c -O2 -flto -fno-use-linker-plugin -flto-partition=none output pattern test, is ==17796==ERROR: AddressSanitizer failed to allocate 0xdfff0001000 (15392894357504) bytes at address 2008fff7000 (errno: 12)
FAIL: c-c++-common/asan/use-after-free-1.c -O2 -flto -fuse-linker-plugin -fno-fat-lto-objects output pattern test, is ==17812==ERROR: AddressSanitizer failed to allocate 0xdfff0001000 (15392894357504) bytes at address 2008fff7000 (errno: 12)
FAIL: c-c++-common/asan/use-after-return-1.c -O0 output pattern test, is ==17822==ERROR: AddressSanitizer failed to allocate 0xdfff0001000 (15392894357504) bytes at address 2008fff7000 (errno: 12)
FAIL: c-c++-common/asan/use-after-return-1.c -O1 output pattern test, is ==17837==ERROR: AddressSanitizer failed to allocate 0xdfff0001000 (15392894357504) bytes at address 2008fff7000 (errno: 12)
FAIL: c-c++-common/asan/use-after-return-1.c -O2 output pattern test, is ==17847==ERROR: AddressSanitizer failed to allocate 0xdfff0001000 (15392894357504) bytes at address 2008fff7000 (errno: 12)
FAIL: c-c++-common/asan/use-after-return-1.c -O3 -g output pattern test, is ==17857==ERROR: AddressSanitizer failed to allocate 0xdfff0001000 (15392894357504) bytes at address 2008fff7000 (errno: 12)
FAIL: c-c++-common/asan/use-after-return-1.c -Os output pattern test, is ==17867==ERROR: AddressSanitizer failed to allocate 0xdfff0001000 (15392894357504) bytes at address 2008fff7000 (errno: 12)
FAIL: c-c++-common/asan/use-after-return-1.c -O2 -flto -fno-use-linker-plugin -flto-partition=none output pattern test, is ==17902==ERROR: AddressSanitizer failed to allocate 0xdfff0001000 (15392894357504) bytes at address 2008fff7000 (errno: 12)
FAIL: c-c++-common/asan/use-after-return-1.c -O2 -flto -fuse-linker-plugin -fno-fat-lto-objects output pattern test, is ==17918==ERROR: AddressSanitizer failed to allocate 0xdfff0001000 (15392894357504) bytes at address 2008fff7000 (errno: 12)
FAIL: g++.dg/asan/deep-stack-uaf-1.C -O0 output pattern test, is ==18056==ERROR: AddressSanitizer failed to allocate 0xdfff0001000 (15392894357504) bytes at address 2008fff7000 (errno: 12)
FAIL: g++.dg/asan/deep-stack-uaf-1.C -O1 output pattern test, is ==18071==ERROR: AddressSanitizer failed to allocate 0xdfff0001000 (15392894357504) bytes at address 2008fff7000 (errno: 12)
FAIL: g++.dg/asan/deep-stack-uaf-1.C -O2 output pattern test, is ==18086==ERROR: AddressSanitizer failed to allocate 0xdfff0001000 (15392894357504) bytes at address 2008fff7000 (errno: 12)
FAIL: g++.dg/asan/deep-stack-uaf-1.C -O3 -g output pattern test, is ==18124==ERROR: AddressSanitizer failed to allocate 0xdfff0001000 (15392894357504) bytes at address 2008fff7000 (errno: 12)
FAIL: g++.dg/asan/deep-stack-uaf-1.C -Os output pattern test, is ==18142==ERROR: AddressSanitizer failed to allocate 0xdfff0001000 (15392894357504) bytes at address 2008fff7000 (errno: 12)
FAIL: g++.dg/asan/deep-tail-call-1.C -O0 output pattern test, is ==18159==ERROR: AddressSanitizer failed to allocate 0xdfff0001000 (15392894357504) bytes at address 2008fff7000 (errno: 12)
FAIL: g++.dg/asan/deep-tail-call-1.C -O1 output pattern test, is ==18169==ERROR: AddressSanitizer failed to allocate 0xdfff0001000 (15392894357504) bytes at address 2008fff7000 (errno: 12)
FAIL: g++.dg/asan/deep-tail-call-1.C -O2 output pattern test, is ==18179==ERROR: AddressSanitizer failed to allocate 0xdfff0001000 (15392894357504) bytes at address 2008fff7000 (errno: 12)
FAIL: g++.dg/asan/deep-tail-call-1.C -O3 -g output pattern test, is ==18194==ERROR: AddressSanitizer failed to allocate 0xdfff0001000 (15392894357504) bytes at address 2008fff7000 (errno: 12)
FAIL: g++.dg/asan/deep-tail-call-1.C -Os output pattern test, is ==18204==ERROR: AddressSanitizer failed to allocate 0xdfff0001000 (15392894357504) bytes at address 2008fff7000 (errno: 12)
FAIL: g++.dg/asan/deep-tail-call-1.C -O2 -flto -fno-use-linker-plugin -flto-partition=none output pattern test, is ==18227==ERROR: AddressSanitizer failed to allocate 0xdfff0001000 (15392894357504) bytes at address 2008fff7000 (errno: 12)
FAIL: g++.dg/asan/deep-tail-call-1.C -O2 -flto -fuse-linker-plugin -fno-fat-lto-objects output pattern test, is ==18257==ERROR: AddressSanitizer failed to allocate 0xdfff0001000 (15392894357504) bytes at address 2008fff7000 (errno: 12)
FAIL: g++.dg/asan/deep-thread-stack-1.C -O0 output pattern test, is ==18273==ERROR: AddressSanitizer failed to allocate 0xdfff0001000 (15392894357504) bytes at address 2008fff7000 (errno: 12)
FAIL: g++.dg/asan/deep-thread-stack-1.C -O1 output pattern test, is ==18283==ERROR: AddressSanitizer failed to allocate 0xdfff0001000 (15392894357504) bytes at address 2008fff7000 (errno: 12)
FAIL: g++.dg/asan/deep-thread-stack-1.C -O2 output pattern test, is ==18298==ERROR: AddressSanitizer failed to allocate 0xdfff0001000 (15392894357504) bytes at address 2008fff7000 (errno: 12)
FAIL: g++.dg/asan/deep-thread-stack-1.C -O3 -g output pattern test, is ==18308==ERROR: AddressSanitizer failed to allocate 0xdfff0001000 (15392894357504) bytes at address 2008fff7000 (errno: 12)
FAIL: g++.dg/asan/deep-thread-stack-1.C -Os output pattern test, is ==18318==ERROR: AddressSanitizer failed to allocate 0xdfff0001000 (15392894357504) bytes at address 2008fff7000 (errno: 12)
FAIL: g++.dg/asan/deep-thread-stack-1.C -O2 -flto -fno-use-linker-plugin -flto-partition=none output pattern test, is ==18345==ERROR: AddressSanitizer failed to allocate 0xdfff0001000 (15392894357504) bytes at address 2008fff7000 (errno: 12)
FAIL: g++.dg/asan/deep-thread-stack-1.C -O2 -flto -fuse-linker-plugin -fno-fat-lto-objects output pattern test, is ==18361==ERROR: AddressSanitizer failed to allocate 0xdfff0001000 (15392894357504) bytes at address 2008fff7000 (errno: 12)
FAIL: g++.dg/asan/default-options-1.C -O0 execution test
FAIL: g++.dg/asan/default-options-1.C -O1 execution test
FAIL: g++.dg/asan/default-options-1.C -O2 execution test
FAIL: g++.dg/asan/default-options-1.C -O3 -g execution test
FAIL: g++.dg/asan/default-options-1.C -Os execution test
FAIL: g++.dg/asan/default-options-1.C -O2 -flto -fno-use-linker-plugin -flto-partition=none execution test
FAIL: g++.dg/asan/default-options-1.C -O2 -flto -fuse-linker-plugin -fno-fat-lto-objects execution test
FAIL: g++.dg/asan/interception-failure-test-1.C -O0 execution test
FAIL: g++.dg/asan/interception-failure-test-1.C -O1 execution test
FAIL: g++.dg/asan/interception-failure-test-1.C -O2 execution test
FAIL: g++.dg/asan/interception-failure-test-1.C -O3 -g execution test
FAIL: g++.dg/asan/interception-failure-test-1.C -Os execution test
FAIL: g++.dg/asan/interception-failure-test-1.C -O2 -flto -fno-use-linker-plugin -flto-partition=none execution test
FAIL: g++.dg/asan/interception-failure-test-1.C -O2 -flto -fuse-linker-plugin -fno-fat-lto-objects execution test
FAIL: g++.dg/asan/interception-malloc-test-1.C -O0 output pattern test, is ==18591==ERROR: AddressSanitizer failed to allocate 0xdfff0001000 (15392894357504) bytes at address 2008fff7000 (errno: 12)
FAIL: g++.dg/asan/interception-malloc-test-1.C -O1 output pattern test, is ==18601==ERROR: AddressSanitizer failed to allocate 0xdfff0001000 (15392894357504) bytes at address 2008fff7000 (errno: 12)
FAIL: g++.dg/asan/interception-malloc-test-1.C -O2 output pattern test, is ==18611==ERROR: AddressSanitizer failed to allocate 0xdfff0001000 (15392894357504) bytes at address 2008fff7000 (errno: 12)
FAIL: g++.dg/asan/interception-malloc-test-1.C -O3 -g output pattern test, is ==18626==ERROR: AddressSanitizer failed to allocate 0xdfff0001000 (15392894357504) bytes at address 2008fff7000 (errno: 12)
FAIL: g++.dg/asan/interception-malloc-test-1.C -Os output pattern test, is ==18636==ERROR: AddressSanitizer failed to allocate 0xdfff0001000 (15392894357504) bytes at address 2008fff7000 (errno: 12)
FAIL: g++.dg/asan/interception-malloc-test-1.C -O2 -flto -fno-use-linker-plugin -flto-partition=none output pattern test, is ==18673==ERROR: AddressSanitizer failed to allocate 0xdfff0001000 (15392894357504) bytes at address 2008fff7000 (errno: 12)
FAIL: g++.dg/asan/interception-malloc-test-1.C -O2 -flto -fuse-linker-plugin -fno-fat-lto-objects output pattern test, is ==18689==ERROR: AddressSanitizer failed to allocate 0xdfff0001000 (15392894357504) bytes at address 2008fff7000 (errno: 12)
FAIL: g++.dg/asan/interception-test-1.C -O0 output pattern test, is ==18699==ERROR: AddressSanitizer failed to allocate 0xdfff0001000 (15392894357504) bytes at address 2008fff7000 (errno: 12)
FAIL: g++.dg/asan/interception-test-1.C -O1 output pattern test, is ==18714==ERROR: AddressSanitizer failed to allocate 0xdfff0001000 (15392894357504) bytes at address 2008fff7000 (errno: 12)
FAIL: g++.dg/asan/interception-test-1.C -O2 output pattern test, is ==18724==ERROR: AddressSanitizer failed to allocate 0xdfff0001000 (15392894357504) bytes at address 2008fff7000 (errno: 12)
FAIL: g++.dg/asan/interception-test-1.C -O3 -g output pattern test, is ==18739==ERROR: AddressSanitizer failed to allocate 0xdfff0001000 (15392894357504) bytes at address 2008fff7000 (errno: 12)
FAIL: g++.dg/asan/interception-test-1.C -Os output pattern test, is ==18749==ERROR: AddressSanitizer failed to allocate 0xdfff0001000 (15392894357504) bytes at address 2008fff7000 (errno: 12)
FAIL: g++.dg/asan/interception-test-1.C -O2 -flto -fno-use-linker-plugin -flto-partition=none output pattern test, is ==18772==ERROR: AddressSanitizer failed to allocate 0xdfff0001000 (15392894357504) bytes at address 2008fff7000 (errno: 12)
FAIL: g++.dg/asan/interception-test-1.C -O2 -flto -fuse-linker-plugin -fno-fat-lto-objects output pattern test, is ==18793==ERROR: AddressSanitizer failed to allocate 0xdfff0001000 (15392894357504) bytes at address 2008fff7000 (errno: 12)
FAIL: g++.dg/asan/large-func-test-1.C -O0 output pattern test, is ==18805==ERROR: AddressSanitizer failed to allocate 0xdfff0001000 (15392894357504) bytes at address 2008fff7000 (errno: 12)
FAIL: g++.dg/asan/large-func-test-1.C -O1 output pattern test, is ==18822==ERROR: AddressSanitizer failed to allocate 0xdfff0001000 (15392894357504) bytes at address 2008fff7000 (errno: 12)
FAIL: g++.dg/asan/large-func-test-1.C -O2 output pattern test, is ==18836==ERROR: AddressSanitizer failed to allocate 0xdfff0001000 (15392894357504) bytes at address 2008fff7000 (errno: 12)
FAIL: g++.dg/asan/large-func-test-1.C -O3 -g output pattern test, is ==18846==ERROR: AddressSanitizer failed to allocate 0xdfff0001000 (15392894357504) bytes at address 2008fff7000 (errno: 12)
FAIL: g++.dg/asan/large-func-test-1.C -Os output pattern test, is ==18861==ERROR: AddressSanitizer failed to allocate 0xdfff0001000 (15392894357504) bytes at address 2008fff7000 (errno: 12)
FAIL: g++.dg/asan/large-func-test-1.C -O2 -flto -fno-use-linker-plugin -flto-partition=none output pattern test, is ==18894==ERROR: AddressSanitizer failed to allocate 0xdfff0001000 (15392894357504) bytes at address 2008fff7000 (errno: 12)
FAIL: g++.dg/asan/large-func-test-1.C -O2 -flto -fuse-linker-plugin -fno-fat-lto-objects output pattern test, is ==18910==ERROR: AddressSanitizer failed to allocate 0xdfff0001000 (15392894357504) bytes at address 2008fff7000 (errno: 12)
FAIL: g++.dg/asan/pr55617.C -O0 execution test
FAIL: g++.dg/asan/pr55617.C -O1 execution test
FAIL: g++.dg/asan/pr55617.C -O2 execution test
FAIL: g++.dg/asan/pr55617.C -O3 -g execution test
FAIL: g++.dg/asan/pr55617.C -Os execution test
FAIL: g++.dg/asan/pr55617.C -O2 -flto -fno-use-linker-plugin -flto-partition=none execution test
FAIL: g++.dg/asan/pr55617.C -O2 -flto -fuse-linker-plugin -fno-fat-lto-objects execution test
FAIL: g++.dg/asan/pr62017.C -O0 execution test
FAIL: g++.dg/asan/pr62017.C -O1 execution test
FAIL: g++.dg/asan/pr62017.C -O2 execution test
FAIL: g++.dg/asan/pr62017.C -O3 -g execution test
FAIL: g++.dg/asan/pr62017.C -Os execution test
FAIL: g++.dg/asan/pr62017.C -O2 -flto -fno-use-linker-plugin -flto-partition=none execution test
FAIL: g++.dg/asan/pr62017.C -O2 -flto -fuse-linker-plugin -fno-fat-lto-objects execution test
FAIL: g++.dg/guality/pr55665.C -O2 line 23 p == 40
FAIL: g++.dg/guality/pr55665.C -O3 -g line 23 p == 40
=== g++ Summary ===
# of expected passes 90638
# of unexpected failures 259
# of expected failures 334
# of unsupported tests 3461
/scratch/gcc/nightly-2015-09-10-mainline/i686-pc-linux-gnu/obj/test-mainline-0-i686-pc-linux-gnu/host-i686-pc-linux-gnu/fsf-mainline/bin/i686-pc-linux-gnu-g++ version 6.0.0 20150910 (experimental) (GCC)
=== Summary adjusted for local xfails ===
# of unexpected failures 259
# of expected passes 90638
# of expected failures 334
# of unsupported tests 3461
=== gcc tests ===
Running target localhost/-m64
FAIL: c-c++-common/asan/asan-interface-1.c -O0 execution test
FAIL: c-c++-common/asan/asan-interface-1.c -O1 execution test
FAIL: c-c++-common/asan/asan-interface-1.c -O2 execution test
FAIL: c-c++-common/asan/asan-interface-1.c -O3 -g execution test
FAIL: c-c++-common/asan/asan-interface-1.c -Os execution test
FAIL: c-c++-common/asan/asan-interface-1.c -O2 -flto -fno-use-linker-plugin -flto-partition=none execution test
FAIL: c-c++-common/asan/asan-interface-1.c -O2 -flto -fuse-linker-plugin -fno-fat-lto-objects execution test
FAIL: c-c++-common/asan/bitfield-1.c -O0 output pattern test, is ==27138==ERROR: AddressSanitizer failed to allocate 0xdfff0001000 (15392894357504) bytes at address 2008fff7000 (errno: 12)
FAIL: c-c++-common/asan/bitfield-1.c -O1 output pattern test, is ==27157==ERROR: AddressSanitizer failed to allocate 0xdfff0001000 (15392894357504) bytes at address 2008fff7000 (errno: 12)
FAIL: c-c++-common/asan/bitfield-1.c -O2 output pattern test, is ==27178==ERROR: AddressSanitizer failed to allocate 0xdfff0001000 (15392894357504) bytes at address 2008fff7000 (errno: 12)
FAIL: c-c++-common/asan/bitfield-1.c -O3 -g output pattern test, is ==27211==ERROR: AddressSanitizer failed to allocate 0xdfff0001000 (15392894357504) bytes at address 2008fff7000 (errno: 12)
FAIL: c-c++-common/asan/bitfield-1.c -Os output pattern test, is ==27237==ERROR: AddressSanitizer failed to allocate 0xdfff0001000 (15392894357504) bytes at address 2008fff7000 (errno: 12)
FAIL: c-c++-common/asan/bitfield-1.c -O2 -flto -fno-use-linker-plugin -flto-partition=none output pattern test, is ==27279==ERROR: AddressSanitizer failed to allocate 0xdfff0001000 (15392894357504) bytes at address 2008fff7000 (errno: 12)
FAIL: c-c++-common/asan/bitfield-1.c -O2 -flto -fuse-linker-plugin -fno-fat-lto-objects output pattern test, is ==27327==ERROR: AddressSanitizer failed to allocate 0xdfff0001000 (15392894357504) bytes at address 2008fff7000 (errno: 12)
FAIL: c-c++-common/asan/bitfield-2.c -O0 output pattern test, is ==27344==ERROR: AddressSanitizer failed to allocate 0xdfff0001000 (15392894357504) bytes at address 2008fff7000 (errno: 12)
FAIL: c-c++-common/asan/bitfield-2.c -O1 output pattern test, is ==27362==ERROR: AddressSanitizer failed to allocate 0xdfff0001000 (15392894357504) bytes at address 2008fff7000 (errno: 12)
FAIL: c-c++-common/asan/bitfield-2.c -O2 output pattern test, is ==27386==ERROR: AddressSanitizer failed to allocate 0xdfff0001000 (15392894357504) bytes at address 2008fff7000 (errno: 12)
FAIL: c-c++-common/asan/bitfield-2.c -O3 -g output pattern test, is ==27421==ERROR: AddressSanitizer failed to allocate 0xdfff0001000 (15392894357504) bytes at address 2008fff7000 (errno: 12)
FAIL: c-c++-common/asan/bitfield-2.c -Os output pattern test, is ==27451==ERROR: AddressSanitizer failed to allocate 0xdfff0001000 (15392894357504) bytes at address 2008fff7000 (errno: 12)
FAIL: c-c++-common/asan/bitfield-2.c -O2 -flto -fno-use-linker-plugin -flto-partition=none output pattern test, is ==27499==ERROR: AddressSanitizer failed to allocate 0xdfff0001000 (15392894357504) bytes at address 2008fff7000 (errno: 12)
FAIL: c-c++-common/asan/bitfield-2.c -O2 -flto -fuse-linker-plugin -fno-fat-lto-objects output pattern test, is ==27534==ERROR: AddressSanitizer failed to allocate 0xdfff0001000 (15392894357504) bytes at address 2008fff7000 (errno: 12)
FAIL: c-c++-common/asan/bitfield-3.c -O0 output pattern test, is ==27555==ERROR: AddressSanitizer failed to allocate 0xdfff0001000 (15392894357504) bytes at address 2008fff7000 (errno: 12)
FAIL: c-c++-common/asan/bitfield-3.c -O1 output pattern test, is ==27571==ERROR: AddressSanitizer failed to allocate 0xdfff0001000 (15392894357504) bytes at address 2008fff7000 (errno: 12)
FAIL: c-c++-common/asan/bitfield-3.c -O2 output pattern test, is ==27594==ERROR: AddressSanitizer failed to allocate 0xdfff0001000 (15392894357504) bytes at address 2008fff7000 (errno: 12)
FAIL: c-c++-common/asan/bitfield-3.c -O3 -g output pattern test, is ==27623==ERROR: AddressSanitizer failed to allocate 0xdfff0001000 (15392894357504) bytes at address 2008fff7000 (errno: 12)
FAIL: c-c++-common/asan/bitfield-3.c -Os output pattern test, is ==27648==ERROR: AddressSanitizer failed to allocate 0xdfff0001000 (15392894357504) bytes at address 2008fff7000 (errno: 12)
FAIL: c-c++-common/asan/bitfield-3.c -O2 -flto -fno-use-linker-plugin -flto-partition=none output pattern test, is ==27676==ERROR: AddressSanitizer failed to allocate 0xdfff0001000 (15392894357504) bytes at address 2008fff7000 (errno: 12)
FAIL: c-c++-common/asan/bitfield-3.c -O2 -flto -fuse-linker-plugin -fno-fat-lto-objects output pattern test, is ==27711==ERROR: AddressSanitizer failed to allocate 0xdfff0001000 (15392894357504) bytes at address 2008fff7000 (errno: 12)
FAIL: c-c++-common/asan/bitfield-4.c -O0 output pattern test, is ==27747==ERROR: AddressSanitizer failed to allocate 0xdfff0001000 (15392894357504) bytes at address 2008fff7000 (errno: 12)
FAIL: c-c++-common/asan/bitfield-4.c -O1 output pattern test, is ==27778==ERROR: AddressSanitizer failed to allocate 0xdfff0001000 (15392894357504) bytes at address 2008fff7000 (errno: 12)
FAIL: c-c++-common/asan/bitfield-4.c -O2 output pattern test, is ==27794==ERROR: AddressSanitizer failed to allocate 0xdfff0001000 (15392894357504) bytes at address 2008fff7000 (errno: 12)
FAIL: c-c++-common/asan/bitfield-4.c -O3 -g output pattern test, is ==27819==ERROR: AddressSanitizer failed to allocate 0xdfff0001000 (15392894357504) bytes at address 2008fff7000 (errno: 12)
FAIL: c-c++-common/asan/bitfield-4.c -Os output pattern test, is ==27860==ERROR: AddressSanitizer failed to allocate 0xdfff0001000 (15392894357504) bytes at address 2008fff7000 (errno: 12)
FAIL: c-c++-common/asan/bitfield-4.c -O2 -flto -fno-use-linker-plugin -flto-partition=none output pattern test, is ==27910==ERROR: AddressSanitizer failed to allocate 0xdfff0001000 (15392894357504) bytes at address 2008fff7000 (errno: 12)
FAIL: c-c++-common/asan/bitfield-4.c -O2 -flto -fuse-linker-plugin -fno-fat-lto-objects output pattern test, is ==27941==ERROR: AddressSanitizer failed to allocate 0xdfff0001000 (15392894357504) bytes at address 2008fff7000 (errno: 12)
FAIL: c-c++-common/asan/bitfield-5.c -O0 output pattern test, is ==27971==ERROR: AddressSanitizer failed to allocate 0xdfff0001000 (15392894357504) bytes at address 2008fff7000 (errno: 12)
FAIL: c-c++-common/asan/bitfield-5.c -O1 output pattern test, is ==27994==ERROR: AddressSanitizer failed to allocate 0xdfff0001000 (15392894357504) bytes at address 2008fff7000 (errno: 12)
FAIL: c-c++-common/asan/bitfield-5.c -O2 output pattern test, is ==28014==ERROR: AddressSanitizer failed to allocate 0xdfff0001000 (15392894357504) bytes at address 2008fff7000 (errno: 12)
FAIL: c-c++-common/asan/bitfield-5.c -O3 -g output pattern test, is ==28034==ERROR: AddressSanitizer failed to allocate 0xdfff0001000 (15392894357504) bytes at address 2008fff7000 (errno: 12)
FAIL: c-c++-common/asan/bitfield-5.c -Os output pattern test, is ==28068==ERROR: AddressSanitizer failed to allocate 0xdfff0001000 (15392894357504) bytes at address 2008fff7000 (errno: 12)
FAIL: c-c++-common/asan/bitfield-5.c -O2 -flto -fno-use-linker-plugin -flto-partition=none output pattern test, is ==28108==ERROR: AddressSanitizer failed to allocate 0xdfff0001000 (15392894357504) bytes at address 2008fff7000 (errno: 12)
FAIL: c-c++-common/asan/bitfield-5.c -O2 -flto -fuse-linker-plugin -fno-fat-lto-objects output pattern test, is ==28150==ERROR: AddressSanitizer failed to allocate 0xdfff0001000 (15392894357504) bytes at address 2008fff7000 (errno: 12)
FAIL: c-c++-common/asan/clone-test-1.c -O0 execution test
FAIL: c-c++-common/asan/clone-test-1.c -O1 execution test
FAIL: c-c++-common/asan/clone-test-1.c -O2 execution test
FAIL: c-c++-common/asan/clone-test-1.c -O3 -fomit-frame-pointer -funroll-loops -fpeel-loops -ftracer -finline-functions execution test
FAIL: c-c++-common/asan/clone-test-1.c -O3 -g execution test
FAIL: c-c++-common/asan/clone-test-1.c -Os execution test
FAIL: c-c++-common/asan/clone-test-1.c -O2 -flto -fno-use-linker-plugin -flto-partition=none execution test
FAIL: c-c++-common/asan/clone-test-1.c -O2 -flto -fuse-linker-plugin -fno-fat-lto-objects execution test
FAIL: c-c++-common/asan/global-overflow-1.c -O0 output pattern test, is ==28535==ERROR: AddressSanitizer failed to allocate 0xdfff0001000 (15392894357504) bytes at address 2008fff7000 (errno: 12)
FAIL: c-c++-common/asan/global-overflow-1.c -O1 output pattern test, is ==28545==ERROR: AddressSanitizer failed to allocate 0xdfff0001000 (15392894357504) bytes at address 2008fff7000 (errno: 12)
FAIL: c-c++-common/asan/global-overflow-1.c -O2 output pattern test, is ==28562==ERROR: AddressSanitizer failed to allocate 0xdfff0001000 (15392894357504) bytes at address 2008fff7000 (errno: 12)
FAIL: c-c++-common/asan/global-overflow-1.c -O3 -g output pattern test, is ==28583==ERROR: AddressSanitizer failed to allocate 0xdfff0001000 (15392894357504) bytes at address 2008fff7000 (errno: 12)
FAIL: c-c++-common/asan/global-overflow-1.c -Os output pattern test, is ==28598==ERROR: AddressSanitizer failed to allocate 0xdfff0001000 (15392894357504) bytes at address 2008fff7000 (errno: 12)
FAIL: c-c++-common/asan/global-overflow-1.c -O2 -flto -fno-use-linker-plugin -flto-partition=none output pattern test, is ==28624==ERROR: AddressSanitizer failed to allocate 0xdfff0001000 (15392894357504) bytes at address 2008fff7000 (errno: 12)
FAIL: c-c++-common/asan/global-overflow-1.c -O2 -flto -fuse-linker-plugin -fno-fat-lto-objects output pattern test, is ==28654==ERROR: AddressSanitizer failed to allocate 0xdfff0001000 (15392894357504) bytes at address 2008fff7000 (errno: 12)
FAIL: c-c++-common/asan/heap-overflow-1.c -O0 output pattern test, is ==28664==ERROR: AddressSanitizer failed to allocate 0xdfff0001000 (15392894357504) bytes at address 2008fff7000 (errno: 12)
FAIL: c-c++-common/asan/heap-overflow-1.c -O1 output pattern test, is ==28679==ERROR: AddressSanitizer failed to allocate 0xdfff0001000 (15392894357504) bytes at address 2008fff7000 (errno: 12)
FAIL: c-c++-common/asan/heap-overflow-1.c -O2 output pattern test, is ==28704==ERROR: AddressSanitizer failed to allocate 0xdfff0001000 (15392894357504) bytes at address 2008fff7000 (errno: 12)
FAIL: c-c++-common/asan/heap-overflow-1.c -O3 -g output pattern test, is ==28725==ERROR: AddressSanitizer failed to allocate 0xdfff0001000 (15392894357504) bytes at address 2008fff7000 (errno: 12)
FAIL: c-c++-common/asan/heap-overflow-1.c -Os output pattern test, is ==28740==ERROR: AddressSanitizer failed to allocate 0xdfff0001000 (15392894357504) bytes at address 2008fff7000 (errno: 12)
FAIL: c-c++-common/asan/heap-overflow-1.c -O2 -flto -fno-use-linker-plugin -flto-partition=none output pattern test, is ==28762==ERROR: AddressSanitizer failed to allocate 0xdfff0001000 (15392894357504) bytes at address 2008fff7000 (errno: 12)
FAIL: c-c++-common/asan/heap-overflow-1.c -O2 -flto -fuse-linker-plugin -fno-fat-lto-objects output pattern test, is ==28786==ERROR: AddressSanitizer failed to allocate 0xdfff0001000 (15392894357504) bytes at address 2008fff7000 (errno: 12)
FAIL: c-c++-common/asan/memcmp-1.c -O0 output pattern test, is ==29140==ERROR: AddressSanitizer failed to allocate 0xdfff0001000 (15392894357504) bytes at address 2008fff7000 (errno: 12)
FAIL: c-c++-common/asan/memcmp-1.c -O1 output pattern test, is ==29165==ERROR: AddressSanitizer failed to allocate 0xdfff0001000 (15392894357504) bytes at address 2008fff7000 (errno: 12)
FAIL: c-c++-common/asan/memcmp-1.c -O2 output pattern test, is ==29186==ERROR: AddressSanitizer failed to allocate 0xdfff0001000 (15392894357504) bytes at address 2008fff7000 (errno: 12)
FAIL: c-c++-common/asan/memcmp-1.c -O3 -g output pattern test, is ==29215==ERROR: AddressSanitizer failed to allocate 0xdfff0001000 (15392894357504) bytes at address 2008fff7000 (errno: 12)
FAIL: c-c++-common/asan/memcmp-1.c -Os output pattern test, is ==29233==ERROR: AddressSanitizer failed to allocate 0xdfff0001000 (15392894357504) bytes at address 2008fff7000 (errno: 12)
FAIL: c-c++-common/asan/memcmp-1.c -O2 -flto -fno-use-linker-plugin -flto-partition=none output pattern test, is ==29280==ERROR: AddressSanitizer failed to allocate 0xdfff0001000 (15392894357504) bytes at address 2008fff7000 (errno: 12)
FAIL: c-c++-common/asan/memcmp-1.c -O2 -flto -fuse-linker-plugin -fno-fat-lto-objects output pattern test, is ==29328==ERROR: AddressSanitizer failed to allocate 0xdfff0001000 (15392894357504) bytes at address 2008fff7000 (errno: 12)
FAIL: c-c++-common/asan/misalign-1.c -O0 output pattern test, is ==29401==ERROR: AddressSanitizer failed to allocate 0xdfff0001000 (15392894357504) bytes at address 2008fff7000 (errno: 12)
FAIL: c-c++-common/asan/misalign-1.c -O1 output pattern test, is ==29416==ERROR: AddressSanitizer failed to allocate 0xdfff0001000 (15392894357504) bytes at address 2008fff7000 (errno: 12)
FAIL: c-c++-common/asan/misalign-1.c -O2 output pattern test, is ==29436==ERROR: AddressSanitizer failed to allocate 0xdfff0001000 (15392894357504) bytes at address 2008fff7000 (errno: 12)
FAIL: c-c++-common/asan/misalign-1.c -O3 -g output pattern test, is ==29449==ERROR: AddressSanitizer failed to allocate 0xdfff0001000 (15392894357504) bytes at address 2008fff7000 (errno: 12)
FAIL: c-c++-common/asan/misalign-1.c -Os output pattern test, is ==29465==ERROR: AddressSanitizer failed to allocate 0xdfff0001000 (15392894357504) bytes at address 2008fff7000 (errno: 12)
FAIL: c-c++-common/asan/misalign-1.c -O2 -flto -fno-use-linker-plugin -flto-partition=none output pattern test, is ==29509==ERROR: AddressSanitizer failed to allocate 0xdfff0001000 (15392894357504) bytes at address 2008fff7000 (errno: 12)
FAIL: c-c++-common/asan/misalign-1.c -O2 -flto -fuse-linker-plugin -fno-fat-lto-objects output pattern test, is ==29526==ERROR: AddressSanitizer failed to allocate 0xdfff0001000 (15392894357504) bytes at address 2008fff7000 (errno: 12)
FAIL: c-c++-common/asan/misalign-2.c -O0 output pattern test, is ==29540==ERROR: AddressSanitizer failed to allocate 0xdfff0001000 (15392894357504) bytes at address 2008fff7000 (errno: 12)
FAIL: c-c++-common/asan/misalign-2.c -O1 output pattern test, is ==29568==ERROR: AddressSanitizer failed to allocate 0xdfff0001000 (15392894357504) bytes at address 2008fff7000 (errno: 12)
FAIL: c-c++-common/asan/misalign-2.c -O2 output pattern test, is ==29583==ERROR: AddressSanitizer failed to allocate 0xdfff0001000 (15392894357504) bytes at address 2008fff7000 (errno: 12)
FAIL: c-c++-common/asan/misalign-2.c -O3 -g output pattern test, is ==29603==ERROR: AddressSanitizer failed to allocate 0xdfff0001000 (15392894357504) bytes at address 2008fff7000 (errno: 12)
FAIL: c-c++-common/asan/misalign-2.c -Os output pattern test, is ==29627==ERROR: AddressSanitizer failed to allocate 0xdfff0001000 (15392894357504) bytes at address 2008fff7000 (errno: 12)
FAIL: c-c++-common/asan/misalign-2.c -O2 -flto -fno-use-linker-plugin -flto-partition=none output pattern test, is ==29673==ERROR: AddressSanitizer failed to allocate 0xdfff0001000 (15392894357504) bytes at address 2008fff7000 (errno: 12)
FAIL: c-c++-common/asan/misalign-2.c -O2 -flto -fuse-linker-plugin -fno-fat-lto-objects output pattern test, is ==29702==ERROR: AddressSanitizer failed to allocate 0xdfff0001000 (15392894357504) bytes at address 2008fff7000 (errno: 12)
FAIL: c-c++-common/asan/null-deref-1.c -O0 output pattern test, is ==30386==ERROR: AddressSanitizer failed to allocate 0xdfff0001000 (15392894357504) bytes at address 2008fff7000 (errno: 12)
FAIL: c-c++-common/asan/null-deref-1.c -O1 output pattern test, is ==30406==ERROR: AddressSanitizer failed to allocate 0xdfff0001000 (15392894357504) bytes at address 2008fff7000 (errno: 12)
FAIL: c-c++-common/asan/null-deref-1.c -O2 output pattern test, is ==30418==ERROR: AddressSanitizer failed to allocate 0xdfff0001000 (15392894357504) bytes at address 2008fff7000 (errno: 12)
FAIL: c-c++-common/asan/null-deref-1.c -O3 -g output pattern test, is ==30429==ERROR: AddressSanitizer failed to allocate 0xdfff0001000 (15392894357504) bytes at address 2008fff7000 (errno: 12)
FAIL: c-c++-common/asan/null-deref-1.c -Os output pattern test, is ==30450==ERROR: AddressSanitizer failed to allocate 0xdfff0001000 (15392894357504) bytes at address 2008fff7000 (errno: 12)
FAIL: c-c++-common/asan/null-deref-1.c -O2 -flto -fno-use-linker-plugin -flto-partition=none output pattern test, is ==30473==ERROR: AddressSanitizer failed to allocate 0xdfff0001000 (15392894357504) bytes at address 2008fff7000 (errno: 12)
FAIL: c-c++-common/asan/null-deref-1.c -O2 -flto -fuse-linker-plugin -fno-fat-lto-objects output pattern test, is ==30493==ERROR: AddressSanitizer failed to allocate 0xdfff0001000 (15392894357504) bytes at address 2008fff7000 (errno: 12)
FAIL: c-c++-common/asan/pr59063-1.c -O0 execution test
FAIL: c-c++-common/asan/pr59063-1.c -O1 execution test
FAIL: c-c++-common/asan/pr59063-1.c -O2 execution test
FAIL: c-c++-common/asan/pr59063-1.c -O3 -g execution test
FAIL: c-c++-common/asan/pr59063-1.c -Os execution test
FAIL: c-c++-common/asan/pr59063-1.c -O2 -flto -fno-use-linker-plugin -flto-partition=none execution test
FAIL: c-c++-common/asan/pr59063-1.c -O2 -flto -fuse-linker-plugin -fno-fat-lto-objects execution test
FAIL: c-c++-common/asan/pr59063-2.c -O0 execution test
FAIL: c-c++-common/asan/pr59063-2.c -O1 execution test
FAIL: c-c++-common/asan/pr59063-2.c -O2 execution test
FAIL: c-c++-common/asan/pr59063-2.c -O3 -g execution test
FAIL: c-c++-common/asan/pr59063-2.c -Os execution test
FAIL: c-c++-common/asan/pr59063-2.c -O2 -flto -fno-use-linker-plugin -flto-partition=none execution test
FAIL: c-c++-common/asan/pr59063-2.c -O2 -flto -fuse-linker-plugin -fno-fat-lto-objects execution test
FAIL: c-c++-common/asan/pr61530.c -O0 output pattern test, is ==31172==ERROR: AddressSanitizer failed to allocate 0xdfff0001000 (15392894357504) bytes at address 2008fff7000 (errno: 12)
FAIL: c-c++-common/asan/pr61530.c -O1 output pattern test, is ==31194==ERROR: AddressSanitizer failed to allocate 0xdfff0001000 (15392894357504) bytes at address 2008fff7000 (errno: 12)
FAIL: c-c++-common/asan/pr61530.c -O2 output pattern test, is ==31214==ERROR: AddressSanitizer failed to allocate 0xdfff0001000 (15392894357504) bytes at address 2008fff7000 (errno: 12)
FAIL: c-c++-common/asan/pr61530.c -O3 -g output pattern test, is ==31241==ERROR: AddressSanitizer failed to allocate 0xdfff0001000 (15392894357504) bytes at address 2008fff7000 (errno: 12)
FAIL: c-c++-common/asan/pr61530.c -Os output pattern test, is ==31265==ERROR: AddressSanitizer failed to allocate 0xdfff0001000 (15392894357504) bytes at address 2008fff7000 (errno: 12)
FAIL: c-c++-common/asan/pr61530.c -O2 -flto -fno-use-linker-plugin -flto-partition=none output pattern test, is ==31348==ERROR: AddressSanitizer failed to allocate 0xdfff0001000 (15392894357504) bytes at address 2008fff7000 (errno: 12)
FAIL: c-c++-common/asan/pr61530.c -O2 -flto -fuse-linker-plugin -fno-fat-lto-objects output pattern test, is ==31378==ERROR: AddressSanitizer failed to allocate 0xdfff0001000 (15392894357504) bytes at address 2008fff7000 (errno: 12)
FAIL: c-c++-common/asan/pr62089.c -O0 output pattern test, is ==31400==ERROR: AddressSanitizer failed to allocate 0xdfff0001000 (15392894357504) bytes at address 2008fff7000 (errno: 12)
FAIL: c-c++-common/asan/pr62089.c -O1 output pattern test, is ==31463==ERROR: AddressSanitizer failed to allocate 0xdfff0001000 (15392894357504) bytes at address 2008fff7000 (errno: 12)
FAIL: c-c++-common/asan/pr62089.c -O2 output pattern test, is ==31508==ERROR: AddressSanitizer failed to allocate 0xdfff0001000 (15392894357504) bytes at address 2008fff7000 (errno: 12)
FAIL: c-c++-common/asan/pr62089.c -O3 -g output pattern test, is ==31526==ERROR: AddressSanitizer failed to allocate 0xdfff0001000 (15392894357504) bytes at address 2008fff7000 (errno: 12)
FAIL: c-c++-common/asan/pr62089.c -Os output pattern test, is ==31549==ERROR: AddressSanitizer failed to allocate 0xdfff0001000 (15392894357504) bytes at address 2008fff7000 (errno: 12)
FAIL: c-c++-common/asan/pr62089.c -O2 -flto -fno-use-linker-plugin -flto-partition=none output pattern test, is ==31597==ERROR: AddressSanitizer failed to allocate 0xdfff0001000 (15392894357504) bytes at address 2008fff7000 (errno: 12)
FAIL: c-c++-common/asan/pr62089.c -O2 -flto -fuse-linker-plugin -fno-fat-lto-objects output pattern test, is ==31636==ERROR: AddressSanitizer failed to allocate 0xdfff0001000 (15392894357504) bytes at address 2008fff7000 (errno: 12)
FAIL: c-c++-common/asan/pr63316.c -O0 execution test
FAIL: c-c++-common/asan/pr63316.c -O1 execution test
FAIL: c-c++-common/asan/pr63316.c -O2 execution test
FAIL: c-c++-common/asan/pr63316.c -O3 -g execution test
FAIL: c-c++-common/asan/pr63316.c -Os execution test
FAIL: c-c++-common/asan/pr63316.c -O2 -flto -fno-use-linker-plugin -flto-partition=none execution test
FAIL: c-c++-common/asan/pr63316.c -O2 -flto -fuse-linker-plugin -fno-fat-lto-objects execution test
FAIL: c-c++-common/asan/pr63888.c -O0 execution test
FAIL: c-c++-common/asan/pr63888.c -O1 execution test
FAIL: c-c++-common/asan/pr63888.c -O2 execution test
FAIL: c-c++-common/asan/pr63888.c -O3 -g execution test
FAIL: c-c++-common/asan/pr63888.c -Os execution test
FAIL: c-c++-common/asan/pr63888.c -O2 -flto -fno-use-linker-plugin -flto-partition=none execution test
FAIL: c-c++-common/asan/pr63888.c -O2 -flto -fuse-linker-plugin -fno-fat-lto-objects execution test
FAIL: c-c++-common/asan/rlimit-mmap-test-1.c -O0 output pattern test, is ==32403==ERROR: AddressSanitizer failed to allocate 0xdfff0001000 (15392894357504) bytes at address 2008fff7000 (errno: 12)
FAIL: c-c++-common/asan/sanity-check-pure-c-1.c -O0 output pattern test, is ==32488==ERROR: AddressSanitizer failed to allocate 0xdfff0001000 (15392894357504) bytes at address 2008fff7000 (errno: 12)
FAIL: c-c++-common/asan/sanity-check-pure-c-1.c -O1 output pattern test, is ==32518==ERROR: AddressSanitizer failed to allocate 0xdfff0001000 (15392894357504) bytes at address 2008fff7000 (errno: 12)
FAIL: c-c++-common/asan/sanity-check-pure-c-1.c -O2 output pattern test, is ==32546==ERROR: AddressSanitizer failed to allocate 0xdfff0001000 (15392894357504) bytes at address 2008fff7000 (errno: 12)
FAIL: c-c++-common/asan/sanity-check-pure-c-1.c -O3 -g output pattern test, is ==32571==ERROR: AddressSanitizer failed to allocate 0xdfff0001000 (15392894357504) bytes at address 2008fff7000 (errno: 12)
FAIL: c-c++-common/asan/sanity-check-pure-c-1.c -Os output pattern test, is ==32596==ERROR: AddressSanitizer failed to allocate 0xdfff0001000 (15392894357504) bytes at address 2008fff7000 (errno: 12)
FAIL: c-c++-common/asan/sanity-check-pure-c-1.c -O2 -flto -fno-use-linker-plugin -flto-partition=none output pattern test, is ==32658==ERROR: AddressSanitizer failed to allocate 0xdfff0001000 (15392894357504) bytes at address 2008fff7000 (errno: 12)
FAIL: c-c++-common/asan/sanity-check-pure-c-1.c -O2 -flto -fuse-linker-plugin -fno-fat-lto-objects output pattern test, is ==32684==ERROR: AddressSanitizer failed to allocate 0xdfff0001000 (15392894357504) bytes at address 2008fff7000 (errno: 12)
FAIL: c-c++-common/asan/sleep-before-dying-1.c -O2 output pattern test, is ==32762==ERROR: AddressSanitizer failed to allocate 0xdfff0001000 (15392894357504) bytes at address 2008fff7000 (errno: 12)
FAIL: c-c++-common/asan/sleep-before-dying-1.c -O2 -flto -fno-use-linker-plugin -flto-partition=none output pattern test, is ==332==ERROR: AddressSanitizer failed to allocate 0xdfff0001000 (15392894357504) bytes at address 2008fff7000 (errno: 12)
FAIL: c-c++-common/asan/sleep-before-dying-1.c -O2 -flto -fuse-linker-plugin -fno-fat-lto-objects output pattern test, is ==367==ERROR: AddressSanitizer failed to allocate 0xdfff0001000 (15392894357504) bytes at address 2008fff7000 (errno: 12)
FAIL: c-c++-common/asan/stack-overflow-1.c -O0 output pattern test, is ==387==ERROR: AddressSanitizer failed to allocate 0xdfff0001000 (15392894357504) bytes at address 2008fff7000 (errno: 12)
FAIL: c-c++-common/asan/stack-overflow-1.c -O1 output pattern test, is ==411==ERROR: AddressSanitizer failed to allocate 0xdfff0001000 (15392894357504) bytes at address 2008fff7000 (errno: 12)
FAIL: c-c++-common/asan/stack-overflow-1.c -O2 output pattern test, is ==434==ERROR: AddressSanitizer failed to allocate 0xdfff0001000 (15392894357504) bytes at address 2008fff7000 (errno: 12)
FAIL: c-c++-common/asan/stack-overflow-1.c -O3 -g output pattern test, is ==466==ERROR: AddressSanitizer failed to allocate 0xdfff0001000 (15392894357504) bytes at address 2008fff7000 (errno: 12)
FAIL: c-c++-common/asan/stack-overflow-1.c -Os output pattern test, is ==500==ERROR: AddressSanitizer failed to allocate 0xdfff0001000 (15392894357504) bytes at address 2008fff7000 (errno: 12)
FAIL: c-c++-common/asan/stack-overflow-1.c -O2 -flto -fno-use-linker-plugin -flto-partition=none output pattern test, is ==548==ERROR: AddressSanitizer failed to allocate 0xdfff0001000 (15392894357504) bytes at address 2008fff7000 (errno: 12)
FAIL: c-c++-common/asan/stack-overflow-1.c -O2 -flto -fuse-linker-plugin -fno-fat-lto-objects output pattern test, is ==585==ERROR: AddressSanitizer failed to allocate 0xdfff0001000 (15392894357504) bytes at address 2008fff7000 (errno: 12)
FAIL: c-c++-common/asan/strip-path-prefix-1.c -O2 output pattern test, is ==610==ERROR: AddressSanitizer failed to allocate 0xdfff0001000 (15392894357504) bytes at address 2008fff7000 (errno: 12)
FAIL: c-c++-common/asan/strip-path-prefix-1.c -O2 -flto -fno-use-linker-plugin -flto-partition=none output pattern test, is ==667==ERROR: AddressSanitizer failed to allocate 0xdfff0001000 (15392894357504) bytes at address 2008fff7000 (errno: 12)
FAIL: c-c++-common/asan/strip-path-prefix-1.c -O2 -flto -fuse-linker-plugin -fno-fat-lto-objects output pattern test, is ==693==ERROR: AddressSanitizer failed to allocate 0xdfff0001000 (15392894357504) bytes at address 2008fff7000 (errno: 12)
FAIL: c-c++-common/asan/strlen-overflow-1.c -O0 output pattern test, is ==723==ERROR: AddressSanitizer failed to allocate 0xdfff0001000 (15392894357504) bytes at address 2008fff7000 (errno: 12)
FAIL: c-c++-common/asan/strlen-overflow-1.c -O1 output pattern test, is ==748==ERROR: AddressSanitizer failed to allocate 0xdfff0001000 (15392894357504) bytes at address 2008fff7000 (errno: 12)
FAIL: c-c++-common/asan/strlen-overflow-1.c -O2 output pattern test, is ==776==ERROR: AddressSanitizer failed to allocate 0xdfff0001000 (15392894357504) bytes at address 2008fff7000 (errno: 12)
FAIL: c-c++-common/asan/strlen-overflow-1.c -O3 -g output pattern test, is ==799==ERROR: AddressSanitizer failed to allocate 0xdfff0001000 (15392894357504) bytes at address 2008fff7000 (errno: 12)
FAIL: c-c++-common/asan/strlen-overflow-1.c -Os output pattern test, is ==830==ERROR: AddressSanitizer failed to allocate 0xdfff0001000 (15392894357504) bytes at address 2008fff7000 (errno: 12)
FAIL: c-c++-common/asan/strncpy-overflow-1.c -O0 output pattern test, is ==856==ERROR: AddressSanitizer failed to allocate 0xdfff0001000 (15392894357504) bytes at address 2008fff7000 (errno: 12)
FAIL: c-c++-common/asan/strncpy-overflow-1.c -O1 output pattern test, is ==876==ERROR: AddressSanitizer failed to allocate 0xdfff0001000 (15392894357504) bytes at address 2008fff7000 (errno: 12)
FAIL: c-c++-common/asan/strncpy-overflow-1.c -O2 output pattern test, is ==897==ERROR: AddressSanitizer failed to allocate 0xdfff0001000 (15392894357504) bytes at address 2008fff7000 (errno: 12)
FAIL: c-c++-common/asan/strncpy-overflow-1.c -O3 -g output pattern test, is ==957==ERROR: AddressSanitizer failed to allocate 0xdfff0001000 (15392894357504) bytes at address 2008fff7000 (errno: 12)
FAIL: c-c++-common/asan/strncpy-overflow-1.c -Os output pattern test, is ==968==ERROR: AddressSanitizer failed to allocate 0xdfff0001000 (15392894357504) bytes at address 2008fff7000 (errno: 12)
FAIL: c-c++-common/asan/strncpy-overflow-1.c -O2 -flto -fno-use-linker-plugin -flto-partition=none output pattern test, is ==1041==ERROR: AddressSanitizer failed to allocate 0xdfff0001000 (15392894357504) bytes at address 2008fff7000 (errno: 12)
FAIL: c-c++-common/asan/strncpy-overflow-1.c -O2 -flto -fuse-linker-plugin -fno-fat-lto-objects output pattern test, is ==1151==ERROR: AddressSanitizer failed to allocate 0xdfff0001000 (15392894357504) bytes at address 2008fff7000 (errno: 12)
FAIL: c-c++-common/asan/swapcontext-test-1.c -O0 execution test
FAIL: c-c++-common/asan/swapcontext-test-1.c -O1 execution test
FAIL: c-c++-common/asan/swapcontext-test-1.c -O2 execution test
FAIL: c-c++-common/asan/swapcontext-test-1.c -O3 -fomit-frame-pointer -funroll-loops -fpeel-loops -ftracer -finline-functions execution test
FAIL: c-c++-common/asan/swapcontext-test-1.c -O3 -g execution test
FAIL: c-c++-common/asan/swapcontext-test-1.c -Os execution test
FAIL: c-c++-common/asan/swapcontext-test-1.c -O2 -flto -fno-use-linker-plugin -flto-partition=none execution test
FAIL: c-c++-common/asan/swapcontext-test-1.c -O2 -flto -fuse-linker-plugin -fno-fat-lto-objects execution test
FAIL: c-c++-common/asan/use-after-free-1.c -O0 output pattern test, is ==1682==ERROR: AddressSanitizer failed to allocate 0xdfff0001000 (15392894357504) bytes at address 2008fff7000 (errno: 12)
FAIL: c-c++-common/asan/use-after-free-1.c -O1 output pattern test, is ==1714==ERROR: AddressSanitizer failed to allocate 0xdfff0001000 (15392894357504) bytes at address 2008fff7000 (errno: 12)
FAIL: c-c++-common/asan/use-after-free-1.c -O2 output pattern test, is ==1742==ERROR: AddressSanitizer failed to allocate 0xdfff0001000 (15392894357504) bytes at address 2008fff7000 (errno: 12)
FAIL: c-c++-common/asan/use-after-free-1.c -O3 -g output pattern test, is ==1768==ERROR: AddressSanitizer failed to allocate 0xdfff0001000 (15392894357504) bytes at address 2008fff7000 (errno: 12)
FAIL: c-c++-common/asan/use-after-free-1.c -Os output pattern test, is ==1796==ERROR: AddressSanitizer failed to allocate 0xdfff0001000 (15392894357504) bytes at address 2008fff7000 (errno: 12)
FAIL: c-c++-common/asan/use-after-free-1.c -O2 -flto -fno-use-linker-plugin -flto-partition=none output pattern test, is ==1870==ERROR: AddressSanitizer failed to allocate 0xdfff0001000 (15392894357504) bytes at address 2008fff7000 (errno: 12)
FAIL: c-c++-common/asan/use-after-free-1.c -O2 -flto -fuse-linker-plugin -fno-fat-lto-objects output pattern test, is ==1911==ERROR: AddressSanitizer failed to allocate 0xdfff0001000 (15392894357504) bytes at address 2008fff7000 (errno: 12)
FAIL: c-c++-common/asan/use-after-return-1.c -O0 output pattern test, is ==1935==ERROR: AddressSanitizer failed to allocate 0xdfff0001000 (15392894357504) bytes at address 2008fff7000 (errno: 12)
FAIL: c-c++-common/asan/use-after-return-1.c -O1 output pattern test, is ==1955==ERROR: AddressSanitizer failed to allocate 0xdfff0001000 (15392894357504) bytes at address 2008fff7000 (errno: 12)
FAIL: c-c++-common/asan/use-after-return-1.c -O2 output pattern test, is ==1980==ERROR: AddressSanitizer failed to allocate 0xdfff0001000 (15392894357504) bytes at address 2008fff7000 (errno: 12)
FAIL: c-c++-common/asan/use-after-return-1.c -O3 -g output pattern test, is ==2002==ERROR: AddressSanitizer failed to allocate 0xdfff0001000 (15392894357504) bytes at address 2008fff7000 (errno: 12)
FAIL: c-c++-common/asan/use-after-return-1.c -Os output pattern test, is ==2042==ERROR: AddressSanitizer failed to allocate 0xdfff0001000 (15392894357504) bytes at address 2008fff7000 (errno: 12)
FAIL: c-c++-common/asan/use-after-return-1.c -O2 -flto -fno-use-linker-plugin -flto-partition=none output pattern test, is ==2099==ERROR: AddressSanitizer failed to allocate 0xdfff0001000 (15392894357504) bytes at address 2008fff7000 (errno: 12)
FAIL: c-c++-common/asan/use-after-return-1.c -O2 -flto -fuse-linker-plugin -fno-fat-lto-objects output pattern test, is ==2147==ERROR: AddressSanitizer failed to allocate 0xdfff0001000 (15392894357504) bytes at address 2008fff7000 (errno: 12)
FAIL: gcc.dg/asan/nosanitize-and-inline.c -O0 execution test
FAIL: gcc.dg/asan/nosanitize-and-inline.c -O1 execution test
FAIL: gcc.dg/asan/nosanitize-and-inline.c -O2 execution test
FAIL: gcc.dg/asan/nosanitize-and-inline.c -O3 -fomit-frame-pointer -funroll-loops -fpeel-loops -ftracer -finline-functions execution test
FAIL: gcc.dg/asan/nosanitize-and-inline.c -O3 -g execution test
FAIL: gcc.dg/asan/nosanitize-and-inline.c -Os execution test
FAIL: gcc.dg/asan/nosanitize-and-inline.c -O2 -flto -fno-use-linker-plugin -flto-partition=none execution test
FAIL: gcc.dg/asan/nosanitize-and-inline.c -O2 -flto -fuse-linker-plugin -fno-fat-lto-objects execution test
FAIL: gcc.dg/debug/dwarf2/stacked-qualified-types-3.c scan-assembler-times DIE \\\\([^\\n]*\\\\) DW_TAG_(?:const|volatile|atomic|restrict)_type 8
XPASS: gcc.dg/guality/example.c -O0 execution test
XPASS: gcc.dg/guality/example.c -O1 execution test
XPASS: gcc.dg/guality/example.c -O2 execution test
XPASS: gcc.dg/guality/example.c -O2 -flto -fno-use-linker-plugin -flto-partition=none execution test
XPASS: gcc.dg/guality/guality.c -O0 execution test
XPASS: gcc.dg/guality/guality.c -O1 execution test
XPASS: gcc.dg/guality/guality.c -O2 execution test
XPASS: gcc.dg/guality/guality.c -O3 -g execution test
XPASS: gcc.dg/guality/guality.c -Os execution test
XPASS: gcc.dg/guality/guality.c -O2 -flto -fno-use-linker-plugin -flto-partition=none execution test
XPASS: gcc.dg/guality/guality.c -O2 -flto -fuse-linker-plugin -fno-fat-lto-objects execution test
XPASS: gcc.dg/guality/inline-params.c -O2 execution test
XPASS: gcc.dg/guality/inline-params.c -O3 -g execution test
XPASS: gcc.dg/guality/inline-params.c -Os execution test
XPASS: gcc.dg/guality/inline-params.c -O2 -flto -fno-use-linker-plugin -flto-partition=none execution test
XPASS: gcc.dg/guality/pr41353-1.c -O0 line 28 j == 28 + 37
XPASS: gcc.dg/guality/pr41353-1.c -O1 line 28 j == 28 + 37
XPASS: gcc.dg/guality/pr41353-1.c -O2 line 28 j == 28 + 37
XPASS: gcc.dg/guality/pr41353-1.c -O3 -g line 28 j == 28 + 37
XPASS: gcc.dg/guality/pr41353-1.c -Os line 28 j == 28 + 37
XPASS: gcc.dg/guality/pr41353-1.c -O2 -flto -fno-use-linker-plugin -flto-partition=none line 28 j == 28 + 37
XPASS: gcc.dg/guality/pr41353-1.c -O2 -flto -fuse-linker-plugin -fno-fat-lto-objects line 28 j == 28 + 37
FAIL: gcc.dg/guality/pr41616-1.c -O2 -flto -fuse-linker-plugin -fno-fat-lto-objects execution test
FAIL: gcc.dg/guality/pr45882.c -O2 -flto -fuse-linker-plugin -fno-fat-lto-objects line 16 d == 112
FAIL: gcc.dg/guality/pr45882.c -O2 -flto -fuse-linker-plugin -fno-fat-lto-objects line 16 e == 142
FAIL: gcc.dg/guality/pr54200.c -Os line 20 z == 3
FAIL: gcc.dg/guality/pr54519-1.c -O2 -flto -fno-use-linker-plugin -flto-partition=none line 20 y == 25
FAIL: gcc.dg/guality/pr54519-1.c -O2 -flto -fno-use-linker-plugin -flto-partition=none line 20 z == 6
FAIL: gcc.dg/guality/pr54519-1.c -O2 -flto -fno-use-linker-plugin -flto-partition=none line 23 y == 117
FAIL: gcc.dg/guality/pr54519-1.c -O2 -flto -fno-use-linker-plugin -flto-partition=none line 23 z == 8
FAIL: gcc.dg/guality/pr54519-2.c -O2 -flto -fno-use-linker-plugin -flto-partition=none line 17 y == 25
FAIL: gcc.dg/guality/pr54519-2.c -O2 -flto -fuse-linker-plugin -fno-fat-lto-objects line 17 y == 25
FAIL: gcc.dg/guality/pr54519-3.c -O2 -flto -fno-use-linker-plugin -flto-partition=none line 20 y == 25
FAIL: gcc.dg/guality/pr54519-3.c -O2 -flto -fno-use-linker-plugin -flto-partition=none line 20 z == 6
FAIL: gcc.dg/guality/pr54519-3.c -O2 -flto -fno-use-linker-plugin -flto-partition=none line 23 y == 117
FAIL: gcc.dg/guality/pr54519-3.c -O2 -flto -fno-use-linker-plugin -flto-partition=none line 23 z == 8
FAIL: gcc.dg/guality/pr54519-3.c -O2 -flto -fuse-linker-plugin -fno-fat-lto-objects line 20 y == 25
FAIL: gcc.dg/guality/pr54519-3.c -O2 -flto -fuse-linker-plugin -fno-fat-lto-objects line 20 z == 6
FAIL: gcc.dg/guality/pr54519-3.c -O2 -flto -fuse-linker-plugin -fno-fat-lto-objects line 23 y == 117
FAIL: gcc.dg/guality/pr54519-3.c -O2 -flto -fuse-linker-plugin -fno-fat-lto-objects line 23 z == 8
FAIL: gcc.dg/guality/pr54519-4.c -O2 -flto -fno-use-linker-plugin -flto-partition=none line 17 y == 25
FAIL: gcc.dg/guality/pr54519-4.c -O2 -flto -fuse-linker-plugin -fno-fat-lto-objects line 17 y == 25
FAIL: gcc.dg/guality/pr54519-5.c -O2 -flto -fno-use-linker-plugin -flto-partition=none line 17 y == 25
FAIL: gcc.dg/guality/pr54519-5.c -O2 -flto -fuse-linker-plugin -fno-fat-lto-objects line 17 y == 25
FAIL: gcc.dg/guality/vla-1.c -O1 line 17 sizeof (a) == 6
FAIL: gcc.dg/guality/vla-1.c -O2 line 17 sizeof (a) == 6
FAIL: gcc.dg/guality/vla-1.c -O3 -g line 17 sizeof (a) == 6
FAIL: gcc.dg/guality/vla-1.c -Os line 17 sizeof (a) == 6
FAIL: gcc.dg/guality/vla-1.c -O2 -flto -fno-use-linker-plugin -flto-partition=none line 17 sizeof (a) == 6
FAIL: gcc.dg/guality/vla-1.c -O2 -flto -fuse-linker-plugin -fno-fat-lto-objects line 17 sizeof (a) == 6
FAIL: gcc.target/i386/pr49781-1.c scan-assembler-not lea[lq]?[ \\t]\\\\((%|)r[a-z0-9]*
FAIL: gcc.target/i386/pr61403.c scan-assembler blend
=== gcc Summary ===
# of expected passes 107052
# of unexpected failures 228
# of unexpected successes 22
# of expected failures 278
# of unsupported tests 1766
/scratch/gcc/nightly-2015-09-10-mainline/i686-pc-linux-gnu/obj/test-mainline-0-i686-pc-linux-gnu/host-i686-pc-linux-gnu/fsf-mainline/bin/i686-pc-linux-gnu-gcc version 6.0.0 20150910 (experimental) (GCC)
=== Summary adjusted for local xfails ===
# of unexpected failures 228
# of expected passes 107052
# of unexpected successes 22
# of expected failures 278
# of unsupported tests 1766
=== gfortran tests ===
Running target localhost/-m64
XPASS: gfortran.dg/graphite/pr14741.f90 -O scan-tree-dump-times graphite "number of SCoPs: 1" 1
=== gfortran Summary ===
# of expected passes 40736
# of unexpected successes 1
# of expected failures 74
# of unsupported tests 63
/scratch/gcc/nightly-2015-09-10-mainline/i686-pc-linux-gnu/obj/test-mainline-0-i686-pc-linux-gnu/host-i686-pc-linux-gnu/fsf-mainline/bin/i686-pc-linux-gnu-gfortran version 6.0.0 20150910 (experimental) (GCC)
=== Summary adjusted for local xfails ===
# of expected passes 40736
# of unexpected successes 1
# of expected failures 74
# of unsupported tests 63
=== libatomic tests ===
Running target localhost/-m64
=== libatomic Summary ===
# of expected passes 54
=== Summary adjusted for local xfails ===
# of expected passes 54
=== libgomp tests ===
Running target localhost/-m64
FAIL: libgomp.fortran/allocatable1.f90 -O0 (test for excess errors)
UNRESOLVED: libgomp.fortran/allocatable1.f90 -O0 compilation failed to produce executable
FAIL: libgomp.fortran/allocatable1.f90 -O1 (test for excess errors)
UNRESOLVED: libgomp.fortran/allocatable1.f90 -O1 compilation failed to produce executable
FAIL: libgomp.fortran/allocatable1.f90 -O2 (test for excess errors)
UNRESOLVED: libgomp.fortran/allocatable1.f90 -O2 compilation failed to produce executable
FAIL: libgomp.fortran/allocatable1.f90 -O3 -fomit-frame-pointer -funroll-loops -fpeel-loops -ftracer -finline-functions (test for excess errors)
UNRESOLVED: libgomp.fortran/allocatable1.f90 -O3 -fomit-frame-pointer -funroll-loops -fpeel-loops -ftracer -finline-functions compilation failed to produce executable
FAIL: libgomp.fortran/allocatable1.f90 -O3 -g (test for excess errors)
UNRESOLVED: libgomp.fortran/allocatable1.f90 -O3 -g compilation failed to produce executable
FAIL: libgomp.fortran/allocatable1.f90 -Os (test for excess errors)
UNRESOLVED: libgomp.fortran/allocatable1.f90 -Os compilation failed to produce executable
FAIL: libgomp.fortran/allocatable11.f90 -O0 (test for excess errors)
UNRESOLVED: libgomp.fortran/allocatable11.f90 -O0 compilation failed to produce executable
FAIL: libgomp.fortran/allocatable11.f90 -O1 (test for excess errors)
UNRESOLVED: libgomp.fortran/allocatable11.f90 -O1 compilation failed to produce executable
FAIL: libgomp.fortran/allocatable11.f90 -O2 (test for excess errors)
UNRESOLVED: libgomp.fortran/allocatable11.f90 -O2 compilation failed to produce executable
FAIL: libgomp.fortran/allocatable11.f90 -O3 -fomit-frame-pointer -funroll-loops -fpeel-loops -ftracer -finline-functions (test for excess errors)
UNRESOLVED: libgomp.fortran/allocatable11.f90 -O3 -fomit-frame-pointer -funroll-loops -fpeel-loops -ftracer -finline-functions compilation failed to produce executable
FAIL: libgomp.fortran/allocatable11.f90 -O3 -g (test for excess errors)
UNRESOLVED: libgomp.fortran/allocatable11.f90 -O3 -g compilation failed to produce executable
FAIL: libgomp.fortran/allocatable11.f90 -Os (test for excess errors)
UNRESOLVED: libgomp.fortran/allocatable11.f90 -Os compilation failed to produce executable
FAIL: libgomp.fortran/allocatable2.f90 -O0 (test for excess errors)
UNRESOLVED: libgomp.fortran/allocatable2.f90 -O0 compilation failed to produce executable
FAIL: libgomp.fortran/allocatable2.f90 -O1 (test for excess errors)
UNRESOLVED: libgomp.fortran/allocatable2.f90 -O1 compilation failed to produce executable
FAIL: libgomp.fortran/allocatable2.f90 -O2 (test for excess errors)
UNRESOLVED: libgomp.fortran/allocatable2.f90 -O2 compilation failed to produce executable
FAIL: libgomp.fortran/allocatable2.f90 -O3 -fomit-frame-pointer -funroll-loops -fpeel-loops -ftracer -finline-functions (test for excess errors)
UNRESOLVED: libgomp.fortran/allocatable2.f90 -O3 -fomit-frame-pointer -funroll-loops -fpeel-loops -ftracer -finline-functions compilation failed to produce executable
FAIL: libgomp.fortran/allocatable2.f90 -O3 -g (test for excess errors)
UNRESOLVED: libgomp.fortran/allocatable2.f90 -O3 -g compilation failed to produce executable
FAIL: libgomp.fortran/allocatable2.f90 -Os (test for excess errors)
UNRESOLVED: libgomp.fortran/allocatable2.f90 -Os compilation failed to produce executable
FAIL: libgomp.fortran/allocatable8.f90 -O0 (test for excess errors)
UNRESOLVED: libgomp.fortran/allocatable8.f90 -O0 compilation failed to produce executable
FAIL: libgomp.fortran/allocatable8.f90 -O1 (test for excess errors)
UNRESOLVED: libgomp.fortran/allocatable8.f90 -O1 compilation failed to produce executable
FAIL: libgomp.fortran/allocatable8.f90 -O2 (test for excess errors)
UNRESOLVED: libgomp.fortran/allocatable8.f90 -O2 compilation failed to produce executable
FAIL: libgomp.fortran/allocatable8.f90 -O3 -fomit-frame-pointer -funroll-loops -fpeel-loops -ftracer -finline-functions (test for excess errors)
UNRESOLVED: libgomp.fortran/allocatable8.f90 -O3 -fomit-frame-pointer -funroll-loops -fpeel-loops -ftracer -finline-functions compilation failed to produce executable
FAIL: libgomp.fortran/allocatable8.f90 -O3 -g (test for excess errors)
UNRESOLVED: libgomp.fortran/allocatable8.f90 -O3 -g compilation failed to produce executable
FAIL: libgomp.fortran/allocatable8.f90 -Os (test for excess errors)
UNRESOLVED: libgomp.fortran/allocatable8.f90 -Os compilation failed to produce executable
FAIL: libgomp.fortran/appendix-a/a.18.1.f90 -O0 (test for excess errors)
UNRESOLVED: libgomp.fortran/appendix-a/a.18.1.f90 -O0 compilation failed to produce executable
FAIL: libgomp.fortran/appendix-a/a.18.1.f90 -O1 (test for excess errors)
UNRESOLVED: libgomp.fortran/appendix-a/a.18.1.f90 -O1 compilation failed to produce executable
FAIL: libgomp.fortran/appendix-a/a.18.1.f90 -O2 (test for excess errors)
UNRESOLVED: libgomp.fortran/appendix-a/a.18.1.f90 -O2 compilation failed to produce executable
FAIL: libgomp.fortran/appendix-a/a.18.1.f90 -O3 -fomit-frame-pointer -funroll-loops -fpeel-loops -ftracer -finline-functions (test for excess errors)
UNRESOLVED: libgomp.fortran/appendix-a/a.18.1.f90 -O3 -fomit-frame-pointer -funroll-loops -fpeel-loops -ftracer -finline-functions compilation failed to produce executable
FAIL: libgomp.fortran/appendix-a/a.18.1.f90 -O3 -g (test for excess errors)
UNRESOLVED: libgomp.fortran/appendix-a/a.18.1.f90 -O3 -g compilation failed to produce executable
FAIL: libgomp.fortran/appendix-a/a.18.1.f90 -Os (test for excess errors)
UNRESOLVED: libgomp.fortran/appendix-a/a.18.1.f90 -Os compilation failed to produce executable
FAIL: libgomp.fortran/appendix-a/a.2.1.f90 -O0 (test for excess errors)
UNRESOLVED: libgomp.fortran/appendix-a/a.2.1.f90 -O0 compilation failed to produce executable
FAIL: libgomp.fortran/appendix-a/a.2.1.f90 -O1 (test for excess errors)
UNRESOLVED: libgomp.fortran/appendix-a/a.2.1.f90 -O1 compilation failed to produce executable
FAIL: libgomp.fortran/appendix-a/a.2.1.f90 -O2 (test for excess errors)
UNRESOLVED: libgomp.fortran/appendix-a/a.2.1.f90 -O2 compilation failed to produce executable
FAIL: libgomp.fortran/appendix-a/a.2.1.f90 -O3 -fomit-frame-pointer -funroll-loops -fpeel-loops -ftracer -finline-functions (test for excess errors)
UNRESOLVED: libgomp.fortran/appendix-a/a.2.1.f90 -O3 -fomit-frame-pointer -funroll-loops -fpeel-loops -ftracer -finline-functions compilation failed to produce executable
FAIL: libgomp.fortran/appendix-a/a.2.1.f90 -O3 -g (test for excess errors)
UNRESOLVED: libgomp.fortran/appendix-a/a.2.1.f90 -O3 -g compilation failed to produce executable
FAIL: libgomp.fortran/appendix-a/a.2.1.f90 -Os (test for excess errors)
UNRESOLVED: libgomp.fortran/appendix-a/a.2.1.f90 -Os compilation failed to produce executable
FAIL: libgomp.fortran/appendix-a/a.33.3.f90 -O (test for excess errors)
FAIL: libgomp.fortran/appendix-a/a.38.1.f90 -O (test for excess errors)
FAIL: libgomp.fortran/appendix-a/a.39.1.f90 -O0 (test for excess errors)
UNRESOLVED: libgomp.fortran/appendix-a/a.39.1.f90 -O0 compilation failed to produce executable
FAIL: libgomp.fortran/appendix-a/a.39.1.f90 -O1 (test for excess errors)
UNRESOLVED: libgomp.fortran/appendix-a/a.39.1.f90 -O1 compilation failed to produce executable
FAIL: libgomp.fortran/appendix-a/a.39.1.f90 -O2 (test for excess errors)
UNRESOLVED: libgomp.fortran/appendix-a/a.39.1.f90 -O2 compilation failed to produce executable
FAIL: libgomp.fortran/appendix-a/a.39.1.f90 -O3 -fomit-frame-pointer -funroll-loops -fpeel-loops -ftracer -finline-functions (test for excess errors)
UNRESOLVED: libgomp.fortran/appendix-a/a.39.1.f90 -O3 -fomit-frame-pointer -funroll-loops -fpeel-loops -ftracer -finline-functions compilation failed to produce executable
FAIL: libgomp.fortran/appendix-a/a.39.1.f90 -O3 -g (test for excess errors)
UNRESOLVED: libgomp.fortran/appendix-a/a.39.1.f90 -O3 -g compilation failed to produce executable
FAIL: libgomp.fortran/appendix-a/a.39.1.f90 -Os (test for excess errors)
UNRESOLVED: libgomp.fortran/appendix-a/a.39.1.f90 -Os compilation failed to produce executable
FAIL: libgomp.fortran/appendix-a/a.4.1.f90 -O0 (test for excess errors)
UNRESOLVED: libgomp.fortran/appendix-a/a.4.1.f90 -O0 compilation failed to produce executable
FAIL: libgomp.fortran/appendix-a/a.4.1.f90 -O1 (test for excess errors)
UNRESOLVED: libgomp.fortran/appendix-a/a.4.1.f90 -O1 compilation failed to produce executable
FAIL: libgomp.fortran/appendix-a/a.4.1.f90 -O2 (test for excess errors)
UNRESOLVED: libgomp.fortran/appendix-a/a.4.1.f90 -O2 compilation failed to produce executable
FAIL: libgomp.fortran/appendix-a/a.4.1.f90 -O3 -fomit-frame-pointer -funroll-loops -fpeel-loops -ftracer -finline-functions (test for excess errors)
UNRESOLVED: libgomp.fortran/appendix-a/a.4.1.f90 -O3 -fomit-frame-pointer -funroll-loops -fpeel-loops -ftracer -finline-functions compilation failed to produce executable
FAIL: libgomp.fortran/appendix-a/a.4.1.f90 -O3 -g (test for excess errors)
UNRESOLVED: libgomp.fortran/appendix-a/a.4.1.f90 -O3 -g compilation failed to produce executable
FAIL: libgomp.fortran/appendix-a/a.4.1.f90 -Os (test for excess errors)
UNRESOLVED: libgomp.fortran/appendix-a/a.4.1.f90 -Os compilation failed to produce executable
FAIL: libgomp.fortran/appendix-a/a.40.1.f90 -O (test for excess errors)
FAIL: libgomp.fortran/appendix-a/a.5.1.f90 -O0 (test for excess errors)
UNRESOLVED: libgomp.fortran/appendix-a/a.5.1.f90 -O0 compilation failed to produce executable
FAIL: libgomp.fortran/appendix-a/a.5.1.f90 -O1 (test for excess errors)
UNRESOLVED: libgomp.fortran/appendix-a/a.5.1.f90 -O1 compilation failed to produce executable
FAIL: libgomp.fortran/appendix-a/a.5.1.f90 -O2 (test for excess errors)
UNRESOLVED: libgomp.fortran/appendix-a/a.5.1.f90 -O2 compilation failed to produce executable
FAIL: libgomp.fortran/appendix-a/a.5.1.f90 -O3 -fomit-frame-pointer -funroll-loops -fpeel-loops -ftracer -finline-functions (test for excess errors)
UNRESOLVED: libgomp.fortran/appendix-a/a.5.1.f90 -O3 -fomit-frame-pointer -funroll-loops -fpeel-loops -ftracer -finline-functions compilation failed to produce executable
FAIL: libgomp.fortran/appendix-a/a.5.1.f90 -O3 -g (test for excess errors)
UNRESOLVED: libgomp.fortran/appendix-a/a.5.1.f90 -O3 -g compilation failed to produce executable
FAIL: libgomp.fortran/appendix-a/a.5.1.f90 -Os (test for excess errors)
UNRESOLVED: libgomp.fortran/appendix-a/a.5.1.f90 -Os compilation failed to produce executable
FAIL: libgomp.fortran/cancel-do-1.f90 -O0 (test for excess errors)
UNRESOLVED: libgomp.fortran/cancel-do-1.f90 -O0 compilation failed to produce executable
FAIL: libgomp.fortran/cancel-do-1.f90 -O1 (test for excess errors)
UNRESOLVED: libgomp.fortran/cancel-do-1.f90 -O1 compilation failed to produce executable
FAIL: libgomp.fortran/cancel-do-1.f90 -O2 (test for excess errors)
UNRESOLVED: libgomp.fortran/cancel-do-1.f90 -O2 compilation failed to produce executable
FAIL: libgomp.fortran/cancel-do-1.f90 -O3 -fomit-frame-pointer -funroll-loops -fpeel-loops -ftracer -finline-functions (test for excess errors)
UNRESOLVED: libgomp.fortran/cancel-do-1.f90 -O3 -fomit-frame-pointer -funroll-loops -fpeel-loops -ftracer -finline-functions compilation failed to produce executable
FAIL: libgomp.fortran/cancel-do-1.f90 -O3 -g (test for excess errors)
UNRESOLVED: libgomp.fortran/cancel-do-1.f90 -O3 -g compilation failed to produce executable
FAIL: libgomp.fortran/cancel-do-1.f90 -Os (test for excess errors)
UNRESOLVED: libgomp.fortran/cancel-do-1.f90 -Os compilation failed to produce executable
FAIL: libgomp.fortran/cancel-do-2.f90 -O0 (test for excess errors)
UNRESOLVED: libgomp.fortran/cancel-do-2.f90 -O0 compilation failed to produce executable
FAIL: libgomp.fortran/cancel-do-2.f90 -O1 (test for excess errors)
UNRESOLVED: libgomp.fortran/cancel-do-2.f90 -O1 compilation failed to produce executable
FAIL: libgomp.fortran/cancel-do-2.f90 -O2 (test for excess errors)
UNRESOLVED: libgomp.fortran/cancel-do-2.f90 -O2 compilation failed to produce executable
FAIL: libgomp.fortran/cancel-do-2.f90 -O3 -fomit-frame-pointer -funroll-loops -fpeel-loops -ftracer -finline-functions (test for excess errors)
UNRESOLVED: libgomp.fortran/cancel-do-2.f90 -O3 -fomit-frame-pointer -funroll-loops -fpeel-loops -ftracer -finline-functions compilation failed to produce executable
FAIL: libgomp.fortran/cancel-do-2.f90 -O3 -g (test for excess errors)
UNRESOLVED: libgomp.fortran/cancel-do-2.f90 -O3 -g compilation failed to produce executable
FAIL: libgomp.fortran/cancel-do-2.f90 -Os (test for excess errors)
UNRESOLVED: libgomp.fortran/cancel-do-2.f90 -Os compilation failed to produce executable
FAIL: libgomp.fortran/cancel-parallel-1.f90 -O0 (test for excess errors)
UNRESOLVED: libgomp.fortran/cancel-parallel-1.f90 -O0 compilation failed to produce executable
FAIL: libgomp.fortran/cancel-parallel-1.f90 -O1 (test for excess errors)
UNRESOLVED: libgomp.fortran/cancel-parallel-1.f90 -O1 compilation failed to produce executable
FAIL: libgomp.fortran/cancel-parallel-1.f90 -O2 (test for excess errors)
UNRESOLVED: libgomp.fortran/cancel-parallel-1.f90 -O2 compilation failed to produce executable
FAIL: libgomp.fortran/cancel-parallel-1.f90 -O3 -fomit-frame-pointer -funroll-loops -fpeel-loops -ftracer -finline-functions (test for excess errors)
UNRESOLVED: libgomp.fortran/cancel-parallel-1.f90 -O3 -fomit-frame-pointer -funroll-loops -fpeel-loops -ftracer -finline-functions compilation failed to produce executable
FAIL: libgomp.fortran/cancel-parallel-1.f90 -O3 -g (test for excess errors)
UNRESOLVED: libgomp.fortran/cancel-parallel-1.f90 -O3 -g compilation failed to produce executable
FAIL: libgomp.fortran/cancel-parallel-1.f90 -Os (test for excess errors)
UNRESOLVED: libgomp.fortran/cancel-parallel-1.f90 -Os compilation failed to produce executable
FAIL: libgomp.fortran/cancel-parallel-3.f90 -O0 (test for excess errors)
UNRESOLVED: libgomp.fortran/cancel-parallel-3.f90 -O0 compilation failed to produce executable
FAIL: libgomp.fortran/cancel-parallel-3.f90 -O1 (test for excess errors)
UNRESOLVED: libgomp.fortran/cancel-parallel-3.f90 -O1 compilation failed to produce executable
FAIL: libgomp.fortran/cancel-parallel-3.f90 -O2 (test for excess errors)
UNRESOLVED: libgomp.fortran/cancel-parallel-3.f90 -O2 compilation failed to produce executable
FAIL: libgomp.fortran/cancel-parallel-3.f90 -O3 -fomit-frame-pointer -funroll-loops -fpeel-loops -ftracer -finline-functions (test for excess errors)
UNRESOLVED: libgomp.fortran/cancel-parallel-3.f90 -O3 -fomit-frame-pointer -funroll-loops -fpeel-loops -ftracer -finline-functions compilation failed to produce executable
FAIL: libgomp.fortran/cancel-parallel-3.f90 -O3 -g (test for excess errors)
UNRESOLVED: libgomp.fortran/cancel-parallel-3.f90 -O3 -g compilation failed to produce executable
FAIL: libgomp.fortran/cancel-parallel-3.f90 -Os (test for excess errors)
UNRESOLVED: libgomp.fortran/cancel-parallel-3.f90 -Os compilation failed to produce executable
FAIL: libgomp.fortran/cancel-sections-1.f90 -O0 (test for excess errors)
UNRESOLVED: libgomp.fortran/cancel-sections-1.f90 -O0 compilation failed to produce executable
FAIL: libgomp.fortran/cancel-sections-1.f90 -O1 (test for excess errors)
UNRESOLVED: libgomp.fortran/cancel-sections-1.f90 -O1 compilation failed to produce executable
FAIL: libgomp.fortran/cancel-sections-1.f90 -O2 (test for excess errors)
UNRESOLVED: libgomp.fortran/cancel-sections-1.f90 -O2 compilation failed to produce executable
FAIL: libgomp.fortran/cancel-sections-1.f90 -O3 -fomit-frame-pointer -funroll-loops -fpeel-loops -ftracer -finline-functions (test for excess errors)
UNRESOLVED: libgomp.fortran/cancel-sections-1.f90 -O3 -fomit-frame-pointer -funroll-loops -fpeel-loops -ftracer -finline-functions compilation failed to produce executable
FAIL: libgomp.fortran/cancel-sections-1.f90 -O3 -g (test for excess errors)
UNRESOLVED: libgomp.fortran/cancel-sections-1.f90 -O3 -g compilation failed to produce executable
FAIL: libgomp.fortran/cancel-sections-1.f90 -Os (test for excess errors)
UNRESOLVED: libgomp.fortran/cancel-sections-1.f90 -Os compilation failed to produce executable
FAIL: libgomp.fortran/cancel-taskgroup-2.f90 -O0 (test for excess errors)
UNRESOLVED: libgomp.fortran/cancel-taskgroup-2.f90 -O0 compilation failed to produce executable
FAIL: libgomp.fortran/cancel-taskgroup-2.f90 -O1 (test for excess errors)
UNRESOLVED: libgomp.fortran/cancel-taskgroup-2.f90 -O1 compilation failed to produce executable
FAIL: libgomp.fortran/cancel-taskgroup-2.f90 -O2 (test for excess errors)
UNRESOLVED: libgomp.fortran/cancel-taskgroup-2.f90 -O2 compilation failed to produce executable
FAIL: libgomp.fortran/cancel-taskgroup-2.f90 -O3 -fomit-frame-pointer -funroll-loops -fpeel-loops -ftracer -finline-functions (test for excess errors)
UNRESOLVED: libgomp.fortran/cancel-taskgroup-2.f90 -O3 -fomit-frame-pointer -funroll-loops -fpeel-loops -ftracer -finline-functions compilation failed to produce executable
FAIL: libgomp.fortran/cancel-taskgroup-2.f90 -O3 -g (test for excess errors)
UNRESOLVED: libgomp.fortran/cancel-taskgroup-2.f90 -O3 -g compilation failed to produce executable
FAIL: libgomp.fortran/cancel-taskgroup-2.f90 -Os (test for excess errors)
UNRESOLVED: libgomp.fortran/cancel-taskgroup-2.f90 -Os compilation failed to produce executable
FAIL: libgomp.fortran/character1.f90 -O0 (test for excess errors)
UNRESOLVED: libgomp.fortran/character1.f90 -O0 compilation failed to produce executable
FAIL: libgomp.fortran/character1.f90 -O1 (test for excess errors)
UNRESOLVED: libgomp.fortran/character1.f90 -O1 compilation failed to produce executable
FAIL: libgomp.fortran/character1.f90 -O2 (test for excess errors)
UNRESOLVED: libgomp.fortran/character1.f90 -O2 compilation failed to produce executable
FAIL: libgomp.fortran/character1.f90 -O3 -fomit-frame-pointer -funroll-loops -fpeel-loops -ftracer -finline-functions (test for excess errors)
UNRESOLVED: libgomp.fortran/character1.f90 -O3 -fomit-frame-pointer -funroll-loops -fpeel-loops -ftracer -finline-functions compilation failed to produce executable
FAIL: libgomp.fortran/character1.f90 -O3 -g (test for excess errors)
UNRESOLVED: libgomp.fortran/character1.f90 -O3 -g compilation failed to produce executable
FAIL: libgomp.fortran/character1.f90 -Os (test for excess errors)
UNRESOLVED: libgomp.fortran/character1.f90 -Os compilation failed to produce executable
FAIL: libgomp.fortran/character2.f90 -O0 (test for excess errors)
UNRESOLVED: libgomp.fortran/character2.f90 -O0 compilation failed to produce executable
FAIL: libgomp.fortran/character2.f90 -O1 (test for excess errors)
UNRESOLVED: libgomp.fortran/character2.f90 -O1 compilation failed to produce executable
FAIL: libgomp.fortran/character2.f90 -O2 (test for excess errors)
UNRESOLVED: libgomp.fortran/character2.f90 -O2 compilation failed to produce executable
FAIL: libgomp.fortran/character2.f90 -O3 -fomit-frame-pointer -funroll-loops -fpeel-loops -ftracer -finline-functions (test for excess errors)
UNRESOLVED: libgomp.fortran/character2.f90 -O3 -fomit-frame-pointer -funroll-loops -fpeel-loops -ftracer -finline-functions compilation failed to produce executable
FAIL: libgomp.fortran/character2.f90 -O3 -g (test for excess errors)
UNRESOLVED: libgomp.fortran/character2.f90 -O3 -g compilation failed to produce executable
FAIL: libgomp.fortran/character2.f90 -Os (test for excess errors)
UNRESOLVED: libgomp.fortran/character2.f90 -Os compilation failed to produce executable
FAIL: libgomp.fortran/crayptr1.f90 -O0 (test for excess errors)
UNRESOLVED: libgomp.fortran/crayptr1.f90 -O0 compilation failed to produce executable
FAIL: libgomp.fortran/crayptr1.f90 -O1 (test for excess errors)
UNRESOLVED: libgomp.fortran/crayptr1.f90 -O1 compilation failed to produce executable
FAIL: libgomp.fortran/crayptr1.f90 -O2 (test for excess errors)
UNRESOLVED: libgomp.fortran/crayptr1.f90 -O2 compilation failed to produce executable
FAIL: libgomp.fortran/crayptr1.f90 -O3 -fomit-frame-pointer -funroll-loops -fpeel-loops -ftracer -finline-functions (test for excess errors)
UNRESOLVED: libgomp.fortran/crayptr1.f90 -O3 -fomit-frame-pointer -funroll-loops -fpeel-loops -ftracer -finline-functions compilation failed to produce executable
FAIL: libgomp.fortran/crayptr1.f90 -O3 -g (test for excess errors)
UNRESOLVED: libgomp.fortran/crayptr1.f90 -O3 -g compilation failed to produce executable
FAIL: libgomp.fortran/crayptr1.f90 -Os (test for excess errors)
UNRESOLVED: libgomp.fortran/crayptr1.f90 -Os compilation failed to produce executable
FAIL: libgomp.fortran/crayptr2.f90 -O0 (test for excess errors)
UNRESOLVED: libgomp.fortran/crayptr2.f90 -O0 compilation failed to produce executable
FAIL: libgomp.fortran/crayptr2.f90 -O1 (test for excess errors)
UNRESOLVED: libgomp.fortran/crayptr2.f90 -O1 compilation failed to produce executable
FAIL: libgomp.fortran/crayptr2.f90 -O2 (test for excess errors)
UNRESOLVED: libgomp.fortran/crayptr2.f90 -O2 compilation failed to produce executable
FAIL: libgomp.fortran/crayptr2.f90 -O3 -fomit-frame-pointer -funroll-loops -fpeel-loops -ftracer -finline-functions (test for excess errors)
UNRESOLVED: libgomp.fortran/crayptr2.f90 -O3 -fomit-frame-pointer -funroll-loops -fpeel-loops -ftracer -finline-functions compilation failed to produce executable
FAIL: libgomp.fortran/crayptr2.f90 -O3 -g (test for excess errors)
UNRESOLVED: libgomp.fortran/crayptr2.f90 -O3 -g compilation failed to produce executable
FAIL: libgomp.fortran/crayptr2.f90 -Os (test for excess errors)
UNRESOLVED: libgomp.fortran/crayptr2.f90 -Os compilation failed to produce executable
FAIL: libgomp.fortran/crayptr3.f90 -O0 (test for excess errors)
UNRESOLVED: libgomp.fortran/crayptr3.f90 -O0 compilation failed to produce executable
FAIL: libgomp.fortran/crayptr3.f90 -O1 (test for excess errors)
UNRESOLVED: libgomp.fortran/crayptr3.f90 -O1 compilation failed to produce executable
FAIL: libgomp.fortran/crayptr3.f90 -O2 (test for excess errors)
UNRESOLVED: libgomp.fortran/crayptr3.f90 -O2 compilation failed to produce executable
FAIL: libgomp.fortran/crayptr3.f90 -O3 -fomit-frame-pointer -funroll-loops -fpeel-loops -ftracer -finline-functions (test for excess errors)
UNRESOLVED: libgomp.fortran/crayptr3.f90 -O3 -fomit-frame-pointer -funroll-loops -fpeel-loops -ftracer -finline-functions compilation failed to produce executable
FAIL: libgomp.fortran/crayptr3.f90 -O3 -g (test for excess errors)
UNRESOLVED: libgomp.fortran/crayptr3.f90 -O3 -g compilation failed to produce executable
FAIL: libgomp.fortran/crayptr3.f90 -Os (test for excess errors)
UNRESOLVED: libgomp.fortran/crayptr3.f90 -Os compilation failed to produce executable
FAIL: libgomp.fortran/jacobi.f -O0 (test for excess errors)
UNRESOLVED: libgomp.fortran/jacobi.f -O0 compilation failed to produce executable
FAIL: libgomp.fortran/jacobi.f -O1 (test for excess errors)
UNRESOLVED: libgomp.fortran/jacobi.f -O1 compilation failed to produce executable
FAIL: libgomp.fortran/jacobi.f -O2 (test for excess errors)
UNRESOLVED: libgomp.fortran/jacobi.f -O2 compilation failed to produce executable
FAIL: libgomp.fortran/jacobi.f -O3 -fomit-frame-pointer -funroll-loops -fpeel-loops -ftracer -finline-functions (test for excess errors)
UNRESOLVED: libgomp.fortran/jacobi.f -O3 -fomit-frame-pointer -funroll-loops -fpeel-loops -ftracer -finline-functions compilation failed to produce executable
FAIL: libgomp.fortran/jacobi.f -O3 -g (test for excess errors)
UNRESOLVED: libgomp.fortran/jacobi.f -O3 -g compilation failed to produce executable
FAIL: libgomp.fortran/jacobi.f -Os (test for excess errors)
UNRESOLVED: libgomp.fortran/jacobi.f -Os compilation failed to produce executable
FAIL: libgomp.fortran/lib1.f90 -O0 (test for excess errors)
UNRESOLVED: libgomp.fortran/lib1.f90 -O0 compilation failed to produce executable
FAIL: libgomp.fortran/lib1.f90 -O1 (test for excess errors)
UNRESOLVED: libgomp.fortran/lib1.f90 -O1 compilation failed to produce executable
FAIL: libgomp.fortran/lib1.f90 -O2 (test for excess errors)
UNRESOLVED: libgomp.fortran/lib1.f90 -O2 compilation failed to produce executable
FAIL: libgomp.fortran/lib1.f90 -O3 -fomit-frame-pointer -funroll-loops -fpeel-loops -ftracer -finline-functions (test for excess errors)
UNRESOLVED: libgomp.fortran/lib1.f90 -O3 -fomit-frame-pointer -funroll-loops -fpeel-loops -ftracer -finline-functions compilation failed to produce executable
FAIL: libgomp.fortran/lib1.f90 -O3 -g (test for excess errors)
UNRESOLVED: libgomp.fortran/lib1.f90 -O3 -g compilation failed to produce executable
FAIL: libgomp.fortran/lib1.f90 -Os (test for excess errors)
UNRESOLVED: libgomp.fortran/lib1.f90 -Os compilation failed to produce executable
FAIL: libgomp.fortran/lib2.f -O0 (test for excess errors)
UNRESOLVED: libgomp.fortran/lib2.f -O0 compilation failed to produce executable
FAIL: libgomp.fortran/lib2.f -O1 (test for excess errors)
UNRESOLVED: libgomp.fortran/lib2.f -O1 compilation failed to produce executable
FAIL: libgomp.fortran/lib2.f -O2 (test for excess errors)
UNRESOLVED: libgomp.fortran/lib2.f -O2 compilation failed to produce executable
FAIL: libgomp.fortran/lib2.f -O3 -fomit-frame-pointer -funroll-loops -fpeel-loops -ftracer -finline-functions (test for excess errors)
UNRESOLVED: libgomp.fortran/lib2.f -O3 -fomit-frame-pointer -funroll-loops -fpeel-loops -ftracer -finline-functions compilation failed to produce executable
FAIL: libgomp.fortran/lib2.f -O3 -g (test for excess errors)
UNRESOLVED: libgomp.fortran/lib2.f -O3 -g compilation failed to produce executable
FAIL: libgomp.fortran/lib2.f -Os (test for excess errors)
UNRESOLVED: libgomp.fortran/lib2.f -Os compilation failed to produce executable
FAIL: libgomp.fortran/lib3.f -O0 (test for excess errors)
UNRESOLVED: libgomp.fortran/lib3.f -O0 compilation failed to produce executable
FAIL: libgomp.fortran/lib3.f -O1 (test for excess errors)
UNRESOLVED: libgomp.fortran/lib3.f -O1 compilation failed to produce executable
FAIL: libgomp.fortran/lib3.f -O2 (test for excess errors)
UNRESOLVED: libgomp.fortran/lib3.f -O2 compilation failed to produce executable
FAIL: libgomp.fortran/lib3.f -O3 -fomit-frame-pointer -funroll-loops -fpeel-loops -ftracer -finline-functions (test for excess errors)
UNRESOLVED: libgomp.fortran/lib3.f -O3 -fomit-frame-pointer -funroll-loops -fpeel-loops -ftracer -finline-functions compilation failed to produce executable
FAIL: libgomp.fortran/lib3.f -O3 -g (test for excess errors)
UNRESOLVED: libgomp.fortran/lib3.f -O3 -g compilation failed to produce executable
FAIL: libgomp.fortran/lib3.f -Os (test for excess errors)
UNRESOLVED: libgomp.fortran/lib3.f -Os compilation failed to produce executable
FAIL: libgomp.fortran/lib4.f90 -O0 (test for excess errors)
UNRESOLVED: libgomp.fortran/lib4.f90 -O0 compilation failed to produce executable
FAIL: libgomp.fortran/lib4.f90 -O1 (test for excess errors)
UNRESOLVED: libgomp.fortran/lib4.f90 -O1 compilation failed to produce executable
FAIL: libgomp.fortran/lib4.f90 -O2 (test for excess errors)
UNRESOLVED: libgomp.fortran/lib4.f90 -O2 compilation failed to produce executable
FAIL: libgomp.fortran/lib4.f90 -O3 -fomit-frame-pointer -funroll-loops -fpeel-loops -ftracer -finline-functions (test for excess errors)
UNRESOLVED: libgomp.fortran/lib4.f90 -O3 -fomit-frame-pointer -funroll-loops -fpeel-loops -ftracer -finline-functions compilation failed to produce executable
FAIL: libgomp.fortran/lib4.f90 -O3 -g (test for excess errors)
UNRESOLVED: libgomp.fortran/lib4.f90 -O3 -g compilation failed to produce executable
FAIL: libgomp.fortran/lib4.f90 -Os (test for excess errors)
UNRESOLVED: libgomp.fortran/lib4.f90 -Os compilation failed to produce executable
FAIL: libgomp.fortran/lock-1.f90 -O0 (test for excess errors)
UNRESOLVED: libgomp.fortran/lock-1.f90 -O0 compilation failed to produce executable
FAIL: libgomp.fortran/lock-1.f90 -O1 (test for excess errors)
UNRESOLVED: libgomp.fortran/lock-1.f90 -O1 compilation failed to produce executable
FAIL: libgomp.fortran/lock-1.f90 -O2 (test for excess errors)
UNRESOLVED: libgomp.fortran/lock-1.f90 -O2 compilation failed to produce executable
FAIL: libgomp.fortran/lock-1.f90 -O3 -fomit-frame-pointer -funroll-loops -fpeel-loops -ftracer -finline-functions (test for excess errors)
UNRESOLVED: libgomp.fortran/lock-1.f90 -O3 -fomit-frame-pointer -funroll-loops -fpeel-loops -ftracer -finline-functions compilation failed to produce executable
FAIL: libgomp.fortran/lock-1.f90 -O3 -g (test for excess errors)
UNRESOLVED: libgomp.fortran/lock-1.f90 -O3 -g compilation failed to produce executable
FAIL: libgomp.fortran/lock-1.f90 -Os (test for excess errors)
UNRESOLVED: libgomp.fortran/lock-1.f90 -Os compilation failed to produce executable
FAIL: libgomp.fortran/lock-2.f90 -O0 (test for excess errors)
UNRESOLVED: libgomp.fortran/lock-2.f90 -O0 compilation failed to produce executable
FAIL: libgomp.fortran/lock-2.f90 -O1 (test for excess errors)
UNRESOLVED: libgomp.fortran/lock-2.f90 -O1 compilation failed to produce executable
FAIL: libgomp.fortran/lock-2.f90 -O2 (test for excess errors)
UNRESOLVED: libgomp.fortran/lock-2.f90 -O2 compilation failed to produce executable
FAIL: libgomp.fortran/lock-2.f90 -O3 -fomit-frame-pointer -funroll-loops -fpeel-loops -ftracer -finline-functions (test for excess errors)
UNRESOLVED: libgomp.fortran/lock-2.f90 -O3 -fomit-frame-pointer -funroll-loops -fpeel-loops -ftracer -finline-functions compilation failed to produce executable
FAIL: libgomp.fortran/lock-2.f90 -O3 -g (test for excess errors)
UNRESOLVED: libgomp.fortran/lock-2.f90 -O3 -g compilation failed to produce executable
FAIL: libgomp.fortran/lock-2.f90 -Os (test for excess errors)
UNRESOLVED: libgomp.fortran/lock-2.f90 -Os compilation failed to produce executable
FAIL: libgomp.fortran/nested1.f90 -O0 (test for excess errors)
UNRESOLVED: libgomp.fortran/nested1.f90 -O0 compilation failed to produce executable
FAIL: libgomp.fortran/nested1.f90 -O1 (test for excess errors)
UNRESOLVED: libgomp.fortran/nested1.f90 -O1 compilation failed to produce executable
FAIL: libgomp.fortran/nested1.f90 -O2 (test for excess errors)
UNRESOLVED: libgomp.fortran/nested1.f90 -O2 compilation failed to produce executable
FAIL: libgomp.fortran/nested1.f90 -O3 -fomit-frame-pointer -funroll-loops -fpeel-loops -ftracer -finline-functions (test for excess errors)
UNRESOLVED: libgomp.fortran/nested1.f90 -O3 -fomit-frame-pointer -funroll-loops -fpeel-loops -ftracer -finline-functions compilation failed to produce executable
FAIL: libgomp.fortran/nested1.f90 -O3 -g (test for excess errors)
UNRESOLVED: libgomp.fortran/nested1.f90 -O3 -g compilation failed to produce executable
FAIL: libgomp.fortran/nested1.f90 -Os (test for excess errors)
UNRESOLVED: libgomp.fortran/nested1.f90 -Os compilation failed to produce executable
FAIL: libgomp.fortran/nestedfn1.f90 -O0 (test for excess errors)
UNRESOLVED: libgomp.fortran/nestedfn1.f90 -O0 compilation failed to produce executable
FAIL: libgomp.fortran/nestedfn1.f90 -O1 (test for excess errors)
UNRESOLVED: libgomp.fortran/nestedfn1.f90 -O1 compilation failed to produce executable
FAIL: libgomp.fortran/nestedfn1.f90 -O2 (test for excess errors)
UNRESOLVED: libgomp.fortran/nestedfn1.f90 -O2 compilation failed to produce executable
FAIL: libgomp.fortran/nestedfn1.f90 -O3 -fomit-frame-pointer -funroll-loops -fpeel-loops -ftracer -finline-functions (test for excess errors)
UNRESOLVED: libgomp.fortran/nestedfn1.f90 -O3 -fomit-frame-pointer -funroll-loops -fpeel-loops -ftracer -finline-functions compilation failed to produce executable
FAIL: libgomp.fortran/nestedfn1.f90 -O3 -g (test for excess errors)
UNRESOLVED: libgomp.fortran/nestedfn1.f90 -O3 -g compilation failed to produce executable
FAIL: libgomp.fortran/nestedfn1.f90 -Os (test for excess errors)
UNRESOLVED: libgomp.fortran/nestedfn1.f90 -Os compilation failed to produce executable
FAIL: libgomp.fortran/nestedfn2.f90 -O0 (test for excess errors)
UNRESOLVED: libgomp.fortran/nestedfn2.f90 -O0 compilation failed to produce executable
FAIL: libgomp.fortran/nestedfn2.f90 -O1 (test for excess errors)
UNRESOLVED: libgomp.fortran/nestedfn2.f90 -O1 compilation failed to produce executable
FAIL: libgomp.fortran/nestedfn2.f90 -O2 (test for excess errors)
UNRESOLVED: libgomp.fortran/nestedfn2.f90 -O2 compilation failed to produce executable
FAIL: libgomp.fortran/nestedfn2.f90 -O3 -fomit-frame-pointer -funroll-loops -fpeel-loops -ftracer -finline-functions (test for excess errors)
UNRESOLVED: libgomp.fortran/nestedfn2.f90 -O3 -fomit-frame-pointer -funroll-loops -fpeel-loops -ftracer -finline-functions compilation failed to produce executable
FAIL: libgomp.fortran/nestedfn2.f90 -O3 -g (test for excess errors)
UNRESOLVED: libgomp.fortran/nestedfn2.f90 -O3 -g compilation failed to produce executable
FAIL: libgomp.fortran/nestedfn2.f90 -Os (test for excess errors)
UNRESOLVED: libgomp.fortran/nestedfn2.f90 -Os compilation failed to produce executable
FAIL: libgomp.fortran/nestedfn3.f90 -O0 (test for excess errors)
UNRESOLVED: libgomp.fortran/nestedfn3.f90 -O0 compilation failed to produce executable
FAIL: libgomp.fortran/nestedfn3.f90 -O1 (test for excess errors)
UNRESOLVED: libgomp.fortran/nestedfn3.f90 -O1 compilation failed to produce executable
FAIL: libgomp.fortran/nestedfn3.f90 -O2 (test for excess errors)
UNRESOLVED: libgomp.fortran/nestedfn3.f90 -O2 compilation failed to produce executable
FAIL: libgomp.fortran/nestedfn3.f90 -O3 -fomit-frame-pointer -funroll-loops -fpeel-loops -ftracer -finline-functions (test for excess errors)
UNRESOLVED: libgomp.fortran/nestedfn3.f90 -O3 -fomit-frame-pointer -funroll-loops -fpeel-loops -ftracer -finline-functions compilation failed to produce executable
FAIL: libgomp.fortran/nestedfn3.f90 -O3 -g (test for excess errors)
UNRESOLVED: libgomp.fortran/nestedfn3.f90 -O3 -g compilation failed to produce executable
FAIL: libgomp.fortran/nestedfn3.f90 -Os (test for excess errors)
UNRESOLVED: libgomp.fortran/nestedfn3.f90 -Os compilation failed to produce executable
FAIL: libgomp.fortran/omp_parse1.f90 -O0 (test for excess errors)
UNRESOLVED: libgomp.fortran/omp_parse1.f90 -O0 compilation failed to produce executable
FAIL: libgomp.fortran/omp_parse1.f90 -O1 (test for excess errors)
UNRESOLVED: libgomp.fortran/omp_parse1.f90 -O1 compilation failed to produce executable
FAIL: libgomp.fortran/omp_parse1.f90 -O2 (test for excess errors)
UNRESOLVED: libgomp.fortran/omp_parse1.f90 -O2 compilation failed to produce executable
FAIL: libgomp.fortran/omp_parse1.f90 -O3 -fomit-frame-pointer -funroll-loops -fpeel-loops -ftracer -finline-functions (test for excess errors)
UNRESOLVED: libgomp.fortran/omp_parse1.f90 -O3 -fomit-frame-pointer -funroll-loops -fpeel-loops -ftracer -finline-functions compilation failed to produce executable
FAIL: libgomp.fortran/omp_parse1.f90 -O3 -g (test for excess errors)
UNRESOLVED: libgomp.fortran/omp_parse1.f90 -O3 -g compilation failed to produce executable
FAIL: libgomp.fortran/omp_parse1.f90 -Os (test for excess errors)
UNRESOLVED: libgomp.fortran/omp_parse1.f90 -Os compilation failed to produce executable
FAIL: libgomp.fortran/omp_parse2.f90 -O0 (test for excess errors)
UNRESOLVED: libgomp.fortran/omp_parse2.f90 -O0 compilation failed to produce executable
FAIL: libgomp.fortran/omp_parse2.f90 -O1 (test for excess errors)
UNRESOLVED: libgomp.fortran/omp_parse2.f90 -O1 compilation failed to produce executable
FAIL: libgomp.fortran/omp_parse2.f90 -O2 (test for excess errors)
UNRESOLVED: libgomp.fortran/omp_parse2.f90 -O2 compilation failed to produce executable
FAIL: libgomp.fortran/omp_parse2.f90 -O3 -fomit-frame-pointer -funroll-loops -fpeel-loops -ftracer -finline-functions (test for excess errors)
UNRESOLVED: libgomp.fortran/omp_parse2.f90 -O3 -fomit-frame-pointer -funroll-loops -fpeel-loops -ftracer -finline-functions compilation failed to produce executable
FAIL: libgomp.fortran/omp_parse2.f90 -O3 -g (test for excess errors)
UNRESOLVED: libgomp.fortran/omp_parse2.f90 -O3 -g compilation failed to produce executable
FAIL: libgomp.fortran/omp_parse2.f90 -Os (test for excess errors)
UNRESOLVED: libgomp.fortran/omp_parse2.f90 -Os compilation failed to produce executable
FAIL: libgomp.fortran/omp_parse3.f90 -O0 (test for excess errors)
UNRESOLVED: libgomp.fortran/omp_parse3.f90 -O0 compilation failed to produce executable
FAIL: libgomp.fortran/omp_parse3.f90 -O1 (test for excess errors)
UNRESOLVED: libgomp.fortran/omp_parse3.f90 -O1 compilation failed to produce executable
FAIL: libgomp.fortran/omp_parse3.f90 -O2 (test for excess errors)
UNRESOLVED: libgomp.fortran/omp_parse3.f90 -O2 compilation failed to produce executable
FAIL: libgomp.fortran/omp_parse3.f90 -O3 -fomit-frame-pointer -funroll-loops -fpeel-loops -ftracer -finline-functions (test for excess errors)
UNRESOLVED: libgomp.fortran/omp_parse3.f90 -O3 -fomit-frame-pointer -funroll-loops -fpeel-loops -ftracer -finline-functions compilation failed to produce executable
FAIL: libgomp.fortran/omp_parse3.f90 -O3 -g (test for excess errors)
UNRESOLVED: libgomp.fortran/omp_parse3.f90 -O3 -g compilation failed to produce executable
FAIL: libgomp.fortran/omp_parse3.f90 -Os (test for excess errors)
UNRESOLVED: libgomp.fortran/omp_parse3.f90 -Os compilation failed to produce executable
FAIL: libgomp.fortran/omp_parse4.f90 -O0 (test for excess errors)
UNRESOLVED: libgomp.fortran/omp_parse4.f90 -O0 compilation failed to produce executable
FAIL: libgomp.fortran/omp_parse4.f90 -O1 (test for excess errors)
UNRESOLVED: libgomp.fortran/omp_parse4.f90 -O1 compilation failed to produce executable
FAIL: libgomp.fortran/omp_parse4.f90 -O2 (test for excess errors)
UNRESOLVED: libgomp.fortran/omp_parse4.f90 -O2 compilation failed to produce executable
FAIL: libgomp.fortran/omp_parse4.f90 -O3 -fomit-frame-pointer -funroll-loops -fpeel-loops -ftracer -finline-functions (test for excess errors)
UNRESOLVED: libgomp.fortran/omp_parse4.f90 -O3 -fomit-frame-pointer -funroll-loops -fpeel-loops -ftracer -finline-functions compilation failed to produce executable
FAIL: libgomp.fortran/omp_parse4.f90 -O3 -g (test for excess errors)
UNRESOLVED: libgomp.fortran/omp_parse4.f90 -O3 -g compilation failed to produce executable
FAIL: libgomp.fortran/omp_parse4.f90 -Os (test for excess errors)
UNRESOLVED: libgomp.fortran/omp_parse4.f90 -Os compilation failed to produce executable
FAIL: libgomp.fortran/openmp_version-1.f -O0 (test for excess errors)
UNRESOLVED: libgomp.fortran/openmp_version-1.f -O0 compilation failed to produce executable
FAIL: libgomp.fortran/openmp_version-1.f -O1 (test for excess errors)
UNRESOLVED: libgomp.fortran/openmp_version-1.f -O1 compilation failed to produce executable
FAIL: libgomp.fortran/openmp_version-1.f -O2 (test for excess errors)
UNRESOLVED: libgomp.fortran/openmp_version-1.f -O2 compilation failed to produce executable
FAIL: libgomp.fortran/openmp_version-1.f -O3 -fomit-frame-pointer -funroll-loops -fpeel-loops -ftracer -finline-functions (test for excess errors)
UNRESOLVED: libgomp.fortran/openmp_version-1.f -O3 -fomit-frame-pointer -funroll-loops -fpeel-loops -ftracer -finline-functions compilation failed to produce executable
FAIL: libgomp.fortran/openmp_version-1.f -O3 -g (test for excess errors)
UNRESOLVED: libgomp.fortran/openmp_version-1.f -O3 -g compilation failed to produce executable
FAIL: libgomp.fortran/openmp_version-1.f -Os (test for excess errors)
UNRESOLVED: libgomp.fortran/openmp_version-1.f -Os compilation failed to produce executable
FAIL: libgomp.fortran/openmp_version-2.f90 -O0 (test for excess errors)
UNRESOLVED: libgomp.fortran/openmp_version-2.f90 -O0 compilation failed to produce executable
FAIL: libgomp.fortran/openmp_version-2.f90 -O1 (test for excess errors)
UNRESOLVED: libgomp.fortran/openmp_version-2.f90 -O1 compilation failed to produce executable
FAIL: libgomp.fortran/openmp_version-2.f90 -O2 (test for excess errors)
UNRESOLVED: libgomp.fortran/openmp_version-2.f90 -O2 compilation failed to produce executable
FAIL: libgomp.fortran/openmp_version-2.f90 -O3 -fomit-frame-pointer -funroll-loops -fpeel-loops -ftracer -finline-functions (test for excess errors)
UNRESOLVED: libgomp.fortran/openmp_version-2.f90 -O3 -fomit-frame-pointer -funroll-loops -fpeel-loops -ftracer -finline-functions compilation failed to produce executable
FAIL: libgomp.fortran/openmp_version-2.f90 -O3 -g (test for excess errors)
UNRESOLVED: libgomp.fortran/openmp_version-2.f90 -O3 -g compilation failed to produce executable
FAIL: libgomp.fortran/openmp_version-2.f90 -Os (test for excess errors)
UNRESOLVED: libgomp.fortran/openmp_version-2.f90 -Os compilation failed to produce executable
FAIL: libgomp.fortran/pr27395-1.f90 -O0 (test for excess errors)
UNRESOLVED: libgomp.fortran/pr27395-1.f90 -O0 compilation failed to produce executable
FAIL: libgomp.fortran/pr27395-1.f90 -O1 (test for excess errors)
UNRESOLVED: libgomp.fortran/pr27395-1.f90 -O1 compilation failed to produce executable
FAIL: libgomp.fortran/pr27395-1.f90 -O2 (test for excess errors)
UNRESOLVED: libgomp.fortran/pr27395-1.f90 -O2 compilation failed to produce executable
FAIL: libgomp.fortran/pr27395-1.f90 -O3 -fomit-frame-pointer -funroll-loops -fpeel-loops -ftracer -finline-functions (test for excess errors)
UNRESOLVED: libgomp.fortran/pr27395-1.f90 -O3 -fomit-frame-pointer -funroll-loops -fpeel-loops -ftracer -finline-functions compilation failed to produce executable
FAIL: libgomp.fortran/pr27395-1.f90 -O3 -g (test for excess errors)
UNRESOLVED: libgomp.fortran/pr27395-1.f90 -O3 -g compilation failed to produce executable
FAIL: libgomp.fortran/pr27395-1.f90 -Os (test for excess errors)
UNRESOLVED: libgomp.fortran/pr27395-1.f90 -Os compilation failed to produce executable
FAIL: libgomp.fortran/pr27395-2.f90 -O0 (test for excess errors)
UNRESOLVED: libgomp.fortran/pr27395-2.f90 -O0 compilation failed to produce executable
FAIL: libgomp.fortran/pr27395-2.f90 -O1 (test for excess errors)
UNRESOLVED: libgomp.fortran/pr27395-2.f90 -O1 compilation failed to produce executable
FAIL: libgomp.fortran/pr27395-2.f90 -O2 (test for excess errors)
UNRESOLVED: libgomp.fortran/pr27395-2.f90 -O2 compilation failed to produce executable
FAIL: libgomp.fortran/pr27395-2.f90 -O3 -fomit-frame-pointer -funroll-loops -fpeel-loops -ftracer -finline-functions (test for excess errors)
UNRESOLVED: libgomp.fortran/pr27395-2.f90 -O3 -fomit-frame-pointer -funroll-loops -fpeel-loops -ftracer -finline-functions compilation failed to produce executable
FAIL: libgomp.fortran/pr27395-2.f90 -O3 -g (test for excess errors)
UNRESOLVED: libgomp.fortran/pr27395-2.f90 -O3 -g compilation failed to produce executable
FAIL: libgomp.fortran/pr27395-2.f90 -Os (test for excess errors)
UNRESOLVED: libgomp.fortran/pr27395-2.f90 -Os compilation failed to produce executable
FAIL: libgomp.fortran/pr32359.f90 -O (test for excess errors)
FAIL: libgomp.fortran/pr48894.f90 -O0 (test for excess errors)
UNRESOLVED: libgomp.fortran/pr48894.f90 -O0 compilation failed to produce executable
FAIL: libgomp.fortran/pr48894.f90 -O1 (test for excess errors)
UNRESOLVED: libgomp.fortran/pr48894.f90 -O1 compilation failed to produce executable
FAIL: libgomp.fortran/pr48894.f90 -O2 (test for excess errors)
UNRESOLVED: libgomp.fortran/pr48894.f90 -O2 compilation failed to produce executable
FAIL: libgomp.fortran/pr48894.f90 -O3 -fomit-frame-pointer -funroll-loops -fpeel-loops -ftracer -finline-functions (test for excess errors)
UNRESOLVED: libgomp.fortran/pr48894.f90 -O3 -fomit-frame-pointer -funroll-loops -fpeel-loops -ftracer -finline-functions compilation failed to produce executable
FAIL: libgomp.fortran/pr48894.f90 -O3 -g (test for excess errors)
UNRESOLVED: libgomp.fortran/pr48894.f90 -O3 -g compilation failed to produce executable
FAIL: libgomp.fortran/pr48894.f90 -Os (test for excess errors)
UNRESOLVED: libgomp.fortran/pr48894.f90 -Os compilation failed to produce executable
FAIL: libgomp.fortran/reduction1.f90 -O0 (test for excess errors)
UNRESOLVED: libgomp.fortran/reduction1.f90 -O0 compilation failed to produce executable
FAIL: libgomp.fortran/reduction1.f90 -O1 (test for excess errors)
UNRESOLVED: libgomp.fortran/reduction1.f90 -O1 compilation failed to produce executable
FAIL: libgomp.fortran/reduction1.f90 -O2 (test for excess errors)
UNRESOLVED: libgomp.fortran/reduction1.f90 -O2 compilation failed to produce executable
FAIL: libgomp.fortran/reduction1.f90 -O3 -fomit-frame-pointer -funroll-loops -fpeel-loops -ftracer -finline-functions (test for excess errors)
UNRESOLVED: libgomp.fortran/reduction1.f90 -O3 -fomit-frame-pointer -funroll-loops -fpeel-loops -ftracer -finline-functions compilation failed to produce executable
FAIL: libgomp.fortran/reduction1.f90 -O3 -g (test for excess errors)
UNRESOLVED: libgomp.fortran/reduction1.f90 -O3 -g compilation failed to produce executable
FAIL: libgomp.fortran/reduction1.f90 -Os (test for excess errors)
UNRESOLVED: libgomp.fortran/reduction1.f90 -Os compilation failed to produce executable
FAIL: libgomp.fortran/reduction2.f90 -O0 (test for excess errors)
UNRESOLVED: libgomp.fortran/reduction2.f90 -O0 compilation failed to produce executable
FAIL: libgomp.fortran/reduction2.f90 -O1 (test for excess errors)
UNRESOLVED: libgomp.fortran/reduction2.f90 -O1 compilation failed to produce executable
FAIL: libgomp.fortran/reduction2.f90 -O2 (test for excess errors)
UNRESOLVED: libgomp.fortran/reduction2.f90 -O2 compilation failed to produce executable
FAIL: libgomp.fortran/reduction2.f90 -O3 -fomit-frame-pointer -funroll-loops -fpeel-loops -ftracer -finline-functions (test for excess errors)
UNRESOLVED: libgomp.fortran/reduction2.f90 -O3 -fomit-frame-pointer -funroll-loops -fpeel-loops -ftracer -finline-functions compilation failed to produce executable
FAIL: libgomp.fortran/reduction2.f90 -O3 -g (test for excess errors)
UNRESOLVED: libgomp.fortran/reduction2.f90 -O3 -g compilation failed to produce executable
FAIL: libgomp.fortran/reduction2.f90 -Os (test for excess errors)
UNRESOLVED: libgomp.fortran/reduction2.f90 -Os compilation failed to produce executable
FAIL: libgomp.fortran/reduction3.f90 -O0 (test for excess errors)
UNRESOLVED: libgomp.fortran/reduction3.f90 -O0 compilation failed to produce executable
FAIL: libgomp.fortran/reduction3.f90 -O1 (test for excess errors)
UNRESOLVED: libgomp.fortran/reduction3.f90 -O1 compilation failed to produce executable
FAIL: libgomp.fortran/reduction3.f90 -O2 (test for excess errors)
UNRESOLVED: libgomp.fortran/reduction3.f90 -O2 compilation failed to produce executable
FAIL: libgomp.fortran/reduction3.f90 -O3 -fomit-frame-pointer -funroll-loops -fpeel-loops -ftracer -finline-functions (test for excess errors)
UNRESOLVED: libgomp.fortran/reduction3.f90 -O3 -fomit-frame-pointer -funroll-loops -fpeel-loops -ftracer -finline-functions compilation failed to produce executable
FAIL: libgomp.fortran/reduction3.f90 -O3 -g (test for excess errors)
UNRESOLVED: libgomp.fortran/reduction3.f90 -O3 -g compilation failed to produce executable
FAIL: libgomp.fortran/reduction3.f90 -Os (test for excess errors)
UNRESOLVED: libgomp.fortran/reduction3.f90 -Os compilation failed to produce executable
FAIL: libgomp.fortran/reduction4.f90 -O0 (test for excess errors)
UNRESOLVED: libgomp.fortran/reduction4.f90 -O0 compilation failed to produce executable
FAIL: libgomp.fortran/reduction4.f90 -O1 (test for excess errors)
UNRESOLVED: libgomp.fortran/reduction4.f90 -O1 compilation failed to produce executable
FAIL: libgomp.fortran/reduction4.f90 -O2 (test for excess errors)
UNRESOLVED: libgomp.fortran/reduction4.f90 -O2 compilation failed to produce executable
FAIL: libgomp.fortran/reduction4.f90 -O3 -fomit-frame-pointer -funroll-loops -fpeel-loops -ftracer -finline-functions (test for excess errors)
UNRESOLVED: libgomp.fortran/reduction4.f90 -O3 -fomit-frame-pointer -funroll-loops -fpeel-loops -ftracer -finline-functions compilation failed to produce executable
FAIL: libgomp.fortran/reduction4.f90 -O3 -g (test for excess errors)
UNRESOLVED: libgomp.fortran/reduction4.f90 -O3 -g compilation failed to produce executable
FAIL: libgomp.fortran/reduction4.f90 -Os (test for excess errors)
UNRESOLVED: libgomp.fortran/reduction4.f90 -Os compilation failed to produce executable
FAIL: libgomp.fortran/reduction6.f90 -O0 (test for excess errors)
UNRESOLVED: libgomp.fortran/reduction6.f90 -O0 compilation failed to produce executable
FAIL: libgomp.fortran/reduction6.f90 -O1 (test for excess errors)
UNRESOLVED: libgomp.fortran/reduction6.f90 -O1 compilation failed to produce executable
FAIL: libgomp.fortran/reduction6.f90 -O2 (test for excess errors)
UNRESOLVED: libgomp.fortran/reduction6.f90 -O2 compilation failed to produce executable
FAIL: libgomp.fortran/reduction6.f90 -O3 -fomit-frame-pointer -funroll-loops -fpeel-loops -ftracer -finline-functions (test for excess errors)
UNRESOLVED: libgomp.fortran/reduction6.f90 -O3 -fomit-frame-pointer -funroll-loops -fpeel-loops -ftracer -finline-functions compilation failed to produce executable
FAIL: libgomp.fortran/reduction6.f90 -O3 -g (test for excess errors)
UNRESOLVED: libgomp.fortran/reduction6.f90 -O3 -g compilation failed to produce executable
FAIL: libgomp.fortran/reduction6.f90 -Os (test for excess errors)
UNRESOLVED: libgomp.fortran/reduction6.f90 -Os compilation failed to produce executable
FAIL: libgomp.fortran/reference1.f90 -O0 (test for excess errors)
UNRESOLVED: libgomp.fortran/reference1.f90 -O0 compilation failed to produce executable
FAIL: libgomp.fortran/reference1.f90 -O1 (test for excess errors)
UNRESOLVED: libgomp.fortran/reference1.f90 -O1 compilation failed to produce executable
FAIL: libgomp.fortran/reference1.f90 -O2 (test for excess errors)
UNRESOLVED: libgomp.fortran/reference1.f90 -O2 compilation failed to produce executable
FAIL: libgomp.fortran/reference1.f90 -O3 -fomit-frame-pointer -funroll-loops -fpeel-loops -ftracer -finline-functions (test for excess errors)
UNRESOLVED: libgomp.fortran/reference1.f90 -O3 -fomit-frame-pointer -funroll-loops -fpeel-loops -ftracer -finline-functions compilation failed to produce executable
FAIL: libgomp.fortran/reference1.f90 -O3 -g (test for excess errors)
UNRESOLVED: libgomp.fortran/reference1.f90 -O3 -g compilation failed to produce executable
FAIL: libgomp.fortran/reference1.f90 -Os (test for excess errors)
UNRESOLVED: libgomp.fortran/reference1.f90 -Os compilation failed to produce executable
FAIL: libgomp.fortran/retval1.f90 -O0 (test for excess errors)
UNRESOLVED: libgomp.fortran/retval1.f90 -O0 compilation failed to produce executable
FAIL: libgomp.fortran/retval1.f90 -O1 (test for excess errors)
UNRESOLVED: libgomp.fortran/retval1.f90 -O1 compilation failed to produce executable
FAIL: libgomp.fortran/retval1.f90 -O2 (test for excess errors)
UNRESOLVED: libgomp.fortran/retval1.f90 -O2 compilation failed to produce executable
FAIL: libgomp.fortran/retval1.f90 -O3 -fomit-frame-pointer -funroll-loops -fpeel-loops -ftracer -finline-functions (test for excess errors)
UNRESOLVED: libgomp.fortran/retval1.f90 -O3 -fomit-frame-pointer -funroll-loops -fpeel-loops -ftracer -finline-functions compilation failed to produce executable
FAIL: libgomp.fortran/retval1.f90 -O3 -g (test for excess errors)
UNRESOLVED: libgomp.fortran/retval1.f90 -O3 -g compilation failed to produce executable
FAIL: libgomp.fortran/retval1.f90 -Os (test for excess errors)
UNRESOLVED: libgomp.fortran/retval1.f90 -Os compilation failed to produce executable
FAIL: libgomp.fortran/retval2.f90 -O0 (test for excess errors)
UNRESOLVED: libgomp.fortran/retval2.f90 -O0 compilation failed to produce executable
FAIL: libgomp.fortran/retval2.f90 -O1 (test for excess errors)
UNRESOLVED: libgomp.fortran/retval2.f90 -O1 compilation failed to produce executable
FAIL: libgomp.fortran/retval2.f90 -O2 (test for excess errors)
UNRESOLVED: libgomp.fortran/retval2.f90 -O2 compilation failed to produce executable
FAIL: libgomp.fortran/retval2.f90 -O3 -fomit-frame-pointer -funroll-loops -fpeel-loops -ftracer -finline-functions (test for excess errors)
UNRESOLVED: libgomp.fortran/retval2.f90 -O3 -fomit-frame-pointer -funroll-loops -fpeel-loops -ftracer -finline-functions compilation failed to produce executable
FAIL: libgomp.fortran/retval2.f90 -O3 -g (test for excess errors)
UNRESOLVED: libgomp.fortran/retval2.f90 -O3 -g compilation failed to produce executable
FAIL: libgomp.fortran/retval2.f90 -Os (test for excess errors)
UNRESOLVED: libgomp.fortran/retval2.f90 -Os compilation failed to produce executable
FAIL: libgomp.fortran/sharing1.f90 -O0 (test for excess errors)
UNRESOLVED: libgomp.fortran/sharing1.f90 -O0 compilation failed to produce executable
FAIL: libgomp.fortran/sharing1.f90 -O1 (test for excess errors)
UNRESOLVED: libgomp.fortran/sharing1.f90 -O1 compilation failed to produce executable
FAIL: libgomp.fortran/sharing1.f90 -O2 (test for excess errors)
UNRESOLVED: libgomp.fortran/sharing1.f90 -O2 compilation failed to produce executable
FAIL: libgomp.fortran/sharing1.f90 -O3 -fomit-frame-pointer -funroll-loops -fpeel-loops -ftracer -finline-functions (test for excess errors)
UNRESOLVED: libgomp.fortran/sharing1.f90 -O3 -fomit-frame-pointer -funroll-loops -fpeel-loops -ftracer -finline-functions compilation failed to produce executable
FAIL: libgomp.fortran/sharing1.f90 -O3 -g (test for excess errors)
UNRESOLVED: libgomp.fortran/sharing1.f90 -O3 -g compilation failed to produce executable
FAIL: libgomp.fortran/sharing1.f90 -Os (test for excess errors)
UNRESOLVED: libgomp.fortran/sharing1.f90 -Os compilation failed to produce executable
FAIL: libgomp.fortran/sharing2.f90 -O0 (test for excess errors)
UNRESOLVED: libgomp.fortran/sharing2.f90 -O0 compilation failed to produce executable
FAIL: libgomp.fortran/sharing2.f90 -O1 (test for excess errors)
UNRESOLVED: libgomp.fortran/sharing2.f90 -O1 compilation failed to produce executable
FAIL: libgomp.fortran/sharing2.f90 -O2 (test for excess errors)
UNRESOLVED: libgomp.fortran/sharing2.f90 -O2 compilation failed to produce executable
FAIL: libgomp.fortran/sharing2.f90 -O3 -fomit-frame-pointer -funroll-loops -fpeel-loops -ftracer -finline-functions (test for excess errors)
UNRESOLVED: libgomp.fortran/sharing2.f90 -O3 -fomit-frame-pointer -funroll-loops -fpeel-loops -ftracer -finline-functions compilation failed to produce executable
FAIL: libgomp.fortran/sharing2.f90 -O3 -g (test for excess errors)
UNRESOLVED: libgomp.fortran/sharing2.f90 -O3 -g compilation failed to produce executable
FAIL: libgomp.fortran/sharing2.f90 -Os (test for excess errors)
UNRESOLVED: libgomp.fortran/sharing2.f90 -Os compilation failed to produce executable
FAIL: libgomp.fortran/strassen.f90 -O (test for excess errors)
UNRESOLVED: libgomp.fortran/strassen.f90 -O compilation failed to produce executable
FAIL: libgomp.fortran/task1.f90 -O0 (test for excess errors)
UNRESOLVED: libgomp.fortran/task1.f90 -O0 compilation failed to produce executable
FAIL: libgomp.fortran/task1.f90 -O1 (test for excess errors)
UNRESOLVED: libgomp.fortran/task1.f90 -O1 compilation failed to produce executable
FAIL: libgomp.fortran/task1.f90 -O2 (test for excess errors)
UNRESOLVED: libgomp.fortran/task1.f90 -O2 compilation failed to produce executable
FAIL: libgomp.fortran/task1.f90 -O3 -fomit-frame-pointer -funroll-loops -fpeel-loops -ftracer -finline-functions (test for excess errors)
UNRESOLVED: libgomp.fortran/task1.f90 -O3 -fomit-frame-pointer -funroll-loops -fpeel-loops -ftracer -finline-functions compilation failed to produce executable
FAIL: libgomp.fortran/task1.f90 -O3 -g (test for excess errors)
UNRESOLVED: libgomp.fortran/task1.f90 -O3 -g compilation failed to produce executable
FAIL: libgomp.fortran/task1.f90 -Os (test for excess errors)
UNRESOLVED: libgomp.fortran/task1.f90 -Os compilation failed to produce executable
FAIL: libgomp.fortran/task2.f90 -O (test for excess errors)
UNRESOLVED: libgomp.fortran/task2.f90 -O compilation failed to produce executable
FAIL: libgomp.fortran/task3.f90 -O0 (test for excess errors)
UNRESOLVED: libgomp.fortran/task3.f90 -O0 compilation failed to produce executable
FAIL: libgomp.fortran/task3.f90 -O1 (test for excess errors)
UNRESOLVED: libgomp.fortran/task3.f90 -O1 compilation failed to produce executable
FAIL: libgomp.fortran/task3.f90 -O2 (test for excess errors)
UNRESOLVED: libgomp.fortran/task3.f90 -O2 compilation failed to produce executable
FAIL: libgomp.fortran/task3.f90 -O3 -fomit-frame-pointer -funroll-loops -fpeel-loops -ftracer -finline-functions (test for excess errors)
UNRESOLVED: libgomp.fortran/task3.f90 -O3 -fomit-frame-pointer -funroll-loops -fpeel-loops -ftracer -finline-functions compilation failed to produce executable
FAIL: libgomp.fortran/task3.f90 -O3 -g (test for excess errors)
UNRESOLVED: libgomp.fortran/task3.f90 -O3 -g compilation failed to produce executable
FAIL: libgomp.fortran/task3.f90 -Os (test for excess errors)
UNRESOLVED: libgomp.fortran/task3.f90 -Os compilation failed to produce executable
FAIL: libgomp.fortran/task4.f90 -O0 (test for excess errors)
UNRESOLVED: libgomp.fortran/task4.f90 -O0 compilation failed to produce executable
FAIL: libgomp.fortran/task4.f90 -O1 (test for excess errors)
UNRESOLVED: libgomp.fortran/task4.f90 -O1 compilation failed to produce executable
FAIL: libgomp.fortran/task4.f90 -O2 (test for excess errors)
UNRESOLVED: libgomp.fortran/task4.f90 -O2 compilation failed to produce executable
FAIL: libgomp.fortran/task4.f90 -O3 -fomit-frame-pointer -funroll-loops -fpeel-loops -ftracer -finline-functions (test for excess errors)
UNRESOLVED: libgomp.fortran/task4.f90 -O3 -fomit-frame-pointer -funroll-loops -fpeel-loops -ftracer -finline-functions compilation failed to produce executable
FAIL: libgomp.fortran/task4.f90 -O3 -g (test for excess errors)
UNRESOLVED: libgomp.fortran/task4.f90 -O3 -g compilation failed to produce executable
FAIL: libgomp.fortran/task4.f90 -Os (test for excess errors)
UNRESOLVED: libgomp.fortran/task4.f90 -Os compilation failed to produce executable
FAIL: libgomp.fortran/threadprivate1.f90 -O0 (test for excess errors)
UNRESOLVED: libgomp.fortran/threadprivate1.f90 -O0 compilation failed to produce executable
FAIL: libgomp.fortran/threadprivate1.f90 -O1 (test for excess errors)
UNRESOLVED: libgomp.fortran/threadprivate1.f90 -O1 compilation failed to produce executable
FAIL: libgomp.fortran/threadprivate1.f90 -O2 (test for excess errors)
UNRESOLVED: libgomp.fortran/threadprivate1.f90 -O2 compilation failed to produce executable
FAIL: libgomp.fortran/threadprivate1.f90 -O3 -fomit-frame-pointer -funroll-loops -fpeel-loops -ftracer -finline-functions (test for excess errors)
UNRESOLVED: libgomp.fortran/threadprivate1.f90 -O3 -fomit-frame-pointer -funroll-loops -fpeel-loops -ftracer -finline-functions compilation failed to produce executable
FAIL: libgomp.fortran/threadprivate1.f90 -O3 -g (test for excess errors)
UNRESOLVED: libgomp.fortran/threadprivate1.f90 -O3 -g compilation failed to produce executable
FAIL: libgomp.fortran/threadprivate1.f90 -Os (test for excess errors)
UNRESOLVED: libgomp.fortran/threadprivate1.f90 -Os compilation failed to produce executable
FAIL: libgomp.fortran/threadprivate2.f90 -O0 (test for excess errors)
UNRESOLVED: libgomp.fortran/threadprivate2.f90 -O0 compilation failed to produce executable
FAIL: libgomp.fortran/threadprivate2.f90 -O1 (test for excess errors)
UNRESOLVED: libgomp.fortran/threadprivate2.f90 -O1 compilation failed to produce executable
FAIL: libgomp.fortran/threadprivate2.f90 -O2 (test for excess errors)
UNRESOLVED: libgomp.fortran/threadprivate2.f90 -O2 compilation failed to produce executable
FAIL: libgomp.fortran/threadprivate2.f90 -O3 -fomit-frame-pointer -funroll-loops -fpeel-loops -ftracer -finline-functions (test for excess errors)
UNRESOLVED: libgomp.fortran/threadprivate2.f90 -O3 -fomit-frame-pointer -funroll-loops -fpeel-loops -ftracer -finline-functions compilation failed to produce executable
FAIL: libgomp.fortran/threadprivate2.f90 -O3 -g (test for excess errors)
UNRESOLVED: libgomp.fortran/threadprivate2.f90 -O3 -g compilation failed to produce executable
FAIL: libgomp.fortran/threadprivate2.f90 -Os (test for excess errors)
UNRESOLVED: libgomp.fortran/threadprivate2.f90 -Os compilation failed to produce executable
FAIL: libgomp.fortran/threadprivate3.f90 -O0 (test for excess errors)
UNRESOLVED: libgomp.fortran/threadprivate3.f90 -O0 compilation failed to produce executable
FAIL: libgomp.fortran/threadprivate3.f90 -O1 (test for excess errors)
UNRESOLVED: libgomp.fortran/threadprivate3.f90 -O1 compilation failed to produce executable
FAIL: libgomp.fortran/threadprivate3.f90 -O2 (test for excess errors)
UNRESOLVED: libgomp.fortran/threadprivate3.f90 -O2 compilation failed to produce executable
FAIL: libgomp.fortran/threadprivate3.f90 -O3 -fomit-frame-pointer -funroll-loops -fpeel-loops -ftracer -finline-functions (test for excess errors)
UNRESOLVED: libgomp.fortran/threadprivate3.f90 -O3 -fomit-frame-pointer -funroll-loops -fpeel-loops -ftracer -finline-functions compilation failed to produce executable
FAIL: libgomp.fortran/threadprivate3.f90 -O3 -g (test for excess errors)
UNRESOLVED: libgomp.fortran/threadprivate3.f90 -O3 -g compilation failed to produce executable
FAIL: libgomp.fortran/threadprivate3.f90 -Os (test for excess errors)
UNRESOLVED: libgomp.fortran/threadprivate3.f90 -Os compilation failed to produce executable
FAIL: libgomp.fortran/threadprivate4.f90 -O0 (test for excess errors)
UNRESOLVED: libgomp.fortran/threadprivate4.f90 -O0 compilation failed to produce executable
FAIL: libgomp.fortran/threadprivate4.f90 -O1 (test for excess errors)
UNRESOLVED: libgomp.fortran/threadprivate4.f90 -O1 compilation failed to produce executable
FAIL: libgomp.fortran/threadprivate4.f90 -O2 (test for excess errors)
UNRESOLVED: libgomp.fortran/threadprivate4.f90 -O2 compilation failed to produce executable
FAIL: libgomp.fortran/threadprivate4.f90 -O3 -fomit-frame-pointer -funroll-loops -fpeel-loops -ftracer -finline-functions (test for excess errors)
UNRESOLVED: libgomp.fortran/threadprivate4.f90 -O3 -fomit-frame-pointer -funroll-loops -fpeel-loops -ftracer -finline-functions compilation failed to produce executable
FAIL: libgomp.fortran/threadprivate4.f90 -O3 -g (test for excess errors)
UNRESOLVED: libgomp.fortran/threadprivate4.f90 -O3 -g compilation failed to produce executable
FAIL: libgomp.fortran/threadprivate4.f90 -Os (test for excess errors)
UNRESOLVED: libgomp.fortran/threadprivate4.f90 -Os compilation failed to produce executable
FAIL: libgomp.fortran/use_intrinsic_1.f90 -O (test for excess errors)
FAIL: libgomp.fortran/vla1.f90 -O0 (test for excess errors)
UNRESOLVED: libgomp.fortran/vla1.f90 -O0 compilation failed to produce executable
FAIL: libgomp.fortran/vla1.f90 -O1 (test for excess errors)
UNRESOLVED: libgomp.fortran/vla1.f90 -O1 compilation failed to produce executable
FAIL: libgomp.fortran/vla1.f90 -O2 (test for excess errors)
UNRESOLVED: libgomp.fortran/vla1.f90 -O2 compilation failed to produce executable
FAIL: libgomp.fortran/vla1.f90 -O3 -fomit-frame-pointer -funroll-loops -fpeel-loops -ftracer -finline-functions (test for excess errors)
UNRESOLVED: libgomp.fortran/vla1.f90 -O3 -fomit-frame-pointer -funroll-loops -fpeel-loops -ftracer -finline-functions compilation failed to produce executable
FAIL: libgomp.fortran/vla1.f90 -O3 -g (test for excess errors)
UNRESOLVED: libgomp.fortran/vla1.f90 -O3 -g compilation failed to produce executable
FAIL: libgomp.fortran/vla1.f90 -Os (test for excess errors)
UNRESOLVED: libgomp.fortran/vla1.f90 -Os compilation failed to produce executable
FAIL: libgomp.fortran/vla2.f90 -O0 (test for excess errors)
UNRESOLVED: libgomp.fortran/vla2.f90 -O0 compilation failed to produce executable
FAIL: libgomp.fortran/vla2.f90 -O1 (test for excess errors)
UNRESOLVED: libgomp.fortran/vla2.f90 -O1 compilation failed to produce executable
FAIL: libgomp.fortran/vla2.f90 -O2 (test for excess errors)
UNRESOLVED: libgomp.fortran/vla2.f90 -O2 compilation failed to produce executable
FAIL: libgomp.fortran/vla2.f90 -O3 -fomit-frame-pointer -funroll-loops -fpeel-loops -ftracer -finline-functions (test for excess errors)
UNRESOLVED: libgomp.fortran/vla2.f90 -O3 -fomit-frame-pointer -funroll-loops -fpeel-loops -ftracer -finline-functions compilation failed to produce executable
FAIL: libgomp.fortran/vla2.f90 -O3 -g (test for excess errors)
UNRESOLVED: libgomp.fortran/vla2.f90 -O3 -g compilation failed to produce executable
FAIL: libgomp.fortran/vla2.f90 -Os (test for excess errors)
UNRESOLVED: libgomp.fortran/vla2.f90 -Os compilation failed to produce executable
FAIL: libgomp.fortran/vla3.f90 -O0 (test for excess errors)
UNRESOLVED: libgomp.fortran/vla3.f90 -O0 compilation failed to produce executable
FAIL: libgomp.fortran/vla3.f90 -O1 (test for excess errors)
UNRESOLVED: libgomp.fortran/vla3.f90 -O1 compilation failed to produce executable
FAIL: libgomp.fortran/vla3.f90 -O2 (test for excess errors)
UNRESOLVED: libgomp.fortran/vla3.f90 -O2 compilation failed to produce executable
FAIL: libgomp.fortran/vla3.f90 -O3 -fomit-frame-pointer -funroll-loops -fpeel-loops -ftracer -finline-functions (test for excess errors)
UNRESOLVED: libgomp.fortran/vla3.f90 -O3 -fomit-frame-pointer -funroll-loops -fpeel-loops -ftracer -finline-functions compilation failed to produce executable
FAIL: libgomp.fortran/vla3.f90 -O3 -g (test for excess errors)
UNRESOLVED: libgomp.fortran/vla3.f90 -O3 -g compilation failed to produce executable
FAIL: libgomp.fortran/vla3.f90 -Os (test for excess errors)
UNRESOLVED: libgomp.fortran/vla3.f90 -Os compilation failed to produce executable
FAIL: libgomp.fortran/vla4.f90 -O0 (test for excess errors)
UNRESOLVED: libgomp.fortran/vla4.f90 -O0 compilation failed to produce executable
FAIL: libgomp.fortran/vla4.f90 -O1 (test for excess errors)
UNRESOLVED: libgomp.fortran/vla4.f90 -O1 compilation failed to produce executable
FAIL: libgomp.fortran/vla4.f90 -O2 (test for excess errors)
UNRESOLVED: libgomp.fortran/vla4.f90 -O2 compilation failed to produce executable
FAIL: libgomp.fortran/vla4.f90 -O3 -fomit-frame-pointer -funroll-loops -fpeel-loops -ftracer -finline-functions (test for excess errors)
UNRESOLVED: libgomp.fortran/vla4.f90 -O3 -fomit-frame-pointer -funroll-loops -fpeel-loops -ftracer -finline-functions compilation failed to produce executable
FAIL: libgomp.fortran/vla4.f90 -O3 -g (test for excess errors)
UNRESOLVED: libgomp.fortran/vla4.f90 -O3 -g compilation failed to produce executable
FAIL: libgomp.fortran/vla4.f90 -Os (test for excess errors)
UNRESOLVED: libgomp.fortran/vla4.f90 -Os compilation failed to produce executable
FAIL: libgomp.fortran/vla5.f90 -O0 (test for excess errors)
UNRESOLVED: libgomp.fortran/vla5.f90 -O0 compilation failed to produce executable
FAIL: libgomp.fortran/vla5.f90 -O1 (test for excess errors)
UNRESOLVED: libgomp.fortran/vla5.f90 -O1 compilation failed to produce executable
FAIL: libgomp.fortran/vla5.f90 -O2 (test for excess errors)
UNRESOLVED: libgomp.fortran/vla5.f90 -O2 compilation failed to produce executable
FAIL: libgomp.fortran/vla5.f90 -O3 -fomit-frame-pointer -funroll-loops -fpeel-loops -ftracer -finline-functions (test for excess errors)
UNRESOLVED: libgomp.fortran/vla5.f90 -O3 -fomit-frame-pointer -funroll-loops -fpeel-loops -ftracer -finline-functions compilation failed to produce executable
FAIL: libgomp.fortran/vla5.f90 -O3 -g (test for excess errors)
UNRESOLVED: libgomp.fortran/vla5.f90 -O3 -g compilation failed to produce executable
FAIL: libgomp.fortran/vla5.f90 -Os (test for excess errors)
UNRESOLVED: libgomp.fortran/vla5.f90 -Os compilation failed to produce executable
FAIL: libgomp.fortran/vla6.f90 -O0 (test for excess errors)
UNRESOLVED: libgomp.fortran/vla6.f90 -O0 compilation failed to produce executable
FAIL: libgomp.fortran/vla6.f90 -O1 (test for excess errors)
UNRESOLVED: libgomp.fortran/vla6.f90 -O1 compilation failed to produce executable
FAIL: libgomp.fortran/vla6.f90 -O2 (test for excess errors)
UNRESOLVED: libgomp.fortran/vla6.f90 -O2 compilation failed to produce executable
FAIL: libgomp.fortran/vla6.f90 -O3 -fomit-frame-pointer -funroll-loops -fpeel-loops -ftracer -finline-functions (test for excess errors)
UNRESOLVED: libgomp.fortran/vla6.f90 -O3 -fomit-frame-pointer -funroll-loops -fpeel-loops -ftracer -finline-functions compilation failed to produce executable
FAIL: libgomp.fortran/vla6.f90 -O3 -g (test for excess errors)
UNRESOLVED: libgomp.fortran/vla6.f90 -O3 -g compilation failed to produce executable
FAIL: libgomp.fortran/vla6.f90 -Os (test for excess errors)
UNRESOLVED: libgomp.fortran/vla6.f90 -Os compilation failed to produce executable
FAIL: libgomp.fortran/vla7.f90 -O0 (test for excess errors)
UNRESOLVED: libgomp.fortran/vla7.f90 -O0 compilation failed to produce executable
FAIL: libgomp.fortran/vla7.f90 -O1 (test for excess errors)
UNRESOLVED: libgomp.fortran/vla7.f90 -O1 compilation failed to produce executable
FAIL: libgomp.fortran/vla7.f90 -O2 (test for excess errors)
UNRESOLVED: libgomp.fortran/vla7.f90 -O2 compilation failed to produce executable
FAIL: libgomp.fortran/vla7.f90 -O3 -fomit-frame-pointer -funroll-loops -fpeel-loops -ftracer -finline-functions (test for excess errors)
UNRESOLVED: libgomp.fortran/vla7.f90 -O3 -fomit-frame-pointer -funroll-loops -fpeel-loops -ftracer -finline-functions compilation failed to produce executable
FAIL: libgomp.fortran/vla7.f90 -O3 -g (test for excess errors)
UNRESOLVED: libgomp.fortran/vla7.f90 -O3 -g compilation failed to produce executable
FAIL: libgomp.fortran/vla7.f90 -Os (test for excess errors)
UNRESOLVED: libgomp.fortran/vla7.f90 -Os compilation failed to produce executable
FAIL: libgomp.fortran/vla8.f90 -O0 (test for excess errors)
UNRESOLVED: libgomp.fortran/vla8.f90 -O0 compilation failed to produce executable
FAIL: libgomp.fortran/vla8.f90 -O1 (test for excess errors)
UNRESOLVED: libgomp.fortran/vla8.f90 -O1 compilation failed to produce executable
FAIL: libgomp.fortran/vla8.f90 -O2 (test for excess errors)
UNRESOLVED: libgomp.fortran/vla8.f90 -O2 compilation failed to produce executable
FAIL: libgomp.fortran/vla8.f90 -O3 -fomit-frame-pointer -funroll-loops -fpeel-loops -ftracer -finline-functions (test for excess errors)
UNRESOLVED: libgomp.fortran/vla8.f90 -O3 -fomit-frame-pointer -funroll-loops -fpeel-loops -ftracer -finline-functions compilation failed to produce executable
FAIL: libgomp.fortran/vla8.f90 -O3 -g (test for excess errors)
UNRESOLVED: libgomp.fortran/vla8.f90 -O3 -g compilation failed to produce executable
FAIL: libgomp.fortran/vla8.f90 -Os (test for excess errors)
UNRESOLVED: libgomp.fortran/vla8.f90 -Os compilation failed to produce executable
FAIL: libgomp.oacc-fortran/acc_on_device-1-1.f90 -DACC_DEVICE_TYPE_host=1 -DACC_MEM_SHARED=1 -O (test for excess errors)
UNRESOLVED: libgomp.oacc-fortran/acc_on_device-1-1.f90 -DACC_DEVICE_TYPE_host=1 -DACC_MEM_SHARED=1 -O compilation failed to produce executable
FAIL: libgomp.oacc-fortran/acc_on_device-1-2.f -DACC_DEVICE_TYPE_host=1 -DACC_MEM_SHARED=1 -O (test for excess errors)
UNRESOLVED: libgomp.oacc-fortran/acc_on_device-1-2.f -DACC_DEVICE_TYPE_host=1 -DACC_MEM_SHARED=1 -O compilation failed to produce executable
FAIL: libgomp.oacc-fortran/lib-1.f90 -DACC_DEVICE_TYPE_host=1 -DACC_MEM_SHARED=1 -O (test for excess errors)
UNRESOLVED: libgomp.oacc-fortran/lib-1.f90 -DACC_DEVICE_TYPE_host=1 -DACC_MEM_SHARED=1 -O compilation failed to produce executable
FAIL: libgomp.oacc-fortran/lib-2.f -DACC_DEVICE_TYPE_host=1 -DACC_MEM_SHARED=1 -O (test for excess errors)
UNRESOLVED: libgomp.oacc-fortran/lib-2.f -DACC_DEVICE_TYPE_host=1 -DACC_MEM_SHARED=1 -O compilation failed to produce executable
FAIL: libgomp.oacc-fortran/lib-4.f90 -DACC_DEVICE_TYPE_host=1 -DACC_MEM_SHARED=1 -O0 (test for excess errors)
UNRESOLVED: libgomp.oacc-fortran/lib-4.f90 -DACC_DEVICE_TYPE_host=1 -DACC_MEM_SHARED=1 -O0 compilation failed to produce executable
FAIL: libgomp.oacc-fortran/lib-4.f90 -DACC_DEVICE_TYPE_host=1 -DACC_MEM_SHARED=1 -O1 (test for excess errors)
UNRESOLVED: libgomp.oacc-fortran/lib-4.f90 -DACC_DEVICE_TYPE_host=1 -DACC_MEM_SHARED=1 -O1 compilation failed to produce executable
FAIL: libgomp.oacc-fortran/lib-4.f90 -DACC_DEVICE_TYPE_host=1 -DACC_MEM_SHARED=1 -O2 (test for excess errors)
UNRESOLVED: libgomp.oacc-fortran/lib-4.f90 -DACC_DEVICE_TYPE_host=1 -DACC_MEM_SHARED=1 -O2 compilation failed to produce executable
FAIL: libgomp.oacc-fortran/lib-4.f90 -DACC_DEVICE_TYPE_host=1 -DACC_MEM_SHARED=1 -O3 -fomit-frame-pointer -funroll-loops -fpeel-loops -ftracer -finline-functions (test for excess errors)
UNRESOLVED: libgomp.oacc-fortran/lib-4.f90 -DACC_DEVICE_TYPE_host=1 -DACC_MEM_SHARED=1 -O3 -fomit-frame-pointer -funroll-loops -fpeel-loops -ftracer -finline-functions compilation failed to produce executable
FAIL: libgomp.oacc-fortran/lib-4.f90 -DACC_DEVICE_TYPE_host=1 -DACC_MEM_SHARED=1 -O3 -g (test for excess errors)
UNRESOLVED: libgomp.oacc-fortran/lib-4.f90 -DACC_DEVICE_TYPE_host=1 -DACC_MEM_SHARED=1 -O3 -g compilation failed to produce executable
FAIL: libgomp.oacc-fortran/lib-4.f90 -DACC_DEVICE_TYPE_host=1 -DACC_MEM_SHARED=1 -Os (test for excess errors)
UNRESOLVED: libgomp.oacc-fortran/lib-4.f90 -DACC_DEVICE_TYPE_host=1 -DACC_MEM_SHARED=1 -Os compilation failed to produce executable
FAIL: libgomp.oacc-fortran/lib-5.f90 -DACC_DEVICE_TYPE_host=1 -DACC_MEM_SHARED=1 -O0 (test for excess errors)
UNRESOLVED: libgomp.oacc-fortran/lib-5.f90 -DACC_DEVICE_TYPE_host=1 -DACC_MEM_SHARED=1 -O0 compilation failed to produce executable
FAIL: libgomp.oacc-fortran/lib-5.f90 -DACC_DEVICE_TYPE_host=1 -DACC_MEM_SHARED=1 -O1 (test for excess errors)
UNRESOLVED: libgomp.oacc-fortran/lib-5.f90 -DACC_DEVICE_TYPE_host=1 -DACC_MEM_SHARED=1 -O1 compilation failed to produce executable
FAIL: libgomp.oacc-fortran/lib-5.f90 -DACC_DEVICE_TYPE_host=1 -DACC_MEM_SHARED=1 -O2 (test for excess errors)
UNRESOLVED: libgomp.oacc-fortran/lib-5.f90 -DACC_DEVICE_TYPE_host=1 -DACC_MEM_SHARED=1 -O2 compilation failed to produce executable
FAIL: libgomp.oacc-fortran/lib-5.f90 -DACC_DEVICE_TYPE_host=1 -DACC_MEM_SHARED=1 -O3 -fomit-frame-pointer -funroll-loops -fpeel-loops -ftracer -finline-functions (test for excess errors)
UNRESOLVED: libgomp.oacc-fortran/lib-5.f90 -DACC_DEVICE_TYPE_host=1 -DACC_MEM_SHARED=1 -O3 -fomit-frame-pointer -funroll-loops -fpeel-loops -ftracer -finline-functions compilation failed to produce executable
FAIL: libgomp.oacc-fortran/lib-5.f90 -DACC_DEVICE_TYPE_host=1 -DACC_MEM_SHARED=1 -O3 -g (test for excess errors)
UNRESOLVED: libgomp.oacc-fortran/lib-5.f90 -DACC_DEVICE_TYPE_host=1 -DACC_MEM_SHARED=1 -O3 -g compilation failed to produce executable
FAIL: libgomp.oacc-fortran/lib-5.f90 -DACC_DEVICE_TYPE_host=1 -DACC_MEM_SHARED=1 -Os (test for excess errors)
UNRESOLVED: libgomp.oacc-fortran/lib-5.f90 -DACC_DEVICE_TYPE_host=1 -DACC_MEM_SHARED=1 -Os compilation failed to produce executable
FAIL: libgomp.oacc-fortran/lib-8.f90 -DACC_DEVICE_TYPE_host=1 -DACC_MEM_SHARED=1 -O0 (test for excess errors)
UNRESOLVED: libgomp.oacc-fortran/lib-8.f90 -DACC_DEVICE_TYPE_host=1 -DACC_MEM_SHARED=1 -O0 compilation failed to produce executable
FAIL: libgomp.oacc-fortran/lib-8.f90 -DACC_DEVICE_TYPE_host=1 -DACC_MEM_SHARED=1 -O1 (test for excess errors)
UNRESOLVED: libgomp.oacc-fortran/lib-8.f90 -DACC_DEVICE_TYPE_host=1 -DACC_MEM_SHARED=1 -O1 compilation failed to produce executable
FAIL: libgomp.oacc-fortran/lib-8.f90 -DACC_DEVICE_TYPE_host=1 -DACC_MEM_SHARED=1 -O2 (test for excess errors)
UNRESOLVED: libgomp.oacc-fortran/lib-8.f90 -DACC_DEVICE_TYPE_host=1 -DACC_MEM_SHARED=1 -O2 compilation failed to produce executable
FAIL: libgomp.oacc-fortran/lib-8.f90 -DACC_DEVICE_TYPE_host=1 -DACC_MEM_SHARED=1 -O3 -fomit-frame-pointer -funroll-loops -fpeel-loops -ftracer -finline-functions (test for excess errors)
UNRESOLVED: libgomp.oacc-fortran/lib-8.f90 -DACC_DEVICE_TYPE_host=1 -DACC_MEM_SHARED=1 -O3 -fomit-frame-pointer -funroll-loops -fpeel-loops -ftracer -finline-functions compilation failed to produce executable
FAIL: libgomp.oacc-fortran/lib-8.f90 -DACC_DEVICE_TYPE_host=1 -DACC_MEM_SHARED=1 -O3 -g (test for excess errors)
UNRESOLVED: libgomp.oacc-fortran/lib-8.f90 -DACC_DEVICE_TYPE_host=1 -DACC_MEM_SHARED=1 -O3 -g compilation failed to produce executable
FAIL: libgomp.oacc-fortran/lib-8.f90 -DACC_DEVICE_TYPE_host=1 -DACC_MEM_SHARED=1 -Os (test for excess errors)
UNRESOLVED: libgomp.oacc-fortran/lib-8.f90 -DACC_DEVICE_TYPE_host=1 -DACC_MEM_SHARED=1 -Os compilation failed to produce executable
FAIL: libgomp.oacc-fortran/openacc_version-2.f90 -DACC_DEVICE_TYPE_host=1 -DACC_MEM_SHARED=1 -O0 (test for excess errors)
UNRESOLVED: libgomp.oacc-fortran/openacc_version-2.f90 -DACC_DEVICE_TYPE_host=1 -DACC_MEM_SHARED=1 -O0 compilation failed to produce executable
FAIL: libgomp.oacc-fortran/openacc_version-2.f90 -DACC_DEVICE_TYPE_host=1 -DACC_MEM_SHARED=1 -O1 (test for excess errors)
UNRESOLVED: libgomp.oacc-fortran/openacc_version-2.f90 -DACC_DEVICE_TYPE_host=1 -DACC_MEM_SHARED=1 -O1 compilation failed to produce executable
FAIL: libgomp.oacc-fortran/openacc_version-2.f90 -DACC_DEVICE_TYPE_host=1 -DACC_MEM_SHARED=1 -O2 (test for excess errors)
UNRESOLVED: libgomp.oacc-fortran/openacc_version-2.f90 -DACC_DEVICE_TYPE_host=1 -DACC_MEM_SHARED=1 -O2 compilation failed to produce executable
FAIL: libgomp.oacc-fortran/openacc_version-2.f90 -DACC_DEVICE_TYPE_host=1 -DACC_MEM_SHARED=1 -O3 -fomit-frame-pointer -funroll-loops -fpeel-loops -ftracer -finline-functions (test for excess errors)
UNRESOLVED: libgomp.oacc-fortran/openacc_version-2.f90 -DACC_DEVICE_TYPE_host=1 -DACC_MEM_SHARED=1 -O3 -fomit-frame-pointer -funroll-loops -fpeel-loops -ftracer -finline-functions compilation failed to produce executable
FAIL: libgomp.oacc-fortran/openacc_version-2.f90 -DACC_DEVICE_TYPE_host=1 -DACC_MEM_SHARED=1 -O3 -g (test for excess errors)
UNRESOLVED: libgomp.oacc-fortran/openacc_version-2.f90 -DACC_DEVICE_TYPE_host=1 -DACC_MEM_SHARED=1 -O3 -g compilation failed to produce executable
FAIL: libgomp.oacc-fortran/openacc_version-2.f90 -DACC_DEVICE_TYPE_host=1 -DACC_MEM_SHARED=1 -Os (test for excess errors)
UNRESOLVED: libgomp.oacc-fortran/openacc_version-2.f90 -DACC_DEVICE_TYPE_host=1 -DACC_MEM_SHARED=1 -Os compilation failed to produce executable
=== libgomp Summary ===
# of expected passes 3326
# of unexpected failures 425
# of expected failures 4
# of unresolved testcases 420
# of unsupported tests 196
=== Summary adjusted for local xfails ===
# of unexpected failures 425
# of expected passes 3326
# of expected failures 4
# of unresolved testcases 420
# of unsupported tests 196
=== libitm tests ===
Running target localhost/-m64
=== libitm Summary ===
# of expected passes 26
# of expected failures 3
# of unsupported tests 1
=== Summary adjusted for local xfails ===
# of expected passes 26
# of expected failures 3
# of unsupported tests 1
=== libstdc++ tests ===
Running target localhost/-m64
FAIL: 25_algorithms/remove/requirements/explicit_instantiation/2.cc (test for excess errors)
=== libstdc++ Summary ===
# of expected passes 10072
# of unexpected failures 1
# of expected failures 66
# of unsupported tests 551
=== Summary adjusted for local xfails ===
# of unexpected failures 1
# of expected passes 10072
# of expected failures 66
# of unsupported tests 551
Compiler version: 6.0.0 20150910 (experimental) (GCC)
Platform: i686-pc-linux-gnu
configure flags: --build=i686-pc-linux-gnu --host=i686-pc-linux-gnu --target=i686-pc-linux-gnu --enable-threads --disable-libmudflap --disable-libssp --disable-libstdcxx-pch --enable-targets=all --with-gnu-as --with-gnu-ld --enable-languages=c,c++,fortran --enable-shared --enable-lto --disable-nls --prefix=/scratch/gcc/nightly-2015-09-10-mainline/i686-pc-linux-gnu/install --with-gmp=/scratch/gcc/nightly-2015-09-10-mainline/i686-pc-linux-gnu/obj/pkg-mainline-0-i686-pc-linux-gnu/fsf-mainline-0-i686-pc-linux-gnu.extras/host-libs-i686-pc-linux-gnu/usr --with-mpfr=/scratch/gcc/nightly-2015-09-10-mainline/i686-pc-linux-gnu/obj/pkg-mainline-0-i686-pc-linux-gnu/fsf-mainline-0-i686-pc-linux-gnu.extras/host-libs-i686-pc-linux-gnu/usr --with-mpc=/scratch/gcc/nightly-2015-09-10-mainline/i686-pc-linux-gnu/obj/pkg-mainline-0-i686-pc-linux-gnu/fsf-mainline-0-i686-pc-linux-gnu.extras/host-libs-i686-pc-linux-gnu/usr --with-isl=/scratch/gcc/nightly-2015-09-10-mainline/i686-pc-linux-gnu/obj/pkg
-mainline-0-i686-pc-linux-gnu/fsf-mainline-0-i686-pc-linux-gnu.extras/host-libs-i686-pc-linux-gnu/usr --enable-libgomp --enable-libitm --enable-libatomic --disable-libssp --disable-libcc1 --with-python-dir=i686-pc-linux-gnu/share/gdb/python --with-build-time-tools=/scratch/gcc/nightly-2015-09-10-mainline/i686-pc-linux-gnu/install/i686-pc-linux-gnu/bin --with-build-time-tools=/scratch/gcc/nightly-2015-09-10-mainline/i686-pc-linux-gnu/install/i686-pc-linux-gnu/bin SED=sed