This is the mail archive of the
gcc-testresults@gcc.gnu.org
mailing list for the GCC project.
Results for 5.2.0 (GCC) testsuite on x86_64-unknown-linux-gnu
- From: Carlo dot Rosati at gfdl dot noaa dot gov (Carlo Rosati)
- To: gcc-testresults at gcc dot gnu dot org
- Date: Tue, 08 Sep 2015 11:52:55 -0400
- Subject: Results for 5.2.0 (GCC) testsuite on x86_64-unknown-linux-gnu
- Authentication-results: sourceware.org; auth=none
LAST_UPDATED: Obtained from SVN: tags/gcc_5_2_0_release revision 225865
Native configuration is x86_64-unknown-linux-gnu
=== gcc tests ===
Running target unix
FAIL: gcc.target/i386/pr57275.c (test for excess errors)
UNRESOLVED: gcc.target/i386/pr57275.c compilation failed to produce executable
=== gcc Summary ===
# of expected passes 112288
# of unexpected failures 1
# of expected failures 267
# of unresolved testcases 1
# of unsupported tests 2942
/net2/cnr/asdf/standard-compiler/build/gcc-5.2.0-disable-multilib/gcc/xgcc version 5.2.0 (GCC)
=== gfortran tests ===
Running target unix
FAIL: gfortran.dg/guality/pr41558.f90 -O2 line 7 s == 'foo'
FAIL: gfortran.dg/guality/pr41558.f90 -O3 -fomit-frame-pointer line 7 s == 'foo'
FAIL: gfortran.dg/guality/pr41558.f90 -O3 -fomit-frame-pointer -funroll-all-loops -finline-functions line 7 s == 'foo'
FAIL: gfortran.dg/guality/pr41558.f90 -O3 -fomit-frame-pointer -funroll-loops line 7 s == 'foo'
FAIL: gfortran.dg/guality/pr41558.f90 -O3 -g line 7 s == 'foo'
FAIL: gfortran.dg/guality/pr41558.f90 -Os line 7 s == 'foo'
=== gfortran Summary ===
# of expected passes 48517
# of unexpected failures 6
# of expected failures 79
# of unsupported tests 89
/net2/cnr/asdf/standard-compiler/build/gcc-5.2.0-disable-multilib/gcc/testsuite/gfortran/../../gfortran version 5.2.0 (GCC)
=== g++ tests ===
Running target unix
=== g++ Summary ===
# of expected passes 93551
# of expected failures 341
# of unsupported tests 3711
/net2/cnr/asdf/standard-compiler/build/gcc-5.2.0-disable-multilib/gcc/testsuite/g++/../../xg++ version 5.2.0 (GCC)
=== objc tests ===
Running target unix
=== objc Summary ===
# of expected passes 3010
# of expected failures 6
# of unsupported tests 74
/net2/cnr/asdf/standard-compiler/build/gcc-5.2.0-disable-multilib/gcc/xgcc version 5.2.0 (GCC)
=== boehm-gc tests ===
Running target unix
=== boehm-gc Summary ===
# of expected passes 12
# of unsupported tests 1
=== libatomic tests ===
Running target unix
=== libatomic Summary ===
# of expected passes 54
=== libffi tests ===
Running target unix
=== libffi Summary ===
# of expected passes 1914
# of unsupported tests 30
=== libgomp tests ===
Running target unix
=== libgomp Summary ===
# of expected passes 5825
# of unsupported tests 279
=== libitm tests ===
Running target unix
=== libitm Summary ===
# of expected passes 26
# of expected failures 3
# of unsupported tests 1
=== libjava tests ===
Running target unix
XPASS: sourcelocation -O3 -findirect-dispatch output - source compiled test
=== libjava Summary ===
# of expected passes 2582
# of unexpected successes 1
# of expected failures 3
=== libstdc++ tests ===
Running target unix
=== libstdc++ Summary ===
# of expected passes 10356
# of expected failures 65
# of unsupported tests 230
Compiler version: 5.2.0 (GCC)
Platform: x86_64-unknown-linux-gnu
configure flags: --prefix=/tmp/jnk --disable-multilib