This is the mail archive of the
gcc-testresults@gcc.gnu.org
mailing list for the GCC project.
Results for 6.0.0 20150828 (experimental) [trunk revision 227307] (GCC) testsuite on sparcv9-sun-solaris2.11
- From: Rainer Orth <ro at CeBiTec dot Uni-Bielefeld dot DE>
- To: gcc-testresults at gcc dot gnu dot org
- Date: Tue, 1 Sep 2015 08:07:06 +0200 (CEST)
- Subject: Results for 6.0.0 20150828 (experimental) [trunk revision 227307] (GCC) testsuite on sparcv9-sun-solaris2.11
- Authentication-results: sourceware.org; auth=none
LAST_UPDATED: Fri Aug 28 17:29:41 UTC 2015 (revision 227307)
=== acats tests ===
=== acats Summary ===
# of expected passes 2320
# of unexpected failures 0
Native configuration is sparcv9-sun-solaris2.11
=== g++ tests ===
Running target unix
FAIL: c-c++-common/Wbool-compare-1.c -std=gnu++11 (internal compiler error)
FAIL: c-c++-common/Wbool-compare-1.c -std=gnu++11 (test for excess errors)
FAIL: c-c++-common/Wmemset-transposed-args1.c -std=gnu++98 (internal compiler error)
FAIL: c-c++-common/Wmemset-transposed-args1.c -std=gnu++98 (test for excess errors)
FAIL: c-c++-common/Wshift-overflow-3.c (internal compiler error)
FAIL: c-c++-common/Wshift-overflow-3.c (test for excess errors)
FAIL: c-c++-common/Wsizeof-pointer-memaccess2.c -std=gnu++11 (internal compiler error)
FAIL: c-c++-common/Wsizeof-pointer-memaccess2.c -std=gnu++11 (test for excess errors)
FAIL: c-c++-common/asmgoto-4.c -std=gnu++11 (internal compiler error)
FAIL: c-c++-common/asmgoto-4.c -std=gnu++11 (test for excess errors)
UNRESOLVED: c-c++-common/attr-used-2.c -std=gnu++98 scan-assembler xyzzy
FAIL: c-c++-common/attr-used-2.c -std=gnu++98 (internal compiler error)
FAIL: c-c++-common/attr-used-2.c -std=gnu++98 (test for excess errors)
UNRESOLVED: c-c++-common/attr-used.c -std=gnu++14 scan-assembler function_declaration_after
UNRESOLVED: c-c++-common/attr-used.c -std=gnu++14 scan-assembler function_declaration_before
FAIL: c-c++-common/attr-used.c -std=gnu++14 (internal compiler error)
FAIL: c-c++-common/attr-used.c -std=gnu++14 (test for excess errors)
FAIL: c-c++-common/opaque-vector.c -std=c++11 (internal compiler error)
FAIL: c-c++-common/opaque-vector.c -std=c++11 (test for excess errors)
FAIL: c-c++-common/pr33763.c -std=gnu++11 (internal compiler error)
FAIL: c-c++-common/pr33763.c -std=gnu++11 (test for excess errors)
FAIL: c-c++-common/pr44832.c -std=gnu++14 (internal compiler error)
FAIL: c-c++-common/pr44832.c -std=gnu++14 (test for excess errors)
FAIL: c-c++-common/pr51294.c -std=gnu++11 (internal compiler error)
FAIL: c-c++-common/pr51294.c -std=gnu++11 (test for excess errors)
FAIL: c-c++-common/rotate-1.c -std=gnu++98 scan-tree-dump-times optimized "r[<>][<>]" 96
FAIL: c-c++-common/rotate-1.c -std=gnu++98 (internal compiler error)
FAIL: c-c++-common/rotate-1.c -std=gnu++98 (test for excess errors)
FAIL: c-c++-common/rotate-1a.c -std=gnu++11 (internal compiler error)
FAIL: c-c++-common/rotate-1a.c -std=gnu++11 (test for excess errors)
WARNING: c-c++-common/rotate-1a.c -std=gnu++11 compilation failed to produce executable
FAIL: c-c++-common/rotate-1a.c -std=gnu++98 (internal compiler error)
FAIL: c-c++-common/rotate-1a.c -std=gnu++98 (test for excess errors)
WARNING: c-c++-common/rotate-1a.c -std=gnu++98 compilation failed to produce executable
FAIL: c-c++-common/rotate-2.c -std=gnu++11 scan-tree-dump-times optimized "r[<>][<>]" 48
FAIL: c-c++-common/rotate-2.c -std=gnu++11 (internal compiler error)
FAIL: c-c++-common/rotate-2.c -std=gnu++11 (test for excess errors)
FAIL: c-c++-common/rotate-2.c -std=gnu++98 scan-tree-dump-times optimized "r[<>][<>]" 48
FAIL: c-c++-common/rotate-2.c -std=gnu++98 (internal compiler error)
FAIL: c-c++-common/rotate-2.c -std=gnu++98 (test for excess errors)
FAIL: c-c++-common/rotate-2a.c -std=gnu++14 (internal compiler error)
FAIL: c-c++-common/rotate-2a.c -std=gnu++14 (test for excess errors)
WARNING: c-c++-common/rotate-2a.c -std=gnu++14 compilation failed to produce executable
FAIL: c-c++-common/rotate-3.c -std=gnu++98 scan-tree-dump-times optimized "r[<>][<>]" 96
FAIL: c-c++-common/rotate-3.c -std=gnu++98 (internal compiler error)
FAIL: c-c++-common/rotate-3.c -std=gnu++98 (test for excess errors)
FAIL: c-c++-common/rotate-3a.c -std=gnu++14 (internal compiler error)
FAIL: c-c++-common/rotate-3a.c -std=gnu++14 (test for excess errors)
WARNING: c-c++-common/rotate-3a.c -std=gnu++14 compilation failed to produce executable
FAIL: c-c++-common/rotate-4.c -std=gnu++11 scan-tree-dump-times optimized "r[<>][<>]" 48
FAIL: c-c++-common/rotate-4.c -std=gnu++11 (internal compiler error)
FAIL: c-c++-common/rotate-4.c -std=gnu++11 (test for excess errors)
FAIL: c-c++-common/rotate-4.c -std=gnu++14 scan-tree-dump-times optimized "r[<>][<>]" 48
FAIL: c-c++-common/rotate-4.c -std=gnu++14 (internal compiler error)
FAIL: c-c++-common/rotate-4.c -std=gnu++14 (test for excess errors)
FAIL: c-c++-common/rotate-4.c -std=gnu++98 scan-tree-dump-times optimized "r[<>][<>]" 48
FAIL: c-c++-common/rotate-4.c -std=gnu++98 (internal compiler error)
FAIL: c-c++-common/rotate-4.c -std=gnu++98 (test for excess errors)
FAIL: c-c++-common/rotate-4a.c -std=gnu++14 (internal compiler error)
FAIL: c-c++-common/rotate-4a.c -std=gnu++14 (test for excess errors)
WARNING: c-c++-common/rotate-4a.c -std=gnu++14 compilation failed to produce executable
FAIL: c-c++-common/rotate-4a.c -std=gnu++98 (internal compiler error)
FAIL: c-c++-common/rotate-4a.c -std=gnu++98 (test for excess errors)
WARNING: c-c++-common/rotate-4a.c -std=gnu++98 compilation failed to produce executable
FAIL: g++.dg/overload/reftemp2.C -std=c++11 (internal compiler error)
FAIL: g++.dg/overload/reftemp2.C -std=c++11 (test for excess errors)
FAIL: g++.dg/overload/rvalue1.C -std=c++14 (internal compiler error)
FAIL: g++.dg/overload/rvalue1.C -std=c++14 (test for excess errors)
FAIL: g++.dg/overload/rvalue2.C -std=c++14 (internal compiler error)
FAIL: g++.dg/overload/rvalue2.C -std=c++14 (test for excess errors)
FAIL: g++.dg/parse/ambig5.C -std=c++11 (internal compiler error)
FAIL: g++.dg/parse/ambig5.C -std=c++11 (test for excess errors)
FAIL: g++.dg/parse/attr2.C -std=c++98 (internal compiler error)
FAIL: g++.dg/parse/attr2.C -std=c++98 (test for excess errors)
FAIL: g++.dg/parse/break-in-for.C -std=gnu++11 (internal compiler error)
FAIL: g++.dg/parse/break-in-for.C -std=gnu++11 (test for excess errors)
FAIL: g++.dg/parse/constructor1.C -std=gnu++14 (internal compiler error)
FAIL: g++.dg/parse/constructor1.C -std=gnu++14 (test for excess errors)
FAIL: g++.dg/parse/dtor17.C -std=c++11 (internal compiler error)
FAIL: g++.dg/parse/dtor17.C -std=c++11 (test for excess errors)
FAIL: g++.dg/parse/limits-initializer1.C -std=gnu++11 (test for errors, line 36)
FAIL: g++.dg/parse/limits-initializer1.C -std=gnu++11 (test for excess errors)
FAIL: g++.dg/parse/limits-initializer1.C -std=gnu++98 (test for errors, line 36)
FAIL: g++.dg/parse/limits-initializer1.C -std=gnu++98 (test for excess errors)
FAIL: g++.dg/parse/namespace9.C -std=c++98 (internal compiler error)
FAIL: g++.dg/parse/namespace9.C -std=c++98 (test for excess errors)
FAIL: g++.dg/parse/non-dependent3.C -std=c++11 (internal compiler error)
FAIL: g++.dg/parse/non-dependent3.C -std=c++11 (test for excess errors)
FAIL: g++.dg/parse/offsetof1.C -std=c++98 (internal compiler error)
FAIL: g++.dg/parse/offsetof1.C -std=c++98 (test for excess errors)
FAIL: g++.dg/parse/offsetof9.C -std=c++11 (internal compiler error)
FAIL: g++.dg/parse/offsetof9.C -std=c++11 (test for excess errors)
WARNING: g++.dg/parse/offsetof9.C -std=c++11 compilation failed to produce executable
FAIL: g++.dg/parse/parens1.C -std=c++14 (internal compiler error)
FAIL: g++.dg/parse/parens1.C -std=c++14 (test for excess errors)
FAIL: g++.dg/parse/primary-expression-1.C -std=c++14 (internal compiler error)
FAIL: g++.dg/parse/primary-expression-1.C -std=c++14 (test for excess errors)
FAIL: g++.dg/parse/template14.C -std=c++98 (internal compiler error)
FAIL: g++.dg/parse/template14.C -std=c++98 (test for excess errors)
FAIL: g++.dg/parse/template5.C -std=c++98 (internal compiler error)
FAIL: g++.dg/parse/template5.C -std=c++98 (test for excess errors)
FAIL: g++.dg/parse/template6.C -std=c++11 (internal compiler error)
FAIL: g++.dg/parse/template6.C -std=c++11 (test for excess errors)
FAIL: g++.dg/parse/tmpl-outside2.C -std=c++11 (internal compiler error)
FAIL: g++.dg/parse/tmpl-outside2.C -std=c++11 (test for excess errors)
FAIL: g++.dg/parse/using3.C -std=c++98 (internal compiler error)
FAIL: g++.dg/parse/using3.C -std=c++98 (test for excess errors)
FAIL: g++.dg/pr37742.C -std=c++11 (internal compiler error)
FAIL: g++.dg/pr37742.C -std=c++11 (test for excess errors)
FAIL: g++.dg/pr45310.C -std=gnu++14 (internal compiler error)
FAIL: g++.dg/pr45310.C -std=gnu++14 (test for excess errors)
FAIL: g++.dg/pr47053.C -std=gnu++11 (internal compiler error)
FAIL: g++.dg/pr47053.C -std=gnu++11 (test for excess errors)
FAIL: g++.dg/pr47053.C -std=gnu++14 (internal compiler error)
FAIL: g++.dg/pr47053.C -std=gnu++14 (test for excess errors)
FAIL: g++.dg/pr48484.C -std=gnu++14 (internal compiler error)
FAIL: g++.dg/pr48484.C -std=gnu++14 (test for excess errors)
FAIL: g++.dg/pr48484.C -std=gnu++14 warning (test for warnings, line 98)
FAIL: g++.dg/pr48633.C -std=gnu++11 (internal compiler error)
FAIL: g++.dg/pr48633.C -std=gnu++11 (test for excess errors)
FAIL: g++.dg/pr48660.C -std=c++14 (internal compiler error)
FAIL: g++.dg/pr48660.C -std=c++14 (test for excess errors)
UNRESOLVED: g++.dg/pr49718.C -std=gnu++98 scan-assembler-times __cyg_profile_func_enter 1
FAIL: g++.dg/pr49718.C -std=gnu++98 (internal compiler error)
FAIL: g++.dg/pr49718.C -std=gnu++98 (test for excess errors)
FAIL: g++.dg/pr54655.C -std=gnu++98 (internal compiler error)
FAIL: g++.dg/pr54655.C -std=gnu++98 (test for excess errors)
FAIL: g++.dg/pr55106.C -std=gnu++98 (internal compiler error)
FAIL: g++.dg/pr55106.C -std=gnu++98 (test for excess errors)
FAIL: g++.dg/pr55604.C -std=gnu++11 (internal compiler error)
FAIL: g++.dg/pr55604.C -std=gnu++11 (test for excess errors)
UNRESOLVED: g++.dg/pr57175.C -std=c++14 scan-assembler do_not_remove
FAIL: g++.dg/pr57175.C -std=c++14 (internal compiler error)
FAIL: g++.dg/pr57175.C -std=c++14 (test for excess errors)
FAIL: g++.dg/pr59445.C -std=gnu++98 (internal compiler error)
FAIL: g++.dg/pr59445.C -std=gnu++98 (test for excess errors)
FAIL: g++.dg/pr59510.C -std=gnu++11 (internal compiler error)
FAIL: g++.dg/pr59510.C -std=gnu++11 (test for excess errors)
FAIL: g++.dg/pr59510.C -std=gnu++98 (internal compiler error)
FAIL: g++.dg/pr59510.C -std=gnu++98 (test for excess errors)
FAIL: g++.dg/pr59695.C -std=gnu++11 (internal compiler error)
FAIL: g++.dg/pr59695.C -std=gnu++11 (test for excess errors)
WARNING: g++.dg/pr59695.C -std=gnu++11 compilation failed to produce executable
FAIL: g++.dg/pr59695.C -std=gnu++98 (internal compiler error)
FAIL: g++.dg/pr59695.C -std=gnu++98 (test for excess errors)
WARNING: g++.dg/pr59695.C -std=gnu++98 compilation failed to produce executable
FAIL: g++.dg/pr61289-2.C -std=gnu++11 (internal compiler error)
FAIL: g++.dg/pr61289-2.C -std=gnu++11 (test for excess errors)
WARNING: g++.dg/pr61289-2.C -std=gnu++11 compilation failed to produce executable
FAIL: g++.dg/pr61289-2.C -std=gnu++98 (internal compiler error)
FAIL: g++.dg/pr61289-2.C -std=gnu++98 (test for excess errors)
WARNING: g++.dg/pr61289-2.C -std=gnu++98 compilation failed to produce executable
FAIL: g++.dg/pr61289.C -std=gnu++98 (internal compiler error)
FAIL: g++.dg/pr61289.C -std=gnu++98 (test for excess errors)
WARNING: g++.dg/pr61289.C -std=gnu++98 compilation failed to produce executable
FAIL: g++.dg/pr61324.C -std=gnu++14 (internal compiler error)
FAIL: g++.dg/pr61324.C -std=gnu++14 (test for excess errors)
FAIL: g++.dg/predict-loop-exit-1.C -std=gnu++98 (internal compiler error)
FAIL: g++.dg/predict-loop-exit-1.C -std=gnu++98 (test for excess errors)
FAIL: g++.dg/predict-loop-exit-2.C -std=gnu++11 (internal compiler error)
FAIL: g++.dg/predict-loop-exit-2.C -std=gnu++11 (test for excess errors)
FAIL: g++.dg/rtti/dyncast2.C -std=c++11 (internal compiler error)
FAIL: g++.dg/rtti/dyncast2.C -std=c++11 (test for excess errors)
WARNING: g++.dg/rtti/dyncast2.C -std=c++11 compilation failed to produce executable
FAIL: g++.dg/rtti/dyncast3.C -std=c++11 (internal compiler error)
FAIL: g++.dg/rtti/dyncast3.C -std=c++11 (test for excess errors)
WARNING: g++.dg/rtti/dyncast3.C -std=c++11 compilation failed to produce executable
FAIL: g++.dg/rtti/dyncast3.C -std=c++98 (internal compiler error)
FAIL: g++.dg/rtti/dyncast3.C -std=c++98 (test for excess errors)
WARNING: g++.dg/rtti/dyncast3.C -std=c++98 compilation failed to produce executable
FAIL: g++.dg/rtti/template1.C -std=c++14 (internal compiler error)
FAIL: g++.dg/rtti/template1.C -std=c++14 (test for excess errors)
FAIL: g++.dg/rtti/typeid1.C -std=c++14 (internal compiler error)
FAIL: g++.dg/rtti/typeid1.C -std=c++14 (test for excess errors)
FAIL: g++.dg/rtti/typeid1.C -std=c++98 (internal compiler error)
FAIL: g++.dg/rtti/typeid1.C -std=c++98 (test for excess errors)
FAIL: g++.dg/rtti/typeid5.C -std=c++14 (internal compiler error)
FAIL: g++.dg/rtti/typeid5.C -std=c++14 (test for excess errors)
FAIL: g++.dg/rtti/typeid8.C -std=c++98 (test for errors, line 10)
FAIL: g++.dg/rtti/typeid8.C -std=c++98 (test for errors, line 11)
FAIL: g++.dg/rtti/typeid8.C -std=c++98 (test for errors, line 15)
FAIL: g++.dg/rtti/typeid8.C -std=c++98 (test for errors, line 16)
FAIL: g++.dg/rtti/typeid8.C -std=c++98 (test for errors, line 25)
FAIL: g++.dg/rtti/typeid8.C -std=c++98 (internal compiler error)
FAIL: g++.dg/rtti/typeid8.C -std=c++98 (test for excess errors)
FAIL: g++.dg/tc1/dr161.C -std=c++14 (internal compiler error)
FAIL: g++.dg/tc1/dr161.C -std=c++14 (test for excess errors)
FAIL: g++.dg/template/abstract-dr337.C -std=c++11 (internal compiler error)
FAIL: g++.dg/template/abstract-dr337.C -std=c++11 (test for excess errors)
FAIL: g++.dg/template/access5.C -std=c++11 (internal compiler error)
FAIL: g++.dg/template/access5.C -std=c++11 (test for excess errors)
FAIL: g++.dg/template/call5.C -std=gnu++11 (internal compiler error)
FAIL: g++.dg/template/call5.C -std=gnu++11 (test for excess errors)
FAIL: g++.dg/template/canon-type-13.C -std=c++11 (internal compiler error)
FAIL: g++.dg/template/canon-type-13.C -std=c++11 (test for excess errors)
FAIL: g++.dg/template/condition1.C -std=c++98 (internal compiler error)
FAIL: g++.dg/template/condition1.C -std=c++98 (test for excess errors)
FAIL: g++.dg/template/crash94.C -std=c++14 (internal compiler error)
FAIL: g++.dg/template/crash94.C -std=c++14 (test for excess errors)
FAIL: g++.dg/template/defarg14.C -std=c++98 (internal compiler error)
FAIL: g++.dg/template/defarg14.C -std=c++98 (test for excess errors)
FAIL: g++.dg/template/dependent-name4.C -std=c++14 (internal compiler error)
FAIL: g++.dg/template/dependent-name4.C -std=c++14 (test for excess errors)
FAIL: g++.dg/template/explicit1.C -std=gnu++98 (internal compiler error)
FAIL: g++.dg/template/explicit1.C -std=gnu++98 (test for excess errors)
FAIL: g++.dg/template/fntry1.C -std=c++98 (internal compiler error)
FAIL: g++.dg/template/fntry1.C -std=c++98 (test for excess errors)
FAIL: g++.dg/template/fntype1.C -std=c++11 (internal compiler error)
FAIL: g++.dg/template/fntype1.C -std=c++11 (test for excess errors)
FAIL: g++.dg/template/friend47.C -std=c++14 (internal compiler error)
FAIL: g++.dg/template/friend47.C -std=c++14 (test for excess errors)
FAIL: g++.dg/template/friend6.C -std=c++98 (internal compiler error)
FAIL: g++.dg/template/friend6.C -std=c++98 (test for excess errors)
FAIL: g++.dg/template/incomplete6.C -std=c++14 (internal compiler error)
FAIL: g++.dg/template/incomplete6.C -std=c++14 (test for excess errors)
FAIL: g++.dg/template/koenig9.C -std=c++11 (internal compiler error)
FAIL: g++.dg/template/koenig9.C -std=c++11 (test for excess errors)
FAIL: g++.dg/template/lookup8.C -std=c++98 (internal compiler error)
FAIL: g++.dg/template/lookup8.C -std=c++98 (test for excess errors)
FAIL: g++.dg/template/mangle1.C -std=c++11 (internal compiler error)
FAIL: g++.dg/template/mangle1.C -std=c++11 (test for excess errors)
FAIL: g++.dg/template/mem_func_ptr.C -std=c++11 (internal compiler error)
FAIL: g++.dg/template/mem_func_ptr.C -std=c++11 (test for excess errors)
FAIL: g++.dg/template/memfriend5.C -std=c++14 (internal compiler error)
FAIL: g++.dg/template/memfriend5.C -std=c++14 (test for excess errors)
FAIL: g++.dg/template/new1.C -std=gnu++11 (internal compiler error)
FAIL: g++.dg/template/new1.C -std=gnu++11 (test for excess errors)
WARNING: g++.dg/template/new1.C -std=gnu++11 compilation failed to produce executable
FAIL: g++.dg/template/new1.C -std=gnu++98 (internal compiler error)
FAIL: g++.dg/template/new1.C -std=gnu++98 (test for excess errors)
WARNING: g++.dg/template/new1.C -std=gnu++98 compilation failed to produce executable
FAIL: g++.dg/template/non-dependent2.C -std=c++14 (internal compiler error)
FAIL: g++.dg/template/non-dependent2.C -std=c++14 (test for excess errors)
FAIL: g++.dg/template/non-type1.C -std=c++14 (internal compiler error)
FAIL: g++.dg/template/non-type1.C -std=c++14 (test for excess errors)
FAIL: g++.dg/template/nontype19.C -std=c++14 (internal compiler error)
FAIL: g++.dg/template/nontype19.C -std=c++14 (test for excess errors)
FAIL: g++.dg/template/ntp2.C -std=c++98 (internal compiler error)
FAIL: g++.dg/template/ntp2.C -std=c++98 (test for excess errors)
FAIL: g++.dg/template/partial1.C -std=c++14 (internal compiler error)
FAIL: g++.dg/template/partial1.C -std=c++14 (test for excess errors)
WARNING: g++.dg/template/partial1.C -std=c++14 compilation failed to produce executable
FAIL: g++.dg/template/pr35240.C -std=c++11 (internal compiler error)
FAIL: g++.dg/template/pr35240.C -std=c++11 (test for excess errors)
FAIL: g++.dg/template/pr61537.C -std=c++11 (internal compiler error)
FAIL: g++.dg/template/pr61537.C -std=c++11 (test for excess errors)
FAIL: g++.dg/template/pretty1.C -std=c++11 (internal compiler error)
FAIL: g++.dg/template/pretty1.C -std=c++11 (test for excess errors)
WARNING: g++.dg/template/pretty1.C -std=c++11 compilation failed to produce executable
FAIL: g++.dg/template/ptrmem16.C -std=c++11 (internal compiler error)
FAIL: g++.dg/template/ptrmem16.C -std=c++11 (test for excess errors)
FAIL: g++.dg/template/ptrmem18.C -std=gnu++11 (internal compiler error)
FAIL: g++.dg/template/ptrmem18.C -std=gnu++11 (test for excess errors)
WARNING: g++.dg/template/ptrmem18.C -std=gnu++11 compilation failed to produce executable
FAIL: g++.dg/template/ptrmem18.C -std=gnu++98 (internal compiler error)
FAIL: g++.dg/template/ptrmem18.C -std=gnu++98 (test for excess errors)
WARNING: g++.dg/template/ptrmem18.C -std=gnu++98 compilation failed to produce executable
FAIL: g++.dg/template/ptrmem19.C -std=c++14 (internal compiler error)
FAIL: g++.dg/template/ptrmem19.C -std=c++14 (test for excess errors)
FAIL: g++.dg/template/qual2.C -std=c++14 (internal compiler error)
FAIL: g++.dg/template/qual2.C -std=c++14 (test for excess errors)
WARNING: g++.dg/template/qual2.C -std=c++14 compilation failed to produce executable
FAIL: g++.dg/template/qual2.C -std=c++98 (internal compiler error)
FAIL: g++.dg/template/qual2.C -std=c++98 (test for excess errors)
WARNING: g++.dg/template/qual2.C -std=c++98 compilation failed to produce executable
FAIL: g++.dg/template/qualttp11.C -std=c++11 (internal compiler error)
FAIL: g++.dg/template/qualttp11.C -std=c++11 (test for excess errors)
FAIL: g++.dg/template/ref1.C -std=c++14 (internal compiler error)
FAIL: g++.dg/template/ref1.C -std=c++14 (test for excess errors)
FAIL: g++.dg/template/ref2.C -std=c++14 (internal compiler error)
FAIL: g++.dg/template/ref2.C -std=c++14 (test for excess errors)
FAIL: g++.dg/template/repo10.C -std=gnu++11 (test for excess errors)
FAIL: g++.dg/template/repo10.C -std=gnu++14 (test for excess errors)
FAIL: g++.dg/template/spec7.C -std=c++11 (internal compiler error)
FAIL: g++.dg/template/spec7.C -std=c++11 (test for excess errors)
FAIL: g++.dg/template/ttp15.C -std=c++98 (internal compiler error)
FAIL: g++.dg/template/ttp15.C -std=c++98 (test for excess errors)
FAIL: g++.dg/template/typedef35.C -std=c++98 (internal compiler error)
FAIL: g++.dg/template/typedef35.C -std=c++98 (test for excess errors)
FAIL: g++.dg/template/typename10.C -std=c++11 (internal compiler error)
FAIL: g++.dg/template/typename10.C -std=c++11 (test for excess errors)
FAIL: g++.dg/template/using17.C -std=c++14 (internal compiler error)
FAIL: g++.dg/template/using17.C -std=c++14 (test for excess errors)
WARNING: g++.dg/template/using17.C -std=c++14 compilation failed to produce executable
FAIL: g++.dg/template/using17.C -std=c++98 (internal compiler error)
FAIL: g++.dg/template/using17.C -std=c++98 (test for excess errors)
WARNING: g++.dg/template/using17.C -std=c++98 compilation failed to produce executable
UNRESOLVED: g++.dg/tree-ssa/calloc.C -std=gnu++11 scan-tree-dump-not optimized "malloc"
UNRESOLVED: g++.dg/tree-ssa/calloc.C -std=gnu++11 scan-tree-dump-not optimized "memset"
UNRESOLVED: g++.dg/tree-ssa/calloc.C -std=gnu++11 scan-tree-dump-times optimized "calloc" 1
FAIL: g++.dg/tree-ssa/calloc.C -std=gnu++11 (internal compiler error)
FAIL: g++.dg/tree-ssa/calloc.C -std=gnu++11 (test for excess errors)
FAIL: g++.dg/tree-ssa/copyprop.C (internal compiler error)
FAIL: g++.dg/tree-ssa/copyprop.C (test for excess errors)
FAIL: g++.dg/tree-ssa/deleted-label1.C -std=gnu++11 (internal compiler error)
FAIL: g++.dg/tree-ssa/deleted-label1.C -std=gnu++11 (test for excess errors)
FAIL: g++.dg/tree-ssa/inline-1.C -std=gnu++98 scan-tree-dump-times einline "Inlining void inline_me\\\\(" 1
FAIL: g++.dg/tree-ssa/inline-1.C -std=gnu++98 scan-tree-dump-times einline "Inlining void inline_me_too\\\\(" 1
FAIL: g++.dg/tree-ssa/inline-1.C -std=gnu++98 (internal compiler error)
FAIL: g++.dg/tree-ssa/inline-1.C -std=gnu++98 (test for excess errors)
UNRESOLVED: g++.dg/tree-ssa/pr14703.C -std=gnu++98 scan-tree-dump-not optimized "fibconst"
FAIL: g++.dg/tree-ssa/pr14703.C -std=gnu++98 (internal compiler error)
FAIL: g++.dg/tree-ssa/pr14703.C -std=gnu++98 (test for excess errors)
FAIL: g++.dg/tree-ssa/pr16688.C -std=gnu++14 (internal compiler error)
FAIL: g++.dg/tree-ssa/pr16688.C -std=gnu++14 (test for excess errors)
FAIL: g++.dg/tree-ssa/pr17153.C -std=c++11 (internal compiler error)
FAIL: g++.dg/tree-ssa/pr17153.C -std=c++11 (test for excess errors)
FAIL: g++.dg/tree-ssa/pr17400.C -std=gnu++11 (internal compiler error)
FAIL: g++.dg/tree-ssa/pr17400.C -std=gnu++11 (test for excess errors)
FAIL: g++.dg/tree-ssa/pr19786.C -std=gnu++11 (internal compiler error)
FAIL: g++.dg/tree-ssa/pr19786.C -std=gnu++11 (test for excess errors)
WARNING: g++.dg/tree-ssa/pr19786.C -std=gnu++11 compilation failed to produce executable
FAIL: g++.dg/tree-ssa/pr19786.C -std=gnu++98 (internal compiler error)
FAIL: g++.dg/tree-ssa/pr19786.C -std=gnu++98 (test for excess errors)
WARNING: g++.dg/tree-ssa/pr19786.C -std=gnu++98 compilation failed to produce executable
FAIL: g++.dg/tree-ssa/pr20458.C -std=gnu++11 (internal compiler error)
FAIL: g++.dg/tree-ssa/pr20458.C -std=gnu++11 (test for excess errors)
WARNING: g++.dg/tree-ssa/pr20458.C -std=gnu++11 compilation failed to produce executable
FAIL: g++.dg/tree-ssa/pr20458.C -std=gnu++98 (internal compiler error)
FAIL: g++.dg/tree-ssa/pr20458.C -std=gnu++98 (test for excess errors)
WARNING: g++.dg/tree-ssa/pr20458.C -std=gnu++98 compilation failed to produce executable
FAIL: g++.dg/tree-ssa/pr21407.C -std=gnu++14 (internal compiler error)
FAIL: g++.dg/tree-ssa/pr21407.C -std=gnu++14 (test for excess errors)
WARNING: g++.dg/tree-ssa/pr21407.C -std=gnu++14 compilation failed to produce executable
UNRESOLVED: g++.dg/tree-ssa/pr21463.C -std=gnu++11 scan-tree-dump-times phiopt1 "MAX_EXPR" 2
UNRESOLVED: g++.dg/tree-ssa/pr21463.C -std=gnu++11 scan-tree-dump-times phiopt1 "MIN_EXPR" 2
FAIL: g++.dg/tree-ssa/pr21463.C -std=gnu++11 (internal compiler error)
FAIL: g++.dg/tree-ssa/pr21463.C -std=gnu++11 (test for excess errors)
FAIL: g++.dg/tree-ssa/pr22279.C -std=gnu++14 (internal compiler error)
FAIL: g++.dg/tree-ssa/pr22279.C -std=gnu++14 (test for excess errors)
FAIL: g++.dg/tree-ssa/pr22488.C -std=gnu++98 (internal compiler error)
FAIL: g++.dg/tree-ssa/pr22488.C -std=gnu++98 (test for excess errors)
FAIL: g++.dg/tree-ssa/pr24231-2.C -std=gnu++11 (internal compiler error)
FAIL: g++.dg/tree-ssa/pr24231-2.C -std=gnu++11 (test for excess errors)
FAIL: g++.dg/tree-ssa/pr24231-3.C -std=gnu++98 (internal compiler error)
FAIL: g++.dg/tree-ssa/pr24231-3.C -std=gnu++98 (test for excess errors)
FAIL: g++.dg/tree-ssa/pr24351-1.C -std=gnu++14 (internal compiler error)
FAIL: g++.dg/tree-ssa/pr24351-1.C -std=gnu++14 (test for excess errors)
FAIL: g++.dg/tree-ssa/pr24351-2.C -std=gnu++11 (internal compiler error)
FAIL: g++.dg/tree-ssa/pr24351-2.C -std=gnu++11 (test for excess errors)
FAIL: g++.dg/tree-ssa/pr26757.C -std=gnu++11 (internal compiler error)
FAIL: g++.dg/tree-ssa/pr26757.C -std=gnu++11 (test for excess errors)
WARNING: g++.dg/tree-ssa/pr26757.C -std=gnu++11 compilation failed to produce executable
FAIL: g++.dg/tree-ssa/pr27548.C -std=gnu++98 (internal compiler error)
FAIL: g++.dg/tree-ssa/pr27548.C -std=gnu++98 (test for excess errors)
FAIL: g++.dg/tree-ssa/pr27549.C -std=gnu++98 (internal compiler error)
FAIL: g++.dg/tree-ssa/pr27549.C -std=gnu++98 (test for excess errors)
FAIL: g++.dg/tree-ssa/pr34063.C -std=gnu++98 (internal compiler error)
FAIL: g++.dg/tree-ssa/pr34063.C -std=gnu++98 (test for excess errors)
FAIL: g++.dg/tree-ssa/pr38632.C -std=gnu++14 (internal compiler error)
FAIL: g++.dg/tree-ssa/pr38632.C -std=gnu++14 (test for excess errors)
FAIL: g++.dg/tree-ssa/pr41428.C -std=gnu++11 scan-tree-dump ccp1 "Folded into: if \\\\(1 != 0\\\\)"
FAIL: g++.dg/tree-ssa/pr41428.C -std=gnu++11 (internal compiler error)
FAIL: g++.dg/tree-ssa/pr41428.C -std=gnu++11 (test for excess errors)
FAIL: g++.dg/tree-ssa/pr41961.C -std=gnu++98 (internal compiler error)
FAIL: g++.dg/tree-ssa/pr41961.C -std=gnu++98 (test for excess errors)
FAIL: g++.dg/tree-ssa/pr46987.C -std=gnu++14 (internal compiler error)
FAIL: g++.dg/tree-ssa/pr46987.C -std=gnu++14 (test for excess errors)
FAIL: g++.dg/tree-ssa/pr46987.C -std=gnu++98 (internal compiler error)
FAIL: g++.dg/tree-ssa/pr46987.C -std=gnu++98 (test for excess errors)
UNRESOLVED: g++.dg/tree-ssa/pr53844.C -std=gnu++98 scan-tree-dump-times optimized "VDEF" 1
FAIL: g++.dg/tree-ssa/pr53844.C -std=gnu++98 (internal compiler error)
FAIL: g++.dg/tree-ssa/pr53844.C -std=gnu++98 (test for excess errors)
FAIL: g++.dg/tree-ssa/pr61034.C -std=gnu++11 scan-tree-dump-times fre2 "free" 10
FAIL: g++.dg/tree-ssa/pr61034.C -std=gnu++14 scan-tree-dump-times fre2 "free" 10
FAIL: g++.dg/tree-ssa/pr61034.C -std=gnu++98 scan-tree-dump-times fre2 "free" 10
FAIL: g++.dg/tree-ssa/restrict1.C -std=gnu++14 (internal compiler error)
FAIL: g++.dg/tree-ssa/restrict1.C -std=gnu++14 (test for excess errors)
UNRESOLVED: g++.dg/tree-ssa/ssa-dom.C -std=gnu++11 scan-tree-dump-times dom1 "gss_for_code_.10." 1
FAIL: g++.dg/tree-ssa/ssa-dom.C -std=gnu++11 (internal compiler error)
FAIL: g++.dg/tree-ssa/ssa-dom.C -std=gnu++11 (test for excess errors)
FAIL: g++.dg/uninit-pred-2_a.C -std=gnu++14 (internal compiler error)
FAIL: g++.dg/uninit-pred-2_a.C -std=gnu++14 (test for excess errors)
FAIL: g++.dg/uninit-pred-2_b.C -std=gnu++11 (test for warnings, line 43)
FAIL: g++.dg/uninit-pred-2_b.C -std=gnu++11 (internal compiler error)
FAIL: g++.dg/uninit-pred-2_b.C -std=gnu++11 (test for excess errors)
FAIL: g++.dg/uninit-pred-2_b.C -std=gnu++11 uninitialized variable warning (test for warnings, line 47)
FAIL: g++.dg/warn/Walways-true-1.C -std=gnu++11 (internal compiler error)
FAIL: g++.dg/warn/Walways-true-1.C -std=gnu++11 (test for excess errors)
FAIL: g++.dg/warn/Wshadow-4.C -std=gnu++98 (internal compiler error)
FAIL: g++.dg/warn/Wshadow-4.C -std=gnu++98 (test for excess errors)
FAIL: g++.dg/warn/Wstrict-aliasing-3.C -std=gnu++98 (internal compiler error)
FAIL: g++.dg/warn/Wstrict-aliasing-3.C -std=gnu++98 (test for excess errors)
FAIL: g++.dg/warn/Wstrict-aliasing-bogus-char-1.C -std=gnu++14 (internal compiler error)
FAIL: g++.dg/warn/Wstrict-aliasing-bogus-char-1.C -std=gnu++14 (test for excess errors)
FAIL: g++.dg/warn/Wstrict-aliasing-bogus-escape.C -std=gnu++11 (internal compiler error)
FAIL: g++.dg/warn/Wstrict-aliasing-bogus-escape.C -std=gnu++11 (test for excess errors)
FAIL: g++.dg/warn/Wstrict-aliasing-bogus-placement-new.C -std=gnu++11 (internal compiler error)
FAIL: g++.dg/warn/Wstrict-aliasing-bogus-placement-new.C -std=gnu++11 (test for excess errors)
FAIL: g++.dg/warn/Wswitch-default-2.C -std=gnu++14 (internal compiler error)
FAIL: g++.dg/warn/Wswitch-default-2.C -std=gnu++14 (test for excess errors)
FAIL: g++.dg/warn/Wtype-limits-Wextra.C -std=gnu++14 (internal compiler error)
FAIL: g++.dg/warn/Wtype-limits-Wextra.C -std=gnu++14 (test for excess errors)
FAIL: g++.dg/warn/Wunreachable-code-2.C -std=gnu++11 (internal compiler error)
FAIL: g++.dg/warn/Wunreachable-code-2.C -std=gnu++11 (test for excess errors)
FAIL: g++.dg/warn/Wunused-function1.C -std=gnu++98 (internal compiler error)
FAIL: g++.dg/warn/Wunused-function1.C -std=gnu++98 (test for excess errors)
FAIL: g++.dg/warn/Wunused-var-13.C -std=gnu++11 (internal compiler error)
FAIL: g++.dg/warn/Wunused-var-13.C -std=gnu++11 (test for excess errors)
FAIL: g++.dg/warn/inline1.C -std=c++98 (internal compiler error)
FAIL: g++.dg/warn/inline1.C -std=c++98 (test for excess errors)
FAIL: g++.dg/warn/noreturn-1.C -std=gnu++98 (internal compiler error)
FAIL: g++.dg/warn/noreturn-1.C -std=gnu++98 (test for excess errors)
FAIL: g++.dg/warn/pr35635.C -std=gnu++98 (internal compiler error)
FAIL: g++.dg/warn/pr35635.C -std=gnu++98 (test for excess errors)
FAIL: g++.dg/warn/return-reference2.C -std=c++11 (internal compiler error)
FAIL: g++.dg/warn/return-reference2.C -std=c++11 (test for excess errors)
FAIL: g++.dg/warn/sequence-pt-1.C -std=gnu++11 (internal compiler error)
FAIL: g++.dg/warn/sequence-pt-1.C -std=gnu++11 (test for excess errors)
FAIL: g++.dg/warn/string1.C -std=gnu++11 (test for warnings, line 17)
FAIL: g++.dg/warn/string1.C -std=gnu++11 (internal compiler error)
FAIL: g++.dg/warn/string1.C -std=gnu++11 (test for excess errors)
FAIL: g++.dg/warn/string1.C -std=gnu++14 (internal compiler error)
FAIL: g++.dg/warn/string1.C -std=gnu++14 (test for excess errors)
FAIL: g++.dg/warn/string1.C -std=gnu++98 (test for warnings, line 17)
FAIL: g++.dg/warn/string1.C -std=gnu++98 (internal compiler error)
FAIL: g++.dg/warn/string1.C -std=gnu++98 (test for excess errors)
WARNING: program timed out.
WARNING: program timed out.
WARNING: program timed out.
FAIL: c-c++-common/goacc/if-clause-2.c -std=c++11 (internal compiler error)
FAIL: c-c++-common/goacc/if-clause-2.c -std=c++11 (test for excess errors)
FAIL: c-c++-common/gomp/atomic-13.c -std=gnu++11 (internal compiler error)
FAIL: c-c++-common/gomp/atomic-13.c -std=gnu++11 (test for excess errors)
FAIL: c-c++-common/gomp/pr61486-2.c -std=gnu++14 (internal compiler error)
FAIL: c-c++-common/gomp/pr61486-2.c -std=gnu++14 (test for excess errors)
FAIL: c-c++-common/gomp/pr61486-2.c -std=gnu++98 (internal compiler error)
FAIL: c-c++-common/gomp/pr61486-2.c -std=gnu++98 (test for excess errors)
FAIL: c-c++-common/gomp/pr66429.c -std=gnu++11 (internal compiler error)
FAIL: c-c++-common/gomp/pr66429.c -std=gnu++11 (test for excess errors)
FAIL: c-c++-common/gomp/pr66429.c -std=gnu++14 (internal compiler error)
FAIL: c-c++-common/gomp/pr66429.c -std=gnu++14 (test for excess errors)
FAIL: c-c++-common/gomp/simd1.c -std=gnu++98 (internal compiler error)
FAIL: c-c++-common/gomp/simd1.c -std=gnu++98 (test for excess errors)
FAIL: g++.dg/gomp/pr31769.C -std=gnu++11 (internal compiler error)
FAIL: g++.dg/gomp/pr31769.C -std=gnu++11 (test for excess errors)
FAIL: g++.dg/gomp/pr35099.C -std=gnu++98 (internal compiler error)
FAIL: g++.dg/gomp/pr35099.C -std=gnu++98 (test for excess errors)
FAIL: g++.dg/gomp/pr36790.C -std=gnu++14 (internal compiler error)
FAIL: g++.dg/gomp/pr36790.C -std=gnu++14 (test for excess errors)
FAIL: g++.dg/gomp/pr39495-1.C -std=gnu++14 (internal compiler error)
FAIL: g++.dg/gomp/pr39495-1.C -std=gnu++14 (test for excess errors)
FAIL: g++.dg/gomp/pr51669.C -std=gnu++14 (internal compiler error)
FAIL: g++.dg/gomp/pr51669.C -std=gnu++14 (test for excess errors)
FAIL: g++.dg/gomp/pr59150.C -std=gnu++11 (internal compiler error)
FAIL: g++.dg/gomp/pr59150.C -std=gnu++11 (test for excess errors)
FAIL: g++.dg/gomp/pr60682.C -std=gnu++11 (internal compiler error)
FAIL: g++.dg/gomp/pr60682.C -std=gnu++11 (test for excess errors)
FAIL: g++.dg/graphite/id-1.C -std=c++14 (internal compiler error)
FAIL: g++.dg/graphite/id-1.C -std=c++14 (test for excess errors)
FAIL: g++.dg/graphite/pr41305.C -std=gnu++14 (internal compiler error)
FAIL: g++.dg/graphite/pr41305.C -std=gnu++14 (test for excess errors)
FAIL: g++.dg/graphite/pr42130.C -std=gnu++14 (internal compiler error)
FAIL: g++.dg/graphite/pr42130.C -std=gnu++14 (test for excess errors)
WARNING: g++.dg/graphite/pr42130.C -std=gnu++14 compilation failed to produce executable
FAIL: g++.dg/lto/20080904 cp_lto_20080904_0.o assemble, -O0 -flto (internal compiler error)
UNRESOLVED: g++.dg/lto/20080904 cp_lto_20080904_0.o-cp_lto_20080904_0.o execute -O0 -flto
UNRESOLVED: g++.dg/lto/20080904 cp_lto_20080904_0.o-cp_lto_20080904_0.o link -O0 -flto
FAIL: g++.dg/lto/20080907 cp_lto_20080907_0.o assemble, -O2 -flto -flto-partition=none (internal compiler error)
FAIL: g++.dg/lto/20080912-1 cp_lto_20080912-1_0.o assemble, -O2 -flto -flto-partition=1to1 (internal compiler error)
FAIL: g++.dg/lto/20081211-1 cp_lto_20081211-1_0.o assemble, -O2 -flto (internal compiler error)
UNRESOLVED: g++.dg/lto/20081211-1 cp_lto_20081211-1_0.o-cp_lto_20081211-1_1.o execute -O2 -flto
UNRESOLVED: g++.dg/lto/20081211-1 cp_lto_20081211-1_0.o-cp_lto_20081211-1_1.o link -O2 -flto
FAIL: g++.dg/lto/20081219 cp_lto_20081219_0.o assemble, -fPIC -flto -flto-partition=1to1 -O2 (internal compiler error)
UNRESOLVED: g++.dg/lto/20081219 cp_lto_20081219_0.o-cp_lto_20081219_1.o execute -fPIC -flto -flto-partition=1to1 -O2
UNRESOLVED: g++.dg/lto/20081219 cp_lto_20081219_0.o-cp_lto_20081219_1.o link -fPIC -flto -flto-partition=1to1 -O2
FAIL: g++.dg/lto/20091210-1 cp_lto_20091210-1_0.o assemble, -O2 -flto -flto-partition=1to1 (internal compiler error)
UNRESOLVED: g++.dg/lto/20091210-1 cp_lto_20091210-1_0.o-cp_lto_20091210-1_1.o execute -O2 -flto -flto-partition=1to1
UNRESOLVED: g++.dg/lto/20091210-1 cp_lto_20091210-1_0.o-cp_lto_20091210-1_1.o link -O2 -flto -flto-partition=1to1
FAIL: g++.dg/lto/20100603-1 cp_lto_20100603-1_0.o assemble, -O2 -flto -flto-partition=none (internal compiler error)
UNRESOLVED: g++.dg/lto/20100603-1 cp_lto_20100603-1_0.o-cp_lto_20100603-1_1.o execute -O2 -flto -flto-partition=none
UNRESOLVED: g++.dg/lto/20100603-1 cp_lto_20100603-1_0.o-cp_lto_20100603-1_1.o link -O2 -flto -flto-partition=none
FAIL: g++.dg/lto/20101009-1 cp_lto_20101009-1_0.o assemble, -O2 -flto -flto-partition=1to1 (internal compiler error)
UNRESOLVED: g++.dg/lto/20101009-1 cp_lto_20101009-1_0.o-cp_lto_20101009-1_0.o execute -O2 -flto -flto-partition=1to1
UNRESOLVED: g++.dg/lto/20101009-1 cp_lto_20101009-1_0.o-cp_lto_20101009-1_0.o link -O2 -flto -flto-partition=1to1
FAIL: g++.dg/lto/20101014-1 cp_lto_20101014-1_0.o assemble, -O0 -flto (internal compiler error)
UNRESOLVED: g++.dg/lto/20101014-1 cp_lto_20101014-1_0.o-cp_lto_20101014-1_0.o execute -O0 -flto
UNRESOLVED: g++.dg/lto/20101014-1 cp_lto_20101014-1_0.o-cp_lto_20101014-1_0.o link -O0 -flto
FAIL: g++.dg/lto/pr45983 cp_lto_pr45983_0.o assemble, -O0 -flto -flto-partition=none (internal compiler error)
UNRESOLVED: g++.dg/lto/pr45983 cp_lto_pr45983_0.o-cp_lto_pr45983_0.o execute -O0 -flto -flto-partition=none
UNRESOLVED: g++.dg/lto/pr45983 cp_lto_pr45983_0.o-cp_lto_pr45983_0.o link -O0 -flto -flto-partition=none
FAIL: g++.dg/lto/pr52400 cp_lto_pr52400_0.o assemble, -O0 -flto -flto-partition=1to1 (internal compiler error)
UNRESOLVED: g++.dg/lto/pr52400 cp_lto_pr52400_0.o-cp_lto_pr52400_0.o execute -O0 -flto -flto-partition=1to1
UNRESOLVED: g++.dg/lto/pr52400 cp_lto_pr52400_0.o-cp_lto_pr52400_0.o link -O0 -flto -flto-partition=1to1
FAIL: g++.dg/lto/pr65475c cp_lto_pr65475c_0.o assemble, -w (internal compiler error)
UNRESOLVED: g++.dg/lto/pr65475c cp_lto_pr65475c_0.o-cp_lto_pr65475c_1.o execute -O2
UNRESOLVED: g++.dg/lto/pr65475c cp_lto_pr65475c_0.o-cp_lto_pr65475c_1.o execute -w
UNRESOLVED: g++.dg/lto/pr65475c cp_lto_pr65475c_0.o-cp_lto_pr65475c_1.o link -O2
UNRESOLVED: g++.dg/lto/pr65475c cp_lto_pr65475c_0.o-cp_lto_pr65475c_1.o link -w
FAIL: g++.dg/lto/pr65475c cp_lto_pr65475c_1.o assemble, -O2 (internal compiler error)
FAIL: g++.dg/pch/static-1.C -O2 -I. -Dwith_PCH (internal compiler error)
FAIL: g++.dg/pch/static-1.C -O2 -I. -Dwith_PCH (test for excess errors)
FAIL: g++.dg/pch/static-1.C -O2 assembly comparison
FAIL: g++.dg/pch/template-1.C -O2 -I. -Dwithout_PCH (internal compiler error)
FAIL: g++.dg/pch/template-1.C -O2 -I. -Dwithout_PCH (test for excess errors)
FAIL: g++.dg/pch/template-1.C -O2 assembly comparison
WARNING: template-1.s doesn't exist
FAIL: c-c++-common/simulate-thread/bitfields-1.c -Os -g (internal compiler error)
FAIL: c-c++-common/simulate-thread/bitfields-1.c -Os -g (test for excess errors)
FAIL: c-c++-common/simulate-thread/bitfields-4.c -O2 -g -std=c++98 (internal compiler error)
FAIL: c-c++-common/simulate-thread/bitfields-4.c -O2 -g -std=c++98 (test for excess errors)
FAIL: g++.dg/simulate-thread/atomics-1.C -O1 -g (internal compiler error)
FAIL: g++.dg/simulate-thread/atomics-1.C -O1 -g (test for excess errors)
UNRESOLVED: c-c++-common/tm/20100127.c -std=gnu++98 scan-tree-dump-times tmmark "_ITM_W.*nontrxn" 0
FAIL: c-c++-common/tm/20100127.c -std=gnu++98 (internal compiler error)
FAIL: c-c++-common/tm/20100127.c -std=gnu++98 (test for excess errors)
FAIL: g++.dg/tm/pr45940-3.C -std=gnu++14 (internal compiler error)
FAIL: g++.dg/tm/pr45940-3.C -std=gnu++14 (test for excess errors)
FAIL: g++.dg/tm/pr45940-3.C -std=gnu++98 (internal compiler error)
FAIL: g++.dg/tm/pr45940-3.C -std=gnu++98 (test for excess errors)
FAIL: g++.dg/tm/pr46567.C -std=gnu++14 (internal compiler error)
FAIL: g++.dg/tm/pr46567.C -std=gnu++14 (test for excess errors)
FAIL: g++.dg/tm/vector-1.C -std=gnu++98 (internal compiler error)
FAIL: g++.dg/tm/vector-1.C -std=gnu++98 (test for excess errors)
FAIL: c-c++-common/torture/builtin-arith-overflow-1.c -O0 (internal compiler error)
FAIL: c-c++-common/torture/builtin-arith-overflow-1.c -O0 (test for excess errors)
WARNING: c-c++-common/torture/builtin-arith-overflow-1.c -O0 compilation failed to produce executable
FAIL: c-c++-common/torture/builtin-arith-overflow-1.c -O2 (internal compiler error)
FAIL: c-c++-common/torture/builtin-arith-overflow-1.c -O2 (test for excess errors)
WARNING: c-c++-common/torture/builtin-arith-overflow-1.c -O2 compilation failed to produce executable
FAIL: c-c++-common/torture/builtin-arith-overflow-1.c -O2 -flto (internal compiler error)
FAIL: c-c++-common/torture/builtin-arith-overflow-1.c -O2 -flto (test for excess errors)
WARNING: c-c++-common/torture/builtin-arith-overflow-1.c -O2 -flto compilation failed to produce executable
FAIL: c-c++-common/torture/builtin-arith-overflow-1.c -O2 -flto -flto-partition=none (internal compiler error)
FAIL: c-c++-common/torture/builtin-arith-overflow-1.c -O2 -flto -flto-partition=none (test for excess errors)
WARNING: c-c++-common/torture/builtin-arith-overflow-1.c -O2 -flto -flto-partition=none compilation failed to produce executable
FAIL: c-c++-common/torture/builtin-arith-overflow-10.c -O2 -flto -flto-partition=none (internal compiler error)
FAIL: c-c++-common/torture/builtin-arith-overflow-10.c -O2 -flto -flto-partition=none (test for excess errors)
WARNING: c-c++-common/torture/builtin-arith-overflow-10.c -O2 -flto -flto-partition=none compilation failed to produce executable
FAIL: c-c++-common/torture/builtin-arith-overflow-11.c -O2 -flto (internal compiler error)
FAIL: c-c++-common/torture/builtin-arith-overflow-11.c -O2 -flto (test for excess errors)
WARNING: c-c++-common/torture/builtin-arith-overflow-11.c -O2 -flto compilation failed to produce executable
FAIL: c-c++-common/torture/builtin-arith-overflow-11.c -O2 -flto -flto-partition=none (internal compiler error)
FAIL: c-c++-common/torture/builtin-arith-overflow-11.c -O2 -flto -flto-partition=none (test for excess errors)
WARNING: c-c++-common/torture/builtin-arith-overflow-11.c -O2 -flto -flto-partition=none compilation failed to produce executable
FAIL: c-c++-common/torture/builtin-arith-overflow-12.c -O0 (internal compiler error)
FAIL: c-c++-common/torture/builtin-arith-overflow-12.c -O0 (test for excess errors)
WARNING: c-c++-common/torture/builtin-arith-overflow-12.c -O0 compilation failed to produce executable
FAIL: c-c++-common/torture/builtin-arith-overflow-12.c -O2 (internal compiler error)
FAIL: c-c++-common/torture/builtin-arith-overflow-12.c -O2 (test for excess errors)
WARNING: c-c++-common/torture/builtin-arith-overflow-12.c -O2 compilation failed to produce executable
FAIL: c-c++-common/torture/builtin-arith-overflow-12.c -O2 -flto (internal compiler error)
FAIL: c-c++-common/torture/builtin-arith-overflow-12.c -O2 -flto (test for excess errors)
WARNING: c-c++-common/torture/builtin-arith-overflow-12.c -O2 -flto compilation failed to produce executable
FAIL: c-c++-common/torture/builtin-arith-overflow-12.c -O2 -flto -flto-partition=none (internal compiler error)
FAIL: c-c++-common/torture/builtin-arith-overflow-12.c -O2 -flto -flto-partition=none (test for excess errors)
WARNING: c-c++-common/torture/builtin-arith-overflow-12.c -O2 -flto -flto-partition=none compilation failed to produce executable
FAIL: c-c++-common/torture/builtin-arith-overflow-13.c -O2 (internal compiler error)
FAIL: c-c++-common/torture/builtin-arith-overflow-13.c -O2 (test for excess errors)
WARNING: c-c++-common/torture/builtin-arith-overflow-13.c -O2 compilation failed to produce executable
FAIL: c-c++-common/torture/builtin-arith-overflow-13.c -O2 -flto (internal compiler error)
FAIL: c-c++-common/torture/builtin-arith-overflow-13.c -O2 -flto (test for excess errors)
WARNING: c-c++-common/torture/builtin-arith-overflow-13.c -O2 -flto compilation failed to produce executable
FAIL: c-c++-common/torture/builtin-arith-overflow-13.c -O2 -flto -flto-partition=none (internal compiler error)
FAIL: c-c++-common/torture/builtin-arith-overflow-13.c -O2 -flto -flto-partition=none (test for excess errors)
WARNING: c-c++-common/torture/builtin-arith-overflow-13.c -O2 -flto -flto-partition=none compilation failed to produce executable
FAIL: c-c++-common/torture/builtin-arith-overflow-14.c -O0 (internal compiler error)
FAIL: c-c++-common/torture/builtin-arith-overflow-14.c -O0 (test for excess errors)
WARNING: c-c++-common/torture/builtin-arith-overflow-14.c -O0 compilation failed to produce executable
FAIL: c-c++-common/torture/builtin-arith-overflow-14.c -O2 (internal compiler error)
FAIL: c-c++-common/torture/builtin-arith-overflow-14.c -O2 (test for excess errors)
WARNING: c-c++-common/torture/builtin-arith-overflow-14.c -O2 compilation failed to produce executable
FAIL: c-c++-common/torture/builtin-arith-overflow-14.c -O2 -flto (internal compiler error)
FAIL: c-c++-common/torture/builtin-arith-overflow-14.c -O2 -flto (test for excess errors)
WARNING: c-c++-common/torture/builtin-arith-overflow-14.c -O2 -flto compilation failed to produce executable
FAIL: c-c++-common/torture/builtin-arith-overflow-14.c -O2 -flto -flto-partition=none (internal compiler error)
FAIL: c-c++-common/torture/builtin-arith-overflow-14.c -O2 -flto -flto-partition=none (test for excess errors)
WARNING: c-c++-common/torture/builtin-arith-overflow-14.c -O2 -flto -flto-partition=none compilation failed to produce executable
FAIL: c-c++-common/torture/builtin-arith-overflow-15.c -O0 (internal compiler error)
FAIL: c-c++-common/torture/builtin-arith-overflow-15.c -O0 (test for excess errors)
WARNING: c-c++-common/torture/builtin-arith-overflow-15.c -O0 compilation failed to produce executable
FAIL: c-c++-common/torture/builtin-arith-overflow-15.c -O2 (internal compiler error)
FAIL: c-c++-common/torture/builtin-arith-overflow-15.c -O2 (test for excess errors)
WARNING: c-c++-common/torture/builtin-arith-overflow-15.c -O2 compilation failed to produce executable
FAIL: c-c++-common/torture/builtin-arith-overflow-15.c -O2 -flto (internal compiler error)
FAIL: c-c++-common/torture/builtin-arith-overflow-15.c -O2 -flto (test for excess errors)
WARNING: c-c++-common/torture/builtin-arith-overflow-15.c -O2 -flto compilation failed to produce executable
FAIL: c-c++-common/torture/builtin-arith-overflow-15.c -O2 -flto -flto-partition=none (internal compiler error)
FAIL: c-c++-common/torture/builtin-arith-overflow-15.c -O2 -flto -flto-partition=none (test for excess errors)
WARNING: c-c++-common/torture/builtin-arith-overflow-15.c -O2 -flto -flto-partition=none compilation failed to produce executable
FAIL: c-c++-common/torture/builtin-arith-overflow-16.c -O0 (internal compiler error)
FAIL: c-c++-common/torture/builtin-arith-overflow-16.c -O0 (test for excess errors)
WARNING: c-c++-common/torture/builtin-arith-overflow-16.c -O0 compilation failed to produce executable
FAIL: c-c++-common/torture/builtin-arith-overflow-16.c -O2 (internal compiler error)
FAIL: c-c++-common/torture/builtin-arith-overflow-16.c -O2 (test for excess errors)
WARNING: c-c++-common/torture/builtin-arith-overflow-16.c -O2 compilation failed to produce executable
FAIL: c-c++-common/torture/builtin-arith-overflow-16.c -O2 -flto (internal compiler error)
FAIL: c-c++-common/torture/builtin-arith-overflow-16.c -O2 -flto (test for excess errors)
WARNING: c-c++-common/torture/builtin-arith-overflow-16.c -O2 -flto compilation failed to produce executable
FAIL: c-c++-common/torture/builtin-arith-overflow-16.c -O2 -flto -flto-partition=none (internal compiler error)
FAIL: c-c++-common/torture/builtin-arith-overflow-16.c -O2 -flto -flto-partition=none (test for excess errors)
WARNING: c-c++-common/torture/builtin-arith-overflow-16.c -O2 -flto -flto-partition=none compilation failed to produce executable
FAIL: c-c++-common/torture/builtin-arith-overflow-17.c -O0 (internal compiler error)
FAIL: c-c++-common/torture/builtin-arith-overflow-17.c -O0 (test for excess errors)
WARNING: c-c++-common/torture/builtin-arith-overflow-17.c -O0 compilation failed to produce executable
FAIL: c-c++-common/torture/builtin-arith-overflow-17.c -O2 (internal compiler error)
FAIL: c-c++-common/torture/builtin-arith-overflow-17.c -O2 (test for excess errors)
WARNING: c-c++-common/torture/builtin-arith-overflow-17.c -O2 compilation failed to produce executable
FAIL: c-c++-common/torture/builtin-arith-overflow-17.c -O2 -flto (internal compiler error)
FAIL: c-c++-common/torture/builtin-arith-overflow-17.c -O2 -flto (test for excess errors)
WARNING: c-c++-common/torture/builtin-arith-overflow-17.c -O2 -flto compilation failed to produce executable
FAIL: c-c++-common/torture/builtin-arith-overflow-17.c -O2 -flto -flto-partition=none (internal compiler error)
FAIL: c-c++-common/torture/builtin-arith-overflow-17.c -O2 -flto -flto-partition=none (test for excess errors)
WARNING: c-c++-common/torture/builtin-arith-overflow-17.c -O2 -flto -flto-partition=none compilation failed to produce executable
FAIL: c-c++-common/torture/builtin-arith-overflow-18.c -O2 (internal compiler error)
FAIL: c-c++-common/torture/builtin-arith-overflow-18.c -O2 (test for excess errors)
WARNING: c-c++-common/torture/builtin-arith-overflow-18.c -O2 compilation failed to produce executable
FAIL: c-c++-common/torture/builtin-arith-overflow-18.c -O2 -flto (internal compiler error)
FAIL: c-c++-common/torture/builtin-arith-overflow-18.c -O2 -flto (test for excess errors)
WARNING: c-c++-common/torture/builtin-arith-overflow-18.c -O2 -flto compilation failed to produce executable
FAIL: c-c++-common/torture/builtin-arith-overflow-18.c -O2 -flto -flto-partition=none (internal compiler error)
FAIL: c-c++-common/torture/builtin-arith-overflow-18.c -O2 -flto -flto-partition=none (test for excess errors)
WARNING: c-c++-common/torture/builtin-arith-overflow-18.c -O2 -flto -flto-partition=none compilation failed to produce executable
FAIL: c-c++-common/torture/builtin-arith-overflow-2.c -O0 (internal compiler error)
FAIL: c-c++-common/torture/builtin-arith-overflow-2.c -O0 (test for excess errors)
WARNING: c-c++-common/torture/builtin-arith-overflow-2.c -O0 compilation failed to produce executable
FAIL: c-c++-common/torture/builtin-arith-overflow-2.c -O2 (internal compiler error)
FAIL: c-c++-common/torture/builtin-arith-overflow-2.c -O2 (test for excess errors)
WARNING: c-c++-common/torture/builtin-arith-overflow-2.c -O2 compilation failed to produce executable
FAIL: c-c++-common/torture/builtin-arith-overflow-2.c -O2 -flto (internal compiler error)
FAIL: c-c++-common/torture/builtin-arith-overflow-2.c -O2 -flto (test for excess errors)
WARNING: c-c++-common/torture/builtin-arith-overflow-2.c -O2 -flto compilation failed to produce executable
FAIL: c-c++-common/torture/builtin-arith-overflow-2.c -O2 -flto -flto-partition=none (internal compiler error)
FAIL: c-c++-common/torture/builtin-arith-overflow-2.c -O2 -flto -flto-partition=none (test for excess errors)
WARNING: c-c++-common/torture/builtin-arith-overflow-2.c -O2 -flto -flto-partition=none compilation failed to produce executable
FAIL: c-c++-common/torture/builtin-arith-overflow-3.c -O0 (internal compiler error)
FAIL: c-c++-common/torture/builtin-arith-overflow-3.c -O0 (test for excess errors)
WARNING: c-c++-common/torture/builtin-arith-overflow-3.c -O0 compilation failed to produce executable
FAIL: c-c++-common/torture/builtin-arith-overflow-3.c -O2 (internal compiler error)
FAIL: c-c++-common/torture/builtin-arith-overflow-3.c -O2 (test for excess errors)
WARNING: c-c++-common/torture/builtin-arith-overflow-3.c -O2 compilation failed to produce executable
FAIL: c-c++-common/torture/builtin-arith-overflow-3.c -O2 -flto (internal compiler error)
FAIL: c-c++-common/torture/builtin-arith-overflow-3.c -O2 -flto (test for excess errors)
WARNING: c-c++-common/torture/builtin-arith-overflow-3.c -O2 -flto compilation failed to produce executable
FAIL: c-c++-common/torture/builtin-arith-overflow-3.c -O2 -flto -flto-partition=none (internal compiler error)
FAIL: c-c++-common/torture/builtin-arith-overflow-3.c -O2 -flto -flto-partition=none (test for excess errors)
WARNING: c-c++-common/torture/builtin-arith-overflow-3.c -O2 -flto -flto-partition=none compilation failed to produce executable
FAIL: c-c++-common/torture/builtin-arith-overflow-4.c -O0 (internal compiler error)
FAIL: c-c++-common/torture/builtin-arith-overflow-4.c -O0 (test for excess errors)
WARNING: c-c++-common/torture/builtin-arith-overflow-4.c -O0 compilation failed to produce executable
FAIL: c-c++-common/torture/builtin-arith-overflow-4.c -O2 (internal compiler error)
FAIL: c-c++-common/torture/builtin-arith-overflow-4.c -O2 (test for excess errors)
WARNING: c-c++-common/torture/builtin-arith-overflow-4.c -O2 compilation failed to produce executable
FAIL: c-c++-common/torture/builtin-arith-overflow-4.c -O2 -flto -flto-partition=none (internal compiler error)
FAIL: c-c++-common/torture/builtin-arith-overflow-4.c -O2 -flto -flto-partition=none (test for excess errors)
WARNING: c-c++-common/torture/builtin-arith-overflow-4.c -O2 -flto -flto-partition=none compilation failed to produce executable
FAIL: c-c++-common/torture/builtin-arith-overflow-5.c -O0 (internal compiler error)
FAIL: c-c++-common/torture/builtin-arith-overflow-5.c -O0 (test for excess errors)
WARNING: c-c++-common/torture/builtin-arith-overflow-5.c -O0 compilation failed to produce executable
FAIL: c-c++-common/torture/builtin-arith-overflow-5.c -O2 (internal compiler error)
FAIL: c-c++-common/torture/builtin-arith-overflow-5.c -O2 (test for excess errors)
WARNING: c-c++-common/torture/builtin-arith-overflow-5.c -O2 compilation failed to produce executable
FAIL: c-c++-common/torture/builtin-arith-overflow-5.c -O2 -flto (internal compiler error)
FAIL: c-c++-common/torture/builtin-arith-overflow-5.c -O2 -flto (test for excess errors)
WARNING: c-c++-common/torture/builtin-arith-overflow-5.c -O2 -flto compilation failed to produce executable
FAIL: c-c++-common/torture/builtin-arith-overflow-5.c -O2 -flto -flto-partition=none (internal compiler error)
FAIL: c-c++-common/torture/builtin-arith-overflow-5.c -O2 -flto -flto-partition=none (test for excess errors)
WARNING: c-c++-common/torture/builtin-arith-overflow-5.c -O2 -flto -flto-partition=none compilation failed to produce executable
FAIL: c-c++-common/torture/builtin-arith-overflow-6.c -O0 (internal compiler error)
FAIL: c-c++-common/torture/builtin-arith-overflow-6.c -O0 (test for excess errors)
WARNING: c-c++-common/torture/builtin-arith-overflow-6.c -O0 compilation failed to produce executable
FAIL: c-c++-common/torture/builtin-arith-overflow-6.c -O2 (internal compiler error)
FAIL: c-c++-common/torture/builtin-arith-overflow-6.c -O2 (test for excess errors)
WARNING: c-c++-common/torture/builtin-arith-overflow-6.c -O2 compilation failed to produce executable
FAIL: c-c++-common/torture/builtin-arith-overflow-6.c -O2 -flto -flto-partition=none (internal compiler error)
FAIL: c-c++-common/torture/builtin-arith-overflow-6.c -O2 -flto -flto-partition=none (test for excess errors)
WARNING: c-c++-common/torture/builtin-arith-overflow-6.c -O2 -flto -flto-partition=none compilation failed to produce executable
FAIL: c-c++-common/torture/builtin-arith-overflow-7.c -O0 (internal compiler error)
FAIL: c-c++-common/torture/builtin-arith-overflow-7.c -O0 (test for excess errors)
WARNING: c-c++-common/torture/builtin-arith-overflow-7.c -O0 compilation failed to produce executable
FAIL: c-c++-common/torture/builtin-arith-overflow-9.c -O2 (internal compiler error)
FAIL: c-c++-common/torture/builtin-arith-overflow-9.c -O2 (test for excess errors)
WARNING: c-c++-common/torture/builtin-arith-overflow-9.c -O2 compilation failed to produce executable
FAIL: c-c++-common/torture/builtin-arith-overflow-9.c -O2 -flto (internal compiler error)
FAIL: c-c++-common/torture/builtin-arith-overflow-9.c -O2 -flto (test for excess errors)
WARNING: c-c++-common/torture/builtin-arith-overflow-9.c -O2 -flto compilation failed to produce executable
FAIL: c-c++-common/torture/complex-sign-mixed-add.c -O2 -flto -flto-partition=none (internal compiler error)
FAIL: c-c++-common/torture/complex-sign-mixed-add.c -O2 -flto -flto-partition=none (test for excess errors)
WARNING: c-c++-common/torture/complex-sign-mixed-add.c -O2 -flto -flto-partition=none compilation failed to produce executable
FAIL: c-c++-common/torture/complex-sign-mixed-add.c -O3 -g (internal compiler error)
FAIL: c-c++-common/torture/complex-sign-mixed-add.c -O3 -g (test for excess errors)
WARNING: c-c++-common/torture/complex-sign-mixed-add.c -O3 -g compilation failed to produce executable
FAIL: c-c++-common/torture/complex-sign-mixed-div.c -O1 (internal compiler error)
FAIL: c-c++-common/torture/complex-sign-mixed-div.c -O1 (test for excess errors)
WARNING: c-c++-common/torture/complex-sign-mixed-div.c -O1 compilation failed to produce executable
FAIL: c-c++-common/torture/complex-sign-mixed-mul.c -O0 (internal compiler error)
FAIL: c-c++-common/torture/complex-sign-mixed-mul.c -O0 (test for excess errors)
WARNING: c-c++-common/torture/complex-sign-mixed-mul.c -O0 compilation failed to produce executable
FAIL: c-c++-common/torture/complex-sign-mixed-mul.c -O2 (internal compiler error)
FAIL: c-c++-common/torture/complex-sign-mixed-mul.c -O2 (test for excess errors)
WARNING: c-c++-common/torture/complex-sign-mixed-mul.c -O2 compilation failed to produce executable
FAIL: c-c++-common/torture/complex-sign-mixed-mul.c -O2 -flto (internal compiler error)
FAIL: c-c++-common/torture/complex-sign-mixed-mul.c -O2 -flto (test for excess errors)
WARNING: c-c++-common/torture/complex-sign-mixed-mul.c -O2 -flto compilation failed to produce executable
FAIL: c-c++-common/torture/complex-sign-mul-one.c -O1 (internal compiler error)
FAIL: c-c++-common/torture/complex-sign-mul-one.c -O1 (test for excess errors)
WARNING: c-c++-common/torture/complex-sign-mul-one.c -O1 compilation failed to produce executable
FAIL: c-c++-common/torture/complex-sign-mul-one.c -O3 -g (internal compiler error)
FAIL: c-c++-common/torture/complex-sign-mul-one.c -O3 -g (test for excess errors)
WARNING: c-c++-common/torture/complex-sign-mul-one.c -O3 -g compilation failed to produce executable
FAIL: c-c++-common/torture/complex-sign-mul-one.c -Os (internal compiler error)
FAIL: c-c++-common/torture/complex-sign-mul-one.c -Os (test for excess errors)
WARNING: c-c++-common/torture/complex-sign-mul-one.c -Os compilation failed to produce executable
FAIL: c-c++-common/torture/complex-sign-mul.c -O3 -fomit-frame-pointer -funroll-loops -fpeel-loops -ftracer -finline-functions (internal compiler error)
FAIL: c-c++-common/torture/complex-sign-mul.c -O3 -fomit-frame-pointer -funroll-loops -fpeel-loops -ftracer -finline-functions (test for excess errors)
WARNING: c-c++-common/torture/complex-sign-mul.c -O3 -fomit-frame-pointer -funroll-loops -fpeel-loops -ftracer -finline-functions compilation failed to produce executable
FAIL: c-c++-common/torture/complex-sign-sub.c -O3 -g (internal compiler error)
FAIL: c-c++-common/torture/complex-sign-sub.c -O3 -g (test for excess errors)
WARNING: c-c++-common/torture/complex-sign-sub.c -O3 -g compilation failed to produce executable
FAIL: c-c++-common/torture/pr58794-1.c -O2 -flto (internal compiler error)
FAIL: c-c++-common/torture/pr58794-1.c -O2 -flto (test for excess errors)
FAIL: c-c++-common/torture/pr58794-2.c -Os (internal compiler error)
FAIL: c-c++-common/torture/pr58794-2.c -Os (test for excess errors)
FAIL: c-c++-common/torture/pr60971.c -O2 -flto (internal compiler error)
FAIL: c-c++-common/torture/pr60971.c -O2 -flto (test for excess errors)
WARNING: c-c++-common/torture/pr60971.c -O2 -flto compilation failed to produce executable
FAIL: c-c++-common/torture/vector-compare-1.c -O3 -fomit-frame-pointer -funroll-loops -fpeel-loops -ftracer -finline-functions (internal compiler error)
FAIL: c-c++-common/torture/vector-compare-1.c -O3 -fomit-frame-pointer -funroll-loops -fpeel-loops -ftracer -finline-functions (test for excess errors)
WARNING: c-c++-common/torture/vector-compare-1.c -O3 -fomit-frame-pointer -funroll-loops -fpeel-loops -ftracer -finline-functions compilation failed to produce executable
FAIL: c-c++-common/torture/vector-shift.c -O3 -fomit-frame-pointer -funroll-loops -fpeel-loops -ftracer -finline-functions (internal compiler error)
FAIL: c-c++-common/torture/vector-shift.c -O3 -fomit-frame-pointer -funroll-loops -fpeel-loops -ftracer -finline-functions (test for excess errors)
WARNING: c-c++-common/torture/vector-shift.c -O3 -fomit-frame-pointer -funroll-loops -fpeel-loops -ftracer -finline-functions compilation failed to produce executable
FAIL: c-c++-common/torture/vshuf-v2di.c -O1 (internal compiler error)
FAIL: c-c++-common/torture/vshuf-v2di.c -O1 (test for excess errors)
FAIL: c-c++-common/torture/vshuf-v4df.c -O1 (internal compiler error)
FAIL: c-c++-common/torture/vshuf-v4df.c -O1 (test for excess errors)
FAIL: c-c++-common/torture/vshuf-v4df.c -O3 -g (internal compiler error)
FAIL: c-c++-common/torture/vshuf-v4df.c -O3 -g (test for excess errors)
FAIL: c-c++-common/torture/vshuf-v4sf.c -Os (internal compiler error)
FAIL: c-c++-common/torture/vshuf-v4sf.c -Os (test for excess errors)
FAIL: c-c++-common/torture/vshuf-v8hi.c -O2 -flto (internal compiler error)
FAIL: c-c++-common/torture/vshuf-v8hi.c -O2 -flto (test for excess errors)
FAIL: g++.dg/torture/pr30252.C -O2 -flto -flto-partition=none (internal compiler error)
FAIL: g++.dg/torture/pr30252.C -O2 -flto -flto-partition=none (test for excess errors)
WARNING: g++.dg/torture/pr30252.C -O2 -flto -flto-partition=none compilation failed to produce executable
FAIL: g++.dg/torture/pr31863.C -O2 -flto (internal compiler error)
FAIL: g++.dg/torture/pr31863.C -O2 -flto (test for excess errors)
FAIL: g++.dg/torture/pr31863.C -Os (test for excess errors)
FAIL: g++.dg/torture/pr33572.C -O3 -g (internal compiler error)
FAIL: g++.dg/torture/pr33572.C -O3 -g (test for excess errors)
WARNING: g++.dg/torture/pr33572.C -O3 -g compilation failed to produce executable
FAIL: g++.dg/torture/pr34651.C -O2 -flto -flto-partition=none (internal compiler error)
FAIL: g++.dg/torture/pr34651.C -O2 -flto -flto-partition=none (test for excess errors)
FAIL: g++.dg/torture/pr34850.C -Os (test for warnings, line 15)
FAIL: g++.dg/torture/pr34850.C -Os (internal compiler error)
FAIL: g++.dg/torture/pr34850.C -Os (test for excess errors)
FAIL: g++.dg/torture/pr36745.C -Os (internal compiler error)
FAIL: g++.dg/torture/pr36745.C -Os (test for excess errors)
FAIL: g++.dg/torture/pr37146-1.C -Os (internal compiler error)
FAIL: g++.dg/torture/pr37146-1.C -Os (test for excess errors)
WARNING: g++.dg/torture/pr37146-1.C -Os compilation failed to produce executable
FAIL: g++.dg/torture/pr37146-2.C -Os (internal compiler error)
FAIL: g++.dg/torture/pr37146-2.C -Os (test for excess errors)
WARNING: g++.dg/torture/pr37146-2.C -Os compilation failed to produce executable
FAIL: g++.dg/torture/pr37716.C -O2 -flto -flto-partition=none (internal compiler error)
FAIL: g++.dg/torture/pr37716.C -O2 -flto -flto-partition=none (test for excess errors)
FAIL: g++.dg/torture/pr37922.C -O3 -g (internal compiler error)
FAIL: g++.dg/torture/pr37922.C -O3 -g (test for excess errors)
WARNING: g++.dg/torture/pr37922.C -O3 -g compilation failed to produce executable
FAIL: g++.dg/torture/pr38811.C -O1 (internal compiler error)
FAIL: g++.dg/torture/pr38811.C -O1 (test for excess errors)
FAIL: g++.dg/torture/pr39002.C -O2 -flto -flto-partition=none (internal compiler error)
FAIL: g++.dg/torture/pr39002.C -O2 -flto -flto-partition=none (test for excess errors)
WARNING: g++.dg/torture/pr39002.C -O2 -flto -flto-partition=none compilation failed to produce executable
FAIL: g++.dg/torture/pr39417.C -O2 -flto (internal compiler error)
FAIL: g++.dg/torture/pr39417.C -O2 -flto (test for excess errors)
WARNING: g++.dg/torture/pr39417.C -O2 -flto compilation failed to produce executable
FAIL: g++.dg/torture/pr40335.C -O2 -flto -flto-partition=none (internal compiler error)
FAIL: g++.dg/torture/pr40335.C -O2 -flto -flto-partition=none (test for excess errors)
WARNING: g++.dg/torture/pr40335.C -O2 -flto -flto-partition=none compilation failed to produce executable
FAIL: g++.dg/torture/pr41680.C -Os (internal compiler error)
FAIL: g++.dg/torture/pr41680.C -Os (test for excess errors)
FAIL: g++.dg/torture/pr42450.C -O3 -g (internal compiler error)
FAIL: g++.dg/torture/pr42450.C -O3 -g (test for excess errors)
FAIL: g++.dg/torture/pr42462.C -O2 -flto (internal compiler error)
FAIL: g++.dg/torture/pr42462.C -O2 -flto (test for excess errors)
WARNING: g++.dg/torture/pr42462.C -O2 -flto compilation failed to produce executable
FAIL: g++.dg/torture/pr42704.C -O2 (internal compiler error)
FAIL: g++.dg/torture/pr42704.C -O2 (test for excess errors)
FAIL: g++.dg/torture/pr43879-1_1.C -O2 (internal compiler error)
FAIL: g++.dg/torture/pr43879-1_1.C -O2 (test for excess errors)
WARNING: g++.dg/torture/pr43879-1_1.C -O2 compilation failed to produce executable
FAIL: g++.dg/torture/pr44148.C -O0 (internal compiler error)
FAIL: g++.dg/torture/pr44148.C -O0 (test for excess errors)
FAIL: g++.dg/torture/pr44357.C -O3 -fomit-frame-pointer -funroll-loops -fpeel-loops -ftracer -finline-functions (internal compiler error)
FAIL: g++.dg/torture/pr44357.C -O3 -fomit-frame-pointer -funroll-loops -fpeel-loops -ftracer -finline-functions (test for excess errors)
FAIL: g++.dg/torture/pr44826.C -O2 (internal compiler error)
FAIL: g++.dg/torture/pr44826.C -O2 (test for excess errors)
FAIL: g++.dg/torture/pr44826.C -O2 -flto -flto-partition=none (internal compiler error)
FAIL: g++.dg/torture/pr44826.C -O2 -flto -flto-partition=none (test for excess errors)
FAIL: g++.dg/torture/pr45877.C -O1 (internal compiler error)
FAIL: g++.dg/torture/pr45877.C -O1 (test for excess errors)
FAIL: g++.dg/torture/pr46364.C -O1 (internal compiler error)
FAIL: g++.dg/torture/pr46364.C -O1 (test for excess errors)
FAIL: g++.dg/torture/pr46364.C -O2 -flto -flto-partition=none (internal compiler error)
FAIL: g++.dg/torture/pr46364.C -O2 -flto -flto-partition=none (test for excess errors)
FAIL: g++.dg/torture/pr46469.C -O1 (internal compiler error)
FAIL: g++.dg/torture/pr46469.C -O1 (test for excess errors)
FAIL: g++.dg/torture/pr47290.C -O3 -fomit-frame-pointer -funroll-loops -fpeel-loops -ftracer -finline-functions (internal compiler error)
FAIL: g++.dg/torture/pr47290.C -O3 -fomit-frame-pointer -funroll-loops -fpeel-loops -ftracer -finline-functions (test for excess errors)
FAIL: g++.dg/torture/pr48271.C -O2 -flto -flto-partition=none (internal compiler error)
FAIL: g++.dg/torture/pr48271.C -O2 -flto -flto-partition=none (test for excess errors)
FAIL: g++.dg/torture/pr48661.C -Os (internal compiler error)
FAIL: g++.dg/torture/pr48661.C -Os (test for excess errors)
WARNING: g++.dg/torture/pr48661.C -Os compilation failed to produce executable
FAIL: g++.dg/torture/pr49519.C -O2 (internal compiler error)
FAIL: g++.dg/torture/pr49519.C -O2 (test for excess errors)
WARNING: g++.dg/torture/pr49519.C -O2 compilation failed to produce executable
FAIL: g++.dg/torture/pr49628.C -O2 -flto -flto-partition=none (internal compiler error)
FAIL: g++.dg/torture/pr49628.C -O2 -flto -flto-partition=none (test for excess errors)
FAIL: g++.dg/torture/pr49644.C -O3 -fomit-frame-pointer -funroll-loops -fpeel-loops -ftracer -finline-functions (internal compiler error)
FAIL: g++.dg/torture/pr49644.C -O3 -fomit-frame-pointer -funroll-loops -fpeel-loops -ftracer -finline-functions (test for excess errors)
WARNING: g++.dg/torture/pr49644.C -O3 -fomit-frame-pointer -funroll-loops -fpeel-loops -ftracer -finline-functions compilation failed to produce executable
FAIL: g++.dg/torture/pr49938.C -O2 -flto (internal compiler error)
FAIL: g++.dg/torture/pr49938.C -O2 -flto (test for excess errors)
FAIL: g++.dg/torture/pr49938.C -Os (internal compiler error)
FAIL: g++.dg/torture/pr49938.C -Os (test for excess errors)
FAIL: g++.dg/torture/pr50189.C -O2 (internal compiler error)
FAIL: g++.dg/torture/pr50189.C -O2 (test for excess errors)
WARNING: g++.dg/torture/pr50189.C -O2 compilation failed to produce executable
FAIL: g++.dg/torture/pr51198.C -O2 -flto (internal compiler error)
FAIL: g++.dg/torture/pr51198.C -O2 -flto (test for excess errors)
FAIL: g++.dg/torture/pr51903.C -O3 -g (internal compiler error)
FAIL: g++.dg/torture/pr51903.C -O3 -g (test for excess errors)
FAIL: g++.dg/torture/pr53970.C -O1 (internal compiler error)
FAIL: g++.dg/torture/pr53970.C -O1 (test for excess errors)
WARNING: g++.dg/torture/pr53970.C -O1 compilation failed to produce executable
FAIL: g++.dg/torture/pr53970.C -O2 (internal compiler error)
FAIL: g++.dg/torture/pr53970.C -O2 (test for excess errors)
WARNING: g++.dg/torture/pr53970.C -O2 compilation failed to produce executable
FAIL: g++.dg/torture/pr54684.C -O2 (internal compiler error)
FAIL: g++.dg/torture/pr54684.C -O2 (test for excess errors)
FAIL: g++.dg/torture/pr55740.C -O2 (internal compiler error)
FAIL: g++.dg/torture/pr55740.C -O2 (test for excess errors)
FAIL: g++.dg/torture/pr55789.C -O2 (internal compiler error)
FAIL: g++.dg/torture/pr55789.C -O2 (test for excess errors)
FAIL: g++.dg/torture/pr56029.C -O2 -flto -flto-partition=none (internal compiler error)
FAIL: g++.dg/torture/pr56029.C -O2 -flto -flto-partition=none (test for excess errors)
FAIL: g++.dg/torture/pr56694.C -Os (internal compiler error)
FAIL: g++.dg/torture/pr56694.C -Os (test for excess errors)
FAIL: g++.dg/torture/pr57140.C -O2 (internal compiler error)
FAIL: g++.dg/torture/pr57140.C -O2 (test for excess errors)
FAIL: g++.dg/torture/pr58201_0.C -Os (internal compiler error)
FAIL: g++.dg/torture/pr58201_0.C -Os (test for excess errors)
FAIL: g++.dg/torture/pr58201_1.C -O2 -flto (internal compiler error)
FAIL: g++.dg/torture/pr58201_1.C -O2 -flto (test for excess errors)
FAIL: g++.dg/torture/pr58252.C -O3 -g (internal compiler error)
FAIL: g++.dg/torture/pr58252.C -O3 -g (test for excess errors)
FAIL: g++.dg/torture/pr58252.C -Os (internal compiler error)
FAIL: g++.dg/torture/pr58252.C -Os (test for excess errors)
FAIL: g++.dg/torture/pr58380.C -O3 -g (internal compiler error)
FAIL: g++.dg/torture/pr58380.C -O3 -g (test for excess errors)
FAIL: g++.dg/torture/pr58464.C -O2 -flto -flto-partition=none (internal compiler error)
FAIL: g++.dg/torture/pr58464.C -O2 -flto -flto-partition=none (test for excess errors)
FAIL: g++.dg/torture/pr58555.C -O3 -fomit-frame-pointer -funroll-loops -fpeel-loops -ftracer -finline-functions (internal compiler error)
FAIL: g++.dg/torture/pr58555.C -O3 -fomit-frame-pointer -funroll-loops -fpeel-loops -ftracer -finline-functions (test for excess errors)
FAIL: g++.dg/torture/pr58585.C -O2 -flto -flto-partition=none (internal compiler error)
FAIL: g++.dg/torture/pr58585.C -O2 -flto -flto-partition=none (test for excess errors)
FAIL: g++.dg/torture/pr58585.C -Os (internal compiler error)
FAIL: g++.dg/torture/pr58585.C -Os (test for excess errors)
FAIL: g++.dg/torture/pr60609.C -O2 -flto (internal compiler error)
FAIL: g++.dg/torture/pr60609.C -O2 -flto (test for excess errors)
FAIL: g++.dg/torture/pr60750.C -O2 (internal compiler error)
FAIL: g++.dg/torture/pr60750.C -O2 (test for excess errors)
WARNING: g++.dg/torture/pr60750.C -O2 compilation failed to produce executable
FAIL: g++.dg/torture/pr60750.C -O2 -flto (internal compiler error)
FAIL: g++.dg/torture/pr60750.C -O2 -flto (test for excess errors)
WARNING: g++.dg/torture/pr60750.C -O2 -flto compilation failed to produce executable
FAIL: g++.dg/torture/pr60750.C -O2 -flto -flto-partition=none (internal compiler error)
FAIL: g++.dg/torture/pr60750.C -O2 -flto -flto-partition=none (test for excess errors)
WARNING: g++.dg/torture/pr60750.C -O2 -flto -flto-partition=none compilation failed to produce executable
FAIL: g++.dg/torture/pr62175.C -O3 -g (internal compiler error)
FAIL: g++.dg/torture/pr62175.C -O3 -g (test for excess errors)
FAIL: g++.dg/torture/pr63419.C -O2 -flto -flto-partition=none (internal compiler error)
FAIL: g++.dg/torture/pr63419.C -O2 -flto -flto-partition=none (test for excess errors)
FAIL: g++.dg/torture/pr63419.C -O3 -fomit-frame-pointer -funroll-loops -fpeel-loops -ftracer -finline-functions (internal compiler error)
FAIL: g++.dg/torture/pr63419.C -O3 -fomit-frame-pointer -funroll-loops -fpeel-loops -ftracer -finline-functions (test for excess errors)
FAIL: g++.dg/torture/pr63512.C -O3 -g (internal compiler error)
FAIL: g++.dg/torture/pr63512.C -O3 -g (test for excess errors)
FAIL: g++.dg/torture/pr64312.C -O3 -g (internal compiler error)
FAIL: g++.dg/torture/pr64312.C -O3 -g (test for excess errors)
FAIL: g++.dg/torture/pr64568.C -O3 -fomit-frame-pointer -funroll-loops -fpeel-loops -ftracer -finline-functions (internal compiler error)
FAIL: g++.dg/torture/pr64568.C -O3 -fomit-frame-pointer -funroll-loops -fpeel-loops -ftracer -finline-functions (test for excess errors)
FAIL: g++.dg/torture/pr64988.C -O0 (internal compiler error)
FAIL: g++.dg/torture/pr64988.C -O0 (test for excess errors)
FAIL: g++.dg/torture/pr64988.C -Os (internal compiler error)
FAIL: g++.dg/torture/pr64988.C -Os (test for excess errors)
FAIL: g++.dg/torture/pr65655.C -O2 -flto -flto-partition=none (internal compiler error)
FAIL: g++.dg/torture/pr65655.C -O2 -flto -flto-partition=none (test for excess errors)
FAIL: g++.dg/torture/pr65694.C -O0 (internal compiler error)
FAIL: g++.dg/torture/pr65694.C -O0 (test for excess errors)
FAIL: g++.dg/torture/pr65694.C -O2 -flto -flto-partition=none (internal compiler error)
FAIL: g++.dg/torture/pr65694.C -O2 -flto -flto-partition=none (test for excess errors)
FAIL: g++.dg/torture/pr65851.C -O2 -flto (internal compiler error)
FAIL: g++.dg/torture/pr65851.C -O2 -flto (test for excess errors)
FAIL: g++.dg/torture/pr66280.C -Os (internal compiler error)
FAIL: g++.dg/torture/pr66280.C -Os (test for excess errors)
FAIL: g++.dg/torture/pr67055.C -O3 -g (internal compiler error)
FAIL: g++.dg/torture/pr67055.C -O3 -g (test for excess errors)
FAIL: g++.dg/torture/pr67191.C -O2 (internal compiler error)
FAIL: g++.dg/torture/pr67191.C -O2 (test for excess errors)
FAIL: g++.dg/torture/predcom-1.C -O0 (internal compiler error)
FAIL: g++.dg/torture/predcom-1.C -O0 (test for excess errors)
FAIL: g++.dg/torture/type-generic-1.C -O2 -flto -flto-partition=none (internal compiler error)
FAIL: g++.dg/torture/type-generic-1.C -O2 -flto -flto-partition=none (test for excess errors)
WARNING: g++.dg/torture/type-generic-1.C -O2 -flto -flto-partition=none compilation failed to produce executable
FAIL: g++.dg/torture/type-generic-1.C -Os (internal compiler error)
FAIL: g++.dg/torture/type-generic-1.C -Os (test for excess errors)
WARNING: g++.dg/torture/type-generic-1.C -Os compilation failed to produce executable
FAIL: g++.dg/torture/vshuf-v16qi.C -O0 (internal compiler error)
FAIL: g++.dg/torture/vshuf-v16qi.C -O0 (test for excess errors)
WARNING: g++.dg/torture/vshuf-v16qi.C -O0 compilation failed to produce executable
FAIL: g++.dg/torture/vshuf-v2sf.C -O3 -g (internal compiler error)
FAIL: g++.dg/torture/vshuf-v2sf.C -O3 -g (test for excess errors)
WARNING: g++.dg/torture/vshuf-v2sf.C -O3 -g compilation failed to produce executable
FAIL: g++.dg/torture/vshuf-v4di.C -Os (internal compiler error)
FAIL: g++.dg/torture/vshuf-v4di.C -Os (test for excess errors)
WARNING: g++.dg/torture/vshuf-v4di.C -Os compilation failed to produce executable
WARNING: program timed out.
FAIL: g++.dg/torture/stackalign/eh-global-1.C -O3 -g -fpic (internal compiler error)
FAIL: g++.dg/torture/stackalign/eh-global-1.C -O3 -g -fpic (test for excess errors)
WARNING: g++.dg/torture/stackalign/eh-global-1.C -O3 -g -fpic compilation failed to produce executable
FAIL: g++.dg/torture/stackalign/eh-inline-1.C -O3 -g -fpic (internal compiler error)
FAIL: g++.dg/torture/stackalign/eh-inline-1.C -O3 -g -fpic (test for excess errors)
WARNING: g++.dg/torture/stackalign/eh-inline-1.C -O3 -g -fpic compilation failed to produce executable
FAIL: g++.dg/torture/stackalign/eh-vararg-1.C -O2 (internal compiler error)
FAIL: g++.dg/torture/stackalign/eh-vararg-1.C -O2 (test for excess errors)
WARNING: g++.dg/torture/stackalign/eh-vararg-1.C -O2 compilation failed to produce executable
FAIL: g++.dg/torture/stackalign/eh-vararg-2.C -O2 -flto (internal compiler error)
FAIL: g++.dg/torture/stackalign/eh-vararg-2.C -O2 -flto (test for excess errors)
WARNING: g++.dg/torture/stackalign/eh-vararg-2.C -O2 -flto compilation failed to produce executable
FAIL: g++.dg/torture/stackalign/eh-vararg-2.C -O3 -g (internal compiler error)
FAIL: g++.dg/torture/stackalign/eh-vararg-2.C -O3 -g (test for excess errors)
WARNING: g++.dg/torture/stackalign/eh-vararg-2.C -O3 -g compilation failed to produce executable
FAIL: g++.dg/torture/stackalign/throw-1.C -O2 -flto -fpic (internal compiler error)
FAIL: g++.dg/torture/stackalign/throw-1.C -O2 -flto -fpic (test for excess errors)
WARNING: g++.dg/torture/stackalign/throw-1.C -O2 -flto -fpic compilation failed to produce executable
FAIL: g++.dg/torture/stackalign/throw-2.C -O1 -fpic (internal compiler error)
FAIL: g++.dg/torture/stackalign/throw-2.C -O1 -fpic (test for excess errors)
WARNING: g++.dg/torture/stackalign/throw-2.C -O1 -fpic compilation failed to produce executable
FAIL: g++.dg/torture/stackalign/throw-2.C -O2 -flto (internal compiler error)
FAIL: g++.dg/torture/stackalign/throw-2.C -O2 -flto (test for excess errors)
WARNING: g++.dg/torture/stackalign/throw-2.C -O2 -flto compilation failed to produce executable
FAIL: g++.dg/torture/stackalign/throw-2.C -O3 -g (internal compiler error)
FAIL: g++.dg/torture/stackalign/throw-2.C -O3 -g (test for excess errors)
WARNING: g++.dg/torture/stackalign/throw-2.C -O3 -g compilation failed to produce executable
FAIL: g++.dg/torture/stackalign/throw-4.C -O2 -fpic (internal compiler error)
FAIL: g++.dg/torture/stackalign/throw-4.C -O2 -fpic (test for excess errors)
WARNING: g++.dg/torture/stackalign/throw-4.C -O2 -fpic compilation failed to produce executable
FAIL: g++.dg/torture/stackalign/throw-4.C -O3 -fomit-frame-pointer -funroll-loops -fpeel-loops -ftracer -finline-functions (internal compiler error)
FAIL: g++.dg/torture/stackalign/throw-4.C -O3 -fomit-frame-pointer -funroll-loops -fpeel-loops -ftracer -finline-functions (test for excess errors)
WARNING: g++.dg/torture/stackalign/throw-4.C -O3 -fomit-frame-pointer -funroll-loops -fpeel-loops -ftracer -finline-functions compilation failed to produce executable
FAIL: g++.dg/tree-prof/pr53460.C compilation, -fprofile-use -D_PROFILE_USE (internal compiler error)
UNRESOLVED: g++.dg/tree-prof/pr53460.C execution, -fprofile-use -D_PROFILE_USE
FAIL: g++.dg/tree-prof/pr57451.C compilation, -fprofile-use -D_PROFILE_USE (internal compiler error)
UNRESOLVED: g++.dg/tree-prof/pr57451.C execution, -fprofile-use -D_PROFILE_USE
FAIL: g++.dg/tree-prof/pr63581.C compilation, -fprofile-generate -D_PROFILE_GENERATE (internal compiler error)
UNRESOLVED: g++.dg/tree-prof/pr63581.C compilation, -fprofile-use -D_PROFILE_USE
UNRESOLVED: g++.dg/tree-prof/pr63581.C execution, -fprofile-generate -D_PROFILE_GENERATE
UNRESOLVED: g++.dg/tree-prof/pr63581.C execution, -fprofile-use -D_PROFILE_USE
FAIL: g++.dg/vect/pr60729.cc -std=c++98 (internal compiler error)
FAIL: g++.dg/vect/pr60729.cc -std=c++98 (test for excess errors)
FAIL: g++.old-deja/g++.abi/cxa_vec.C -std=gnu++11 (internal compiler error)
FAIL: g++.old-deja/g++.abi/cxa_vec.C -std=gnu++11 (test for excess errors)
WARNING: g++.old-deja/g++.abi/cxa_vec.C -std=gnu++11 compilation failed to produce executable
FAIL: g++.old-deja/g++.abi/empty2.C -std=c++11 (internal compiler error)
FAIL: g++.old-deja/g++.abi/empty2.C -std=c++11 (test for excess errors)
FAIL: g++.old-deja/g++.abi/vbase4.C -std=c++14 (internal compiler error)
FAIL: g++.old-deja/g++.abi/vbase4.C -std=c++14 (test for excess errors)
WARNING: g++.old-deja/g++.abi/vbase4.C -std=c++14 compilation failed to produce executable
FAIL: g++.old-deja/g++.abi/vtable.C -std=gnu++11 (internal compiler error)
FAIL: g++.old-deja/g++.abi/vtable.C -std=gnu++11 (test for excess errors)
WARNING: g++.old-deja/g++.abi/vtable.C -std=gnu++11 compilation failed to produce executable
FAIL: g++.old-deja/g++.abi/vtable3b.C -std=c++14 (internal compiler error)
FAIL: g++.old-deja/g++.abi/vtable3b.C -std=c++14 (test for excess errors)
WARNING: g++.old-deja/g++.abi/vtable3b.C -std=c++14 compilation failed to produce executable
FAIL: g++.old-deja/g++.abi/vtable3d.C -std=c++11 (internal compiler error)
FAIL: g++.old-deja/g++.abi/vtable3d.C -std=c++11 (test for excess errors)
WARNING: g++.old-deja/g++.abi/vtable3d.C -std=c++11 compilation failed to produce executable
FAIL: g++.old-deja/g++.abi/vtable3d.C -std=c++14 (internal compiler error)
FAIL: g++.old-deja/g++.abi/vtable3d.C -std=c++14 (test for excess errors)
WARNING: g++.old-deja/g++.abi/vtable3d.C -std=c++14 compilation failed to produce executable
FAIL: g++.old-deja/g++.abi/vtable3d.C -std=c++98 (internal compiler error)
FAIL: g++.old-deja/g++.abi/vtable3d.C -std=c++98 (test for excess errors)
WARNING: g++.old-deja/g++.abi/vtable3d.C -std=c++98 compilation failed to produce executable
FAIL: g++.old-deja/g++.abi/vtable3j.C -std=c++11 (internal compiler error)
FAIL: g++.old-deja/g++.abi/vtable3j.C -std=c++11 (test for excess errors)
WARNING: g++.old-deja/g++.abi/vtable3j.C -std=c++11 compilation failed to produce executable
FAIL: g++.old-deja/g++.benjamin/16567.C -std=c++11 (internal compiler error)
FAIL: g++.old-deja/g++.benjamin/16567.C -std=c++11 (test for excess errors)
FAIL: g++.old-deja/g++.benjamin/typeid01.C -std=c++11 (internal compiler error)
FAIL: g++.old-deja/g++.benjamin/typeid01.C -std=c++11 (test for excess errors)
WARNING: g++.old-deja/g++.benjamin/typeid01.C -std=c++11 compilation failed to produce executable
FAIL: g++.old-deja/g++.benjamin/warn01.C -std=gnu++14 (internal compiler error)
FAIL: g++.old-deja/g++.benjamin/warn01.C -std=gnu++14 (test for excess errors)
FAIL: g++.old-deja/g++.brendan/copy2.C -std=c++11 (internal compiler error)
FAIL: g++.old-deja/g++.brendan/copy2.C -std=c++11 (test for excess errors)
WARNING: g++.old-deja/g++.brendan/copy2.C -std=c++11 compilation failed to produce executable
FAIL: g++.old-deja/g++.brendan/crash15.C -std=c++11 (internal compiler error)
FAIL: g++.old-deja/g++.brendan/crash15.C -std=c++11 (test for excess errors)
FAIL: g++.old-deja/g++.brendan/crash2.C -std=c++98 (internal compiler error)
FAIL: g++.old-deja/g++.brendan/crash2.C -std=c++98 (test for excess errors)
FAIL: g++.old-deja/g++.brendan/crash24.C -std=gnu++98 (internal compiler error)
FAIL: g++.old-deja/g++.brendan/crash24.C -std=gnu++98 (test for excess errors)
FAIL: g++.old-deja/g++.brendan/dtors1.C -std=c++98 (internal compiler error)
FAIL: g++.old-deja/g++.brendan/dtors1.C -std=c++98 (test for excess errors)
WARNING: g++.old-deja/g++.brendan/dtors1.C -std=c++98 compilation failed to produce executable
FAIL: g++.old-deja/g++.brendan/nest24.C -std=c++11 (internal compiler error)
FAIL: g++.old-deja/g++.brendan/nest24.C -std=c++11 (test for excess errors)
FAIL: g++.old-deja/g++.brendan/operators5.C -std=c++11 (internal compiler error)
FAIL: g++.old-deja/g++.brendan/operators5.C -std=c++11 (test for excess errors)
WARNING: g++.old-deja/g++.brendan/operators5.C -std=c++11 compilation failed to produce executable
FAIL: g++.old-deja/g++.brendan/overload10.C -std=c++14 (internal compiler error)
FAIL: g++.old-deja/g++.brendan/overload10.C -std=c++14 (test for excess errors)
FAIL: g++.old-deja/g++.brendan/ptolemy2.C -std=c++14 (internal compiler error)
FAIL: g++.old-deja/g++.brendan/ptolemy2.C -std=c++14 (test for excess errors)
WARNING: g++.old-deja/g++.brendan/ptolemy2.C -std=c++14 compilation failed to produce executable
FAIL: g++.old-deja/g++.bugs/900331_03.C -std=gnu++98 (internal compiler error)
FAIL: g++.old-deja/g++.bugs/900331_03.C -std=gnu++98 (test for excess errors)
WARNING: g++.old-deja/g++.bugs/900331_03.C -std=gnu++98 compilation failed to produce executable
FAIL: g++.old-deja/g++.eh/catch3p.C -std=gnu++14 (internal compiler error)
FAIL: g++.old-deja/g++.eh/catch3p.C -std=gnu++14 (test for excess errors)
WARNING: g++.old-deja/g++.eh/catch3p.C -std=gnu++14 compilation failed to produce executable
FAIL: g++.old-deja/g++.eh/catch5.C -std=gnu++11 (internal compiler error)
FAIL: g++.old-deja/g++.eh/catch5.C -std=gnu++11 (test for excess errors)
WARNING: g++.old-deja/g++.eh/catch5.C -std=gnu++11 compilation failed to produce executable
FAIL: g++.old-deja/g++.eh/catch5.C -std=gnu++14 (internal compiler error)
FAIL: g++.old-deja/g++.eh/catch5.C -std=gnu++14 (test for excess errors)
WARNING: g++.old-deja/g++.eh/catch5.C -std=gnu++14 compilation failed to produce executable
FAIL: g++.old-deja/g++.eh/catch6p.C -std=gnu++14 (internal compiler error)
FAIL: g++.old-deja/g++.eh/catch6p.C -std=gnu++14 (test for excess errors)
WARNING: g++.old-deja/g++.eh/catch6p.C -std=gnu++14 compilation failed to produce executable
FAIL: g++.old-deja/g++.eh/cleanup2.C -std=c++98 (internal compiler error)
FAIL: g++.old-deja/g++.eh/cleanup2.C -std=c++98 (test for excess errors)
WARNING: g++.old-deja/g++.eh/cleanup2.C -std=c++98 compilation failed to produce executable
FAIL: g++.old-deja/g++.eh/rethrow2.C -std=c++14 (internal compiler error)
FAIL: g++.old-deja/g++.eh/rethrow2.C -std=c++14 (test for excess errors)
WARNING: g++.old-deja/g++.eh/rethrow2.C -std=c++14 compilation failed to produce executable
FAIL: g++.old-deja/g++.eh/spec3.C -std=c++11 (internal compiler error)
FAIL: g++.old-deja/g++.eh/spec3.C -std=c++11 (test for excess errors)
WARNING: g++.old-deja/g++.eh/spec3.C -std=c++11 compilation failed to produce executable
FAIL: g++.old-deja/g++.gb/scope11.C -std=c++11 (internal compiler error)
FAIL: g++.old-deja/g++.gb/scope11.C -std=c++11 (test for excess errors)
FAIL: g++.old-deja/g++.jason/builtin2.C -std=c++14 (internal compiler error)
FAIL: g++.old-deja/g++.jason/builtin2.C -std=c++14 (test for excess errors)
FAIL: g++.old-deja/g++.jason/context.C -std=c++14 (internal compiler error)
FAIL: g++.old-deja/g++.jason/context.C -std=c++14 (test for excess errors)
FAIL: g++.old-deja/g++.jason/dtor3.C -std=c++98 (internal compiler error)
FAIL: g++.old-deja/g++.jason/dtor3.C -std=c++98 (test for excess errors)
FAIL: g++.old-deja/g++.jason/dtor5.C -std=c++11 (internal compiler error)
FAIL: g++.old-deja/g++.jason/dtor5.C -std=c++11 (test for excess errors)
WARNING: g++.old-deja/g++.jason/dtor5.C -std=c++11 compilation failed to produce executable
FAIL: g++.old-deja/g++.jason/friend.C -std=c++98 (internal compiler error)
FAIL: g++.old-deja/g++.jason/friend.C -std=c++98 (test for excess errors)
WARNING: g++.old-deja/g++.jason/friend.C -std=c++98 compilation failed to produce executable
FAIL: g++.old-deja/g++.jason/inline3.C -std=gnu++11 (internal compiler error)
FAIL: g++.old-deja/g++.jason/inline3.C -std=gnu++11 (test for excess errors)
WARNING: g++.old-deja/g++.jason/inline3.C -std=gnu++11 compilation failed to produce executable
FAIL: g++.old-deja/g++.jason/opeq.C -std=c++14 (internal compiler error)
FAIL: g++.old-deja/g++.jason/opeq.C -std=c++14 (test for excess errors)
WARNING: g++.old-deja/g++.jason/opeq.C -std=c++14 compilation failed to produce executable
FAIL: g++.old-deja/g++.jason/overload33.C -std=c++11 (internal compiler error)
FAIL: g++.old-deja/g++.jason/overload33.C -std=c++11 (test for excess errors)
FAIL: g++.old-deja/g++.jason/rvalue1.C -std=c++14 (internal compiler error)
FAIL: g++.old-deja/g++.jason/rvalue1.C -std=c++14 (test for excess errors)
WARNING: g++.old-deja/g++.jason/rvalue1.C -std=c++14 compilation failed to produce executable
FAIL: g++.old-deja/g++.law/ctors15.C -std=c++14 (internal compiler error)
FAIL: g++.old-deja/g++.law/ctors15.C -std=c++14 (test for excess errors)
WARNING: g++.old-deja/g++.law/ctors15.C -std=c++14 compilation failed to produce executable
FAIL: g++.old-deja/g++.law/cvt10.C -std=c++11 (internal compiler error)
FAIL: g++.old-deja/g++.law/cvt10.C -std=c++11 (test for excess errors)
FAIL: g++.old-deja/g++.law/init14.C -std=c++98 (internal compiler error)
FAIL: g++.old-deja/g++.law/init14.C -std=c++98 (test for excess errors)
WARNING: g++.old-deja/g++.law/init14.C -std=c++98 compilation failed to produce executable
FAIL: g++.old-deja/g++.law/operators8.C -std=c++98 (internal compiler error)
FAIL: g++.old-deja/g++.law/operators8.C -std=c++98 (test for excess errors)
WARNING: g++.old-deja/g++.law/operators8.C -std=c++98 compilation failed to produce executable
FAIL: g++.old-deja/g++.law/static-mem2.C -std=c++14 (internal compiler error)
FAIL: g++.old-deja/g++.law/static-mem2.C -std=c++14 (test for excess errors)
FAIL: g++.old-deja/g++.law/vbase1.C -std=c++98 (internal compiler error)
FAIL: g++.old-deja/g++.law/vbase1.C -std=c++98 (test for excess errors)
FAIL: g++.old-deja/g++.law/visibility13.C -std=c++11 (test for errors, line 19)
FAIL: g++.old-deja/g++.law/visibility13.C -std=c++11 (test for errors, line 79)
FAIL: g++.old-deja/g++.law/visibility13.C -std=c++11 (test for errors, line 80)
FAIL: g++.old-deja/g++.law/visibility13.C -std=c++11 (internal compiler error)
FAIL: g++.old-deja/g++.law/visibility13.C -std=c++11 (test for excess errors)
FAIL: g++.old-deja/g++.martin/bitset1.C -std=c++98 (internal compiler error)
FAIL: g++.old-deja/g++.martin/bitset1.C -std=c++98 (test for excess errors)
WARNING: g++.old-deja/g++.martin/bitset1.C -std=c++98 compilation failed to produce executable
FAIL: g++.old-deja/g++.martin/new1.C -std=c++11 (internal compiler error)
FAIL: g++.old-deja/g++.martin/new1.C -std=c++11 (test for excess errors)
WARNING: g++.old-deja/g++.martin/new1.C -std=c++11 compilation failed to produce executable
FAIL: g++.old-deja/g++.martin/pmf1.C -std=c++14 (internal compiler error)
FAIL: g++.old-deja/g++.martin/pmf1.C -std=c++14 (test for excess errors)
WARNING: g++.old-deja/g++.martin/pmf1.C -std=c++14 compilation failed to produce executable
FAIL: g++.old-deja/g++.mike/dyncast5.C -std=c++11 (internal compiler error)
FAIL: g++.old-deja/g++.mike/dyncast5.C -std=c++11 (test for excess errors)
WARNING: g++.old-deja/g++.mike/dyncast5.C -std=c++11 compilation failed to produce executable
FAIL: g++.old-deja/g++.mike/eh29.C -std=gnu++98 (internal compiler error)
FAIL: g++.old-deja/g++.mike/eh29.C -std=gnu++98 (test for excess errors)
WARNING: g++.old-deja/g++.mike/eh29.C -std=gnu++98 compilation failed to produce executable
FAIL: g++.old-deja/g++.mike/net25.C -std=c++11 (internal compiler error)
FAIL: g++.old-deja/g++.mike/net25.C -std=c++11 (test for excess errors)
FAIL: g++.old-deja/g++.mike/p11012.C -std=gnu++11 (internal compiler error)
FAIL: g++.old-deja/g++.mike/p11012.C -std=gnu++11 (test for excess errors)
FAIL: g++.old-deja/g++.mike/p3708.C -std=c++14 (internal compiler error)
FAIL: g++.old-deja/g++.mike/p3708.C -std=c++14 (test for excess errors)
WARNING: g++.old-deja/g++.mike/p3708.C -std=c++14 compilation failed to produce executable
FAIL: g++.old-deja/g++.mike/p3708b.C -std=c++11 (internal compiler error)
FAIL: g++.old-deja/g++.mike/p3708b.C -std=c++11 (test for excess errors)
WARNING: g++.old-deja/g++.mike/p3708b.C -std=c++11 compilation failed to produce executable
FAIL: g++.old-deja/g++.mike/p4246.C -std=c++14 (internal compiler error)
FAIL: g++.old-deja/g++.mike/p4246.C -std=c++14 (test for excess errors)
WARNING: g++.old-deja/g++.mike/p4246.C -std=c++14 compilation failed to produce executable
FAIL: g++.old-deja/g++.mike/p4736a.C -std=c++14 (internal compiler error)
FAIL: g++.old-deja/g++.mike/p4736a.C -std=c++14 (test for excess errors)
WARNING: g++.old-deja/g++.mike/p4736a.C -std=c++14 compilation failed to produce executable
FAIL: g++.old-deja/g++.mike/p4736b.C -std=gnu++11 (internal compiler error)
FAIL: g++.old-deja/g++.mike/p4736b.C -std=gnu++11 (test for excess errors)
WARNING: g++.old-deja/g++.mike/p4736b.C -std=gnu++11 compilation failed to produce executable
FAIL: g++.old-deja/g++.mike/p789a.C -std=c++14 (internal compiler error)
FAIL: g++.old-deja/g++.mike/p789a.C -std=c++14 (test for excess errors)
WARNING: g++.old-deja/g++.mike/p789a.C -std=c++14 compilation failed to produce executable
FAIL: g++.old-deja/g++.mike/p8786.C -std=gnu++98 (internal compiler error)
FAIL: g++.old-deja/g++.mike/p8786.C -std=gnu++98 (test for excess errors)
FAIL: g++.old-deja/g++.mike/p9706.C -std=gnu++14 (internal compiler error)
FAIL: g++.old-deja/g++.mike/p9706.C -std=gnu++14 (test for excess errors)
WARNING: g++.old-deja/g++.mike/p9706.C -std=gnu++14 compilation failed to produce executable
FAIL: g++.old-deja/g++.mike/pmf9.C -std=c++11 (internal compiler error)
FAIL: g++.old-deja/g++.mike/pmf9.C -std=c++11 (test for excess errors)
WARNING: g++.old-deja/g++.mike/pmf9.C -std=c++11 compilation failed to produce executable
FAIL: g++.old-deja/g++.mike/temp.C -std=c++98 (internal compiler error)
FAIL: g++.old-deja/g++.mike/temp.C -std=c++98 (test for excess errors)
WARNING: g++.old-deja/g++.mike/temp.C -std=c++98 compilation failed to produce executable
FAIL: g++.old-deja/g++.mike/thunk2.C -std=c++11 (internal compiler error)
FAIL: g++.old-deja/g++.mike/thunk2.C -std=c++11 (test for excess errors)
WARNING: g++.old-deja/g++.mike/thunk2.C -std=c++11 compilation failed to produce executable
FAIL: g++.old-deja/g++.other/crash12.C -std=gnu++98 (internal compiler error)
FAIL: g++.old-deja/g++.other/crash12.C -std=gnu++98 (test for excess errors)
FAIL: g++.old-deja/g++.other/crash15.C -std=gnu++11 (internal compiler error)
FAIL: g++.old-deja/g++.other/crash15.C -std=gnu++11 (test for excess errors)
FAIL: g++.old-deja/g++.other/crash16.C -std=gnu++14 (internal compiler error)
FAIL: g++.old-deja/g++.other/crash16.C -std=gnu++14 (test for excess errors)
FAIL: g++.old-deja/g++.other/crash3.C -std=gnu++11 (internal compiler error)
FAIL: g++.old-deja/g++.other/crash3.C -std=gnu++11 (test for excess errors)
FAIL: g++.old-deja/g++.other/dtor11.C -std=c++14 (internal compiler error)
FAIL: g++.old-deja/g++.other/dtor11.C -std=c++14 (test for excess errors)
WARNING: g++.old-deja/g++.other/dtor11.C -std=c++14 compilation failed to produce executable
FAIL: g++.old-deja/g++.other/dtor7.C -std=gnu++98 (internal compiler error)
FAIL: g++.old-deja/g++.other/dtor7.C -std=gnu++98 (test for excess errors)
WARNING: g++.old-deja/g++.other/dtor7.C -std=gnu++98 compilation failed to produce executable
FAIL: g++.old-deja/g++.other/init16.C -std=c++11 (internal compiler error)
FAIL: g++.old-deja/g++.other/init16.C -std=c++11 (test for excess errors)
WARNING: g++.old-deja/g++.other/init16.C -std=c++11 compilation failed to produce executable
FAIL: g++.old-deja/g++.other/init2.C -std=gnu++14 (internal compiler error)
FAIL: g++.old-deja/g++.other/init2.C -std=gnu++14 (test for excess errors)
WARNING: g++.old-deja/g++.other/init2.C -std=gnu++14 compilation failed to produce executable
FAIL: g++.old-deja/g++.other/inline7.C -std=gnu++14 (internal compiler error)
FAIL: g++.old-deja/g++.other/inline7.C -std=gnu++14 (test for excess errors)
WARNING: g++.old-deja/g++.other/inline7.C -std=gnu++14 compilation failed to produce executable
FAIL: g++.old-deja/g++.other/loop2.C -std=gnu++11 (internal compiler error)
FAIL: g++.old-deja/g++.other/loop2.C -std=gnu++11 (test for excess errors)
FAIL: g++.old-deja/g++.other/overload6.C -std=c++98 (internal compiler error)
FAIL: g++.old-deja/g++.other/overload6.C -std=c++98 (test for excess errors)
WARNING: g++.old-deja/g++.other/overload6.C -std=c++98 compilation failed to produce executable
FAIL: g++.old-deja/g++.other/overload9.C -std=c++98 (internal compiler error)
FAIL: g++.old-deja/g++.other/overload9.C -std=c++98 (test for excess errors)
WARNING: g++.old-deja/g++.other/overload9.C -std=c++98 compilation failed to produce executable
FAIL: g++.old-deja/g++.other/pmf5.C -std=c++98 (internal compiler error)
FAIL: g++.old-deja/g++.other/pmf5.C -std=c++98 (test for excess errors)
WARNING: g++.old-deja/g++.other/pmf5.C -std=c++98 compilation failed to produce executable
FAIL: g++.old-deja/g++.other/rttid4.C -std=gnu++14 (internal compiler error)
FAIL: g++.old-deja/g++.other/rttid4.C -std=gnu++14 (test for excess errors)
WARNING: g++.old-deja/g++.other/rttid4.C -std=gnu++14 compilation failed to produce executable
FAIL: g++.old-deja/g++.other/static4.C -std=gnu++14 (internal compiler error)
FAIL: g++.old-deja/g++.other/static4.C -std=gnu++14 (test for excess errors)
WARNING: g++.old-deja/g++.other/static4.C -std=gnu++14 compilation failed to produce executable
FAIL: g++.old-deja/g++.other/vaarg2.C -std=gnu++98 (internal compiler error)
FAIL: g++.old-deja/g++.other/vaarg2.C -std=gnu++98 (test for excess errors)
WARNING: g++.old-deja/g++.other/vaarg2.C -std=gnu++98 compilation failed to produce executable
FAIL: g++.old-deja/g++.other/vbase5.C -std=c++98 (internal compiler error)
FAIL: g++.old-deja/g++.other/vbase5.C -std=c++98 (test for excess errors)
WARNING: g++.old-deja/g++.other/vbase5.C -std=c++98 compilation failed to produce executable
FAIL: g++.old-deja/g++.pt/call1.C -std=c++98 (internal compiler error)
FAIL: g++.old-deja/g++.pt/call1.C -std=c++98 (test for excess errors)
FAIL: g++.old-deja/g++.pt/crash18.C -std=c++98 (internal compiler error)
FAIL: g++.old-deja/g++.pt/crash18.C -std=c++98 (test for excess errors)
FAIL: g++.old-deja/g++.pt/crash29.C -std=c++98 (internal compiler error)
FAIL: g++.old-deja/g++.pt/crash29.C -std=c++98 (test for excess errors)
FAIL: g++.old-deja/g++.pt/crash52.C -std=c++98 (internal compiler error)
FAIL: g++.old-deja/g++.pt/crash52.C -std=c++98 (test for excess errors)
FAIL: g++.old-deja/g++.pt/explicit31.C -std=gnu++14 (internal compiler error)
FAIL: g++.old-deja/g++.pt/explicit31.C -std=gnu++14 (test for excess errors)
FAIL: g++.old-deja/g++.pt/explicit58.C -std=c++98 (internal compiler error)
FAIL: g++.old-deja/g++.pt/explicit58.C -std=c++98 (test for excess errors)
WARNING: g++.old-deja/g++.pt/explicit58.C -std=c++98 compilation failed to produce executable
FAIL: g++.old-deja/g++.pt/explicit60.C -std=c++11 (internal compiler error)
FAIL: g++.old-deja/g++.pt/explicit60.C -std=c++11 (test for excess errors)
WARNING: g++.old-deja/g++.pt/explicit60.C -std=c++11 compilation failed to produce executable
FAIL: g++.old-deja/g++.pt/instantiate4.C -std=gnu++14 (test for excess errors)
FAIL: g++.old-deja/g++.pt/lookup3.C -std=c++14 (internal compiler error)
FAIL: g++.old-deja/g++.pt/lookup3.C -std=c++14 (test for excess errors)
WARNING: g++.old-deja/g++.pt/lookup3.C -std=c++14 compilation failed to produce executable
FAIL: g++.old-deja/g++.pt/memtemp84.C -std=c++11 (internal compiler error)
FAIL: g++.old-deja/g++.pt/memtemp84.C -std=c++11 (test for excess errors)
FAIL: g++.old-deja/g++.pt/repo3.C -std=gnu++14 (test for excess errors)
FAIL: g++.old-deja/g++.pt/spec36.C -std=c++14 (internal compiler error)
FAIL: g++.old-deja/g++.pt/spec36.C -std=c++14 (test for excess errors)
WARNING: g++.old-deja/g++.pt/spec36.C -std=c++14 compilation failed to produce executable
FAIL: g++.old-deja/g++.pt/static11.C -std=c++14 (internal compiler error)
FAIL: g++.old-deja/g++.pt/static11.C -std=c++14 (test for excess errors)
WARNING: g++.old-deja/g++.pt/static11.C -std=c++14 compilation failed to produce executable
FAIL: g++.old-deja/g++.pt/static_cast.C -std=c++11 (internal compiler error)
FAIL: g++.old-deja/g++.pt/static_cast.C -std=c++11 (test for excess errors)
FAIL: g++.old-deja/g++.pt/t28.C -std=c++14 (internal compiler error)
FAIL: g++.old-deja/g++.pt/t28.C -std=c++14 (test for excess errors)
FAIL: g++.old-deja/g++.pt/vaarg.C -std=c++14 (internal compiler error)
FAIL: g++.old-deja/g++.pt/vaarg.C -std=c++14 (test for excess errors)
WARNING: g++.old-deja/g++.pt/vaarg.C -std=c++14 compilation failed to produce executable
FAIL: g++.old-deja/g++.robertl/eb106.C -std=gnu++98 (internal compiler error)
FAIL: g++.old-deja/g++.robertl/eb106.C -std=gnu++98 (test for excess errors)
FAIL: g++.old-deja/g++.robertl/eb109.C -std=c++98 (test for errors, line 45)
FAIL: g++.old-deja/g++.robertl/eb109.C -std=c++98 (test for errors, line 47)
FAIL: g++.old-deja/g++.robertl/eb109.C -std=c++98 (test for errors, line 51)
FAIL: g++.old-deja/g++.robertl/eb109.C -std=c++98 (test for errors, line 52)
FAIL: g++.old-deja/g++.robertl/eb109.C -std=c++98 (test for errors, line 56)
FAIL: g++.old-deja/g++.robertl/eb109.C -std=c++98 (test for errors, line 68)
FAIL: g++.old-deja/g++.robertl/eb109.C -std=c++98 (test for warnings, line 22)
FAIL: g++.old-deja/g++.robertl/eb109.C -std=c++98 (internal compiler error)
FAIL: g++.old-deja/g++.robertl/eb109.C -std=c++98 (test for excess errors)
FAIL: g++.old-deja/g++.robertl/eb128.C -std=c++11 (internal compiler error)
FAIL: g++.old-deja/g++.robertl/eb128.C -std=c++11 (test for excess errors)
FAIL: g++.old-deja/g++.robertl/eb129.C -std=c++11 (test for errors, line 20)
FAIL: g++.old-deja/g++.robertl/eb129.C -std=c++11 (test for excess errors)
FAIL: g++.old-deja/g++.robertl/eb129a.C -std=c++11 (test for errors, line 19)
FAIL: g++.old-deja/g++.robertl/eb129a.C -std=c++11 (test for excess errors)
FAIL: g++.old-deja/g++.robertl/eb129a.C -std=c++14 (test for errors, line 19)
FAIL: g++.old-deja/g++.robertl/eb129a.C -std=c++14 (test for excess errors)
FAIL: g++.old-deja/g++.robertl/eb129a.C -std=c++98 (test for errors, line 19)
FAIL: g++.old-deja/g++.robertl/eb129a.C -std=c++98 (internal compiler error)
FAIL: g++.old-deja/g++.robertl/eb129a.C -std=c++98 (test for excess errors)
FAIL: g++.old-deja/g++.robertl/eb13.C -std=c++98 (internal compiler error)
FAIL: g++.old-deja/g++.robertl/eb13.C -std=c++98 (test for excess errors)
FAIL: g++.old-deja/g++.robertl/eb130.C -std=gnu++11 (test for excess errors)
FAIL: g++.old-deja/g++.robertl/eb130.C -std=gnu++14 (test for excess errors)
FAIL: g++.old-deja/g++.robertl/eb130.C -std=gnu++98 (test for excess errors)
FAIL: g++.old-deja/g++.robertl/eb132.C -std=gnu++14 (internal compiler error)
FAIL: g++.old-deja/g++.robertl/eb132.C -std=gnu++14 (test for excess errors)
FAIL: g++.old-deja/g++.robertl/eb21.C -std=c++98 (internal compiler error)
FAIL: g++.old-deja/g++.robertl/eb21.C -std=c++98 (test for excess errors)
WARNING: g++.old-deja/g++.robertl/eb21.C -std=c++98 compilation failed to produce executable
FAIL: g++.old-deja/g++.robertl/eb24.C -std=c++14 (internal compiler error)
FAIL: g++.old-deja/g++.robertl/eb24.C -std=c++14 (test for excess errors)
FAIL: g++.old-deja/g++.robertl/eb28.C -std=c++11 (internal compiler error)
FAIL: g++.old-deja/g++.robertl/eb28.C -std=c++11 (test for excess errors)
FAIL: g++.old-deja/g++.robertl/eb28.C -std=c++98 (internal compiler error)
FAIL: g++.old-deja/g++.robertl/eb28.C -std=c++98 (test for excess errors)
FAIL: g++.old-deja/g++.robertl/eb30.C -std=c++14 (internal compiler error)
FAIL: g++.old-deja/g++.robertl/eb30.C -std=c++14 (test for excess errors)
FAIL: g++.old-deja/g++.robertl/eb31.C -std=c++14 (test for excess errors)
WARNING: g++.old-deja/g++.robertl/eb31.C -std=c++14 compilation failed to produce executable
FAIL: g++.old-deja/g++.robertl/eb33.C -std=c++11 (test for excess errors)
WARNING: g++.old-deja/g++.robertl/eb33.C -std=c++11 compilation failed to produce executable
FAIL: g++.old-deja/g++.robertl/eb33.C -std=c++14 (test for excess errors)
WARNING: g++.old-deja/g++.robertl/eb33.C -std=c++14 compilation failed to produce executable
FAIL: g++.old-deja/g++.robertl/eb33.C -std=c++98 (test for excess errors)
WARNING: g++.old-deja/g++.robertl/eb33.C -std=c++98 compilation failed to produce executable
FAIL: g++.old-deja/g++.robertl/eb34.C -std=c++14 (test for excess errors)
FAIL: g++.old-deja/g++.robertl/eb35.C -std=c++11 (test for excess errors)
FAIL: g++.old-deja/g++.robertl/eb35.C -std=c++14 (test for excess errors)
FAIL: g++.old-deja/g++.robertl/eb35.C -std=c++98 (test for excess errors)
FAIL: g++.old-deja/g++.robertl/eb36.C -std=c++11 (test for errors, line 17)
FAIL: g++.old-deja/g++.robertl/eb36.C -std=c++11 (test for excess errors)
FAIL: g++.old-deja/g++.robertl/eb36.C -std=c++14 (test for errors, line 17)
FAIL: g++.old-deja/g++.robertl/eb36.C -std=c++14 (test for excess errors)
FAIL: g++.old-deja/g++.robertl/eb36.C -std=c++98 (test for errors, line 17)
FAIL: g++.old-deja/g++.robertl/eb36.C -std=c++98 (test for excess errors)
FAIL: g++.old-deja/g++.robertl/eb37.C -std=c++98 (test for excess errors)
FAIL: g++.old-deja/g++.robertl/eb4.C -std=c++14 (test for errors, line 42)
FAIL: g++.old-deja/g++.robertl/eb4.C -std=c++14 (test for errors, line 43)
FAIL: g++.old-deja/g++.robertl/eb4.C -std=c++14 (test for errors, line 48)
FAIL: g++.old-deja/g++.robertl/eb4.C -std=c++14 (test for warnings, line 10)
FAIL: g++.old-deja/g++.robertl/eb4.C -std=c++14 (test for warnings, line 19)
FAIL: g++.old-deja/g++.robertl/eb4.C -std=c++14 (internal compiler error)
FAIL: g++.old-deja/g++.robertl/eb4.C -std=c++14 (test for excess errors)
FAIL: g++.old-deja/g++.robertl/eb4.C -std=c++14 exp (test for errors, line 33)
FAIL: g++.old-deja/g++.robertl/eb4.C -std=c++14 type (test for errors, line 33)
FAIL: g++.old-deja/g++.robertl/eb41.C -std=c++14 (internal compiler error)
FAIL: g++.old-deja/g++.robertl/eb41.C -std=c++14 (test for excess errors)
WARNING: g++.old-deja/g++.robertl/eb41.C -std=c++14 compilation failed to produce executable
FAIL: g++.old-deja/g++.robertl/eb43.C -std=c++11 (test for errors, line 33)
FAIL: g++.old-deja/g++.robertl/eb43.C -std=c++11 (test for excess errors)
FAIL: g++.old-deja/g++.robertl/eb43.C -std=c++14 (test for errors, line 33)
FAIL: g++.old-deja/g++.robertl/eb43.C -std=c++14 (test for excess errors)
FAIL: g++.old-deja/g++.robertl/eb43.C -std=c++98 (test for errors, line 33)
FAIL: g++.old-deja/g++.robertl/eb43.C -std=c++98 (internal compiler error)
FAIL: g++.old-deja/g++.robertl/eb43.C -std=c++98 (test for excess errors)
FAIL: g++.old-deja/g++.robertl/eb44.C -std=c++11 (internal compiler error)
FAIL: g++.old-deja/g++.robertl/eb44.C -std=c++11 (test for excess errors)
FAIL: g++.old-deja/g++.robertl/eb44.C -std=c++11 note (test for warnings, line 17)
FAIL: g++.old-deja/g++.robertl/eb44.C -std=c++11 warn (test for warnings, line 17)
FAIL: g++.old-deja/g++.robertl/eb44.C -std=c++14 (test for excess errors)
FAIL: g++.old-deja/g++.robertl/eb44.C -std=c++14 note (test for warnings, line 17)
FAIL: g++.old-deja/g++.robertl/eb44.C -std=c++14 warn (test for warnings, line 17)
FAIL: g++.old-deja/g++.robertl/eb44.C -std=c++98 (internal compiler error)
FAIL: g++.old-deja/g++.robertl/eb44.C -std=c++98 (test for excess errors)
FAIL: g++.old-deja/g++.robertl/eb44.C -std=c++98 note (test for warnings, line 17)
FAIL: g++.old-deja/g++.robertl/eb44.C -std=c++98 warn (test for warnings, line 17)
FAIL: g++.old-deja/g++.robertl/eb46.C -std=c++11 (test for excess errors)
WARNING: g++.old-deja/g++.robertl/eb46.C -std=c++11 compilation failed to produce executable
FAIL: g++.old-deja/g++.robertl/eb46.C -std=c++14 (test for excess errors)
WARNING: g++.old-deja/g++.robertl/eb46.C -std=c++14 compilation failed to produce executable
FAIL: g++.old-deja/g++.robertl/eb46.C -std=c++98 (test for excess errors)
WARNING: g++.old-deja/g++.robertl/eb46.C -std=c++98 compilation failed to produce executable
FAIL: g++.old-deja/g++.robertl/eb48.C -std=c++11 (test for excess errors)
FAIL: g++.old-deja/g++.robertl/eb48.C -std=c++14 (test for excess errors)
FAIL: g++.old-deja/g++.robertl/eb48.C -std=c++98 (test for excess errors)
FAIL: g++.old-deja/g++.robertl/eb49.C -std=c++11 (test for errors, line 24)
FAIL: g++.old-deja/g++.robertl/eb49.C -std=c++11 (test for excess errors)
FAIL: g++.old-deja/g++.robertl/eb49.C -std=c++14 (test for errors, line 24)
FAIL: g++.old-deja/g++.robertl/eb49.C -std=c++14 (test for excess errors)
FAIL: g++.old-deja/g++.robertl/eb49.C -std=c++98 (test for errors, line 24)
FAIL: g++.old-deja/g++.robertl/eb49.C -std=c++98 (test for excess errors)
FAIL: g++.old-deja/g++.robertl/eb55.C -std=c++98 (test for errors, line 10)
FAIL: g++.old-deja/g++.robertl/eb55.C -std=c++98 (internal compiler error)
FAIL: g++.old-deja/g++.robertl/eb55.C -std=c++98 (test for excess errors)
FAIL: g++.old-deja/g++.robertl/eb59.C -std=c++14 (test for excess errors)
WARNING: g++.old-deja/g++.robertl/eb59.C -std=c++14 compilation failed to produce executable
FAIL: g++.old-deja/g++.robertl/eb60.C -std=c++14 (internal compiler error)
FAIL: g++.old-deja/g++.robertl/eb60.C -std=c++14 (test for excess errors)
FAIL: g++.old-deja/g++.robertl/eb62.C -std=c++11 (internal compiler error)
FAIL: g++.old-deja/g++.robertl/eb62.C -std=c++11 (test for excess errors)
FAIL: g++.old-deja/g++.robertl/eb62.C -std=c++14 (internal compiler error)
FAIL: g++.old-deja/g++.robertl/eb62.C -std=c++14 (test for excess errors)
FAIL: g++.old-deja/g++.robertl/eb65.C -std=c++14 (internal compiler error)
FAIL: g++.old-deja/g++.robertl/eb65.C -std=c++14 (test for excess errors)
WARNING: g++.old-deja/g++.robertl/eb65.C -std=c++14 compilation failed to produce executable
FAIL: g++.old-deja/g++.robertl/eb73.C -std=gnu++14 (test for excess errors)
WARNING: g++.old-deja/g++.robertl/eb73.C -std=gnu++14 compilation failed to produce executable
FAIL: g++.old-deja/g++.robertl/eb77.C -std=c++14 (test for excess errors)
WARNING: g++.old-deja/g++.robertl/eb77.C -std=c++14 compilation failed to produce executable
FAIL: g++.old-deja/g++.robertl/eb79.C -std=c++11 (test for errors, line 21)
FAIL: g++.old-deja/g++.robertl/eb79.C -std=c++11 (test for errors, line 30)
FAIL: g++.old-deja/g++.robertl/eb79.C -std=c++11 (test for errors, line 31)
FAIL: g++.old-deja/g++.robertl/eb79.C -std=c++11 (internal compiler error)
FAIL: g++.old-deja/g++.robertl/eb79.C -std=c++11 (test for excess errors)
FAIL: g++.old-deja/g++.robertl/eb79.C -std=c++14 (test for errors, line 21)
FAIL: g++.old-deja/g++.robertl/eb79.C -std=c++14 (test for errors, line 30)
FAIL: g++.old-deja/g++.robertl/eb79.C -std=c++14 (test for errors, line 31)
FAIL: g++.old-deja/g++.robertl/eb79.C -std=c++14 (test for excess errors)
FAIL: g++.old-deja/g++.robertl/eb79.C -std=c++98 (test for errors, line 21)
FAIL: g++.old-deja/g++.robertl/eb79.C -std=c++98 (test for errors, line 30)
FAIL: g++.old-deja/g++.robertl/eb79.C -std=c++98 (test for errors, line 31)
FAIL: g++.old-deja/g++.robertl/eb79.C -std=c++98 (test for excess errors)
FAIL: g++.old-deja/g++.robertl/eh990323-1.C -std=c++98 (internal compiler error)
FAIL: g++.old-deja/g++.robertl/eh990323-1.C -std=c++98 (test for excess errors)
WARNING: g++.old-deja/g++.robertl/eh990323-1.C -std=c++98 compilation failed to produce executable
FAIL: g++.old-deja/g++.warn/iomanip.C -std=gnu++98 (internal compiler error)
FAIL: g++.old-deja/g++.warn/iomanip.C -std=gnu++98 (test for excess errors)
WARNING: program timed out.
WARNING: program timed out.
WARNING: program timed out.
WARNING: program timed out.
WARNING: program timed out.
WARNING: program timed out.
WARNING: program timed out.
WARNING: program timed out.
WARNING: program timed out.
WARNING: program timed out.
WARNING: program timed out.
WARNING: program timed out.
WARNING: program timed out.
WARNING: program timed out.
WARNING: program timed out.
WARNING: program timed out.
WARNING: program timed out.
WARNING: program timed out.
WARNING: program timed out.
WARNING: program timed out.
WARNING: program timed out.
WARNING: program timed out.
WARNING: program timed out.
WARNING: program timed out.
WARNING: program timed out.
WARNING: program timed out.
WARNING: program timed out.
WARNING: program timed out.
WARNING: program timed out.
WARNING: program timed out.
WARNING: program timed out.
WARNING: program timed out.
WARNING: program timed out.
WARNING: program timed out.
WARNING: program timed out.
WARNING: program timed out.
WARNING: program timed out.
=== g++ Summary for unix ===
# of expected passes 84697
# of unexpected failures 1102
# of expected failures 297
# of unresolved testcases 41
# of unsupported tests 3615
Running target unix/-m32
FAIL: g++.dg/tree-ssa/pr61034.C -std=gnu++11 scan-tree-dump-times fre2 "free" 10
FAIL: g++.dg/tree-ssa/pr61034.C -std=gnu++14 scan-tree-dump-times fre2 "free" 10
FAIL: g++.dg/tree-ssa/pr61034.C -std=gnu++98 scan-tree-dump-times fre2 "free" 10
=== g++ Summary for unix/-m32 ===
# of expected passes 83148
# of unexpected failures 3
# of expected failures 291
# of unsupported tests 3636
=== g++ Summary ===
# of expected passes 167845
# of unexpected failures 1105
# of expected failures 588
# of unresolved testcases 41
# of unsupported tests 7251
/var/gcc/regression/trunk/11-gcc-64/build/gcc/testsuite/g++/../../xg++ version 6.0.0 20150828 (experimental) [trunk revision 227307] (GCC)
=== gcc tests ===
Running target unix
FAIL: gcc.dg/debug/dwarf2/stacked-qualified-types-3.c scan-assembler-times DIE \\\\([^\\n]*\\\\) DW_TAG_(?:const|volatile|atomic|restrict)_type 8
FAIL: gcc.dg/builtins-11.c (test for excess errors)
FAIL: gcc.dg/unroll-2.c (test for warnings, line 24)
FAIL: gcc.dg/visibility-22.c execution test
XPASS: gcc.dg/vect/no-scevccp-outer-11.c scan-tree-dump-times vect "OUTER LOOP VECTORIZED." 1
FAIL: gcc.dg/vect/pr20122.c -flto -ffat-lto-objects scan-tree-dump-times vect "Alignment of access forced using versioning" 2
FAIL: gcc.dg/vect/pr20122.c scan-tree-dump-times vect "Alignment of access forced using versioning" 2
=== gcc Summary for unix ===
# of expected passes 83029
# of unexpected failures 6
# of unexpected successes 1
# of expected failures 326
# of unsupported tests 1915
Running target unix/-m32
FAIL: gcc.dg/debug/dwarf2/stacked-qualified-types-3.c scan-assembler-times DIE \\\\([^\\n]*\\\\) DW_TAG_(?:const|volatile|atomic|restrict)_type 8
FAIL: gcc.dg/builtins-11.c (test for excess errors)
FAIL: gcc.dg/c11-atomic-2.c (test for excess errors)
FAIL: gcc.dg/unroll-2.c (test for warnings, line 24)
FAIL: gcc.dg/visibility-22.c execution test
FAIL: gcc.dg/wide-shift-64.c scan-rtl-dump-not combine "ior"
WARNING: program timed out.
XPASS: gcc.dg/graphite/vect-pr43423.c scan-tree-dump-times vect "vectorized 2 loops" 1
FAIL: gcc.dg/simulate-thread/atomic-other-int.c -O2 -g thread simulation test
FAIL: gcc.dg/simulate-thread/atomic-other-int.c -O3 -g thread simulation test
FAIL: gcc.dg/simulate-thread/speculative-store-4.c -O0 -g thread simulation test
FAIL: gcc.dg/simulate-thread/speculative-store-4.c -O2 -g thread simulation test
FAIL: gcc.dg/simulate-thread/speculative-store-4.c -O3 -g thread simulation test
FAIL: gcc.dg/simulate-thread/speculative-store.c -O0 -g thread simulation test
XPASS: gcc.dg/vect/no-scevccp-outer-11.c scan-tree-dump-times vect "OUTER LOOP VECTORIZED." 1
FAIL: gcc.dg/vect/pr20122.c -flto -ffat-lto-objects scan-tree-dump-times vect "Alignment of access forced using versioning" 2
FAIL: gcc.dg/vect/pr20122.c scan-tree-dump-times vect "Alignment of access forced using versioning" 2
=== gcc Summary for unix/-m32 ===
# of expected passes 82226
# of unexpected failures 14
# of unexpected successes 2
# of expected failures 338
# of unsupported tests 1988
=== gcc Summary ===
# of expected passes 165255
# of unexpected failures 20
# of unexpected successes 3
# of expected failures 664
# of unsupported tests 3903
/var/gcc/regression/trunk/11-gcc-64/build/gcc/xgcc version 6.0.0 20150828 (experimental) [trunk revision 227307] (GCC)
=== gfortran tests ===
Running target unix
FAIL: gfortran.dg/do_iterator.f90 -O changing do-iterator 3 (test for errors, line 10)
FAIL: gfortran.dg/do_iterator.f90 -O changing do-iterator 3 (test for errors, line 9)
=== gfortran Summary for unix ===
# of expected passes 40596
# of unexpected failures 2
# of expected failures 77
# of unsupported tests 104
Running target unix/-m32
FAIL: gfortran.dg/do_iterator.f90 -O changing do-iterator 3 (test for errors, line 10)
FAIL: gfortran.dg/do_iterator.f90 -O changing do-iterator 3 (test for errors, line 9)
=== gfortran Summary for unix/-m32 ===
# of expected passes 40349
# of unexpected failures 2
# of expected failures 77
# of unsupported tests 225
=== gfortran Summary ===
# of expected passes 80945
# of unexpected failures 4
# of expected failures 154
# of unsupported tests 329
/var/gcc/regression/trunk/11-gcc-64/build/gcc/testsuite/gfortran/../../gfortran version 6.0.0 20150828 (experimental) [trunk revision 227307] (GCC)
=== gnat tests ===
Running target unix/-m32
=== gnat Summary for unix/-m32 ===
# of expected passes 1366
# of expected failures 21
# of unsupported tests 19
Running target unix
=== gnat Summary for unix ===
# of expected passes 1366
# of expected failures 21
# of unsupported tests 19
=== gnat Summary ===
# of expected passes 2732
# of expected failures 42
# of unsupported tests 38
/var/gcc/regression/trunk/11-gcc-64/build/gcc/gnatmake version 6.0.0 20150828 (experimental) [trunk revision 227307]
=== go tests ===
Running target unix
=== go Summary for unix ===
# of expected passes 7240
# of expected failures 1
# of untested testcases 11
# of unsupported tests 3
Running target unix/-m32
FAIL: ./bug449-out.go compilation, -O0 -g -fno-var-tracking-assignments
FAIL: ./index0-out.go compilation, -O0 -g -fno-var-tracking-assignments
WARNING: program timed out.
WARNING: program timed out.
=== go Summary for unix/-m32 ===
# of expected passes 7356
# of unexpected failures 2
# of expected failures 1
# of untested testcases 13
# of unsupported tests 3
=== go Summary ===
# of expected passes 14596
# of unexpected failures 2
# of expected failures 2
# of untested testcases 24
# of unsupported tests 6
=== obj-c++ tests ===
Running target unix/-m32
=== obj-c++ Summary for unix/-m32 ===
# of expected passes 1439
# of expected failures 2
# of unsupported tests 77
Running target unix
=== obj-c++ Summary for unix ===
# of expected passes 1431
# of expected failures 10
# of unsupported tests 77
=== obj-c++ Summary ===
# of expected passes 2870
# of expected failures 12
# of unsupported tests 154
/var/gcc/regression/trunk/11-gcc-64/build/gcc/testsuite/obj-c++/../../xg++ version 6.0.0 20150828 (experimental) [trunk revision 227307] (GCC)
=== objc tests ===
Running target unix
=== objc Summary for unix ===
# of expected passes 2772
# of unsupported tests 68
Running target unix/-m32
=== objc Summary for unix/-m32 ===
# of expected passes 2772
# of unsupported tests 68
=== objc Summary ===
# of expected passes 5544
# of unsupported tests 136
/var/gcc/regression/trunk/11-gcc-64/build/gcc/xgcc version 6.0.0 20150828 (experimental) [trunk revision 227307] (GCC)
=== boehm-gc tests ===
Running target unix/-m32
=== boehm-gc Summary for unix/-m32 ===
# of expected passes 12
# of unsupported tests 1
Running target unix
=== boehm-gc Summary for unix ===
# of expected passes 12
# of unsupported tests 1
=== boehm-gc Summary ===
# of expected passes 24
# of unsupported tests 2
=== libatomic tests ===
Running target unix/-m32
=== libatomic Summary for unix/-m32 ===
# of expected passes 44
# of unsupported tests 5
Running target unix
=== libatomic Summary for unix ===
# of expected passes 54
=== libatomic Summary ===
# of expected passes 98
# of unsupported tests 5
=== libffi tests ===
Running target unix/-m32
=== libffi Summary for unix/-m32 ===
# of expected passes 1914
# of unsupported tests 30
Running target unix
=== libffi Summary for unix ===
# of expected passes 1914
# of unsupported tests 30
=== libffi Summary ===
# of expected passes 3828
# of unsupported tests 60
=== libgo tests ===
Running target unix
=== libgo Summary for unix ===
# of expected passes 124
Running target unix/-m32
FAIL: reflect
FAIL: runtime
=== libgo Summary for unix/-m32 ===
# of expected passes 122
# of unexpected failures 2
=== libgo Summary ===
# of expected passes 246
# of unexpected failures 2
/var/gcc/regression/trunk/11-gcc-64/build/./gcc/gccgo version 6.0.0 20150828 (experimental) [trunk revision 227307] (GCC)
=== libgomp tests ===
Running target unix/-m32
=== libgomp Summary for unix/-m32 ===
# of expected passes 4080
# of expected failures 4
# of unsupported tests 241
Running target unix
=== libgomp Summary for unix ===
# of expected passes 4080
# of expected failures 4
# of unsupported tests 241
=== libgomp Summary ===
# of expected passes 8160
# of expected failures 8
# of unsupported tests 482
=== libitm tests ===
Running target unix/-m32
=== libitm Summary for unix/-m32 ===
# of expected passes 26
# of expected failures 3
# of unsupported tests 1
Running target unix
=== libitm Summary for unix ===
# of expected passes 26
# of expected failures 3
# of unsupported tests 1
=== libitm Summary ===
# of expected passes 52
# of expected failures 6
# of unsupported tests 2
=== libjava tests ===
Running target unix/-m32
=== libjava Summary for unix/-m32 ===
# of expected passes 2582
# of expected failures 4
Running target unix
=== libjava Summary for unix ===
# of expected passes 2582
# of expected failures 4
=== libjava Summary ===
# of expected passes 5164
# of expected failures 8
=== libstdc++ tests ===
Running target unix
FAIL: libstdc++-abi/abi_check
=== libstdc++ Summary for unix ===
# of expected passes 9732
# of unexpected failures 1
# of expected failures 67
# of unsupported tests 619
Running target unix/-m32
FAIL: libstdc++-abi/abi_check
=== libstdc++ Summary for unix/-m32 ===
# of expected passes 9732
# of unexpected failures 1
# of expected failures 67
# of unsupported tests 619
=== libstdc++ Summary ===
# of expected passes 19464
# of unexpected failures 2
# of expected failures 134
# of unsupported tests 1238
Compiler version: 6.0.0 20150828 (experimental) [trunk revision 227307] (GCC)
Platform: sparcv9-sun-solaris2.11
configure flags: --prefix=/vol/gcc --target=sparcv9-sun-solaris2.11 --enable-objc-gc --enable-libmudflap --with-as=/usr/ccs/bin/as --without-gnu-as --with-gmp-include=/vol/gcc/include --with-gmp-lib=/vol/gcc/lib/sparcv9 --with-mpfr-include=/vol/gcc/include --with-mpfr-lib=/vol/gcc/lib/sparcv9 --with-mpc-include=/vol/gcc/include --with-mpc-lib=/vol/gcc/lib/sparcv9 --enable-languages=all,ada,obj-c++,go --with-isl-include=/vol/gcc/include --with-isl-lib=/vol/gcc/lib/sparcv9 --with-cloog-include=/vol/gcc/include --with-cloog-lib=/vol/gcc/lib/sparcv9 --enable-cloog-backend=isl --build=sparcv9-sun-solaris2.11 --host=sparcv9-sun-solaris2.11
BOOT_CFLAGS=-g -O2