This is the mail archive of the gcc-testresults@gcc.gnu.org mailing list for the GCC project.


Index Nav: [Date Index] [Subject Index] [Author Index] [Thread Index]
Message Nav: [Date Prev] [Date Next] [Thread Prev] [Thread Next]
Other format: [Raw text]

Results for 5.2.1 20150726 (GCC) testsuite on arm-none-linux-gnueabi


LAST_UPDATED: Sun Jul 26 07:42:14 UTC 2015 (/branches/gcc-5-branch revision 226231)

Target is arm-none-linux-gnueabi
Host   is i686-pc-linux-gnu

		=== g++ tests ===


Running target qemu-wheezy
FAIL: c-c++-common/asan/heap-overflow-1.c   -O1  output pattern test, is =================================================================
FAIL: c-c++-common/asan/sanity-check-pure-c-1.c   -O1  output pattern test, is =================================================================
FAIL: c-c++-common/asan/strncpy-overflow-1.c   -O1  output pattern test, is =================================================================
FAIL: c-c++-common/asan/use-after-free-1.c   -O1  output pattern test, is =================================================================
FAIL: g++.dg/lto/pr65276 cp_lto_pr65276_0.o-cp_lto_pr65276_1.o link, -flto -O0 -std=c++11
UNRESOLVED: g++.dg/lto/pr65276 cp_lto_pr65276_0.o-cp_lto_pr65276_1.o execute -flto -O0 -std=c++11
FAIL: c-c++-common/ubsan/object-size-1.c   -O2  output pattern test, is c-c++-common/ubsan/object-size-1.c:16:15: runtime error: load of address 0x01288f24 with insufficient space for an object of type 'char'
FAIL: c-c++-common/ubsan/object-size-1.c   -O2 -flto -fno-use-linker-plugin -flto-partition=none  output pattern test, is c-c++-common/ubsan/object-size-1.c:16:15: runtime error: load of address 0x01d4bf24 with insufficient space for an object of type 'char'
FAIL: c-c++-common/ubsan/object-size-1.c   -O2 -flto -fuse-linker-plugin -fno-fat-lto-objects  output pattern test, is c-c++-common/ubsan/object-size-1.c:16:15: runtime error: load of address 0x00ed8f24 with insufficient space for an object of type 'char'
FAIL: c-c++-common/ubsan/object-size-10.c   -O2  output pattern test, is c-c++-common/ubsan/object-size-10.c:19:19: runtime error: index 128 out of bounds for type 'char [128]'
FAIL: c-c++-common/ubsan/object-size-10.c   -O2 -flto -fno-use-linker-plugin -flto-partition=none  output pattern test, is c-c++-common/ubsan/object-size-10.c:19:19: runtime error: index 128 out of bounds for type 'char [128]'
FAIL: c-c++-common/ubsan/object-size-10.c   -O2 -flto -fuse-linker-plugin -fno-fat-lto-objects  output pattern test, is c-c++-common/ubsan/object-size-10.c:19:19: runtime error: index 128 out of bounds for type 'char [128]'
FAIL: c-c++-common/ubsan/object-size-4.c   -O2  output pattern test, is c-c++-common/ubsan/object-size-4.c:16:13: runtime error: load of address 0x00e71f18 with insufficient space for an object of type 'int'
FAIL: c-c++-common/ubsan/object-size-4.c   -O2 -flto -fno-use-linker-plugin -flto-partition=none  output pattern test, is c-c++-common/ubsan/object-size-4.c:16:13: runtime error: load of address 0x00f7cf18 with insufficient space for an object of type 'int'
FAIL: c-c++-common/ubsan/object-size-4.c   -O2 -flto -fuse-linker-plugin -fno-fat-lto-objects  output pattern test, is c-c++-common/ubsan/object-size-4.c:16:13: runtime error: load of address 0x0192ef18 with insufficient space for an object of type 'int'
FAIL: c-c++-common/ubsan/object-size-5.c   -O2  output pattern test, is c-c++-common/ubsan/object-size-5.c:18:12: runtime error: load of address 0x00695f24 with insufficient space for an object of type 'char'
FAIL: c-c++-common/ubsan/object-size-5.c   -O2 -flto -fno-use-linker-plugin -flto-partition=none  output pattern test, is c-c++-common/ubsan/object-size-5.c:18:12: runtime error: load of address 0x004aaf24 with insufficient space for an object of type 'char'
FAIL: c-c++-common/ubsan/object-size-5.c   -O2 -flto -fuse-linker-plugin -fno-fat-lto-objects  output pattern test, is c-c++-common/ubsan/object-size-5.c:18:12: runtime error: load of address 0x01bb0f24 with insufficient space for an object of type 'char'
FAIL: c-c++-common/ubsan/object-size-7.c   -O2  output pattern test, is c-c++-common/ubsan/object-size-7.c:15:11: runtime error: load of address 0xbe889a48 with insufficient space for an object of type 'const struct S'
FAIL: c-c++-common/ubsan/object-size-7.c   -O2 -flto -fno-use-linker-plugin -flto-partition=none  output pattern test, is c-c++-common/ubsan/object-size-7.c:15:11: runtime error: load of address 0xbee07a48 with insufficient space for an object of type 'const struct S'
FAIL: c-c++-common/ubsan/object-size-7.c   -O2 -flto -fuse-linker-plugin -fno-fat-lto-objects  output pattern test, is c-c++-common/ubsan/object-size-7.c:15:11: runtime error: load of address 0xbe83fa48 with insufficient space for an object of type 'const struct S'
FAIL: c-c++-common/ubsan/object-size-8.c   -O2  output pattern test, is c-c++-common/ubsan/object-size-8.c:12:13: runtime error: load of address 0x00811f14 with insufficient space for an object of type 'int'
FAIL: c-c++-common/ubsan/object-size-8.c   -O2 -flto -fno-use-linker-plugin -flto-partition=none  output pattern test, is c-c++-common/ubsan/object-size-8.c:12:13: runtime error: load of address 0x01746f14 with insufficient space for an object of type 'int'
FAIL: c-c++-common/ubsan/object-size-8.c   -O2 -flto -fuse-linker-plugin -fno-fat-lto-objects  output pattern test, is c-c++-common/ubsan/object-size-8.c:12:13: runtime error: load of address 0x01d79f14 with insufficient space for an object of type 'int'
FAIL: c-c++-common/ubsan/object-size-9.c   -O2  output pattern test, is c-c++-common/ubsan/object-size-9.c:21:11: runtime error: load of address 0xbee2fa38 with insufficient space for an object of type 'char'
FAIL: c-c++-common/ubsan/object-size-9.c   -O2 -flto -fno-use-linker-plugin -flto-partition=none  output pattern test, is c-c++-common/ubsan/object-size-9.c:21:11: runtime error: load of address 0xbe98ba38 with insufficient space for an object of type 'char'
FAIL: c-c++-common/ubsan/object-size-9.c   -O2 -flto -fuse-linker-plugin -fno-fat-lto-objects  output pattern test, is c-c++-common/ubsan/object-size-9.c:21:11: runtime error: load of address 0xbeeaba40 with insufficient space for an object of type 'char'
FAIL: g++.dg/ubsan/null-1.C   -O0  output pattern test, is g++.dg/ubsan/null-1.C:12:13: runtime error: reference binding to null pointer of type 'int'
FAIL: g++.dg/ubsan/null-1.C   -O1  output pattern test, is g++.dg/ubsan/null-1.C:12:13: runtime error: reference binding to null pointer of type 'int'
FAIL: g++.dg/ubsan/null-1.C   -O2  output pattern test, is g++.dg/ubsan/null-1.C:12:13: runtime error: reference binding to null pointer of type 'int'
FAIL: g++.dg/ubsan/null-1.C   -O3 -fomit-frame-pointer  output pattern test, is g++.dg/ubsan/null-1.C:12:13: runtime error: reference binding to null pointer of type 'int'
FAIL: g++.dg/ubsan/null-1.C   -O3 -g  output pattern test, is g++.dg/ubsan/null-1.C:12:13: runtime error: reference binding to null pointer of type 'int'
FAIL: g++.dg/ubsan/null-1.C   -Os  output pattern test, is g++.dg/ubsan/null-1.C:12:13: runtime error: reference binding to null pointer of type 'int'
FAIL: g++.dg/ubsan/null-1.C   -O2 -flto -fno-use-linker-plugin -flto-partition=none  output pattern test, is g++.dg/ubsan/null-1.C:12:13: runtime error: reference binding to null pointer of type 'int'
FAIL: g++.dg/ubsan/null-1.C   -O2 -flto -fuse-linker-plugin -fno-fat-lto-objects  output pattern test, is g++.dg/ubsan/null-1.C:12:13: runtime error: reference binding to null pointer of type 'int'
FAIL: g++.dg/ubsan/null-3.C   -O0  output pattern test, is g++.dg/ubsan/null-3.C:9:14: runtime error: reference binding to null pointer of type 'int'
FAIL: g++.dg/ubsan/null-3.C   -O1  output pattern test, is g++.dg/ubsan/null-3.C:9:14: runtime error: reference binding to null pointer of type 'int'
FAIL: g++.dg/ubsan/null-3.C   -O2  output pattern test, is g++.dg/ubsan/null-3.C:9:14: runtime error: reference binding to null pointer of type 'int'
FAIL: g++.dg/ubsan/null-3.C   -O3 -fomit-frame-pointer  output pattern test, is g++.dg/ubsan/null-3.C:9:14: runtime error: reference binding to null pointer of type 'int'
FAIL: g++.dg/ubsan/null-3.C   -O3 -g  output pattern test, is g++.dg/ubsan/null-3.C:9:14: runtime error: reference binding to null pointer of type 'int'
FAIL: g++.dg/ubsan/null-3.C   -Os  output pattern test, is g++.dg/ubsan/null-3.C:9:14: runtime error: reference binding to null pointer of type 'int'
FAIL: g++.dg/ubsan/null-3.C   -O2 -flto -fno-use-linker-plugin -flto-partition=none  output pattern test, is g++.dg/ubsan/null-3.C:9:14: runtime error: reference binding to null pointer of type 'int'
FAIL: g++.dg/ubsan/null-3.C   -O2 -flto -fuse-linker-plugin -fno-fat-lto-objects  output pattern test, is g++.dg/ubsan/null-3.C:9:14: runtime error: reference binding to null pointer of type 'int'
FAIL: g++.dg/ubsan/null-4.C   -O0  output pattern test, is g++.dg/ubsan/null-4.C:11:14: runtime error: reference binding to null pointer of type 'int'
FAIL: g++.dg/ubsan/null-4.C   -O1  output pattern test, is g++.dg/ubsan/null-4.C:11:14: runtime error: reference binding to null pointer of type 'int'
FAIL: g++.dg/ubsan/null-4.C   -O2  output pattern test, is g++.dg/ubsan/null-4.C:11:14: runtime error: reference binding to null pointer of type 'int'
FAIL: g++.dg/ubsan/null-4.C   -O3 -fomit-frame-pointer  output pattern test, is g++.dg/ubsan/null-4.C:11:14: runtime error: reference binding to null pointer of type 'int'
FAIL: g++.dg/ubsan/null-4.C   -O3 -g  output pattern test, is g++.dg/ubsan/null-4.C:11:14: runtime error: reference binding to null pointer of type 'int'
FAIL: g++.dg/ubsan/null-4.C   -Os  output pattern test, is g++.dg/ubsan/null-4.C:11:14: runtime error: reference binding to null pointer of type 'int'
FAIL: g++.dg/ubsan/null-4.C   -O2 -flto -fno-use-linker-plugin -flto-partition=none  output pattern test, is g++.dg/ubsan/null-4.C:11:14: runtime error: reference binding to null pointer of type 'int'
FAIL: g++.dg/ubsan/static-init-2.C   -O0  output pattern test, is g++.dg/ubsan/static-init-2.C:9:20: runtime error: reference binding to null pointer of type 'int'
FAIL: g++.dg/ubsan/static-init-2.C   -O1  output pattern test, is g++.dg/ubsan/static-init-2.C:9:20: runtime error: reference binding to null pointer of type 'int'
FAIL: g++.dg/ubsan/static-init-2.C   -O2  output pattern test, is g++.dg/ubsan/static-init-2.C:9:20: runtime error: reference binding to null pointer of type 'int'
FAIL: g++.dg/ubsan/static-init-2.C   -O3 -fomit-frame-pointer  output pattern test, is g++.dg/ubsan/static-init-2.C:9:20: runtime error: reference binding to null pointer of type 'int'
FAIL: g++.dg/ubsan/static-init-2.C   -O3 -g  output pattern test, is g++.dg/ubsan/static-init-2.C:9:20: runtime error: reference binding to null pointer of type 'int'
FAIL: g++.dg/ubsan/static-init-2.C   -Os  output pattern test, is g++.dg/ubsan/static-init-2.C:9:20: runtime error: reference binding to null pointer of type 'int'
FAIL: g++.dg/ubsan/static-init-2.C   -O2 -flto -fno-use-linker-plugin -flto-partition=none  output pattern test, is g++.dg/ubsan/static-init-2.C:9:20: runtime error: reference binding to null pointer of type 'int'
FAIL: g++.dg/ubsan/static-init-2.C   -O2 -flto -fuse-linker-plugin -fno-fat-lto-objects  output pattern test, is g++.dg/ubsan/static-init-2.C:9:20: runtime error: reference binding to null pointer of type 'int'
FAIL: g++.dg/ubsan/static-init-3.C   -O0  output pattern test, is g++.dg/ubsan/static-init-3.C:11:24: runtime error: reference binding to null pointer of type 'int'
FAIL: g++.dg/ubsan/static-init-3.C   -O1  output pattern test, is g++.dg/ubsan/static-init-3.C:11:24: runtime error: reference binding to null pointer of type 'int'
FAIL: g++.dg/ubsan/static-init-3.C   -O2  output pattern test, is g++.dg/ubsan/static-init-3.C:11:24: runtime error: reference binding to null pointer of type 'int'
FAIL: g++.dg/ubsan/static-init-3.C   -O3 -fomit-frame-pointer  output pattern test, is g++.dg/ubsan/static-init-3.C:11:24: runtime error: reference binding to null pointer of type 'int'
FAIL: g++.dg/ubsan/static-init-3.C   -O3 -g  output pattern test, is g++.dg/ubsan/static-init-3.C:11:24: runtime error: reference binding to null pointer of type 'int'
FAIL: g++.dg/ubsan/static-init-3.C   -Os  output pattern test, is g++.dg/ubsan/static-init-3.C:11:24: runtime error: reference binding to null pointer of type 'int'
FAIL: g++.dg/ubsan/static-init-3.C   -O2 -flto -fno-use-linker-plugin -flto-partition=none  output pattern test, is g++.dg/ubsan/static-init-3.C:11:24: runtime error: reference binding to null pointer of type 'int'
FAIL: g++.dg/ubsan/static-init-3.C   -O2 -flto -fuse-linker-plugin -fno-fat-lto-objects  output pattern test, is g++.dg/ubsan/static-init-3.C:11:24: runtime error: reference binding to null pointer of type 'int'
FAIL: g++.dg/ubsan/vptr-1.C   -O0  output pattern test, is g++.dg/ubsan/vptr-1.C:75:17: runtime error: member access within address 0x00bf1f10 which does not point to an object of type 'T'
FAIL: g++.dg/ubsan/vptr-1.C   -O1  output pattern test, is g++.dg/ubsan/vptr-1.C:75:17: runtime error: member access within address 0x01a77f10 which does not point to an object of type 'T'
FAIL: g++.dg/ubsan/vptr-1.C   -O2  output pattern test, is g++.dg/ubsan/vptr-1.C:75:17: runtime error: member access within address 0x010d4f10 which does not point to an object of type 'T'
FAIL: g++.dg/ubsan/vptr-1.C   -O3 -fomit-frame-pointer  output pattern test, is g++.dg/ubsan/vptr-1.C:75:17: runtime error: member access within address 0x015cef10 which does not point to an object of type 'T'
FAIL: g++.dg/ubsan/vptr-1.C   -O3 -fomit-frame-pointer -funroll-loops  output pattern test, is g++.dg/ubsan/vptr-1.C:75:17: runtime error: member access within address 0x01103f10 which does not point to an object of type 'T'
FAIL: g++.dg/ubsan/vptr-1.C   -O3 -fomit-frame-pointer -funroll-all-loops -finline-functions  output pattern test, is g++.dg/ubsan/vptr-1.C:75:17: runtime error: member access within address 0x01030f10 which does not point to an object of type 'T'
FAIL: g++.dg/ubsan/vptr-1.C   -O3 -g  output pattern test, is g++.dg/ubsan/vptr-1.C:75:17: runtime error: member access within address 0x00652f10 which does not point to an object of type 'T'
FAIL: g++.dg/ubsan/vptr-1.C   -Os  output pattern test, is g++.dg/ubsan/vptr-1.C:75:17: runtime error: member access within address 0x01d02f10 which does not point to an object of type 'T'
FAIL: g++.dg/ubsan/vptr-1.C   -O2 -flto -fno-use-linker-plugin -flto-partition=none  output pattern test, is g++.dg/ubsan/vptr-1.C:75:17: runtime error: member access within address 0x00682f10 which does not point to an object of type 'T'
FAIL: g++.dg/ubsan/vptr-1.C   -O2 -flto -fuse-linker-plugin -fno-fat-lto-objects  output pattern test, is g++.dg/ubsan/vptr-1.C:75:17: runtime error: member access within address 0x01f4ff10 which does not point to an object of type 'T'
FAIL: g++.dg/ubsan/vptr-2.C   -O0  output pattern test, is g++.dg/ubsan/vptr-2.C:75:17: runtime error: member access within address 0x011a3f10 which does not point to an object of type 'T'
FAIL: g++.dg/ubsan/vptr-2.C   -O1  output pattern test, is g++.dg/ubsan/vptr-2.C:75:17: runtime error: member access within address 0x002fbf10 which does not point to an object of type 'T'
FAIL: g++.dg/ubsan/vptr-2.C   -O2  output pattern test, is g++.dg/ubsan/vptr-2.C:75:17: runtime error: member access within address 0x0114bf10 which does not point to an object of type 'T'
FAIL: g++.dg/ubsan/vptr-2.C   -O3 -fomit-frame-pointer  output pattern test, is g++.dg/ubsan/vptr-2.C:75:17: runtime error: member access within address 0x01b41f10 which does not point to an object of type 'T'
FAIL: g++.dg/ubsan/vptr-2.C   -O3 -fomit-frame-pointer -funroll-loops  output pattern test, is g++.dg/ubsan/vptr-2.C:75:17: runtime error: member access within address 0x01a67f10 which does not point to an object of type 'T'
FAIL: g++.dg/ubsan/vptr-2.C   -O3 -fomit-frame-pointer -funroll-all-loops -finline-functions  output pattern test, is g++.dg/ubsan/vptr-2.C:75:17: runtime error: member access within address 0x012b1f10 which does not point to an object of type 'T'
FAIL: g++.dg/ubsan/vptr-2.C   -O3 -g  output pattern test, is g++.dg/ubsan/vptr-2.C:75:17: runtime error: member access within address 0x0165bf10 which does not point to an object of type 'T'
FAIL: g++.dg/ubsan/vptr-2.C   -Os  output pattern test, is g++.dg/ubsan/vptr-2.C:75:17: runtime error: member access within address 0x003bdf10 which does not point to an object of type 'T'
FAIL: g++.dg/ubsan/vptr-2.C   -O2 -flto -fno-use-linker-plugin -flto-partition=none  output pattern test, is g++.dg/ubsan/vptr-2.C:75:17: runtime error: member access within address 0x01387f10 which does not point to an object of type 'T'
FAIL: g++.dg/ubsan/vptr-2.C   -O2 -flto -fuse-linker-plugin -fno-fat-lto-objects  output pattern test, is g++.dg/ubsan/vptr-2.C:75:17: runtime error: member access within address 0x0167cf10 which does not point to an object of type 'T'
FAIL: g++.dg/ubsan/vptr-3.C   -O0  output pattern test, is g++.dg/ubsan/vptr-3.C:75:17: runtime error: member access within address 0x007d7f10 which does not point to an object of type 'T'
FAIL: g++.dg/ubsan/vptr-3.C   -O1  output pattern test, is g++.dg/ubsan/vptr-3.C:75:17: runtime error: member access within address 0x00c49f10 which does not point to an object of type 'T'
FAIL: g++.dg/ubsan/vptr-3.C   -O2  output pattern test, is g++.dg/ubsan/vptr-3.C:75:17: runtime error: member access within address 0x00595f10 which does not point to an object of type 'T'
FAIL: g++.dg/ubsan/vptr-3.C   -O3 -fomit-frame-pointer  output pattern test, is g++.dg/ubsan/vptr-3.C:75:17: runtime error: member access within address 0x00d4af10 which does not point to an object of type 'T'
FAIL: g++.dg/ubsan/vptr-3.C   -O3 -fomit-frame-pointer -funroll-loops  output pattern test, is g++.dg/ubsan/vptr-3.C:75:17: runtime error: member access within address 0x01305f10 which does not point to an object of type 'T'
FAIL: g++.dg/ubsan/vptr-3.C   -O3 -fomit-frame-pointer -funroll-all-loops -finline-functions  output pattern test, is g++.dg/ubsan/vptr-3.C:75:17: runtime error: member access within address 0x00f81f10 which does not point to an object of type 'T'
FAIL: g++.dg/ubsan/vptr-3.C   -O3 -g  output pattern test, is g++.dg/ubsan/vptr-3.C:75:17: runtime error: member access within address 0x0018df10 which does not point to an object of type 'T'
FAIL: g++.dg/ubsan/vptr-3.C   -Os  output pattern test, is g++.dg/ubsan/vptr-3.C:75:17: runtime error: member access within address 0x00638f10 which does not point to an object of type 'T'
FAIL: g++.dg/ubsan/vptr-3.C   -O2 -flto -fno-use-linker-plugin -flto-partition=none  output pattern test, is g++.dg/ubsan/vptr-3.C:75:17: runtime error: member access within address 0x00b1af10 which does not point to an object of type 'T'
FAIL: g++.dg/ubsan/vptr-3.C   -O2 -flto -fuse-linker-plugin -fno-fat-lto-objects  output pattern test, is g++.dg/ubsan/vptr-3.C:75:17: runtime error: member access within address 0x01b76f10 which does not point to an object of type 'T'
FAIL: g++.dg/ubsan/vptr-8.C   -O0  output pattern test, is g++.dg/ubsan/vptr-8.C:24:13: runtime error: cast to virtual base of address 0xbe8aaa40 which does not point to an object of type 'V'
FAIL: g++.dg/ubsan/vptr-8.C   -O1  output pattern test, is g++.dg/ubsan/vptr-8.C:24:13: runtime error: cast to virtual base of address 0xbe87ba48 which does not point to an object of type 'V'
FAIL: g++.dg/ubsan/vptr-8.C   -O2  output pattern test, is g++.dg/ubsan/vptr-8.C:24:13: runtime error: cast to virtual base of address 0xbeb2da40 which does not point to an object of type 'V'
FAIL: g++.dg/ubsan/vptr-8.C   -O3 -fomit-frame-pointer  output pattern test, is g++.dg/ubsan/vptr-8.C:24:13: runtime error: cast to virtual base of address 0xbeaaea40 which does not point to an object of type 'V'
FAIL: g++.dg/ubsan/vptr-8.C   -O3 -fomit-frame-pointer -funroll-loops  output pattern test, is g++.dg/ubsan/vptr-8.C:24:13: runtime error: cast to virtual base of address 0xbee25a40 which does not point to an object of type 'V'
FAIL: g++.dg/ubsan/vptr-8.C   -O3 -fomit-frame-pointer -funroll-all-loops -finline-functions  output pattern test, is g++.dg/ubsan/vptr-8.C:24:13: runtime error: cast to virtual base of address 0xbefaba40 which does not point to an object of type 'V'
FAIL: g++.dg/ubsan/vptr-8.C   -O3 -g  output pattern test, is g++.dg/ubsan/vptr-8.C:24:13: runtime error: cast to virtual base of address 0xbea1fa40 which does not point to an object of type 'V'
FAIL: g++.dg/ubsan/vptr-8.C   -Os  output pattern test, is g++.dg/ubsan/vptr-8.C:24:13: runtime error: cast to virtual base of address 0xbec1aa40 which does not point to an object of type 'V'
FAIL: g++.dg/ubsan/vptr-8.C   -O2 -flto -fno-use-linker-plugin -flto-partition=none  output pattern test, is g++.dg/ubsan/vptr-8.C:24:13: runtime error: cast to virtual base of address 0xbe9c2a40 which does not point to an object of type 'V'
FAIL: g++.dg/ubsan/vptr-8.C   -O2 -flto -fuse-linker-plugin -fno-fat-lto-objects  output pattern test, is g++.dg/ubsan/vptr-8.C:24:13: runtime error: cast to virtual base of address 0xbed10a40 which does not point to an object of type 'V'
FAIL: g++.dg/ubsan/vptr-9.C   -O0  output pattern test, is g++.dg/ubsan/vptr-9.C:14:10: runtime error: cast to virtual base of address 0xbe988a34 which does not point to an object of type 'T'
FAIL: g++.dg/ubsan/vptr-9.C   -O1  output pattern test, is g++.dg/ubsan/vptr-9.C:14:10: runtime error: cast to virtual base of address 0xbefb0a4c which does not point to an object of type 'T'
FAIL: g++.dg/ubsan/vptr-9.C   -O2  output pattern test, is g++.dg/ubsan/vptr-9.C:14:10: runtime error: cast to virtual base of address 0xbea4da44 which does not point to an object of type 'T'
FAIL: g++.dg/ubsan/vptr-9.C   -O3 -fomit-frame-pointer  output pattern test, is g++.dg/ubsan/vptr-9.C:14:10: runtime error: cast to virtual base of address 0xbee53a44 which does not point to an object of type 'T'
FAIL: g++.dg/ubsan/vptr-9.C   -O3 -fomit-frame-pointer -funroll-loops  output pattern test, is g++.dg/ubsan/vptr-9.C:14:10: runtime error: cast to virtual base of address 0xbea7aa44 which does not point to an object of type 'T'
FAIL: g++.dg/ubsan/vptr-9.C   -O3 -fomit-frame-pointer -funroll-all-loops -finline-functions  output pattern test, is g++.dg/ubsan/vptr-9.C:14:10: runtime error: cast to virtual base of address 0xbea53a44 which does not point to an object of type 'T'
FAIL: g++.dg/ubsan/vptr-9.C   -O3 -g  output pattern test, is g++.dg/ubsan/vptr-9.C:14:10: runtime error: cast to virtual base of address 0xbe81ea44 which does not point to an object of type 'T'
FAIL: g++.dg/ubsan/vptr-9.C   -Os  output pattern test, is g++.dg/ubsan/vptr-9.C:14:10: runtime error: cast to virtual base of address 0xbef2da3c which does not point to an object of type 'T'
FAIL: g++.dg/ubsan/vptr-9.C   -O2 -flto -fno-use-linker-plugin -flto-partition=none  output pattern test, is g++.dg/ubsan/vptr-9.C:14:10: runtime error: cast to virtual base of address 0xbe9d7a5c which does not point to an object of type 'T'
FAIL: g++.dg/ubsan/vptr-9.C   -O2 -flto -fuse-linker-plugin -fno-fat-lto-objects  output pattern test, is g++.dg/ubsan/vptr-9.C:14:10: runtime error: cast to virtual base of address 0xbef18a5c which does not point to an object of type 'T'

		=== g++ Summary ===

# of expected passes		85727
# of unexpected failures	115
# of expected failures		340
# of unresolved testcases	1
# of unsupported tests		4110
/scratch/gcc/nightly-2015-07-26-5/arm-none-linux-gnueabi/obj/test-5-0-arm-none-linux-gnueabi/host-i686-pc-linux-gnu/fsf-5/bin/arm-none-linux-gnueabi-g++  version 5.2.1 20150726 (GCC) 


		=== Summary adjusted for local xfails ===

# of unexpected failures        115
# of expected passes            85727
# of expected failures          340
# of unresolved testcases       1
# of unsupported tests          4110
Host   is i686-pc-linux-gnu

		=== gcc tests ===


Running target qemu-wheezy
FAIL: c-c++-common/asan/heap-overflow-1.c   -O1  output pattern test, is =================================================================
FAIL: c-c++-common/asan/sanity-check-pure-c-1.c   -O1  output pattern test, is =================================================================
FAIL: c-c++-common/asan/strncpy-overflow-1.c   -O1  output pattern test, is =================================================================
FAIL: c-c++-common/asan/use-after-free-1.c   -O1  output pattern test, is =================================================================
FAIL: gcc.dg/tree-ssa/sra-12.c scan-tree-dump-times release_ssa "l;" 0
FAIL: gcc.dg/tree-ssa/ssa-dom-cse-2.c scan-tree-dump optimized "return 28;"
FAIL: c-c++-common/ubsan/object-size-1.c   -O2  output pattern test, is c-c++-common/ubsan/object-size-1.c:16:7: runtime error: load of address 0x00597f24 with insufficient space for an object of type 'char'
FAIL: c-c++-common/ubsan/object-size-1.c   -O2 -flto -fno-use-linker-plugin -flto-partition=none  output pattern test, is c-c++-common/ubsan/object-size-1.c:16:7: runtime error: load of address 0x017b3f24 with insufficient space for an object of type 'char'
FAIL: c-c++-common/ubsan/object-size-1.c   -O2 -flto -fuse-linker-plugin -fno-fat-lto-objects  output pattern test, is c-c++-common/ubsan/object-size-1.c:16:7: runtime error: load of address 0x01d64f24 with insufficient space for an object of type 'char'
FAIL: c-c++-common/ubsan/object-size-10.c   -O2  output pattern test, is c-c++-common/ubsan/object-size-10.c:19:11: runtime error: index 128 out of bounds for type 'char [128]'
FAIL: c-c++-common/ubsan/object-size-10.c   -O2 -flto -fno-use-linker-plugin -flto-partition=none  output pattern test, is c-c++-common/ubsan/object-size-10.c:19:11: runtime error: index 128 out of bounds for type 'char [128]'
FAIL: c-c++-common/ubsan/object-size-10.c   -O2 -flto -fuse-linker-plugin -fno-fat-lto-objects  output pattern test, is c-c++-common/ubsan/object-size-10.c:19:11: runtime error: index 128 out of bounds for type 'char [128]'
FAIL: c-c++-common/ubsan/object-size-4.c   -O2  output pattern test, is c-c++-common/ubsan/object-size-4.c:16:11: runtime error: load of address 0x01176f18 with insufficient space for an object of type 'int'
FAIL: c-c++-common/ubsan/object-size-4.c   -O2 -flto -fno-use-linker-plugin -flto-partition=none  output pattern test, is c-c++-common/ubsan/object-size-4.c:16:11: runtime error: load of address 0x00774f18 with insufficient space for an object of type 'int'
FAIL: c-c++-common/ubsan/object-size-4.c   -O2 -flto -fuse-linker-plugin -fno-fat-lto-objects  output pattern test, is c-c++-common/ubsan/object-size-4.c:16:11: runtime error: load of address 0x01802f18 with insufficient space for an object of type 'int'
FAIL: c-c++-common/ubsan/object-size-5.c   -O2  output pattern test, is c-c++-common/ubsan/object-size-5.c:18:10: runtime error: load of address 0x00b32f24 with insufficient space for an object of type 'char'
FAIL: c-c++-common/ubsan/object-size-5.c   -O2 -flto -fno-use-linker-plugin -flto-partition=none  output pattern test, is c-c++-common/ubsan/object-size-5.c:18:10: runtime error: load of address 0x01107f24 with insufficient space for an object of type 'char'
FAIL: c-c++-common/ubsan/object-size-5.c   -O2 -flto -fuse-linker-plugin -fno-fat-lto-objects  output pattern test, is c-c++-common/ubsan/object-size-5.c:18:10: runtime error: load of address 0x00f8af24 with insufficient space for an object of type 'char'
FAIL: c-c++-common/ubsan/object-size-7.c   -O2  output pattern test, is c-c++-common/ubsan/object-size-7.c:15:5: runtime error: load of address 0xbeaa9a48 with insufficient space for an object of type 'struct S'
FAIL: c-c++-common/ubsan/object-size-7.c   -O2 -flto -fno-use-linker-plugin -flto-partition=none  output pattern test, is c-c++-common/ubsan/object-size-7.c:15:5: runtime error: load of address 0xbebf1a48 with insufficient space for an object of type 'struct S'
FAIL: c-c++-common/ubsan/object-size-7.c   -O2 -flto -fuse-linker-plugin -fno-fat-lto-objects  output pattern test, is c-c++-common/ubsan/object-size-7.c:15:5: runtime error: load of address 0xbeddda48 with insufficient space for an object of type 'struct S'
FAIL: c-c++-common/ubsan/object-size-8.c   -O2  output pattern test, is c-c++-common/ubsan/object-size-8.c:12:10: runtime error: load of address 0x01853f14 with insufficient space for an object of type 'int'
FAIL: c-c++-common/ubsan/object-size-8.c   -O2 -flto -fno-use-linker-plugin -flto-partition=none  output pattern test, is c-c++-common/ubsan/object-size-8.c:12:10: runtime error: load of address 0x0054cf14 with insufficient space for an object of type 'int'
FAIL: c-c++-common/ubsan/object-size-8.c   -O2 -flto -fuse-linker-plugin -fno-fat-lto-objects  output pattern test, is c-c++-common/ubsan/object-size-8.c:12:10: runtime error: load of address 0x00d73f14 with insufficient space for an object of type 'int'
FAIL: c-c++-common/ubsan/object-size-9.c   -O2  output pattern test, is c-c++-common/ubsan/object-size-9.c:21:10: runtime error: load of address 0xbe8d4a50 with insufficient space for an object of type 'char'
FAIL: c-c++-common/ubsan/object-size-9.c   -O2 -flto -fno-use-linker-plugin -flto-partition=none  output pattern test, is c-c++-common/ubsan/object-size-9.c:21:10: runtime error: load of address 0xbebd4a50 with insufficient space for an object of type 'char'
FAIL: c-c++-common/ubsan/object-size-9.c   -O2 -flto -fuse-linker-plugin -fno-fat-lto-objects  output pattern test, is c-c++-common/ubsan/object-size-9.c:21:10: runtime error: load of address 0xbea2ba50 with insufficient space for an object of type 'char'
FAIL: gcc.dg/ubsan/object-size-9.c   -O2  output pattern test, is gcc.dg/ubsan/object-size-9.c:11:13: runtime error: load of address 0x00020a12 with insufficient space for an object of type 'char'
FAIL: gcc.dg/ubsan/object-size-9.c   -O2 -flto -fno-use-linker-plugin -flto-partition=none  output pattern test, is gcc.dg/ubsan/object-size-9.c:11:13: runtime error: load of address 0x00020a12 with insufficient space for an object of type 'char'
FAIL: gcc.dg/ubsan/object-size-9.c   -O2 -flto -fuse-linker-plugin -fno-fat-lto-objects  output pattern test, is gcc.dg/ubsan/object-size-9.c:11:13: runtime error: load of address 0x000209ca with insufficient space for an object of type 'char'
FAIL: gcc.target/arm/neon-vfma-1.c scan-assembler vfma\\\\.f32[\\t]+[dDqQ]
FAIL: gcc.target/arm/neon-vfms-1.c scan-assembler vfms\\\\.f32[\\t]+[dDqQ]
FAIL: gcc.target/arm/pr42172-1.c scan-assembler-times ldr 1
FAIL: gcc.target/arm/pr42575.c scan-assembler-not mov
FAIL: gcc.target/arm/thumb-ltu.c scan-assembler-not uxtb
FAIL: gcc.target/arm/simd/vextQp64_1.c execution test
FAIL: gcc.target/arm/simd/vextp64_1.c execution test

		=== gcc Summary ===

# of expected passes		92654
# of unexpected failures	37
# of expected failures		118
# of unsupported tests		4134
/scratch/gcc/nightly-2015-07-26-5/arm-none-linux-gnueabi/obj/test-5-0-arm-none-linux-gnueabi/host-i686-pc-linux-gnu/fsf-5/bin/arm-none-linux-gnueabi-gcc  version 5.2.1 20150726 (GCC) 


		=== Summary adjusted for local xfails ===

# of unexpected failures        37
# of expected passes            92654
# of expected failures          118
# of unsupported tests          4134
Host   is i686-pc-linux-gnu

		=== gfortran tests ===


Running target qemu-wheezy
FAIL: gfortran.dg/ieee/ieee_1.F90   -O0  execution test
FAIL: gfortran.dg/ieee/ieee_1.F90   -O1  execution test
FAIL: gfortran.dg/ieee/ieee_1.F90   -O2  execution test
FAIL: gfortran.dg/ieee/ieee_1.F90   -O3 -fomit-frame-pointer  execution test
FAIL: gfortran.dg/ieee/ieee_1.F90   -O3 -fomit-frame-pointer -funroll-loops  execution test
FAIL: gfortran.dg/ieee/ieee_1.F90   -O3 -fomit-frame-pointer -funroll-all-loops -finline-functions  execution test
FAIL: gfortran.dg/ieee/ieee_1.F90   -O3 -g  execution test
FAIL: gfortran.dg/ieee/ieee_1.F90   -Os  execution test
FAIL: gfortran.dg/ieee/ieee_2.f90   -O0  execution test
FAIL: gfortran.dg/ieee/ieee_2.f90   -O1  execution test
FAIL: gfortran.dg/ieee/ieee_2.f90   -O2  execution test
FAIL: gfortran.dg/ieee/ieee_2.f90   -O3 -fomit-frame-pointer  execution test
FAIL: gfortran.dg/ieee/ieee_2.f90   -O3 -fomit-frame-pointer -funroll-loops  execution test
FAIL: gfortran.dg/ieee/ieee_2.f90   -O3 -fomit-frame-pointer -funroll-all-loops -finline-functions  execution test
FAIL: gfortran.dg/ieee/ieee_2.f90   -O3 -g  execution test
FAIL: gfortran.dg/ieee/ieee_2.f90   -Os  execution test
FAIL: gfortran.dg/ieee/ieee_6.f90   -O0  execution test
FAIL: gfortran.dg/ieee/ieee_6.f90   -O1  execution test
FAIL: gfortran.dg/ieee/ieee_6.f90   -O2  execution test
FAIL: gfortran.dg/ieee/ieee_6.f90   -O3 -fomit-frame-pointer  execution test
FAIL: gfortran.dg/ieee/ieee_6.f90   -O3 -fomit-frame-pointer -funroll-loops  execution test
FAIL: gfortran.dg/ieee/ieee_6.f90   -O3 -fomit-frame-pointer -funroll-all-loops -finline-functions  execution test
FAIL: gfortran.dg/ieee/ieee_6.f90   -O3 -g  execution test
FAIL: gfortran.dg/ieee/ieee_6.f90   -Os  execution test
FAIL: gfortran.dg/ieee/rounding_1.f90   -O0  execution test
FAIL: gfortran.dg/ieee/rounding_1.f90   -O1  execution test
FAIL: gfortran.dg/ieee/rounding_1.f90   -O2  execution test
FAIL: gfortran.dg/ieee/rounding_1.f90   -O3 -fomit-frame-pointer  execution test
FAIL: gfortran.dg/ieee/rounding_1.f90   -O3 -fomit-frame-pointer -funroll-loops  execution test
FAIL: gfortran.dg/ieee/rounding_1.f90   -O3 -fomit-frame-pointer -funroll-all-loops -finline-functions  execution test
FAIL: gfortran.dg/ieee/rounding_1.f90   -O3 -g  execution test
FAIL: gfortran.dg/ieee/rounding_1.f90   -Os  execution test

		=== gfortran Summary ===

# of expected passes		47292
# of unexpected failures	32
# of expected failures		79
# of unsupported tests		410
/scratch/gcc/nightly-2015-07-26-5/arm-none-linux-gnueabi/obj/test-5-0-arm-none-linux-gnueabi/host-i686-pc-linux-gnu/fsf-5/bin/arm-none-linux-gnueabi-gfortran  version 5.2.1 20150726 (GCC) 


		=== Summary adjusted for local xfails ===

# of unexpected failures        32
# of expected passes            47292
# of expected failures          79
# of unsupported tests          410
Host   is i686-pc-linux-gnu

		=== libatomic tests ===


Running target qemu-wheezy

		=== libatomic Summary ===

# of expected passes		44
# of unsupported tests		5

		=== Summary adjusted for local xfails ===

# of expected passes            44
# of unsupported tests          5
Host   is i686-pc-linux-gnu

		=== libgomp tests ===


Running target qemu-wheezy
WARNING: program timed out.
FAIL: libgomp.fortran/strassen.f90   -O  execution test
FAIL: libgomp.graphite/force-parallel-7.c execution test
FAIL: libgomp.oacc-c/../libgomp.oacc-c-c++-common/acc_on_device-1.c -DACC_DEVICE_TYPE_host_nonshm=1 -DACC_MEM_SHARED=0 execution test
FAIL: libgomp.oacc-c/../libgomp.oacc-c-c++-common/clauses-1.c -DACC_DEVICE_TYPE_host_nonshm=1 -DACC_MEM_SHARED=0 execution test
FAIL: libgomp.oacc-c/../libgomp.oacc-c-c++-common/data-1.c -DACC_DEVICE_TYPE_host_nonshm=1 -DACC_MEM_SHARED=0 execution test
FAIL: libgomp.oacc-c/../libgomp.oacc-c-c++-common/data-already-1.c -DACC_DEVICE_TYPE_host_nonshm=1 -DACC_MEM_SHARED=0 execution test
FAIL: libgomp.oacc-c/../libgomp.oacc-c-c++-common/data-already-2.c -DACC_DEVICE_TYPE_host_nonshm=1 -DACC_MEM_SHARED=0 execution test
FAIL: libgomp.oacc-c/../libgomp.oacc-c-c++-common/data-already-3.c -DACC_DEVICE_TYPE_host_nonshm=1 -DACC_MEM_SHARED=0 execution test
FAIL: libgomp.oacc-c/../libgomp.oacc-c-c++-common/data-already-5.c -DACC_DEVICE_TYPE_host_nonshm=1 -DACC_MEM_SHARED=0 execution test
FAIL: libgomp.oacc-c/../libgomp.oacc-c-c++-common/data-already-6.c -DACC_DEVICE_TYPE_host_nonshm=1 -DACC_MEM_SHARED=0 execution test
FAIL: libgomp.oacc-c/../libgomp.oacc-c-c++-common/data-already-7.c -DACC_DEVICE_TYPE_host_nonshm=1 -DACC_MEM_SHARED=0 execution test
FAIL: libgomp.oacc-c/../libgomp.oacc-c-c++-common/data-already-8.c -DACC_DEVICE_TYPE_host_nonshm=1 -DACC_MEM_SHARED=0 execution test
FAIL: libgomp.oacc-c/../libgomp.oacc-c-c++-common/deviceptr-1.c -DACC_DEVICE_TYPE_host_nonshm=1 -DACC_MEM_SHARED=0 execution test
FAIL: libgomp.oacc-c/../libgomp.oacc-c-c++-common/if-1.c -DACC_DEVICE_TYPE_host_nonshm=1 -DACC_MEM_SHARED=0 execution test
FAIL: libgomp.oacc-c/../libgomp.oacc-c-c++-common/kernels-1.c -DACC_DEVICE_TYPE_host_nonshm=1 -DACC_MEM_SHARED=0 execution test
FAIL: libgomp.oacc-c/../libgomp.oacc-c-c++-common/lib-12.c -DACC_DEVICE_TYPE_host_nonshm=1 -DACC_MEM_SHARED=0 execution test
FAIL: libgomp.oacc-c/../libgomp.oacc-c-c++-common/lib-19.c -DACC_DEVICE_TYPE_host_nonshm=1 -DACC_MEM_SHARED=0 execution test
FAIL: libgomp.oacc-c/../libgomp.oacc-c-c++-common/lib-37.c -DACC_DEVICE_TYPE_host_nonshm=1 -DACC_MEM_SHARED=0 execution test
FAIL: libgomp.oacc-c/../libgomp.oacc-c-c++-common/lib-38.c -DACC_DEVICE_TYPE_host_nonshm=1 -DACC_MEM_SHARED=0 execution test
FAIL: libgomp.oacc-c/../libgomp.oacc-c-c++-common/lib-45.c -DACC_DEVICE_TYPE_host_nonshm=1 -DACC_MEM_SHARED=0 execution test
FAIL: libgomp.oacc-c/../libgomp.oacc-c-c++-common/lib-46.c -DACC_DEVICE_TYPE_host_nonshm=1 -DACC_MEM_SHARED=0 execution test
FAIL: libgomp.oacc-c/../libgomp.oacc-c-c++-common/lib-49.c -DACC_DEVICE_TYPE_host_nonshm=1 -DACC_MEM_SHARED=0 execution test
FAIL: libgomp.oacc-c/../libgomp.oacc-c-c++-common/lib-50.c -DACC_DEVICE_TYPE_host_nonshm=1 -DACC_MEM_SHARED=0 execution test
FAIL: libgomp.oacc-c/../libgomp.oacc-c-c++-common/lib-51.c -DACC_DEVICE_TYPE_host_nonshm=1 -DACC_MEM_SHARED=0 execution test
FAIL: libgomp.oacc-c/../libgomp.oacc-c-c++-common/lib-55.c -DACC_DEVICE_TYPE_host_nonshm=1 -DACC_MEM_SHARED=0 execution test
FAIL: libgomp.oacc-c/../libgomp.oacc-c-c++-common/lib-56.c -DACC_DEVICE_TYPE_host_nonshm=1 -DACC_MEM_SHARED=0 execution test
FAIL: libgomp.oacc-c/../libgomp.oacc-c-c++-common/lib-59.c -DACC_DEVICE_TYPE_host_nonshm=1 -DACC_MEM_SHARED=0 execution test
FAIL: libgomp.oacc-c/../libgomp.oacc-c-c++-common/lib-60.c -DACC_DEVICE_TYPE_host_nonshm=1 -DACC_MEM_SHARED=0 execution test
FAIL: libgomp.oacc-c/../libgomp.oacc-c-c++-common/lib-61.c -DACC_DEVICE_TYPE_host_nonshm=1 -DACC_MEM_SHARED=0 execution test
FAIL: libgomp.oacc-c/../libgomp.oacc-c-c++-common/lib-66.c -DACC_DEVICE_TYPE_host_nonshm=1 -DACC_MEM_SHARED=0 execution test
FAIL: libgomp.oacc-c/../libgomp.oacc-c-c++-common/nested-1.c -DACC_DEVICE_TYPE_host_nonshm=1 -DACC_MEM_SHARED=0 execution test
FAIL: libgomp.oacc-c/../libgomp.oacc-c-c++-common/parallel-1.c -DACC_DEVICE_TYPE_host_nonshm=1 -DACC_MEM_SHARED=0 execution test
FAIL: libgomp.oacc-c/../libgomp.oacc-c-c++-common/update-1-2.c -DACC_DEVICE_TYPE_host_nonshm=1 -DACC_MEM_SHARED=0 execution test
FAIL: libgomp.oacc-c/../libgomp.oacc-c-c++-common/update-1.c -DACC_DEVICE_TYPE_host_nonshm=1 -DACC_MEM_SHARED=0 execution test
FAIL: libgomp.oacc-c++/../libgomp.oacc-c-c++-common/acc_on_device-1.c -DACC_DEVICE_TYPE_host_nonshm=1 -DACC_MEM_SHARED=0 execution test
FAIL: libgomp.oacc-c++/../libgomp.oacc-c-c++-common/clauses-1.c -DACC_DEVICE_TYPE_host_nonshm=1 -DACC_MEM_SHARED=0 execution test
FAIL: libgomp.oacc-c++/../libgomp.oacc-c-c++-common/data-1.c -DACC_DEVICE_TYPE_host_nonshm=1 -DACC_MEM_SHARED=0 execution test
FAIL: libgomp.oacc-c++/../libgomp.oacc-c-c++-common/data-already-1.c -DACC_DEVICE_TYPE_host_nonshm=1 -DACC_MEM_SHARED=0 execution test
FAIL: libgomp.oacc-c++/../libgomp.oacc-c-c++-common/data-already-2.c -DACC_DEVICE_TYPE_host_nonshm=1 -DACC_MEM_SHARED=0 execution test
FAIL: libgomp.oacc-c++/../libgomp.oacc-c-c++-common/data-already-3.c -DACC_DEVICE_TYPE_host_nonshm=1 -DACC_MEM_SHARED=0 execution test
FAIL: libgomp.oacc-c++/../libgomp.oacc-c-c++-common/data-already-5.c -DACC_DEVICE_TYPE_host_nonshm=1 -DACC_MEM_SHARED=0 execution test
FAIL: libgomp.oacc-c++/../libgomp.oacc-c-c++-common/data-already-6.c -DACC_DEVICE_TYPE_host_nonshm=1 -DACC_MEM_SHARED=0 execution test
FAIL: libgomp.oacc-c++/../libgomp.oacc-c-c++-common/data-already-7.c -DACC_DEVICE_TYPE_host_nonshm=1 -DACC_MEM_SHARED=0 execution test
FAIL: libgomp.oacc-c++/../libgomp.oacc-c-c++-common/data-already-8.c -DACC_DEVICE_TYPE_host_nonshm=1 -DACC_MEM_SHARED=0 execution test
FAIL: libgomp.oacc-c++/../libgomp.oacc-c-c++-common/deviceptr-1.c -DACC_DEVICE_TYPE_host_nonshm=1 -DACC_MEM_SHARED=0 execution test
FAIL: libgomp.oacc-c++/../libgomp.oacc-c-c++-common/if-1.c -DACC_DEVICE_TYPE_host_nonshm=1 -DACC_MEM_SHARED=0 execution test
FAIL: libgomp.oacc-c++/../libgomp.oacc-c-c++-common/kernels-1.c -DACC_DEVICE_TYPE_host_nonshm=1 -DACC_MEM_SHARED=0 execution test
FAIL: libgomp.oacc-c++/../libgomp.oacc-c-c++-common/lib-12.c -DACC_DEVICE_TYPE_host_nonshm=1 -DACC_MEM_SHARED=0 execution test
FAIL: libgomp.oacc-c++/../libgomp.oacc-c-c++-common/lib-19.c -DACC_DEVICE_TYPE_host_nonshm=1 -DACC_MEM_SHARED=0 execution test
FAIL: libgomp.oacc-c++/../libgomp.oacc-c-c++-common/lib-37.c -DACC_DEVICE_TYPE_host_nonshm=1 -DACC_MEM_SHARED=0 execution test
FAIL: libgomp.oacc-c++/../libgomp.oacc-c-c++-common/lib-38.c -DACC_DEVICE_TYPE_host_nonshm=1 -DACC_MEM_SHARED=0 execution test
FAIL: libgomp.oacc-c++/../libgomp.oacc-c-c++-common/lib-45.c -DACC_DEVICE_TYPE_host_nonshm=1 -DACC_MEM_SHARED=0 execution test
FAIL: libgomp.oacc-c++/../libgomp.oacc-c-c++-common/lib-46.c -DACC_DEVICE_TYPE_host_nonshm=1 -DACC_MEM_SHARED=0 execution test
FAIL: libgomp.oacc-c++/../libgomp.oacc-c-c++-common/lib-49.c -DACC_DEVICE_TYPE_host_nonshm=1 -DACC_MEM_SHARED=0 execution test
FAIL: libgomp.oacc-c++/../libgomp.oacc-c-c++-common/lib-50.c -DACC_DEVICE_TYPE_host_nonshm=1 -DACC_MEM_SHARED=0 execution test
FAIL: libgomp.oacc-c++/../libgomp.oacc-c-c++-common/lib-51.c -DACC_DEVICE_TYPE_host_nonshm=1 -DACC_MEM_SHARED=0 execution test
FAIL: libgomp.oacc-c++/../libgomp.oacc-c-c++-common/lib-55.c -DACC_DEVICE_TYPE_host_nonshm=1 -DACC_MEM_SHARED=0 execution test
FAIL: libgomp.oacc-c++/../libgomp.oacc-c-c++-common/lib-56.c -DACC_DEVICE_TYPE_host_nonshm=1 -DACC_MEM_SHARED=0 execution test
FAIL: libgomp.oacc-c++/../libgomp.oacc-c-c++-common/lib-59.c -DACC_DEVICE_TYPE_host_nonshm=1 -DACC_MEM_SHARED=0 execution test
FAIL: libgomp.oacc-c++/../libgomp.oacc-c-c++-common/lib-60.c -DACC_DEVICE_TYPE_host_nonshm=1 -DACC_MEM_SHARED=0 execution test
FAIL: libgomp.oacc-c++/../libgomp.oacc-c-c++-common/lib-61.c -DACC_DEVICE_TYPE_host_nonshm=1 -DACC_MEM_SHARED=0 execution test
FAIL: libgomp.oacc-c++/../libgomp.oacc-c-c++-common/lib-66.c -DACC_DEVICE_TYPE_host_nonshm=1 -DACC_MEM_SHARED=0 execution test
FAIL: libgomp.oacc-c++/../libgomp.oacc-c-c++-common/nested-1.c -DACC_DEVICE_TYPE_host_nonshm=1 -DACC_MEM_SHARED=0 execution test
FAIL: libgomp.oacc-c++/../libgomp.oacc-c-c++-common/parallel-1.c -DACC_DEVICE_TYPE_host_nonshm=1 -DACC_MEM_SHARED=0 execution test
FAIL: libgomp.oacc-c++/../libgomp.oacc-c-c++-common/update-1-2.c -DACC_DEVICE_TYPE_host_nonshm=1 -DACC_MEM_SHARED=0 execution test
FAIL: libgomp.oacc-c++/../libgomp.oacc-c-c++-common/update-1.c -DACC_DEVICE_TYPE_host_nonshm=1 -DACC_MEM_SHARED=0 execution test
FAIL: libgomp.oacc-fortran/acc_on_device-1-1.f90 -DACC_DEVICE_TYPE_host_nonshm=1 -DACC_MEM_SHARED=0  -O  execution test
FAIL: libgomp.oacc-fortran/acc_on_device-1-2.f -DACC_DEVICE_TYPE_host_nonshm=1 -DACC_MEM_SHARED=0  -O  execution test
FAIL: libgomp.oacc-fortran/acc_on_device-1-3.f -DACC_DEVICE_TYPE_host_nonshm=1 -DACC_MEM_SHARED=0  -O  execution test
FAIL: libgomp.oacc-fortran/data-already-1.f -DACC_DEVICE_TYPE_host_nonshm=1 -DACC_MEM_SHARED=0  -O  execution test
FAIL: libgomp.oacc-fortran/data-already-2.f -DACC_DEVICE_TYPE_host_nonshm=1 -DACC_MEM_SHARED=0  -O  execution test
FAIL: libgomp.oacc-fortran/data-already-3.f -DACC_DEVICE_TYPE_host_nonshm=1 -DACC_MEM_SHARED=0  -O  execution test
FAIL: libgomp.oacc-fortran/data-already-5.f -DACC_DEVICE_TYPE_host_nonshm=1 -DACC_MEM_SHARED=0  -O  execution test
FAIL: libgomp.oacc-fortran/data-already-6.f -DACC_DEVICE_TYPE_host_nonshm=1 -DACC_MEM_SHARED=0  -O  execution test
FAIL: libgomp.oacc-fortran/data-already-7.f -DACC_DEVICE_TYPE_host_nonshm=1 -DACC_MEM_SHARED=0  -O  execution test
FAIL: libgomp.oacc-fortran/data-already-8.f -DACC_DEVICE_TYPE_host_nonshm=1 -DACC_MEM_SHARED=0  -O  execution test

		=== libgomp Summary ===

# of expected passes		5652
# of unexpected failures	76
# of unsupported tests		354

		=== Summary adjusted for local xfails ===

# of unexpected failures        76
# of expected passes            5652
# of unsupported tests          354
Host   is i686-pc-linux-gnu

		=== libitm tests ===


Running target qemu-wheezy

		=== libitm Summary ===

# of expected passes		26
# of expected failures		3
# of unsupported tests		1

		=== Summary adjusted for local xfails ===

# of expected passes            26
# of expected failures          3
# of unsupported tests          1
Host   is i686-pc-linux-gnu

		=== libstdc++ tests ===


Running target qemu-wheezy
FAIL: 21_strings/basic_string/inserters_extractors/wchar_t/28277.cc execution test
FAIL: 22_locale/messages/13631.cc execution test
FAIL: 22_locale/messages/members/char/1.cc execution test
FAIL: 22_locale/messages/members/char/2.cc execution test
FAIL: 22_locale/messages/members/char/wrapped_locale.cc execution test
FAIL: 22_locale/messages_byname/named_equivalence.cc execution test
FAIL: 27_io/basic_ostream/inserters_character/wchar_t/28277-3.cc execution test
FAIL: 27_io/basic_ostream/inserters_character/wchar_t/28277-4.cc execution test
FAIL: ext/vstring/inserters_extractors/wchar_t/28277.cc execution test

		=== libstdc++ Summary ===

# of expected passes		9881
# of unexpected failures	9
# of expected failures		65
# of unsupported tests		372

		=== Summary adjusted for local xfails ===

# of unexpected failures        9
# of expected passes            9881
# of expected failures          65
# of unsupported tests          372
Host   is i686-pc-linux-gnu

		=== g++ tests ===


Running target qemu-wheezy-thumb/-mthumb
FAIL: c-c++-common/asan/heap-overflow-1.c   -O1  output pattern test, is =================================================================
FAIL: c-c++-common/asan/null-deref-1.c   -O2  output pattern test, is ASAN:SIGSEGV
FAIL: c-c++-common/asan/null-deref-1.c   -O3 -fomit-frame-pointer  output pattern test, is ASAN:SIGSEGV
FAIL: c-c++-common/asan/null-deref-1.c   -O3 -g  output pattern test, is ASAN:SIGSEGV
FAIL: c-c++-common/asan/null-deref-1.c   -Os  output pattern test, is ASAN:SIGSEGV
FAIL: c-c++-common/asan/null-deref-1.c   -O2 -flto -fno-use-linker-plugin -flto-partition=none  output pattern test, is ASAN:SIGSEGV
FAIL: c-c++-common/asan/null-deref-1.c   -O2 -flto -fuse-linker-plugin -fno-fat-lto-objects  output pattern test, is ASAN:SIGSEGV
FAIL: c-c++-common/asan/sanity-check-pure-c-1.c   -O0  output pattern test, is =================================================================
FAIL: c-c++-common/asan/sanity-check-pure-c-1.c   -O1  output pattern test, is =================================================================
FAIL: c-c++-common/asan/strncpy-overflow-1.c   -O1  output pattern test, is =================================================================
FAIL: c-c++-common/asan/use-after-free-1.c   -O0  output pattern test, is =================================================================
FAIL: c-c++-common/asan/use-after-free-1.c   -O1  output pattern test, is =================================================================
FAIL: g++.dg/lto/pr65276 cp_lto_pr65276_0.o-cp_lto_pr65276_1.o link, -flto -O0 -std=c++11
UNRESOLVED: g++.dg/lto/pr65276 cp_lto_pr65276_0.o-cp_lto_pr65276_1.o execute -flto -O0 -std=c++11
FAIL: c-c++-common/ubsan/object-size-1.c   -O2  output pattern test, is c-c++-common/ubsan/object-size-1.c:16:15: runtime error: load of address 0x00045f24 with insufficient space for an object of type 'char'
FAIL: c-c++-common/ubsan/object-size-1.c   -O2 -flto -fno-use-linker-plugin -flto-partition=none  output pattern test, is c-c++-common/ubsan/object-size-1.c:16:15: runtime error: load of address 0x01fcdf24 with insufficient space for an object of type 'char'
FAIL: c-c++-common/ubsan/object-size-1.c   -O2 -flto -fuse-linker-plugin -fno-fat-lto-objects  output pattern test, is c-c++-common/ubsan/object-size-1.c:16:15: runtime error: load of address 0x01511f24 with insufficient space for an object of type 'char'
FAIL: c-c++-common/ubsan/object-size-10.c   -O2  output pattern test, is c-c++-common/ubsan/object-size-10.c:19:19: runtime error: index 128 out of bounds for type 'char [128]'
FAIL: c-c++-common/ubsan/object-size-10.c   -O2 -flto -fno-use-linker-plugin -flto-partition=none  output pattern test, is c-c++-common/ubsan/object-size-10.c:19:19: runtime error: index 128 out of bounds for type 'char [128]'
FAIL: c-c++-common/ubsan/object-size-10.c   -O2 -flto -fuse-linker-plugin -fno-fat-lto-objects  output pattern test, is c-c++-common/ubsan/object-size-10.c:19:19: runtime error: index 128 out of bounds for type 'char [128]'
FAIL: c-c++-common/ubsan/object-size-4.c   -O2  output pattern test, is c-c++-common/ubsan/object-size-4.c:16:13: runtime error: load of address 0x0141af18 with insufficient space for an object of type 'int'
FAIL: c-c++-common/ubsan/object-size-4.c   -O2 -flto -fno-use-linker-plugin -flto-partition=none  output pattern test, is c-c++-common/ubsan/object-size-4.c:16:13: runtime error: load of address 0x01de0f18 with insufficient space for an object of type 'int'
FAIL: c-c++-common/ubsan/object-size-4.c   -O2 -flto -fuse-linker-plugin -fno-fat-lto-objects  output pattern test, is c-c++-common/ubsan/object-size-4.c:16:13: runtime error: load of address 0x01385f18 with insufficient space for an object of type 'int'
FAIL: c-c++-common/ubsan/object-size-5.c   -O2  output pattern test, is c-c++-common/ubsan/object-size-5.c:18:12: runtime error: load of address 0x01902f24 with insufficient space for an object of type 'char'
FAIL: c-c++-common/ubsan/object-size-5.c   -O2 -flto -fno-use-linker-plugin -flto-partition=none  output pattern test, is c-c++-common/ubsan/object-size-5.c:18:12: runtime error: load of address 0x00c34f24 with insufficient space for an object of type 'char'
FAIL: c-c++-common/ubsan/object-size-5.c   -O2 -flto -fuse-linker-plugin -fno-fat-lto-objects  output pattern test, is c-c++-common/ubsan/object-size-5.c:18:12: runtime error: load of address 0x00b63f24 with insufficient space for an object of type 'char'
FAIL: c-c++-common/ubsan/object-size-7.c   -O2  output pattern test, is c-c++-common/ubsan/object-size-7.c:15:11: runtime error: load of address 0xbebc5a48 with insufficient space for an object of type 'const struct S'
FAIL: c-c++-common/ubsan/object-size-7.c   -O2 -flto -fno-use-linker-plugin -flto-partition=none  output pattern test, is c-c++-common/ubsan/object-size-7.c:15:11: runtime error: load of address 0xbef9aa48 with insufficient space for an object of type 'const struct S'
FAIL: c-c++-common/ubsan/object-size-7.c   -O2 -flto -fuse-linker-plugin -fno-fat-lto-objects  output pattern test, is c-c++-common/ubsan/object-size-7.c:15:11: runtime error: load of address 0xbed74a48 with insufficient space for an object of type 'const struct S'
FAIL: c-c++-common/ubsan/object-size-8.c   -O2  output pattern test, is c-c++-common/ubsan/object-size-8.c:12:13: runtime error: load of address 0x00960f14 with insufficient space for an object of type 'int'
FAIL: c-c++-common/ubsan/object-size-8.c   -O2 -flto -fno-use-linker-plugin -flto-partition=none  output pattern test, is c-c++-common/ubsan/object-size-8.c:12:13: runtime error: load of address 0x0184cf14 with insufficient space for an object of type 'int'
FAIL: c-c++-common/ubsan/object-size-8.c   -O2 -flto -fuse-linker-plugin -fno-fat-lto-objects  output pattern test, is c-c++-common/ubsan/object-size-8.c:12:13: runtime error: load of address 0x01ef0f14 with insufficient space for an object of type 'int'
FAIL: c-c++-common/ubsan/object-size-9.c   -O2  output pattern test, is c-c++-common/ubsan/object-size-9.c:21:11: runtime error: load of address 0xbed4ea38 with insufficient space for an object of type 'char'
FAIL: c-c++-common/ubsan/object-size-9.c   -O2 -flto -fno-use-linker-plugin -flto-partition=none  output pattern test, is c-c++-common/ubsan/object-size-9.c:21:11: runtime error: load of address 0xbe83ca40 with insufficient space for an object of type 'char'
FAIL: c-c++-common/ubsan/object-size-9.c   -O2 -flto -fuse-linker-plugin -fno-fat-lto-objects  output pattern test, is c-c++-common/ubsan/object-size-9.c:21:11: runtime error: load of address 0xbefbda38 with insufficient space for an object of type 'char'
FAIL: g++.dg/ubsan/null-1.C   -O0  output pattern test, is g++.dg/ubsan/null-1.C:12:13: runtime error: reference binding to null pointer of type 'int'
FAIL: g++.dg/ubsan/null-1.C   -O1  output pattern test, is g++.dg/ubsan/null-1.C:12:13: runtime error: reference binding to null pointer of type 'int'
FAIL: g++.dg/ubsan/null-1.C   -O2  output pattern test, is g++.dg/ubsan/null-1.C:12:13: runtime error: reference binding to null pointer of type 'int'
FAIL: g++.dg/ubsan/null-1.C   -O3 -fomit-frame-pointer  output pattern test, is g++.dg/ubsan/null-1.C:12:13: runtime error: reference binding to null pointer of type 'int'
FAIL: g++.dg/ubsan/null-1.C   -O3 -g  output pattern test, is g++.dg/ubsan/null-1.C:12:13: runtime error: reference binding to null pointer of type 'int'
FAIL: g++.dg/ubsan/null-1.C   -Os  output pattern test, is g++.dg/ubsan/null-1.C:12:13: runtime error: reference binding to null pointer of type 'int'
FAIL: g++.dg/ubsan/null-1.C   -O2 -flto -fno-use-linker-plugin -flto-partition=none  output pattern test, is g++.dg/ubsan/null-1.C:12:13: runtime error: reference binding to null pointer of type 'int'
FAIL: g++.dg/ubsan/null-1.C   -O2 -flto -fuse-linker-plugin -fno-fat-lto-objects  output pattern test, is g++.dg/ubsan/null-1.C:12:13: runtime error: reference binding to null pointer of type 'int'
FAIL: g++.dg/ubsan/null-3.C   -O0  output pattern test, is g++.dg/ubsan/null-3.C:9:14: runtime error: reference binding to null pointer of type 'int'
FAIL: g++.dg/ubsan/null-3.C   -O1  output pattern test, is g++.dg/ubsan/null-3.C:9:14: runtime error: reference binding to null pointer of type 'int'
FAIL: g++.dg/ubsan/null-3.C   -O2  output pattern test, is g++.dg/ubsan/null-3.C:9:14: runtime error: reference binding to null pointer of type 'int'
FAIL: g++.dg/ubsan/null-3.C   -O3 -fomit-frame-pointer  output pattern test, is g++.dg/ubsan/null-3.C:9:14: runtime error: reference binding to null pointer of type 'int'
FAIL: g++.dg/ubsan/null-3.C   -O3 -g  output pattern test, is g++.dg/ubsan/null-3.C:9:14: runtime error: reference binding to null pointer of type 'int'
FAIL: g++.dg/ubsan/null-3.C   -Os  output pattern test, is g++.dg/ubsan/null-3.C:9:14: runtime error: reference binding to null pointer of type 'int'
FAIL: g++.dg/ubsan/null-3.C   -O2 -flto -fno-use-linker-plugin -flto-partition=none  output pattern test, is g++.dg/ubsan/null-3.C:9:14: runtime error: reference binding to null pointer of type 'int'
FAIL: g++.dg/ubsan/null-3.C   -O2 -flto -fuse-linker-plugin -fno-fat-lto-objects  output pattern test, is g++.dg/ubsan/null-3.C:9:14: runtime error: reference binding to null pointer of type 'int'
FAIL: g++.dg/ubsan/null-4.C   -O0  output pattern test, is g++.dg/ubsan/null-4.C:11:14: runtime error: reference binding to null pointer of type 'int'
FAIL: g++.dg/ubsan/null-4.C   -O1  output pattern test, is g++.dg/ubsan/null-4.C:11:14: runtime error: reference binding to null pointer of type 'int'
FAIL: g++.dg/ubsan/null-4.C   -O2  output pattern test, is g++.dg/ubsan/null-4.C:11:14: runtime error: reference binding to null pointer of type 'int'
FAIL: g++.dg/ubsan/null-4.C   -O3 -fomit-frame-pointer  output pattern test, is g++.dg/ubsan/null-4.C:11:14: runtime error: reference binding to null pointer of type 'int'
FAIL: g++.dg/ubsan/null-4.C   -O3 -g  output pattern test, is g++.dg/ubsan/null-4.C:11:14: runtime error: reference binding to null pointer of type 'int'
FAIL: g++.dg/ubsan/null-4.C   -Os  output pattern test, is g++.dg/ubsan/null-4.C:11:14: runtime error: reference binding to null pointer of type 'int'
FAIL: g++.dg/ubsan/null-4.C   -O2 -flto -fno-use-linker-plugin -flto-partition=none  output pattern test, is g++.dg/ubsan/null-4.C:11:14: runtime error: reference binding to null pointer of type 'int'
FAIL: g++.dg/ubsan/static-init-2.C   -O0  output pattern test, is g++.dg/ubsan/static-init-2.C:9:20: runtime error: reference binding to null pointer of type 'int'
FAIL: g++.dg/ubsan/static-init-2.C   -O1  output pattern test, is g++.dg/ubsan/static-init-2.C:9:20: runtime error: reference binding to null pointer of type 'int'
FAIL: g++.dg/ubsan/static-init-2.C   -O2  output pattern test, is g++.dg/ubsan/static-init-2.C:9:20: runtime error: reference binding to null pointer of type 'int'
FAIL: g++.dg/ubsan/static-init-2.C   -O3 -fomit-frame-pointer  output pattern test, is g++.dg/ubsan/static-init-2.C:9:20: runtime error: reference binding to null pointer of type 'int'
FAIL: g++.dg/ubsan/static-init-2.C   -O3 -g  output pattern test, is g++.dg/ubsan/static-init-2.C:9:20: runtime error: reference binding to null pointer of type 'int'
FAIL: g++.dg/ubsan/static-init-2.C   -Os  output pattern test, is g++.dg/ubsan/static-init-2.C:9:20: runtime error: reference binding to null pointer of type 'int'
FAIL: g++.dg/ubsan/static-init-2.C   -O2 -flto -fno-use-linker-plugin -flto-partition=none  output pattern test, is g++.dg/ubsan/static-init-2.C:9:20: runtime error: reference binding to null pointer of type 'int'
FAIL: g++.dg/ubsan/static-init-2.C   -O2 -flto -fuse-linker-plugin -fno-fat-lto-objects  output pattern test, is g++.dg/ubsan/static-init-2.C:9:20: runtime error: reference binding to null pointer of type 'int'
FAIL: g++.dg/ubsan/static-init-3.C   -O0  output pattern test, is g++.dg/ubsan/static-init-3.C:11:24: runtime error: reference binding to null pointer of type 'int'
FAIL: g++.dg/ubsan/static-init-3.C   -O1  output pattern test, is g++.dg/ubsan/static-init-3.C:11:24: runtime error: reference binding to null pointer of type 'int'
FAIL: g++.dg/ubsan/static-init-3.C   -O2  output pattern test, is g++.dg/ubsan/static-init-3.C:11:24: runtime error: reference binding to null pointer of type 'int'
FAIL: g++.dg/ubsan/static-init-3.C   -O3 -fomit-frame-pointer  output pattern test, is g++.dg/ubsan/static-init-3.C:11:24: runtime error: reference binding to null pointer of type 'int'
FAIL: g++.dg/ubsan/static-init-3.C   -O3 -g  output pattern test, is g++.dg/ubsan/static-init-3.C:11:24: runtime error: reference binding to null pointer of type 'int'
FAIL: g++.dg/ubsan/static-init-3.C   -Os  output pattern test, is g++.dg/ubsan/static-init-3.C:11:24: runtime error: reference binding to null pointer of type 'int'
FAIL: g++.dg/ubsan/static-init-3.C   -O2 -flto -fno-use-linker-plugin -flto-partition=none  output pattern test, is g++.dg/ubsan/static-init-3.C:11:24: runtime error: reference binding to null pointer of type 'int'
FAIL: g++.dg/ubsan/static-init-3.C   -O2 -flto -fuse-linker-plugin -fno-fat-lto-objects  output pattern test, is g++.dg/ubsan/static-init-3.C:11:24: runtime error: reference binding to null pointer of type 'int'
FAIL: g++.dg/ubsan/vptr-1.C   -O0  output pattern test, is g++.dg/ubsan/vptr-1.C:75:17: runtime error: member access within address 0x0021ef10 which does not point to an object of type 'T'
FAIL: g++.dg/ubsan/vptr-1.C   -O1  output pattern test, is g++.dg/ubsan/vptr-1.C:75:17: runtime error: member access within address 0x00e2df10 which does not point to an object of type 'T'
FAIL: g++.dg/ubsan/vptr-1.C   -O2  output pattern test, is g++.dg/ubsan/vptr-1.C:75:17: runtime error: member access within address 0x00215f10 which does not point to an object of type 'T'
FAIL: g++.dg/ubsan/vptr-1.C   -O3 -fomit-frame-pointer  output pattern test, is g++.dg/ubsan/vptr-1.C:75:17: runtime error: member access within address 0x01c26f10 which does not point to an object of type 'T'
FAIL: g++.dg/ubsan/vptr-1.C   -O3 -fomit-frame-pointer -funroll-loops  output pattern test, is g++.dg/ubsan/vptr-1.C:75:17: runtime error: member access within address 0x00919f10 which does not point to an object of type 'T'
FAIL: g++.dg/ubsan/vptr-1.C   -O3 -fomit-frame-pointer -funroll-all-loops -finline-functions  output pattern test, is g++.dg/ubsan/vptr-1.C:75:17: runtime error: member access within address 0x00e0cf10 which does not point to an object of type 'T'
FAIL: g++.dg/ubsan/vptr-1.C   -O3 -g  output pattern test, is g++.dg/ubsan/vptr-1.C:75:17: runtime error: member access within address 0x0153ef10 which does not point to an object of type 'T'
FAIL: g++.dg/ubsan/vptr-1.C   -Os  output pattern test, is g++.dg/ubsan/vptr-1.C:75:17: runtime error: member access within address 0x0014ef10 which does not point to an object of type 'T'
FAIL: g++.dg/ubsan/vptr-1.C   -O2 -flto -fno-use-linker-plugin -flto-partition=none  output pattern test, is g++.dg/ubsan/vptr-1.C:75:17: runtime error: member access within address 0x0086df10 which does not point to an object of type 'T'
FAIL: g++.dg/ubsan/vptr-1.C   -O2 -flto -fuse-linker-plugin -fno-fat-lto-objects  output pattern test, is g++.dg/ubsan/vptr-1.C:75:17: runtime error: member access within address 0x00063f10 which does not point to an object of type 'T'
FAIL: g++.dg/ubsan/vptr-2.C   -O0  output pattern test, is g++.dg/ubsan/vptr-2.C:75:17: runtime error: member access within address 0x019d3f10 which does not point to an object of type 'T'
FAIL: g++.dg/ubsan/vptr-2.C   -O1  output pattern test, is g++.dg/ubsan/vptr-2.C:75:17: runtime error: member access within address 0x0098af10 which does not point to an object of type 'T'
FAIL: g++.dg/ubsan/vptr-2.C   -O2  output pattern test, is g++.dg/ubsan/vptr-2.C:75:17: runtime error: member access within address 0x01458f10 which does not point to an object of type 'T'
FAIL: g++.dg/ubsan/vptr-2.C   -O3 -fomit-frame-pointer  output pattern test, is g++.dg/ubsan/vptr-2.C:75:17: runtime error: member access within address 0x01610f10 which does not point to an object of type 'T'
FAIL: g++.dg/ubsan/vptr-2.C   -O3 -fomit-frame-pointer -funroll-loops  output pattern test, is g++.dg/ubsan/vptr-2.C:75:17: runtime error: member access within address 0x01011f10 which does not point to an object of type 'T'
FAIL: g++.dg/ubsan/vptr-2.C   -O3 -fomit-frame-pointer -funroll-all-loops -finline-functions  output pattern test, is g++.dg/ubsan/vptr-2.C:75:17: runtime error: member access within address 0x01d84f10 which does not point to an object of type 'T'
FAIL: g++.dg/ubsan/vptr-2.C   -O3 -g  output pattern test, is g++.dg/ubsan/vptr-2.C:75:17: runtime error: member access within address 0x012b7f10 which does not point to an object of type 'T'
FAIL: g++.dg/ubsan/vptr-2.C   -Os  output pattern test, is g++.dg/ubsan/vptr-2.C:75:17: runtime error: member access within address 0x01c58f10 which does not point to an object of type 'T'
FAIL: g++.dg/ubsan/vptr-2.C   -O2 -flto -fno-use-linker-plugin -flto-partition=none  output pattern test, is g++.dg/ubsan/vptr-2.C:75:17: runtime error: member access within address 0x01fc4f10 which does not point to an object of type 'T'
FAIL: g++.dg/ubsan/vptr-2.C   -O2 -flto -fuse-linker-plugin -fno-fat-lto-objects  output pattern test, is g++.dg/ubsan/vptr-2.C:75:17: runtime error: member access within address 0x0020bf10 which does not point to an object of type 'T'
FAIL: g++.dg/ubsan/vptr-3.C   -O0  output pattern test, is g++.dg/ubsan/vptr-3.C:75:17: runtime error: member access within address 0x01d58f10 which does not point to an object of type 'T'
FAIL: g++.dg/ubsan/vptr-3.C   -O1  output pattern test, is g++.dg/ubsan/vptr-3.C:75:17: runtime error: member access within address 0x00843f10 which does not point to an object of type 'T'
FAIL: g++.dg/ubsan/vptr-3.C   -O2  output pattern test, is g++.dg/ubsan/vptr-3.C:75:17: runtime error: member access within address 0x005b7f10 which does not point to an object of type 'T'
FAIL: g++.dg/ubsan/vptr-3.C   -O3 -fomit-frame-pointer  output pattern test, is g++.dg/ubsan/vptr-3.C:75:17: runtime error: member access within address 0x018e8f10 which does not point to an object of type 'T'
FAIL: g++.dg/ubsan/vptr-3.C   -O3 -fomit-frame-pointer -funroll-loops  output pattern test, is g++.dg/ubsan/vptr-3.C:75:17: runtime error: member access within address 0x0185ef10 which does not point to an object of type 'T'
FAIL: g++.dg/ubsan/vptr-3.C   -O3 -fomit-frame-pointer -funroll-all-loops -finline-functions  output pattern test, is g++.dg/ubsan/vptr-3.C:75:17: runtime error: member access within address 0x01123f10 which does not point to an object of type 'T'
FAIL: g++.dg/ubsan/vptr-3.C   -O3 -g  output pattern test, is g++.dg/ubsan/vptr-3.C:75:17: runtime error: member access within address 0x014e4f10 which does not point to an object of type 'T'
FAIL: g++.dg/ubsan/vptr-3.C   -Os  output pattern test, is g++.dg/ubsan/vptr-3.C:75:17: runtime error: member access within address 0x00133f10 which does not point to an object of type 'T'
FAIL: g++.dg/ubsan/vptr-3.C   -O2 -flto -fno-use-linker-plugin -flto-partition=none  output pattern test, is g++.dg/ubsan/vptr-3.C:75:17: runtime error: member access within address 0x00e50f10 which does not point to an object of type 'T'
FAIL: g++.dg/ubsan/vptr-3.C   -O2 -flto -fuse-linker-plugin -fno-fat-lto-objects  output pattern test, is g++.dg/ubsan/vptr-3.C:75:17: runtime error: member access within address 0x012b2f10 which does not point to an object of type 'T'
FAIL: g++.dg/ubsan/vptr-8.C   -O0  output pattern test, is g++.dg/ubsan/vptr-8.C:24:13: runtime error: cast to virtual base of address 0xbe8eaa48 which does not point to an object of type 'V'
FAIL: g++.dg/ubsan/vptr-8.C   -O1  output pattern test, is g++.dg/ubsan/vptr-8.C:24:13: runtime error: cast to virtual base of address 0xbe931a58 which does not point to an object of type 'V'
FAIL: g++.dg/ubsan/vptr-8.C   -O2  output pattern test, is g++.dg/ubsan/vptr-8.C:24:13: runtime error: cast to virtual base of address 0xbeebda50 which does not point to an object of type 'V'
FAIL: g++.dg/ubsan/vptr-8.C   -O3 -fomit-frame-pointer  output pattern test, is g++.dg/ubsan/vptr-8.C:24:13: runtime error: cast to virtual base of address 0xbefd0a50 which does not point to an object of type 'V'
FAIL: g++.dg/ubsan/vptr-8.C   -O3 -fomit-frame-pointer -funroll-loops  output pattern test, is g++.dg/ubsan/vptr-8.C:24:13: runtime error: cast to virtual base of address 0xbe840a50 which does not point to an object of type 'V'
FAIL: g++.dg/ubsan/vptr-8.C   -O3 -fomit-frame-pointer -funroll-all-loops -finline-functions  output pattern test, is g++.dg/ubsan/vptr-8.C:24:13: runtime error: cast to virtual base of address 0xbeeaba50 which does not point to an object of type 'V'
FAIL: g++.dg/ubsan/vptr-8.C   -O3 -g  output pattern test, is g++.dg/ubsan/vptr-8.C:24:13: runtime error: cast to virtual base of address 0xbe908a50 which does not point to an object of type 'V'
FAIL: g++.dg/ubsan/vptr-8.C   -Os  output pattern test, is g++.dg/ubsan/vptr-8.C:24:13: runtime error: cast to virtual base of address 0xbebf8a50 which does not point to an object of type 'V'
FAIL: g++.dg/ubsan/vptr-8.C   -O2 -flto -fno-use-linker-plugin -flto-partition=none  output pattern test, is g++.dg/ubsan/vptr-8.C:24:13: runtime error: cast to virtual base of address 0xbe980a50 which does not point to an object of type 'V'
FAIL: g++.dg/ubsan/vptr-8.C   -O2 -flto -fuse-linker-plugin -fno-fat-lto-objects  output pattern test, is g++.dg/ubsan/vptr-8.C:24:13: runtime error: cast to virtual base of address 0xbe85ea48 which does not point to an object of type 'V'
FAIL: g++.dg/ubsan/vptr-9.C   -O0  output pattern test, is g++.dg/ubsan/vptr-9.C:14:10: runtime error: cast to virtual base of address 0xbe853a44 which does not point to an object of type 'T'
FAIL: g++.dg/ubsan/vptr-9.C   -O1  output pattern test, is g++.dg/ubsan/vptr-9.C:14:10: runtime error: cast to virtual base of address 0xbeec3a5c which does not point to an object of type 'T'
FAIL: g++.dg/ubsan/vptr-9.C   -O2  output pattern test, is g++.dg/ubsan/vptr-9.C:14:10: runtime error: cast to virtual base of address 0xbef5ba54 which does not point to an object of type 'T'
FAIL: g++.dg/ubsan/vptr-9.C   -O3 -fomit-frame-pointer  output pattern test, is g++.dg/ubsan/vptr-9.C:14:10: runtime error: cast to virtual base of address 0xbe9fca54 which does not point to an object of type 'T'
FAIL: g++.dg/ubsan/vptr-9.C   -O3 -fomit-frame-pointer -funroll-loops  output pattern test, is g++.dg/ubsan/vptr-9.C:14:10: runtime error: cast to virtual base of address 0xbef5aa54 which does not point to an object of type 'T'
FAIL: g++.dg/ubsan/vptr-9.C   -O3 -fomit-frame-pointer -funroll-all-loops -finline-functions  output pattern test, is g++.dg/ubsan/vptr-9.C:14:10: runtime error: cast to virtual base of address 0xbebeba54 which does not point to an object of type 'T'
FAIL: g++.dg/ubsan/vptr-9.C   -O3 -g  output pattern test, is g++.dg/ubsan/vptr-9.C:14:10: runtime error: cast to virtual base of address 0xbed27a54 which does not point to an object of type 'T'
FAIL: g++.dg/ubsan/vptr-9.C   -Os  output pattern test, is g++.dg/ubsan/vptr-9.C:14:10: runtime error: cast to virtual base of address 0xbe832a54 which does not point to an object of type 'T'
FAIL: g++.dg/ubsan/vptr-9.C   -O2 -flto -fno-use-linker-plugin -flto-partition=none  output pattern test, is g++.dg/ubsan/vptr-9.C:14:10: runtime error: cast to virtual base of address 0xbe8d1a54 which does not point to an object of type 'T'
FAIL: g++.dg/ubsan/vptr-9.C   -O2 -flto -fuse-linker-plugin -fno-fat-lto-objects  output pattern test, is g++.dg/ubsan/vptr-9.C:14:10: runtime error: cast to virtual base of address 0xbeddea54 which does not point to an object of type 'T'

		=== g++ Summary ===

# of expected passes		85659
# of unexpected failures	123
# of expected failures		340
# of unresolved testcases	1
# of unsupported tests		4125
/scratch/gcc/nightly-2015-07-26-5/arm-none-linux-gnueabi/obj/test-5-0-arm-none-linux-gnueabi/host-i686-pc-linux-gnu/fsf-5/bin/arm-none-linux-gnueabi-g++  version 5.2.1 20150726 (GCC) 


		=== Summary adjusted for local xfails ===

# of unexpected failures        123
# of expected passes            85659
# of expected failures          340
# of unresolved testcases       1
# of unsupported tests          4125
Host   is i686-pc-linux-gnu

		=== gcc tests ===


Running target qemu-wheezy-thumb/-mthumb
FAIL: c-c++-common/asan/heap-overflow-1.c   -O1  output pattern test, is =================================================================
FAIL: c-c++-common/asan/null-deref-1.c   -O2  output pattern test, is ASAN:SIGSEGV
FAIL: c-c++-common/asan/null-deref-1.c   -O3 -fomit-frame-pointer  output pattern test, is ASAN:SIGSEGV
FAIL: c-c++-common/asan/null-deref-1.c   -O3 -g  output pattern test, is ASAN:SIGSEGV
FAIL: c-c++-common/asan/null-deref-1.c   -Os  output pattern test, is ASAN:SIGSEGV
FAIL: c-c++-common/asan/null-deref-1.c   -O2 -flto -fno-use-linker-plugin -flto-partition=none  output pattern test, is ASAN:SIGSEGV
FAIL: c-c++-common/asan/null-deref-1.c   -O2 -flto -fuse-linker-plugin -fno-fat-lto-objects  output pattern test, is ASAN:SIGSEGV
FAIL: c-c++-common/asan/sanity-check-pure-c-1.c   -O0  output pattern test, is =================================================================
FAIL: c-c++-common/asan/sanity-check-pure-c-1.c   -O1  output pattern test, is =================================================================
FAIL: c-c++-common/asan/strncpy-overflow-1.c   -O1  output pattern test, is =================================================================
FAIL: c-c++-common/asan/use-after-free-1.c   -O0  output pattern test, is =================================================================
FAIL: c-c++-common/asan/use-after-free-1.c   -O1  output pattern test, is =================================================================
WARNING: program timed out.
FAIL: gcc.dg/atomic/c11-atomic-exec-4.c   -Os  execution test
FAIL: gcc.dg/atomic/stdatomic-compare-exchange-4.c   -O0  execution test
FAIL: gcc.dg/atomic/stdatomic-compare-exchange-4.c   -O1  execution test
FAIL: gcc.dg/atomic/stdatomic-compare-exchange-4.c   -O2  execution test
FAIL: gcc.dg/atomic/stdatomic-compare-exchange-4.c   -O3 -fomit-frame-pointer  execution test
FAIL: gcc.dg/atomic/stdatomic-compare-exchange-4.c   -O3 -g  execution test
FAIL: gcc.dg/atomic/stdatomic-compare-exchange-4.c   -Os  execution test
FAIL: gcc.dg/atomic/stdatomic-compare-exchange-4.c   -O2 -flto -fno-use-linker-plugin -flto-partition=none  execution test
FAIL: gcc.dg/atomic/stdatomic-compare-exchange-4.c   -O2 -flto -fuse-linker-plugin -fno-fat-lto-objects  execution test
XPASS: gcc.dg/sibcall-3.c execution test
XPASS: gcc.dg/sibcall-4.c execution test
FAIL: gcc.dg/tree-ssa/sra-12.c scan-tree-dump-times release_ssa "l;" 0
FAIL: gcc.dg/tree-ssa/ssa-dom-cse-2.c scan-tree-dump optimized "return 28;"
FAIL: c-c++-common/ubsan/object-size-1.c   -O2  output pattern test, is c-c++-common/ubsan/object-size-1.c:16:7: runtime error: load of address 0x002d7f24 with insufficient space for an object of type 'char'
FAIL: c-c++-common/ubsan/object-size-1.c   -O2 -flto -fno-use-linker-plugin -flto-partition=none  output pattern test, is c-c++-common/ubsan/object-size-1.c:16:7: runtime error: load of address 0x00d56f24 with insufficient space for an object of type 'char'
FAIL: c-c++-common/ubsan/object-size-1.c   -O2 -flto -fuse-linker-plugin -fno-fat-lto-objects  output pattern test, is c-c++-common/ubsan/object-size-1.c:16:7: runtime error: load of address 0x000fef24 with insufficient space for an object of type 'char'
FAIL: c-c++-common/ubsan/object-size-10.c   -O2  output pattern test, is c-c++-common/ubsan/object-size-10.c:19:11: runtime error: index 128 out of bounds for type 'char [128]'
FAIL: c-c++-common/ubsan/object-size-10.c   -O2 -flto -fno-use-linker-plugin -flto-partition=none  output pattern test, is c-c++-common/ubsan/object-size-10.c:19:11: runtime error: index 128 out of bounds for type 'char [128]'
FAIL: c-c++-common/ubsan/object-size-10.c   -O2 -flto -fuse-linker-plugin -fno-fat-lto-objects  output pattern test, is c-c++-common/ubsan/object-size-10.c:19:11: runtime error: index 128 out of bounds for type 'char [128]'
FAIL: c-c++-common/ubsan/object-size-4.c   -O2  output pattern test, is c-c++-common/ubsan/object-size-4.c:16:11: runtime error: load of address 0x01bc7f18 with insufficient space for an object of type 'int'
FAIL: c-c++-common/ubsan/object-size-4.c   -O2 -flto -fno-use-linker-plugin -flto-partition=none  output pattern test, is c-c++-common/ubsan/object-size-4.c:16:11: runtime error: load of address 0x01ac0f18 with insufficient space for an object of type 'int'
FAIL: c-c++-common/ubsan/object-size-4.c   -O2 -flto -fuse-linker-plugin -fno-fat-lto-objects  output pattern test, is c-c++-common/ubsan/object-size-4.c:16:11: runtime error: load of address 0x00589f18 with insufficient space for an object of type 'int'
FAIL: c-c++-common/ubsan/object-size-5.c   -O2  output pattern test, is c-c++-common/ubsan/object-size-5.c:18:10: runtime error: load of address 0x00212f24 with insufficient space for an object of type 'char'
FAIL: c-c++-common/ubsan/object-size-5.c   -O2 -flto -fno-use-linker-plugin -flto-partition=none  output pattern test, is c-c++-common/ubsan/object-size-5.c:18:10: runtime error: load of address 0x00444f24 with insufficient space for an object of type 'char'
FAIL: c-c++-common/ubsan/object-size-5.c   -O2 -flto -fuse-linker-plugin -fno-fat-lto-objects  output pattern test, is c-c++-common/ubsan/object-size-5.c:18:10: runtime error: load of address 0x00c45f24 with insufficient space for an object of type 'char'
FAIL: c-c++-common/ubsan/object-size-7.c   -O2  output pattern test, is c-c++-common/ubsan/object-size-7.c:15:5: runtime error: load of address 0xbee32a48 with insufficient space for an object of type 'struct S'
FAIL: c-c++-common/ubsan/object-size-7.c   -O2 -flto -fno-use-linker-plugin -flto-partition=none  output pattern test, is c-c++-common/ubsan/object-size-7.c:15:5: runtime error: load of address 0xbee64a48 with insufficient space for an object of type 'struct S'
FAIL: c-c++-common/ubsan/object-size-7.c   -O2 -flto -fuse-linker-plugin -fno-fat-lto-objects  output pattern test, is c-c++-common/ubsan/object-size-7.c:15:5: runtime error: load of address 0xbeeaea48 with insufficient space for an object of type 'struct S'
FAIL: c-c++-common/ubsan/object-size-8.c   -O2  output pattern test, is c-c++-common/ubsan/object-size-8.c:12:10: runtime error: load of address 0x00123f14 with insufficient space for an object of type 'int'
FAIL: c-c++-common/ubsan/object-size-8.c   -O2 -flto -fno-use-linker-plugin -flto-partition=none  output pattern test, is c-c++-common/ubsan/object-size-8.c:12:10: runtime error: load of address 0x01437f14 with insufficient space for an object of type 'int'
FAIL: c-c++-common/ubsan/object-size-8.c   -O2 -flto -fuse-linker-plugin -fno-fat-lto-objects  output pattern test, is c-c++-common/ubsan/object-size-8.c:12:10: runtime error: load of address 0x0009cf14 with insufficient space for an object of type 'int'
FAIL: c-c++-common/ubsan/object-size-9.c   -O2  output pattern test, is c-c++-common/ubsan/object-size-9.c:21:10: runtime error: load of address 0xbef52a48 with insufficient space for an object of type 'char'
FAIL: c-c++-common/ubsan/object-size-9.c   -O2 -flto -fno-use-linker-plugin -flto-partition=none  output pattern test, is c-c++-common/ubsan/object-size-9.c:21:10: runtime error: load of address 0xbed07a48 with insufficient space for an object of type 'char'
FAIL: c-c++-common/ubsan/object-size-9.c   -O2 -flto -fuse-linker-plugin -fno-fat-lto-objects  output pattern test, is c-c++-common/ubsan/object-size-9.c:21:10: runtime error: load of address 0xbed9da48 with insufficient space for an object of type 'char'
FAIL: gcc.dg/ubsan/object-size-9.c   -O2  output pattern test, is gcc.dg/ubsan/object-size-9.c:11:13: runtime error: load of address 0x000209ee with insufficient space for an object of type 'char'
FAIL: gcc.dg/ubsan/object-size-9.c   -O2 -flto -fno-use-linker-plugin -flto-partition=none  output pattern test, is gcc.dg/ubsan/object-size-9.c:11:13: runtime error: load of address 0x000209ee with insufficient space for an object of type 'char'
FAIL: gcc.dg/ubsan/object-size-9.c   -O2 -flto -fuse-linker-plugin -fno-fat-lto-objects  output pattern test, is gcc.dg/ubsan/object-size-9.c:11:13: runtime error: load of address 0x000209c2 with insufficient space for an object of type 'char'
FAIL: gcc.target/arm/pr42172-1.c scan-assembler-times ldr 1
FAIL: gcc.target/arm/thumb-ltu.c scan-assembler-not uxtb

		=== gcc Summary ===

# of expected passes		91813
# of unexpected failures	49
# of unexpected successes	2
# of expected failures		120
# of unsupported tests		4401
/scratch/gcc/nightly-2015-07-26-5/arm-none-linux-gnueabi/obj/test-5-0-arm-none-linux-gnueabi/host-i686-pc-linux-gnu/fsf-5/bin/arm-none-linux-gnueabi-gcc  version 5.2.1 20150726 (GCC) 


		=== Summary adjusted for local xfails ===

# of unexpected failures        49
# of expected passes            91813
# of unexpected successes       2
# of expected failures          120
# of unsupported tests          4401
Host   is i686-pc-linux-gnu

		=== gfortran tests ===


Running target qemu-wheezy-thumb/-mthumb
FAIL: gfortran.dg/ieee/ieee_1.F90   -O0  execution test
FAIL: gfortran.dg/ieee/ieee_1.F90   -O1  execution test
FAIL: gfortran.dg/ieee/ieee_1.F90   -O2  execution test
FAIL: gfortran.dg/ieee/ieee_1.F90   -O3 -fomit-frame-pointer  execution test
FAIL: gfortran.dg/ieee/ieee_1.F90   -O3 -fomit-frame-pointer -funroll-loops  execution test
FAIL: gfortran.dg/ieee/ieee_1.F90   -O3 -fomit-frame-pointer -funroll-all-loops -finline-functions  execution test
FAIL: gfortran.dg/ieee/ieee_1.F90   -O3 -g  execution test
FAIL: gfortran.dg/ieee/ieee_1.F90   -Os  execution test
FAIL: gfortran.dg/ieee/ieee_2.f90   -O0  execution test
FAIL: gfortran.dg/ieee/ieee_2.f90   -O1  execution test
FAIL: gfortran.dg/ieee/ieee_2.f90   -O2  execution test
FAIL: gfortran.dg/ieee/ieee_2.f90   -O3 -fomit-frame-pointer  execution test
FAIL: gfortran.dg/ieee/ieee_2.f90   -O3 -fomit-frame-pointer -funroll-loops  execution test
FAIL: gfortran.dg/ieee/ieee_2.f90   -O3 -fomit-frame-pointer -funroll-all-loops -finline-functions  execution test
FAIL: gfortran.dg/ieee/ieee_2.f90   -O3 -g  execution test
FAIL: gfortran.dg/ieee/ieee_2.f90   -Os  execution test
FAIL: gfortran.dg/ieee/ieee_6.f90   -O0  execution test
FAIL: gfortran.dg/ieee/ieee_6.f90   -O1  execution test
FAIL: gfortran.dg/ieee/ieee_6.f90   -O2  execution test
FAIL: gfortran.dg/ieee/ieee_6.f90   -O3 -fomit-frame-pointer  execution test
FAIL: gfortran.dg/ieee/ieee_6.f90   -O3 -fomit-frame-pointer -funroll-loops  execution test
FAIL: gfortran.dg/ieee/ieee_6.f90   -O3 -fomit-frame-pointer -funroll-all-loops -finline-functions  execution test
FAIL: gfortran.dg/ieee/ieee_6.f90   -O3 -g  execution test
FAIL: gfortran.dg/ieee/ieee_6.f90   -Os  execution test
FAIL: gfortran.dg/ieee/rounding_1.f90   -O0  execution test
FAIL: gfortran.dg/ieee/rounding_1.f90   -O1  execution test
FAIL: gfortran.dg/ieee/rounding_1.f90   -O2  execution test
FAIL: gfortran.dg/ieee/rounding_1.f90   -O3 -fomit-frame-pointer  execution test
FAIL: gfortran.dg/ieee/rounding_1.f90   -O3 -fomit-frame-pointer -funroll-loops  execution test
FAIL: gfortran.dg/ieee/rounding_1.f90   -O3 -fomit-frame-pointer -funroll-all-loops -finline-functions  execution test
FAIL: gfortran.dg/ieee/rounding_1.f90   -O3 -g  execution test
FAIL: gfortran.dg/ieee/rounding_1.f90   -Os  execution test

		=== gfortran Summary ===

# of expected passes		47292
# of unexpected failures	32
# of expected failures		79
# of unsupported tests		410
/scratch/gcc/nightly-2015-07-26-5/arm-none-linux-gnueabi/obj/test-5-0-arm-none-linux-gnueabi/host-i686-pc-linux-gnu/fsf-5/bin/arm-none-linux-gnueabi-gfortran  version 5.2.1 20150726 (GCC) 


		=== Summary adjusted for local xfails ===

# of unexpected failures        32
# of expected passes            47292
# of expected failures          79
# of unsupported tests          410
Host   is i686-pc-linux-gnu

		=== libatomic tests ===


Running target qemu-wheezy-thumb/-mthumb

		=== libatomic Summary ===

# of expected passes		44
# of unsupported tests		5

		=== Summary adjusted for local xfails ===

# of expected passes            44
# of unsupported tests          5
Host   is i686-pc-linux-gnu

		=== libgomp tests ===


Running target qemu-wheezy-thumb/-mthumb
WARNING: program timed out.
FAIL: libgomp.fortran/strassen.f90   -O  execution test
FAIL: libgomp.graphite/force-parallel-7.c execution test
FAIL: libgomp.oacc-c/../libgomp.oacc-c-c++-common/acc_on_device-1.c -DACC_DEVICE_TYPE_host_nonshm=1 -DACC_MEM_SHARED=0 execution test
FAIL: libgomp.oacc-c/../libgomp.oacc-c-c++-common/clauses-1.c -DACC_DEVICE_TYPE_host_nonshm=1 -DACC_MEM_SHARED=0 execution test
FAIL: libgomp.oacc-c/../libgomp.oacc-c-c++-common/data-1.c -DACC_DEVICE_TYPE_host_nonshm=1 -DACC_MEM_SHARED=0 execution test
FAIL: libgomp.oacc-c/../libgomp.oacc-c-c++-common/data-already-1.c -DACC_DEVICE_TYPE_host_nonshm=1 -DACC_MEM_SHARED=0 execution test
FAIL: libgomp.oacc-c/../libgomp.oacc-c-c++-common/data-already-2.c -DACC_DEVICE_TYPE_host_nonshm=1 -DACC_MEM_SHARED=0 execution test
FAIL: libgomp.oacc-c/../libgomp.oacc-c-c++-common/data-already-3.c -DACC_DEVICE_TYPE_host_nonshm=1 -DACC_MEM_SHARED=0 execution test
FAIL: libgomp.oacc-c/../libgomp.oacc-c-c++-common/data-already-5.c -DACC_DEVICE_TYPE_host_nonshm=1 -DACC_MEM_SHARED=0 execution test
FAIL: libgomp.oacc-c/../libgomp.oacc-c-c++-common/data-already-6.c -DACC_DEVICE_TYPE_host_nonshm=1 -DACC_MEM_SHARED=0 execution test
FAIL: libgomp.oacc-c/../libgomp.oacc-c-c++-common/data-already-7.c -DACC_DEVICE_TYPE_host_nonshm=1 -DACC_MEM_SHARED=0 execution test
FAIL: libgomp.oacc-c/../libgomp.oacc-c-c++-common/data-already-8.c -DACC_DEVICE_TYPE_host_nonshm=1 -DACC_MEM_SHARED=0 execution test
FAIL: libgomp.oacc-c/../libgomp.oacc-c-c++-common/deviceptr-1.c -DACC_DEVICE_TYPE_host_nonshm=1 -DACC_MEM_SHARED=0 execution test
FAIL: libgomp.oacc-c/../libgomp.oacc-c-c++-common/if-1.c -DACC_DEVICE_TYPE_host_nonshm=1 -DACC_MEM_SHARED=0 execution test
FAIL: libgomp.oacc-c/../libgomp.oacc-c-c++-common/kernels-1.c -DACC_DEVICE_TYPE_host_nonshm=1 -DACC_MEM_SHARED=0 execution test
FAIL: libgomp.oacc-c/../libgomp.oacc-c-c++-common/lib-12.c -DACC_DEVICE_TYPE_host_nonshm=1 -DACC_MEM_SHARED=0 execution test
FAIL: libgomp.oacc-c/../libgomp.oacc-c-c++-common/lib-19.c -DACC_DEVICE_TYPE_host_nonshm=1 -DACC_MEM_SHARED=0 execution test
FAIL: libgomp.oacc-c/../libgomp.oacc-c-c++-common/lib-37.c -DACC_DEVICE_TYPE_host_nonshm=1 -DACC_MEM_SHARED=0 execution test
FAIL: libgomp.oacc-c/../libgomp.oacc-c-c++-common/lib-38.c -DACC_DEVICE_TYPE_host_nonshm=1 -DACC_MEM_SHARED=0 execution test
FAIL: libgomp.oacc-c/../libgomp.oacc-c-c++-common/lib-45.c -DACC_DEVICE_TYPE_host_nonshm=1 -DACC_MEM_SHARED=0 execution test
FAIL: libgomp.oacc-c/../libgomp.oacc-c-c++-common/lib-46.c -DACC_DEVICE_TYPE_host_nonshm=1 -DACC_MEM_SHARED=0 execution test
FAIL: libgomp.oacc-c/../libgomp.oacc-c-c++-common/lib-49.c -DACC_DEVICE_TYPE_host_nonshm=1 -DACC_MEM_SHARED=0 execution test
FAIL: libgomp.oacc-c/../libgomp.oacc-c-c++-common/lib-50.c -DACC_DEVICE_TYPE_host_nonshm=1 -DACC_MEM_SHARED=0 execution test
FAIL: libgomp.oacc-c/../libgomp.oacc-c-c++-common/lib-51.c -DACC_DEVICE_TYPE_host_nonshm=1 -DACC_MEM_SHARED=0 execution test
FAIL: libgomp.oacc-c/../libgomp.oacc-c-c++-common/lib-55.c -DACC_DEVICE_TYPE_host_nonshm=1 -DACC_MEM_SHARED=0 execution test
FAIL: libgomp.oacc-c/../libgomp.oacc-c-c++-common/lib-56.c -DACC_DEVICE_TYPE_host_nonshm=1 -DACC_MEM_SHARED=0 execution test
FAIL: libgomp.oacc-c/../libgomp.oacc-c-c++-common/lib-59.c -DACC_DEVICE_TYPE_host_nonshm=1 -DACC_MEM_SHARED=0 execution test
FAIL: libgomp.oacc-c/../libgomp.oacc-c-c++-common/lib-60.c -DACC_DEVICE_TYPE_host_nonshm=1 -DACC_MEM_SHARED=0 execution test
FAIL: libgomp.oacc-c/../libgomp.oacc-c-c++-common/lib-61.c -DACC_DEVICE_TYPE_host_nonshm=1 -DACC_MEM_SHARED=0 execution test
FAIL: libgomp.oacc-c/../libgomp.oacc-c-c++-common/lib-66.c -DACC_DEVICE_TYPE_host_nonshm=1 -DACC_MEM_SHARED=0 execution test
FAIL: libgomp.oacc-c/../libgomp.oacc-c-c++-common/nested-1.c -DACC_DEVICE_TYPE_host_nonshm=1 -DACC_MEM_SHARED=0 execution test
FAIL: libgomp.oacc-c/../libgomp.oacc-c-c++-common/parallel-1.c -DACC_DEVICE_TYPE_host_nonshm=1 -DACC_MEM_SHARED=0 execution test
FAIL: libgomp.oacc-c/../libgomp.oacc-c-c++-common/update-1-2.c -DACC_DEVICE_TYPE_host_nonshm=1 -DACC_MEM_SHARED=0 execution test
FAIL: libgomp.oacc-c/../libgomp.oacc-c-c++-common/update-1.c -DACC_DEVICE_TYPE_host_nonshm=1 -DACC_MEM_SHARED=0 execution test
FAIL: libgomp.oacc-c++/../libgomp.oacc-c-c++-common/acc_on_device-1.c -DACC_DEVICE_TYPE_host_nonshm=1 -DACC_MEM_SHARED=0 execution test
FAIL: libgomp.oacc-c++/../libgomp.oacc-c-c++-common/clauses-1.c -DACC_DEVICE_TYPE_host_nonshm=1 -DACC_MEM_SHARED=0 execution test
FAIL: libgomp.oacc-c++/../libgomp.oacc-c-c++-common/data-1.c -DACC_DEVICE_TYPE_host_nonshm=1 -DACC_MEM_SHARED=0 execution test
FAIL: libgomp.oacc-c++/../libgomp.oacc-c-c++-common/data-already-1.c -DACC_DEVICE_TYPE_host_nonshm=1 -DACC_MEM_SHARED=0 execution test
FAIL: libgomp.oacc-c++/../libgomp.oacc-c-c++-common/data-already-2.c -DACC_DEVICE_TYPE_host_nonshm=1 -DACC_MEM_SHARED=0 execution test
FAIL: libgomp.oacc-c++/../libgomp.oacc-c-c++-common/data-already-3.c -DACC_DEVICE_TYPE_host_nonshm=1 -DACC_MEM_SHARED=0 execution test
FAIL: libgomp.oacc-c++/../libgomp.oacc-c-c++-common/data-already-5.c -DACC_DEVICE_TYPE_host_nonshm=1 -DACC_MEM_SHARED=0 execution test
FAIL: libgomp.oacc-c++/../libgomp.oacc-c-c++-common/data-already-6.c -DACC_DEVICE_TYPE_host_nonshm=1 -DACC_MEM_SHARED=0 execution test
FAIL: libgomp.oacc-c++/../libgomp.oacc-c-c++-common/data-already-7.c -DACC_DEVICE_TYPE_host_nonshm=1 -DACC_MEM_SHARED=0 execution test
FAIL: libgomp.oacc-c++/../libgomp.oacc-c-c++-common/data-already-8.c -DACC_DEVICE_TYPE_host_nonshm=1 -DACC_MEM_SHARED=0 execution test
FAIL: libgomp.oacc-c++/../libgomp.oacc-c-c++-common/deviceptr-1.c -DACC_DEVICE_TYPE_host_nonshm=1 -DACC_MEM_SHARED=0 execution test
FAIL: libgomp.oacc-c++/../libgomp.oacc-c-c++-common/if-1.c -DACC_DEVICE_TYPE_host_nonshm=1 -DACC_MEM_SHARED=0 execution test
FAIL: libgomp.oacc-c++/../libgomp.oacc-c-c++-common/kernels-1.c -DACC_DEVICE_TYPE_host_nonshm=1 -DACC_MEM_SHARED=0 execution test
FAIL: libgomp.oacc-c++/../libgomp.oacc-c-c++-common/lib-12.c -DACC_DEVICE_TYPE_host_nonshm=1 -DACC_MEM_SHARED=0 execution test
FAIL: libgomp.oacc-c++/../libgomp.oacc-c-c++-common/lib-19.c -DACC_DEVICE_TYPE_host_nonshm=1 -DACC_MEM_SHARED=0 execution test
FAIL: libgomp.oacc-c++/../libgomp.oacc-c-c++-common/lib-37.c -DACC_DEVICE_TYPE_host_nonshm=1 -DACC_MEM_SHARED=0 execution test
FAIL: libgomp.oacc-c++/../libgomp.oacc-c-c++-common/lib-38.c -DACC_DEVICE_TYPE_host_nonshm=1 -DACC_MEM_SHARED=0 execution test
FAIL: libgomp.oacc-c++/../libgomp.oacc-c-c++-common/lib-45.c -DACC_DEVICE_TYPE_host_nonshm=1 -DACC_MEM_SHARED=0 execution test
FAIL: libgomp.oacc-c++/../libgomp.oacc-c-c++-common/lib-46.c -DACC_DEVICE_TYPE_host_nonshm=1 -DACC_MEM_SHARED=0 execution test
FAIL: libgomp.oacc-c++/../libgomp.oacc-c-c++-common/lib-49.c -DACC_DEVICE_TYPE_host_nonshm=1 -DACC_MEM_SHARED=0 execution test
FAIL: libgomp.oacc-c++/../libgomp.oacc-c-c++-common/lib-50.c -DACC_DEVICE_TYPE_host_nonshm=1 -DACC_MEM_SHARED=0 execution test
FAIL: libgomp.oacc-c++/../libgomp.oacc-c-c++-common/lib-51.c -DACC_DEVICE_TYPE_host_nonshm=1 -DACC_MEM_SHARED=0 execution test
FAIL: libgomp.oacc-c++/../libgomp.oacc-c-c++-common/lib-55.c -DACC_DEVICE_TYPE_host_nonshm=1 -DACC_MEM_SHARED=0 execution test
FAIL: libgomp.oacc-c++/../libgomp.oacc-c-c++-common/lib-56.c -DACC_DEVICE_TYPE_host_nonshm=1 -DACC_MEM_SHARED=0 execution test
FAIL: libgomp.oacc-c++/../libgomp.oacc-c-c++-common/lib-59.c -DACC_DEVICE_TYPE_host_nonshm=1 -DACC_MEM_SHARED=0 execution test
FAIL: libgomp.oacc-c++/../libgomp.oacc-c-c++-common/lib-60.c -DACC_DEVICE_TYPE_host_nonshm=1 -DACC_MEM_SHARED=0 execution test
FAIL: libgomp.oacc-c++/../libgomp.oacc-c-c++-common/lib-61.c -DACC_DEVICE_TYPE_host_nonshm=1 -DACC_MEM_SHARED=0 execution test
FAIL: libgomp.oacc-c++/../libgomp.oacc-c-c++-common/lib-66.c -DACC_DEVICE_TYPE_host_nonshm=1 -DACC_MEM_SHARED=0 execution test
FAIL: libgomp.oacc-c++/../libgomp.oacc-c-c++-common/nested-1.c -DACC_DEVICE_TYPE_host_nonshm=1 -DACC_MEM_SHARED=0 execution test
FAIL: libgomp.oacc-c++/../libgomp.oacc-c-c++-common/parallel-1.c -DACC_DEVICE_TYPE_host_nonshm=1 -DACC_MEM_SHARED=0 execution test
FAIL: libgomp.oacc-c++/../libgomp.oacc-c-c++-common/update-1-2.c -DACC_DEVICE_TYPE_host_nonshm=1 -DACC_MEM_SHARED=0 execution test
FAIL: libgomp.oacc-c++/../libgomp.oacc-c-c++-common/update-1.c -DACC_DEVICE_TYPE_host_nonshm=1 -DACC_MEM_SHARED=0 execution test
FAIL: libgomp.oacc-fortran/acc_on_device-1-1.f90 -DACC_DEVICE_TYPE_host_nonshm=1 -DACC_MEM_SHARED=0  -O  execution test
FAIL: libgomp.oacc-fortran/acc_on_device-1-2.f -DACC_DEVICE_TYPE_host_nonshm=1 -DACC_MEM_SHARED=0  -O  execution test
FAIL: libgomp.oacc-fortran/acc_on_device-1-3.f -DACC_DEVICE_TYPE_host_nonshm=1 -DACC_MEM_SHARED=0  -O  execution test
FAIL: libgomp.oacc-fortran/data-already-1.f -DACC_DEVICE_TYPE_host_nonshm=1 -DACC_MEM_SHARED=0  -O  execution test
FAIL: libgomp.oacc-fortran/data-already-2.f -DACC_DEVICE_TYPE_host_nonshm=1 -DACC_MEM_SHARED=0  -O  execution test
FAIL: libgomp.oacc-fortran/data-already-3.f -DACC_DEVICE_TYPE_host_nonshm=1 -DACC_MEM_SHARED=0  -O  execution test
FAIL: libgomp.oacc-fortran/data-already-5.f -DACC_DEVICE_TYPE_host_nonshm=1 -DACC_MEM_SHARED=0  -O  execution test
FAIL: libgomp.oacc-fortran/data-already-6.f -DACC_DEVICE_TYPE_host_nonshm=1 -DACC_MEM_SHARED=0  -O  execution test
FAIL: libgomp.oacc-fortran/data-already-7.f -DACC_DEVICE_TYPE_host_nonshm=1 -DACC_MEM_SHARED=0  -O  execution test
FAIL: libgomp.oacc-fortran/data-already-8.f -DACC_DEVICE_TYPE_host_nonshm=1 -DACC_MEM_SHARED=0  -O  execution test

		=== libgomp Summary ===

# of expected passes		5652
# of unexpected failures	76
# of unsupported tests		354

		=== Summary adjusted for local xfails ===

# of unexpected failures        76
# of expected passes            5652
# of unsupported tests          354
Host   is i686-pc-linux-gnu

		=== libitm tests ===


Running target qemu-wheezy-thumb/-mthumb

		=== libitm Summary ===

# of expected passes		26
# of expected failures		3
# of unsupported tests		1

		=== Summary adjusted for local xfails ===

# of expected passes            26
# of expected failures          3
# of unsupported tests          1
Host   is i686-pc-linux-gnu

		=== libstdc++ tests ===


Running target qemu-wheezy-thumb/-mthumb
FAIL: 21_strings/basic_string/inserters_extractors/wchar_t/28277.cc execution test
FAIL: 22_locale/messages/13631.cc execution test
FAIL: 22_locale/messages/members/char/1.cc execution test
FAIL: 22_locale/messages/members/char/2.cc execution test
FAIL: 22_locale/messages/members/char/wrapped_locale.cc execution test
FAIL: 22_locale/messages_byname/named_equivalence.cc execution test
FAIL: 27_io/basic_ostream/inserters_character/wchar_t/28277-3.cc execution test
FAIL: 27_io/basic_ostream/inserters_character/wchar_t/28277-4.cc execution test
FAIL: ext/vstring/inserters_extractors/wchar_t/28277.cc execution test

		=== libstdc++ Summary ===

# of expected passes		9881
# of unexpected failures	9
# of expected failures		65
# of unsupported tests		372

		=== Summary adjusted for local xfails ===

# of unexpected failures        9
# of expected passes            9881
# of expected failures          65
# of unsupported tests          372

Compiler version: 5.2.1 20150726 (GCC) 
Platform: arm-none-linux-gnueabi
configure flags: --build=i686-pc-linux-gnu --host=i686-pc-linux-gnu --target=arm-none-linux-gnueabi --enable-threads --disable-libmudflap --disable-libssp --disable-libstdcxx-pch --with-gnu-as --with-gnu-ld --enable-languages=c,c++,fortran --enable-shared --enable-lto --enable-symvers=gnu --enable-__cxa_atexit --with-glibc-version=2.21 --disable-nls --prefix=/scratch/gcc/nightly-2015-07-26-5/arm-none-linux-gnueabi/install --with-sysroot=/scratch/gcc/nightly-2015-07-26-5/arm-none-linux-gnueabi/install/arm-none-linux-gnueabi/libc --with-gmp=/scratch/gcc/nightly-2015-07-26-5/arm-none-linux-gnueabi/obj/pkg-5-0-arm-none-linux-gnueabi/fsf-5-0-arm-none-linux-gnueabi.extras/host-libs-i686-pc-linux-gnu/usr --with-mpfr=/scratch/gcc/nightly-2015-07-26-5/arm-none-linux-gnueabi/obj/pkg-5-0-arm-none-linux-gnueabi/fsf-5-0-arm-none-linux-gnueabi.extras/host-libs-i686-pc-linux-gnu/usr --with-mpc=/scratch/gcc/nightly-2015-07-26-5/arm-none-linux-gnueabi/obj/pkg-5-0-arm-none-linux-gnueabi/fsf-5-
 0-arm-none-linux-gnueabi.extras/host-libs-i686-pc-linux-gnu/usr --with-host-libstdcxx='-static-libgcc -Wl,-Bstatic,-lstdc++,-Bdynamic -lm' --with-isl=/scratch/gcc/nightly-2015-07-26-5/arm-none-linux-gnueabi/obj/pkg-5-0-arm-none-linux-gnueabi/fsf-5-0-arm-none-linux-gnueabi.extras/host-libs-i686-pc-linux-gnu/usr --enable-libgomp --enable-libitm --enable-libatomic --disable-libssp --enable-poison-system-directories --with-build-time-tools=/scratch/gcc/nightly-2015-07-26-5/arm-none-linux-gnueabi/install/arm-none-linux-gnueabi/bin --with-build-time-tools=/scratch/gcc/nightly-2015-07-26-5/arm-none-linux-gnueabi/install/arm-none-linux-gnueabi/bin SED=sed


Index Nav: [Date Index] [Subject Index] [Author Index] [Thread Index]
Message Nav: [Date Prev] [Date Next] [Thread Prev] [Thread Next]