This is the mail archive of the gcc-testresults@gcc.gnu.org mailing list for the GCC project.


Index Nav: [Date Index] [Subject Index] [Author Index] [Thread Index]
Message Nav: [Date Prev] [Date Next] [Thread Prev] [Thread Next]
Other format: [Raw text]

Results for 6.0.0 20150730 (experimental) [trunk revision 226381] (GCC) testsuite on x86_64-pc-linux-gnu


Native configuration is x86_64-pc-linux-gnu

		=== gcc tests ===


Running target unix
FAIL: gcc.dg/debug/dwarf2/stacked-qualified-types-3.c scan-assembler-times DIE \\\\([^\\n]*\\\\) DW_TAG_(?:const|volatile|atomic|restrict)_type 8
FAIL: gcc.dg/ubsan/object-size-9.c   -O2  output pattern test
FAIL: gcc.dg/ubsan/object-size-9.c   -O2 -flto -fno-use-linker-plugin -flto-partition=none  output pattern test
FAIL: gcc.dg/vect/costmodel/i386/costmodel-fast-math-vect-pr29925.c scan-tree-dump-times vect "vectorized 1 loops" 1
FAIL: gcc.dg/vect/costmodel/x86_64/costmodel-fast-math-vect-pr29925.c scan-tree-dump-times vect "vectorized 1 loops" 1
XPASS: gcc.dg/vect/no-scevccp-outer-11.c scan-tree-dump-times vect "OUTER LOOP VECTORIZED." 1
FAIL: gcc.target/i386/avx256-unaligned-store-2.c scan-assembler vmovups.*\\\\*movv16qi_internal/3
FAIL: gcc.target/i386/pr49781-1.c scan-assembler-not lea[lq]?[ \\t]\\\\((%|)r[a-z0-9]*
FAIL: gcc.target/i386/pr61403.c scan-assembler blend

		=== gcc Summary for unix ===

# of expected passes		110233
# of unexpected failures	8
# of unexpected successes	1
# of expected failures		283
# of unsupported tests		1666

Running target unix/-m32
FAIL: gcc.dg/debug/dwarf2/stacked-qualified-types-3.c scan-assembler-times DIE \\\\([^\\n]*\\\\) DW_TAG_(?:const|volatile|atomic|restrict)_type 8
XPASS: gcc.dg/graphite/vect-pr43423.c scan-tree-dump-times vect "vectorized 2 loops" 1
FAIL: gcc.dg/vect/costmodel/i386/costmodel-fast-math-vect-pr29925.c scan-tree-dump-times vect "vectorized 1 loops" 1
XPASS: gcc.dg/vect/no-scevccp-outer-11.c scan-tree-dump-times vect "OUTER LOOP VECTORIZED." 1
FAIL: gcc.target/i386/pr61403.c scan-assembler blend

		=== gcc Summary for unix/-m32 ===

# of expected passes		109399
# of unexpected failures	3
# of unexpected successes	2
# of expected failures		283
# of unsupported tests		1464

		=== gcc Summary ===

# of expected passes		219632
# of unexpected failures	11
# of unexpected successes	3
# of expected failures		566
# of unsupported tests		3130
/export/gnu/import/git/gcc-test-intel64corei7/bld/gcc/xgcc  version 6.0.0 20150730 (experimental) [trunk revision 226381] (GCC) 

		=== gfortran tests ===


Running target unix

		=== gfortran Summary for unix ===

# of expected passes		40550
# of expected failures		72
# of unsupported tests		63

Running target unix/-m32

		=== gfortran Summary for unix/-m32 ===

# of expected passes		40335
# of expected failures		72
# of unsupported tests		165

		=== gfortran Summary ===

# of expected passes		80885
# of expected failures		144
# of unsupported tests		228
/export/gnu/import/git/gcc-test-intel64corei7/bld/gcc/testsuite/gfortran/../../gfortran  version 6.0.0 20150730 (experimental) [trunk revision 226381] (GCC) 

		=== g++ tests ===


Running target unix
XPASS: g++.dg/tls/thread_local-order2.C  -std=c++11 execution test
XPASS: g++.dg/tls/thread_local-order2.C  -std=c++14 execution test

		=== g++ Summary for unix ===

# of expected passes		93943
# of unexpected successes	2
# of expected failures		331
# of unsupported tests		3411

Running target unix/-m32
XPASS: g++.dg/tls/thread_local-order2.C  -std=c++11 execution test
XPASS: g++.dg/tls/thread_local-order2.C  -std=c++14 execution test

		=== g++ Summary for unix/-m32 ===

# of expected passes		92354
# of unexpected successes	2
# of expected failures		331
# of unsupported tests		3172

		=== g++ Summary ===

# of expected passes		186297
# of unexpected successes	4
# of expected failures		662
# of unsupported tests		6583
/export/gnu/import/git/gcc-test-intel64corei7/bld/gcc/testsuite/g++/../../xg++  version 6.0.0 20150730 (experimental) [trunk revision 226381] (GCC) 

		=== objc tests ===


Running target unix

		=== objc Summary for unix ===

# of expected passes		2766
# of expected failures		6
# of unsupported tests		68

Running target unix/-m32

		=== objc Summary for unix/-m32 ===

# of expected passes		2766
# of expected failures		6
# of unsupported tests		68

		=== objc Summary ===

# of expected passes		5532
# of expected failures		12
# of unsupported tests		136
/export/gnu/import/git/gcc-test-intel64corei7/bld/gcc/xgcc  version 6.0.0 20150730 (experimental) [trunk revision 226381] (GCC) 

		=== boehm-gc tests ===


Running target unix/-m32

		=== boehm-gc Summary for unix/-m32 ===

# of expected passes		12
# of unsupported tests		1

Running target unix

		=== boehm-gc Summary for unix ===

# of expected passes		12
# of unsupported tests		1

		=== boehm-gc Summary ===

# of expected passes		24
# of unsupported tests		2
		=== libatomic tests ===


Running target unix/-m32

		=== libatomic Summary for unix/-m32 ===

# of expected passes		44
# of unsupported tests		5

Running target unix

		=== libatomic Summary for unix ===

# of expected passes		54

		=== libatomic Summary ===

# of expected passes		98
# of unsupported tests		5
		=== libffi tests ===


Running target unix/-m32

		=== libffi Summary for unix/-m32 ===

# of expected passes		2439
# of unsupported tests		30

Running target unix

		=== libffi Summary for unix ===

# of expected passes		1914
# of unsupported tests		30

		=== libffi Summary ===

# of expected passes		4353
# of unsupported tests		60
		=== libgomp tests ===


Running target unix/-m32

		=== libgomp Summary for unix/-m32 ===

# of expected passes		5148
# of expected failures		8
# of unsupported tests		258

Running target unix

		=== libgomp Summary for unix ===

# of expected passes		5148
# of expected failures		8
# of unsupported tests		258

		=== libgomp Summary ===

# of expected passes		10296
# of expected failures		16
# of unsupported tests		516
		=== libitm tests ===


Running target unix/-m32

		=== libitm Summary for unix/-m32 ===

# of expected passes		26
# of expected failures		3
# of unsupported tests		1

Running target unix

		=== libitm Summary for unix ===

# of expected passes		26
# of expected failures		3
# of unsupported tests		1

		=== libitm Summary ===

# of expected passes		52
# of expected failures		6
# of unsupported tests		2
		=== libjava tests ===


Running target unix/-m32

		=== libjava Summary for unix/-m32 ===

# of expected passes		2582
# of expected failures		4

Running target unix

		=== libjava Summary for unix ===

# of expected passes		2582
# of expected failures		4

		=== libjava Summary ===

# of expected passes		5164
# of expected failures		8
		=== libstdc++ tests ===


Running target unix
XPASS: 26_numerics/headers/cmath/c_math.cc execution test
UNRESOLVED: experimental/optional/constexpr/make_optional.cc compilation failed to produce executable

		=== libstdc++ Summary for unix ===

# of expected passes		4807
# of unexpected successes	1
# of expected failures		62
# of unresolved testcases	1
# of unsupported tests		231

Running target unix/-m32
FAIL: experimental/optional/constexpr/make_optional.cc (test for excess errors)
UNRESOLVED: experimental/optional/constexpr/make_optional.cc compilation failed to produce executable

		=== libstdc++ Summary for unix/-m32 ===

# of expected passes		10878
# of unexpected failures	1
# of expected failures		66
# of unresolved testcases	1
# of unsupported tests		227

		=== libstdc++ Summary ===

# of expected passes		15685
# of unexpected failures	1
# of unexpected successes	1
# of expected failures		128
# of unresolved testcases	2
# of unsupported tests		458

Compiler version: 6.0.0 20150730 (experimental) [trunk revision 226381] (GCC) 
Platform: x86_64-pc-linux-gnu
configure flags: --with-arch=corei7 --with-cpu=intel --prefix=/usr/6.0.0 --enable-clocale=gnu --with-system-zlib --enable-shared --with-demangler-in-ld --enable-libmpx --with-fpmath=sse --enable-languages=c,c++,fortran,java,lto,objc


Index Nav: [Date Index] [Subject Index] [Author Index] [Thread Index]
Message Nav: [Date Prev] [Date Next] [Thread Prev] [Thread Next]