This is the mail archive of the
gcc-testresults@gcc.gnu.org
mailing list for the GCC project.
Results for 6.0.0 20150724 (experimental) [trunk revision 226149] (GCC) testsuite on sparcv9-sun-solaris2.11
- From: Rainer Orth <ro at CeBiTec dot Uni-Bielefeld dot DE>
- To: gcc-testresults at gcc dot gnu dot org
- Date: Mon, 27 Jul 2015 15:27:57 +0200 (CEST)
- Subject: Results for 6.0.0 20150724 (experimental) [trunk revision 226149] (GCC) testsuite on sparcv9-sun-solaris2.11
- Authentication-results: sourceware.org; auth=none
LAST_UPDATED: Fri Jul 24 11:51:40 UTC 2015 (revision 226149)
=== acats tests ===
=== acats Summary ===
# of expected passes 2320
# of unexpected failures 0
Native configuration is sparcv9-sun-solaris2.11
=== g++ tests ===
Running target unix
FAIL: c-c++-common/torture/vshuf-v16hi.c -O0 (internal compiler error)
FAIL: c-c++-common/torture/vshuf-v16hi.c -O0 (test for excess errors)
FAIL: c-c++-common/torture/vshuf-v16hi.c -O1 (internal compiler error)
FAIL: c-c++-common/torture/vshuf-v16hi.c -O1 (test for excess errors)
FAIL: c-c++-common/torture/vshuf-v16hi.c -O2 (internal compiler error)
FAIL: c-c++-common/torture/vshuf-v16hi.c -O2 (test for excess errors)
FAIL: c-c++-common/torture/vshuf-v16hi.c -O2 -flto (internal compiler error)
FAIL: c-c++-common/torture/vshuf-v16hi.c -O2 -flto (test for excess errors)
FAIL: c-c++-common/torture/vshuf-v16hi.c -O2 -flto -flto-partition=none (internal compiler error)
FAIL: c-c++-common/torture/vshuf-v16hi.c -O2 -flto -flto-partition=none (test for excess errors)
FAIL: c-c++-common/torture/vshuf-v16hi.c -O3 -g (internal compiler error)
FAIL: c-c++-common/torture/vshuf-v16hi.c -O3 -g (test for excess errors)
FAIL: c-c++-common/torture/vshuf-v16hi.c -Os (internal compiler error)
FAIL: c-c++-common/torture/vshuf-v16hi.c -Os (test for excess errors)
FAIL: c-c++-common/torture/vshuf-v4df.c -O0 (internal compiler error)
FAIL: c-c++-common/torture/vshuf-v4df.c -O0 (test for excess errors)
FAIL: c-c++-common/torture/vshuf-v4df.c -O1 (internal compiler error)
FAIL: c-c++-common/torture/vshuf-v4df.c -O1 (test for excess errors)
FAIL: c-c++-common/torture/vshuf-v4df.c -O2 (internal compiler error)
FAIL: c-c++-common/torture/vshuf-v4df.c -O2 (test for excess errors)
FAIL: c-c++-common/torture/vshuf-v4df.c -O2 -flto (internal compiler error)
FAIL: c-c++-common/torture/vshuf-v4df.c -O2 -flto (test for excess errors)
FAIL: c-c++-common/torture/vshuf-v4df.c -O2 -flto -flto-partition=none (internal compiler error)
FAIL: c-c++-common/torture/vshuf-v4df.c -O2 -flto -flto-partition=none (test for excess errors)
FAIL: c-c++-common/torture/vshuf-v4df.c -O3 -g (internal compiler error)
FAIL: c-c++-common/torture/vshuf-v4df.c -O3 -g (test for excess errors)
FAIL: c-c++-common/torture/vshuf-v4df.c -Os (internal compiler error)
FAIL: c-c++-common/torture/vshuf-v4df.c -Os (test for excess errors)
FAIL: c-c++-common/torture/vshuf-v4di.c -O0 (internal compiler error)
FAIL: c-c++-common/torture/vshuf-v4di.c -O0 (test for excess errors)
FAIL: c-c++-common/torture/vshuf-v4di.c -O1 (internal compiler error)
FAIL: c-c++-common/torture/vshuf-v4di.c -O1 (test for excess errors)
FAIL: c-c++-common/torture/vshuf-v4di.c -O2 (internal compiler error)
FAIL: c-c++-common/torture/vshuf-v4di.c -O2 (test for excess errors)
FAIL: c-c++-common/torture/vshuf-v4di.c -O2 -flto (internal compiler error)
FAIL: c-c++-common/torture/vshuf-v4di.c -O2 -flto (test for excess errors)
FAIL: c-c++-common/torture/vshuf-v4di.c -O2 -flto -flto-partition=none (internal compiler error)
FAIL: c-c++-common/torture/vshuf-v4di.c -O2 -flto -flto-partition=none (test for excess errors)
FAIL: c-c++-common/torture/vshuf-v4di.c -O3 -g (internal compiler error)
FAIL: c-c++-common/torture/vshuf-v4di.c -O3 -g (test for excess errors)
FAIL: c-c++-common/torture/vshuf-v4di.c -Os (internal compiler error)
FAIL: c-c++-common/torture/vshuf-v4di.c -Os (test for excess errors)
FAIL: c-c++-common/torture/vshuf-v8si.c -O0 (internal compiler error)
FAIL: c-c++-common/torture/vshuf-v8si.c -O0 (test for excess errors)
FAIL: c-c++-common/torture/vshuf-v8si.c -O1 (internal compiler error)
FAIL: c-c++-common/torture/vshuf-v8si.c -O1 (test for excess errors)
FAIL: c-c++-common/torture/vshuf-v8si.c -O2 (internal compiler error)
FAIL: c-c++-common/torture/vshuf-v8si.c -O2 (test for excess errors)
FAIL: c-c++-common/torture/vshuf-v8si.c -O2 -flto (internal compiler error)
FAIL: c-c++-common/torture/vshuf-v8si.c -O2 -flto (test for excess errors)
FAIL: c-c++-common/torture/vshuf-v8si.c -O2 -flto -flto-partition=none (internal compiler error)
FAIL: c-c++-common/torture/vshuf-v8si.c -O2 -flto -flto-partition=none (test for excess errors)
FAIL: c-c++-common/torture/vshuf-v8si.c -O3 -g (internal compiler error)
FAIL: c-c++-common/torture/vshuf-v8si.c -O3 -g (test for excess errors)
FAIL: c-c++-common/torture/vshuf-v8si.c -Os (internal compiler error)
FAIL: c-c++-common/torture/vshuf-v8si.c -Os (test for excess errors)
FAIL: g++.dg/torture/vshuf-v16hi.C -O0 (internal compiler error)
FAIL: g++.dg/torture/vshuf-v16hi.C -O0 (test for excess errors)
WARNING: g++.dg/torture/vshuf-v16hi.C -O0 compilation failed to produce executable
FAIL: g++.dg/torture/vshuf-v16hi.C -O1 (internal compiler error)
FAIL: g++.dg/torture/vshuf-v16hi.C -O1 (test for excess errors)
WARNING: g++.dg/torture/vshuf-v16hi.C -O1 compilation failed to produce executable
FAIL: g++.dg/torture/vshuf-v16hi.C -O2 (internal compiler error)
FAIL: g++.dg/torture/vshuf-v16hi.C -O2 (test for excess errors)
WARNING: g++.dg/torture/vshuf-v16hi.C -O2 compilation failed to produce executable
FAIL: g++.dg/torture/vshuf-v16hi.C -O2 -flto (internal compiler error)
FAIL: g++.dg/torture/vshuf-v16hi.C -O2 -flto (test for excess errors)
WARNING: g++.dg/torture/vshuf-v16hi.C -O2 -flto compilation failed to produce executable
FAIL: g++.dg/torture/vshuf-v16hi.C -O2 -flto -flto-partition=none (internal compiler error)
FAIL: g++.dg/torture/vshuf-v16hi.C -O2 -flto -flto-partition=none (test for excess errors)
WARNING: g++.dg/torture/vshuf-v16hi.C -O2 -flto -flto-partition=none compilation failed to produce executable
FAIL: g++.dg/torture/vshuf-v16hi.C -O3 -g (internal compiler error)
FAIL: g++.dg/torture/vshuf-v16hi.C -O3 -g (test for excess errors)
WARNING: g++.dg/torture/vshuf-v16hi.C -O3 -g compilation failed to produce executable
FAIL: g++.dg/torture/vshuf-v16hi.C -Os (internal compiler error)
FAIL: g++.dg/torture/vshuf-v16hi.C -Os (test for excess errors)
WARNING: g++.dg/torture/vshuf-v16hi.C -Os compilation failed to produce executable
FAIL: g++.dg/torture/vshuf-v4df.C -O0 (internal compiler error)
FAIL: g++.dg/torture/vshuf-v4df.C -O0 (test for excess errors)
WARNING: g++.dg/torture/vshuf-v4df.C -O0 compilation failed to produce executable
FAIL: g++.dg/torture/vshuf-v4df.C -O1 (internal compiler error)
FAIL: g++.dg/torture/vshuf-v4df.C -O1 (test for excess errors)
WARNING: g++.dg/torture/vshuf-v4df.C -O1 compilation failed to produce executable
FAIL: g++.dg/torture/vshuf-v4df.C -O2 (internal compiler error)
FAIL: g++.dg/torture/vshuf-v4df.C -O2 (test for excess errors)
WARNING: g++.dg/torture/vshuf-v4df.C -O2 compilation failed to produce executable
FAIL: g++.dg/torture/vshuf-v4df.C -O2 -flto (internal compiler error)
FAIL: g++.dg/torture/vshuf-v4df.C -O2 -flto (test for excess errors)
WARNING: g++.dg/torture/vshuf-v4df.C -O2 -flto compilation failed to produce executable
FAIL: g++.dg/torture/vshuf-v4df.C -O2 -flto -flto-partition=none (internal compiler error)
FAIL: g++.dg/torture/vshuf-v4df.C -O2 -flto -flto-partition=none (test for excess errors)
WARNING: g++.dg/torture/vshuf-v4df.C -O2 -flto -flto-partition=none compilation failed to produce executable
FAIL: g++.dg/torture/vshuf-v4df.C -O3 -g (internal compiler error)
FAIL: g++.dg/torture/vshuf-v4df.C -O3 -g (test for excess errors)
WARNING: g++.dg/torture/vshuf-v4df.C -O3 -g compilation failed to produce executable
FAIL: g++.dg/torture/vshuf-v4df.C -Os (internal compiler error)
FAIL: g++.dg/torture/vshuf-v4df.C -Os (test for excess errors)
WARNING: g++.dg/torture/vshuf-v4df.C -Os compilation failed to produce executable
FAIL: g++.dg/torture/vshuf-v4di.C -O0 (internal compiler error)
FAIL: g++.dg/torture/vshuf-v4di.C -O0 (test for excess errors)
WARNING: g++.dg/torture/vshuf-v4di.C -O0 compilation failed to produce executable
FAIL: g++.dg/torture/vshuf-v4di.C -O1 (internal compiler error)
FAIL: g++.dg/torture/vshuf-v4di.C -O1 (test for excess errors)
WARNING: g++.dg/torture/vshuf-v4di.C -O1 compilation failed to produce executable
FAIL: g++.dg/torture/vshuf-v4di.C -O2 (internal compiler error)
FAIL: g++.dg/torture/vshuf-v4di.C -O2 (test for excess errors)
WARNING: g++.dg/torture/vshuf-v4di.C -O2 compilation failed to produce executable
FAIL: g++.dg/torture/vshuf-v4di.C -O2 -flto (internal compiler error)
FAIL: g++.dg/torture/vshuf-v4di.C -O2 -flto (test for excess errors)
WARNING: g++.dg/torture/vshuf-v4di.C -O2 -flto compilation failed to produce executable
FAIL: g++.dg/torture/vshuf-v4di.C -O2 -flto -flto-partition=none (internal compiler error)
FAIL: g++.dg/torture/vshuf-v4di.C -O2 -flto -flto-partition=none (test for excess errors)
WARNING: g++.dg/torture/vshuf-v4di.C -O2 -flto -flto-partition=none compilation failed to produce executable
FAIL: g++.dg/torture/vshuf-v4di.C -O3 -g (internal compiler error)
FAIL: g++.dg/torture/vshuf-v4di.C -O3 -g (test for excess errors)
WARNING: g++.dg/torture/vshuf-v4di.C -O3 -g compilation failed to produce executable
FAIL: g++.dg/torture/vshuf-v4di.C -Os (internal compiler error)
FAIL: g++.dg/torture/vshuf-v4di.C -Os (test for excess errors)
WARNING: g++.dg/torture/vshuf-v4di.C -Os compilation failed to produce executable
FAIL: g++.dg/torture/vshuf-v8si.C -O0 (internal compiler error)
FAIL: g++.dg/torture/vshuf-v8si.C -O0 (test for excess errors)
WARNING: g++.dg/torture/vshuf-v8si.C -O0 compilation failed to produce executable
FAIL: g++.dg/torture/vshuf-v8si.C -O1 (internal compiler error)
FAIL: g++.dg/torture/vshuf-v8si.C -O1 (test for excess errors)
WARNING: g++.dg/torture/vshuf-v8si.C -O1 compilation failed to produce executable
FAIL: g++.dg/torture/vshuf-v8si.C -O2 (internal compiler error)
FAIL: g++.dg/torture/vshuf-v8si.C -O2 (test for excess errors)
WARNING: g++.dg/torture/vshuf-v8si.C -O2 compilation failed to produce executable
FAIL: g++.dg/torture/vshuf-v8si.C -O2 -flto (internal compiler error)
FAIL: g++.dg/torture/vshuf-v8si.C -O2 -flto (test for excess errors)
WARNING: g++.dg/torture/vshuf-v8si.C -O2 -flto compilation failed to produce executable
FAIL: g++.dg/torture/vshuf-v8si.C -O2 -flto -flto-partition=none (internal compiler error)
FAIL: g++.dg/torture/vshuf-v8si.C -O2 -flto -flto-partition=none (test for excess errors)
WARNING: g++.dg/torture/vshuf-v8si.C -O2 -flto -flto-partition=none compilation failed to produce executable
FAIL: g++.dg/torture/vshuf-v8si.C -O3 -g (internal compiler error)
FAIL: g++.dg/torture/vshuf-v8si.C -O3 -g (test for excess errors)
WARNING: g++.dg/torture/vshuf-v8si.C -O3 -g compilation failed to produce executable
FAIL: g++.dg/torture/vshuf-v8si.C -Os (internal compiler error)
FAIL: g++.dg/torture/vshuf-v8si.C -Os (test for excess errors)
WARNING: g++.dg/torture/vshuf-v8si.C -Os compilation failed to produce executable
=== g++ Summary for unix ===
# of expected passes 84200
# of unexpected failures 112
# of expected failures 287
# of unsupported tests 3566
Running target unix/-m32
FAIL: c-c++-common/Wunused-var-12.c -std=gnu++11 (internal compiler error)
FAIL: c-c++-common/Wunused-var-12.c -std=gnu++11 (test for excess errors)
FAIL: c-c++-common/Wunused-var-12.c -std=gnu++14 (internal compiler error)
FAIL: c-c++-common/Wunused-var-12.c -std=gnu++14 (test for excess errors)
FAIL: c-c++-common/Wunused-var-12.c -std=gnu++98 (internal compiler error)
FAIL: c-c++-common/Wunused-var-12.c -std=gnu++98 (test for excess errors)
FAIL: c-c++-common/opaque-vector.c -std=c++11 (internal compiler error)
FAIL: c-c++-common/opaque-vector.c -std=c++11 (test for excess errors)
FAIL: c-c++-common/opaque-vector.c -std=c++14 (internal compiler error)
FAIL: c-c++-common/opaque-vector.c -std=c++14 (test for excess errors)
FAIL: c-c++-common/opaque-vector.c -std=c++98 (internal compiler error)
FAIL: c-c++-common/opaque-vector.c -std=c++98 (test for excess errors)
FAIL: c-c++-common/pr63764-2.c -std=c++11 (internal compiler error)
FAIL: c-c++-common/pr63764-2.c -std=c++11 (test for excess errors)
FAIL: c-c++-common/pr63764-2.c -std=c++14 (internal compiler error)
FAIL: c-c++-common/pr63764-2.c -std=c++14 (test for excess errors)
FAIL: c-c++-common/pr63764-2.c -std=c++98 (internal compiler error)
FAIL: c-c++-common/pr63764-2.c -std=c++98 (test for excess errors)
FAIL: c-c++-common/vector-scalar.c -std=c++11 (internal compiler error)
FAIL: c-c++-common/vector-scalar.c -std=c++11 (test for excess errors)
FAIL: c-c++-common/vector-scalar.c -std=c++14 (internal compiler error)
FAIL: c-c++-common/vector-scalar.c -std=c++14 (test for excess errors)
FAIL: c-c++-common/vector-scalar.c -std=c++98 (internal compiler error)
FAIL: c-c++-common/vector-scalar.c -std=c++98 (test for excess errors)
FAIL: g++.dg/cpp0x/decltype-54581.C -std=gnu++11 (internal compiler error)
FAIL: g++.dg/cpp0x/decltype-54581.C -std=gnu++11 (test for excess errors)
FAIL: g++.dg/cpp0x/decltype-54581.C -std=gnu++14 (internal compiler error)
FAIL: g++.dg/cpp0x/decltype-54581.C -std=gnu++14 (test for excess errors)
FAIL: g++.dg/cpp0x/initlist-vect.C -std=c++11 (internal compiler error)
FAIL: g++.dg/cpp0x/initlist-vect.C -std=c++11 (test for excess errors)
FAIL: g++.dg/cpp0x/initlist-vect.C -std=c++14 (internal compiler error)
FAIL: g++.dg/cpp0x/initlist-vect.C -std=c++14 (test for excess errors)
FAIL: g++.dg/ext/attribute-test-3.C -std=c++11 (internal compiler error)
FAIL: g++.dg/ext/attribute-test-3.C -std=c++11 (test for excess errors)
WARNING: g++.dg/ext/attribute-test-3.C -std=c++11 compilation failed to produce executable
FAIL: g++.dg/ext/attribute-test-3.C -std=c++14 (internal compiler error)
FAIL: g++.dg/ext/attribute-test-3.C -std=c++14 (test for excess errors)
WARNING: g++.dg/ext/attribute-test-3.C -std=c++14 compilation failed to produce executable
FAIL: g++.dg/ext/attribute-test-3.C -std=c++98 (internal compiler error)
FAIL: g++.dg/ext/attribute-test-3.C -std=c++98 (test for excess errors)
WARNING: g++.dg/ext/attribute-test-3.C -std=c++98 compilation failed to produce executable
FAIL: g++.dg/ext/attribute-test-4.C -std=c++11 (internal compiler error)
FAIL: g++.dg/ext/attribute-test-4.C -std=c++11 (test for excess errors)
WARNING: g++.dg/ext/attribute-test-4.C -std=c++11 compilation failed to produce executable
FAIL: g++.dg/ext/attribute-test-4.C -std=c++14 (internal compiler error)
FAIL: g++.dg/ext/attribute-test-4.C -std=c++14 (test for excess errors)
WARNING: g++.dg/ext/attribute-test-4.C -std=c++14 compilation failed to produce executable
FAIL: g++.dg/ext/attribute-test-4.C -std=c++98 (internal compiler error)
FAIL: g++.dg/ext/attribute-test-4.C -std=c++98 (test for excess errors)
WARNING: g++.dg/ext/attribute-test-4.C -std=c++98 compilation failed to produce executable
FAIL: g++.dg/ext/pr59378.C -std=c++11 (internal compiler error)
FAIL: g++.dg/ext/pr59378.C -std=c++11 (test for excess errors)
FAIL: g++.dg/ext/pr59378.C -std=c++14 (internal compiler error)
FAIL: g++.dg/ext/pr59378.C -std=c++14 (test for excess errors)
FAIL: g++.dg/ext/pr59378.C -std=c++98 (internal compiler error)
FAIL: g++.dg/ext/pr59378.C -std=c++98 (test for excess errors)
FAIL: g++.dg/ext/vector27.C -std=c++11 (internal compiler error)
FAIL: g++.dg/ext/vector27.C -std=c++11 (test for excess errors)
FAIL: g++.dg/ext/vector27.C -std=c++14 (internal compiler error)
FAIL: g++.dg/ext/vector27.C -std=c++14 (test for excess errors)
FAIL: g++.dg/ext/vector27.C -std=c++98 (internal compiler error)
FAIL: g++.dg/ext/vector27.C -std=c++98 (test for excess errors)
FAIL: g++.dg/ext/vector28.C -std=c++11 (internal compiler error)
FAIL: g++.dg/ext/vector28.C -std=c++11 (test for excess errors)
FAIL: g++.dg/ext/vector28.C -std=c++14 (internal compiler error)
FAIL: g++.dg/ext/vector28.C -std=c++14 (test for excess errors)
FAIL: g++.dg/ext/vector28.C -std=c++98 (internal compiler error)
FAIL: g++.dg/ext/vector28.C -std=c++98 (test for excess errors)
FAIL: g++.dg/opt/pr56381.C -std=gnu++11 (internal compiler error)
FAIL: g++.dg/opt/pr56381.C -std=gnu++11 (test for excess errors)
FAIL: g++.dg/opt/pr56381.C -std=gnu++14 (internal compiler error)
FAIL: g++.dg/opt/pr56381.C -std=gnu++14 (test for excess errors)
FAIL: g++.dg/other/vector-compare.C -std=gnu++11 (internal compiler error)
FAIL: g++.dg/other/vector-compare.C -std=gnu++11 (test for excess errors)
FAIL: g++.dg/other/vector-compare.C -std=gnu++14 (internal compiler error)
FAIL: g++.dg/other/vector-compare.C -std=gnu++14 (test for excess errors)
FAIL: g++.dg/parse/attr2.C -std=c++11 (internal compiler error)
FAIL: g++.dg/parse/attr2.C -std=c++11 (test for excess errors)
FAIL: g++.dg/parse/attr2.C -std=c++14 (internal compiler error)
FAIL: g++.dg/parse/attr2.C -std=c++14 (test for excess errors)
FAIL: g++.dg/parse/attr2.C -std=c++98 (internal compiler error)
FAIL: g++.dg/parse/attr2.C -std=c++98 (test for excess errors)
FAIL: c-c++-common/torture/vector-compare-1.c -O0 (internal compiler error)
FAIL: c-c++-common/torture/vector-compare-1.c -O0 (test for excess errors)
WARNING: c-c++-common/torture/vector-compare-1.c -O0 compilation failed to produce executable
FAIL: c-c++-common/torture/vector-compare-1.c -O1 (internal compiler error)
FAIL: c-c++-common/torture/vector-compare-1.c -O1 (test for excess errors)
WARNING: c-c++-common/torture/vector-compare-1.c -O1 compilation failed to produce executable
FAIL: c-c++-common/torture/vector-compare-1.c -O2 (internal compiler error)
FAIL: c-c++-common/torture/vector-compare-1.c -O2 (test for excess errors)
WARNING: c-c++-common/torture/vector-compare-1.c -O2 compilation failed to produce executable
FAIL: c-c++-common/torture/vector-compare-1.c -O2 -flto (internal compiler error)
FAIL: c-c++-common/torture/vector-compare-1.c -O2 -flto (test for excess errors)
WARNING: c-c++-common/torture/vector-compare-1.c -O2 -flto compilation failed to produce executable
FAIL: c-c++-common/torture/vector-compare-1.c -O2 -flto -flto-partition=none (internal compiler error)
FAIL: c-c++-common/torture/vector-compare-1.c -O2 -flto -flto-partition=none (test for excess errors)
WARNING: c-c++-common/torture/vector-compare-1.c -O2 -flto -flto-partition=none compilation failed to produce executable
FAIL: c-c++-common/torture/vector-compare-1.c -O3 -fomit-frame-pointer -funroll-loops -fpeel-loops -ftracer -finline-functions (internal compiler error)
FAIL: c-c++-common/torture/vector-compare-1.c -O3 -fomit-frame-pointer -funroll-loops -fpeel-loops -ftracer -finline-functions (test for excess errors)
WARNING: c-c++-common/torture/vector-compare-1.c -O3 -fomit-frame-pointer -funroll-loops -fpeel-loops -ftracer -finline-functions compilation failed to produce executable
FAIL: c-c++-common/torture/vector-compare-1.c -O3 -g (internal compiler error)
FAIL: c-c++-common/torture/vector-compare-1.c -O3 -g (test for excess errors)
WARNING: c-c++-common/torture/vector-compare-1.c -O3 -g compilation failed to produce executable
FAIL: c-c++-common/torture/vector-compare-1.c -Os (internal compiler error)
FAIL: c-c++-common/torture/vector-compare-1.c -Os (test for excess errors)
WARNING: c-c++-common/torture/vector-compare-1.c -Os compilation failed to produce executable
FAIL: c-c++-common/torture/vector-compare-2.c -O0 (internal compiler error)
FAIL: c-c++-common/torture/vector-compare-2.c -O0 (test for excess errors)
WARNING: c-c++-common/torture/vector-compare-2.c -O0 compilation failed to produce executable
FAIL: c-c++-common/torture/vector-shift1.c -O0 (internal compiler error)
FAIL: c-c++-common/torture/vector-shift1.c -O0 (test for excess errors)
WARNING: c-c++-common/torture/vector-shift1.c -O0 compilation failed to produce executable
FAIL: c-c++-common/torture/vector-shift2.c -O0 (internal compiler error)
FAIL: c-c++-common/torture/vector-shift2.c -O0 (test for excess errors)
WARNING: c-c++-common/torture/vector-shift2.c -O0 compilation failed to produce executable
FAIL: c-c++-common/torture/vshuf-v16hi.c -O0 (internal compiler error)
FAIL: c-c++-common/torture/vshuf-v16hi.c -O0 (test for excess errors)
FAIL: c-c++-common/torture/vshuf-v16hi.c -O1 (internal compiler error)
FAIL: c-c++-common/torture/vshuf-v16hi.c -O1 (test for excess errors)
FAIL: c-c++-common/torture/vshuf-v16hi.c -O2 (internal compiler error)
FAIL: c-c++-common/torture/vshuf-v16hi.c -O2 (test for excess errors)
FAIL: c-c++-common/torture/vshuf-v16hi.c -O2 -flto (internal compiler error)
FAIL: c-c++-common/torture/vshuf-v16hi.c -O2 -flto (test for excess errors)
FAIL: c-c++-common/torture/vshuf-v16hi.c -O2 -flto -flto-partition=none (internal compiler error)
FAIL: c-c++-common/torture/vshuf-v16hi.c -O2 -flto -flto-partition=none (test for excess errors)
FAIL: c-c++-common/torture/vshuf-v16hi.c -O3 -g (internal compiler error)
FAIL: c-c++-common/torture/vshuf-v16hi.c -O3 -g (test for excess errors)
FAIL: c-c++-common/torture/vshuf-v16hi.c -Os (internal compiler error)
FAIL: c-c++-common/torture/vshuf-v16hi.c -Os (test for excess errors)
FAIL: c-c++-common/torture/vshuf-v2df.c -O0 (internal compiler error)
FAIL: c-c++-common/torture/vshuf-v2df.c -O0 (test for excess errors)
FAIL: c-c++-common/torture/vshuf-v2df.c -O1 (internal compiler error)
FAIL: c-c++-common/torture/vshuf-v2df.c -O1 (test for excess errors)
FAIL: c-c++-common/torture/vshuf-v2df.c -O2 (internal compiler error)
FAIL: c-c++-common/torture/vshuf-v2df.c -O2 (test for excess errors)
FAIL: c-c++-common/torture/vshuf-v2df.c -O2 -flto (internal compiler error)
FAIL: c-c++-common/torture/vshuf-v2df.c -O2 -flto (test for excess errors)
FAIL: c-c++-common/torture/vshuf-v2df.c -O2 -flto -flto-partition=none (internal compiler error)
FAIL: c-c++-common/torture/vshuf-v2df.c -O2 -flto -flto-partition=none (test for excess errors)
FAIL: c-c++-common/torture/vshuf-v2df.c -O3 -g (internal compiler error)
FAIL: c-c++-common/torture/vshuf-v2df.c -O3 -g (test for excess errors)
FAIL: c-c++-common/torture/vshuf-v2df.c -Os (internal compiler error)
FAIL: c-c++-common/torture/vshuf-v2df.c -Os (test for excess errors)
FAIL: c-c++-common/torture/vshuf-v4df.c -O0 (internal compiler error)
FAIL: c-c++-common/torture/vshuf-v4df.c -O0 (test for excess errors)
FAIL: c-c++-common/torture/vshuf-v4df.c -O1 (internal compiler error)
FAIL: c-c++-common/torture/vshuf-v4df.c -O1 (test for excess errors)
FAIL: c-c++-common/torture/vshuf-v4df.c -O2 (internal compiler error)
FAIL: c-c++-common/torture/vshuf-v4df.c -O2 (test for excess errors)
FAIL: c-c++-common/torture/vshuf-v4df.c -O2 -flto (internal compiler error)
FAIL: c-c++-common/torture/vshuf-v4df.c -O2 -flto (test for excess errors)
FAIL: c-c++-common/torture/vshuf-v4df.c -O2 -flto -flto-partition=none (internal compiler error)
FAIL: c-c++-common/torture/vshuf-v4df.c -O2 -flto -flto-partition=none (test for excess errors)
FAIL: c-c++-common/torture/vshuf-v4df.c -O3 -g (internal compiler error)
FAIL: c-c++-common/torture/vshuf-v4df.c -O3 -g (test for excess errors)
FAIL: c-c++-common/torture/vshuf-v4df.c -Os (internal compiler error)
FAIL: c-c++-common/torture/vshuf-v4df.c -Os (test for excess errors)
FAIL: c-c++-common/torture/vshuf-v4di.c -O0 (internal compiler error)
FAIL: c-c++-common/torture/vshuf-v4di.c -O0 (test for excess errors)
FAIL: c-c++-common/torture/vshuf-v4di.c -O1 (internal compiler error)
FAIL: c-c++-common/torture/vshuf-v4di.c -O1 (test for excess errors)
FAIL: c-c++-common/torture/vshuf-v4di.c -O2 (internal compiler error)
FAIL: c-c++-common/torture/vshuf-v4di.c -O2 (test for excess errors)
FAIL: c-c++-common/torture/vshuf-v4di.c -O2 -flto (internal compiler error)
FAIL: c-c++-common/torture/vshuf-v4di.c -O2 -flto (test for excess errors)
FAIL: c-c++-common/torture/vshuf-v4di.c -O2 -flto -flto-partition=none (internal compiler error)
FAIL: c-c++-common/torture/vshuf-v4di.c -O2 -flto -flto-partition=none (test for excess errors)
FAIL: c-c++-common/torture/vshuf-v4di.c -O3 -g (internal compiler error)
FAIL: c-c++-common/torture/vshuf-v4di.c -O3 -g (test for excess errors)
FAIL: c-c++-common/torture/vshuf-v4di.c -Os (internal compiler error)
FAIL: c-c++-common/torture/vshuf-v4di.c -Os (test for excess errors)
FAIL: c-c++-common/torture/vshuf-v4sf.c -O0 (internal compiler error)
FAIL: c-c++-common/torture/vshuf-v4sf.c -O0 (test for excess errors)
FAIL: c-c++-common/torture/vshuf-v4sf.c -O1 (internal compiler error)
FAIL: c-c++-common/torture/vshuf-v4sf.c -O1 (test for excess errors)
FAIL: c-c++-common/torture/vshuf-v4sf.c -O2 (internal compiler error)
FAIL: c-c++-common/torture/vshuf-v4sf.c -O2 (test for excess errors)
FAIL: c-c++-common/torture/vshuf-v4sf.c -O2 -flto (internal compiler error)
FAIL: c-c++-common/torture/vshuf-v4sf.c -O2 -flto (test for excess errors)
FAIL: c-c++-common/torture/vshuf-v4sf.c -O2 -flto -flto-partition=none (internal compiler error)
FAIL: c-c++-common/torture/vshuf-v4sf.c -O2 -flto -flto-partition=none (test for excess errors)
FAIL: c-c++-common/torture/vshuf-v4sf.c -O3 -g (internal compiler error)
FAIL: c-c++-common/torture/vshuf-v4sf.c -O3 -g (test for excess errors)
FAIL: c-c++-common/torture/vshuf-v4sf.c -Os (internal compiler error)
FAIL: c-c++-common/torture/vshuf-v4sf.c -Os (test for excess errors)
FAIL: c-c++-common/torture/vshuf-v8si.c -O0 (internal compiler error)
FAIL: c-c++-common/torture/vshuf-v8si.c -O0 (test for excess errors)
FAIL: c-c++-common/torture/vshuf-v8si.c -O1 (internal compiler error)
FAIL: c-c++-common/torture/vshuf-v8si.c -O1 (test for excess errors)
FAIL: c-c++-common/torture/vshuf-v8si.c -O2 (internal compiler error)
FAIL: c-c++-common/torture/vshuf-v8si.c -O2 (test for excess errors)
FAIL: c-c++-common/torture/vshuf-v8si.c -O2 -flto (internal compiler error)
FAIL: c-c++-common/torture/vshuf-v8si.c -O2 -flto (test for excess errors)
FAIL: c-c++-common/torture/vshuf-v8si.c -O2 -flto -flto-partition=none (internal compiler error)
FAIL: c-c++-common/torture/vshuf-v8si.c -O2 -flto -flto-partition=none (test for excess errors)
FAIL: c-c++-common/torture/vshuf-v8si.c -O3 -g (internal compiler error)
FAIL: c-c++-common/torture/vshuf-v8si.c -O3 -g (test for excess errors)
FAIL: c-c++-common/torture/vshuf-v8si.c -Os (internal compiler error)
FAIL: c-c++-common/torture/vshuf-v8si.c -Os (test for excess errors)
FAIL: g++.dg/torture/pr63419.C -O0 (internal compiler error)
FAIL: g++.dg/torture/pr63419.C -O0 (test for excess errors)
FAIL: g++.dg/torture/pr63419.C -O1 (internal compiler error)
FAIL: g++.dg/torture/pr63419.C -O1 (test for excess errors)
FAIL: g++.dg/torture/pr63419.C -O2 (internal compiler error)
FAIL: g++.dg/torture/pr63419.C -O2 (test for excess errors)
FAIL: g++.dg/torture/pr63419.C -O2 -flto (internal compiler error)
FAIL: g++.dg/torture/pr63419.C -O2 -flto (test for excess errors)
FAIL: g++.dg/torture/pr63419.C -O2 -flto -flto-partition=none (internal compiler error)
FAIL: g++.dg/torture/pr63419.C -O2 -flto -flto-partition=none (test for excess errors)
FAIL: g++.dg/torture/pr63419.C -O3 -fomit-frame-pointer -funroll-loops -fpeel-loops -ftracer -finline-functions (internal compiler error)
FAIL: g++.dg/torture/pr63419.C -O3 -fomit-frame-pointer -funroll-loops -fpeel-loops -ftracer -finline-functions (test for excess errors)
FAIL: g++.dg/torture/pr63419.C -O3 -g (internal compiler error)
FAIL: g++.dg/torture/pr63419.C -O3 -g (test for excess errors)
FAIL: g++.dg/torture/pr63419.C -Os (internal compiler error)
FAIL: g++.dg/torture/pr63419.C -Os (test for excess errors)
FAIL: g++.dg/torture/vshuf-v16hi.C -O0 (internal compiler error)
FAIL: g++.dg/torture/vshuf-v16hi.C -O0 (test for excess errors)
WARNING: g++.dg/torture/vshuf-v16hi.C -O0 compilation failed to produce executable
FAIL: g++.dg/torture/vshuf-v16hi.C -O1 (internal compiler error)
FAIL: g++.dg/torture/vshuf-v16hi.C -O1 (test for excess errors)
WARNING: g++.dg/torture/vshuf-v16hi.C -O1 compilation failed to produce executable
FAIL: g++.dg/torture/vshuf-v16hi.C -O2 (internal compiler error)
FAIL: g++.dg/torture/vshuf-v16hi.C -O2 (test for excess errors)
WARNING: g++.dg/torture/vshuf-v16hi.C -O2 compilation failed to produce executable
FAIL: g++.dg/torture/vshuf-v16hi.C -O2 -flto (internal compiler error)
FAIL: g++.dg/torture/vshuf-v16hi.C -O2 -flto (test for excess errors)
WARNING: g++.dg/torture/vshuf-v16hi.C -O2 -flto compilation failed to produce executable
FAIL: g++.dg/torture/vshuf-v16hi.C -O2 -flto -flto-partition=none (internal compiler error)
FAIL: g++.dg/torture/vshuf-v16hi.C -O2 -flto -flto-partition=none (test for excess errors)
WARNING: g++.dg/torture/vshuf-v16hi.C -O2 -flto -flto-partition=none compilation failed to produce executable
FAIL: g++.dg/torture/vshuf-v16hi.C -O3 -g (internal compiler error)
FAIL: g++.dg/torture/vshuf-v16hi.C -O3 -g (test for excess errors)
WARNING: g++.dg/torture/vshuf-v16hi.C -O3 -g compilation failed to produce executable
FAIL: g++.dg/torture/vshuf-v16hi.C -Os (internal compiler error)
FAIL: g++.dg/torture/vshuf-v16hi.C -Os (test for excess errors)
WARNING: g++.dg/torture/vshuf-v16hi.C -Os compilation failed to produce executable
FAIL: g++.dg/torture/vshuf-v2df.C -O0 (internal compiler error)
FAIL: g++.dg/torture/vshuf-v2df.C -O0 (test for excess errors)
WARNING: g++.dg/torture/vshuf-v2df.C -O0 compilation failed to produce executable
FAIL: g++.dg/torture/vshuf-v2df.C -O1 (internal compiler error)
FAIL: g++.dg/torture/vshuf-v2df.C -O1 (test for excess errors)
WARNING: g++.dg/torture/vshuf-v2df.C -O1 compilation failed to produce executable
FAIL: g++.dg/torture/vshuf-v2df.C -O2 (internal compiler error)
FAIL: g++.dg/torture/vshuf-v2df.C -O2 (test for excess errors)
WARNING: g++.dg/torture/vshuf-v2df.C -O2 compilation failed to produce executable
FAIL: g++.dg/torture/vshuf-v2df.C -O2 -flto (internal compiler error)
FAIL: g++.dg/torture/vshuf-v2df.C -O2 -flto (test for excess errors)
WARNING: g++.dg/torture/vshuf-v2df.C -O2 -flto compilation failed to produce executable
FAIL: g++.dg/torture/vshuf-v2df.C -O2 -flto -flto-partition=none (internal compiler error)
FAIL: g++.dg/torture/vshuf-v2df.C -O2 -flto -flto-partition=none (test for excess errors)
WARNING: g++.dg/torture/vshuf-v2df.C -O2 -flto -flto-partition=none compilation failed to produce executable
FAIL: g++.dg/torture/vshuf-v2df.C -O3 -g (internal compiler error)
FAIL: g++.dg/torture/vshuf-v2df.C -O3 -g (test for excess errors)
WARNING: g++.dg/torture/vshuf-v2df.C -O3 -g compilation failed to produce executable
FAIL: g++.dg/torture/vshuf-v2df.C -Os (internal compiler error)
FAIL: g++.dg/torture/vshuf-v2df.C -Os (test for excess errors)
WARNING: g++.dg/torture/vshuf-v2df.C -Os compilation failed to produce executable
FAIL: g++.dg/torture/vshuf-v4df.C -O0 (internal compiler error)
FAIL: g++.dg/torture/vshuf-v4df.C -O0 (test for excess errors)
WARNING: g++.dg/torture/vshuf-v4df.C -O0 compilation failed to produce executable
FAIL: g++.dg/torture/vshuf-v4df.C -O1 (internal compiler error)
FAIL: g++.dg/torture/vshuf-v4df.C -O1 (test for excess errors)
WARNING: g++.dg/torture/vshuf-v4df.C -O1 compilation failed to produce executable
FAIL: g++.dg/torture/vshuf-v4df.C -O2 (internal compiler error)
FAIL: g++.dg/torture/vshuf-v4df.C -O2 (test for excess errors)
WARNING: g++.dg/torture/vshuf-v4df.C -O2 compilation failed to produce executable
FAIL: g++.dg/torture/vshuf-v4df.C -O2 -flto (internal compiler error)
FAIL: g++.dg/torture/vshuf-v4df.C -O2 -flto (test for excess errors)
WARNING: g++.dg/torture/vshuf-v4df.C -O2 -flto compilation failed to produce executable
FAIL: g++.dg/torture/vshuf-v4df.C -O2 -flto -flto-partition=none (internal compiler error)
FAIL: g++.dg/torture/vshuf-v4df.C -O2 -flto -flto-partition=none (test for excess errors)
WARNING: g++.dg/torture/vshuf-v4df.C -O2 -flto -flto-partition=none compilation failed to produce executable
FAIL: g++.dg/torture/vshuf-v4df.C -O3 -g (internal compiler error)
FAIL: g++.dg/torture/vshuf-v4df.C -O3 -g (test for excess errors)
WARNING: g++.dg/torture/vshuf-v4df.C -O3 -g compilation failed to produce executable
FAIL: g++.dg/torture/vshuf-v4df.C -Os (internal compiler error)
FAIL: g++.dg/torture/vshuf-v4df.C -Os (test for excess errors)
WARNING: g++.dg/torture/vshuf-v4df.C -Os compilation failed to produce executable
FAIL: g++.dg/torture/vshuf-v4di.C -O0 (internal compiler error)
FAIL: g++.dg/torture/vshuf-v4di.C -O0 (test for excess errors)
WARNING: g++.dg/torture/vshuf-v4di.C -O0 compilation failed to produce executable
FAIL: g++.dg/torture/vshuf-v4di.C -O1 (internal compiler error)
FAIL: g++.dg/torture/vshuf-v4di.C -O1 (test for excess errors)
WARNING: g++.dg/torture/vshuf-v4di.C -O1 compilation failed to produce executable
FAIL: g++.dg/torture/vshuf-v4di.C -O2 (internal compiler error)
FAIL: g++.dg/torture/vshuf-v4di.C -O2 (test for excess errors)
WARNING: g++.dg/torture/vshuf-v4di.C -O2 compilation failed to produce executable
FAIL: g++.dg/torture/vshuf-v4di.C -O2 -flto (internal compiler error)
FAIL: g++.dg/torture/vshuf-v4di.C -O2 -flto (test for excess errors)
WARNING: g++.dg/torture/vshuf-v4di.C -O2 -flto compilation failed to produce executable
FAIL: g++.dg/torture/vshuf-v4di.C -O2 -flto -flto-partition=none (internal compiler error)
FAIL: g++.dg/torture/vshuf-v4di.C -O2 -flto -flto-partition=none (test for excess errors)
WARNING: g++.dg/torture/vshuf-v4di.C -O2 -flto -flto-partition=none compilation failed to produce executable
FAIL: g++.dg/torture/vshuf-v4di.C -O3 -g (internal compiler error)
FAIL: g++.dg/torture/vshuf-v4di.C -O3 -g (test for excess errors)
WARNING: g++.dg/torture/vshuf-v4di.C -O3 -g compilation failed to produce executable
FAIL: g++.dg/torture/vshuf-v4di.C -Os (internal compiler error)
FAIL: g++.dg/torture/vshuf-v4di.C -Os (test for excess errors)
WARNING: g++.dg/torture/vshuf-v4di.C -Os compilation failed to produce executable
FAIL: g++.dg/torture/vshuf-v4sf.C -O0 (internal compiler error)
FAIL: g++.dg/torture/vshuf-v4sf.C -O0 (test for excess errors)
WARNING: g++.dg/torture/vshuf-v4sf.C -O0 compilation failed to produce executable
FAIL: g++.dg/torture/vshuf-v4sf.C -O1 (internal compiler error)
FAIL: g++.dg/torture/vshuf-v4sf.C -O1 (test for excess errors)
WARNING: g++.dg/torture/vshuf-v4sf.C -O1 compilation failed to produce executable
FAIL: g++.dg/torture/vshuf-v4sf.C -O2 (internal compiler error)
FAIL: g++.dg/torture/vshuf-v4sf.C -O2 (test for excess errors)
WARNING: g++.dg/torture/vshuf-v4sf.C -O2 compilation failed to produce executable
FAIL: g++.dg/torture/vshuf-v4sf.C -O2 -flto (internal compiler error)
FAIL: g++.dg/torture/vshuf-v4sf.C -O2 -flto (test for excess errors)
WARNING: g++.dg/torture/vshuf-v4sf.C -O2 -flto compilation failed to produce executable
FAIL: g++.dg/torture/vshuf-v4sf.C -O2 -flto -flto-partition=none (internal compiler error)
FAIL: g++.dg/torture/vshuf-v4sf.C -O2 -flto -flto-partition=none (test for excess errors)
WARNING: g++.dg/torture/vshuf-v4sf.C -O2 -flto -flto-partition=none compilation failed to produce executable
FAIL: g++.dg/torture/vshuf-v4sf.C -O3 -g (internal compiler error)
FAIL: g++.dg/torture/vshuf-v4sf.C -O3 -g (test for excess errors)
WARNING: g++.dg/torture/vshuf-v4sf.C -O3 -g compilation failed to produce executable
FAIL: g++.dg/torture/vshuf-v4sf.C -Os (internal compiler error)
FAIL: g++.dg/torture/vshuf-v4sf.C -Os (test for excess errors)
WARNING: g++.dg/torture/vshuf-v4sf.C -Os compilation failed to produce executable
FAIL: g++.dg/torture/vshuf-v8si.C -O0 (internal compiler error)
FAIL: g++.dg/torture/vshuf-v8si.C -O0 (test for excess errors)
WARNING: g++.dg/torture/vshuf-v8si.C -O0 compilation failed to produce executable
FAIL: g++.dg/torture/vshuf-v8si.C -O1 (internal compiler error)
FAIL: g++.dg/torture/vshuf-v8si.C -O1 (test for excess errors)
WARNING: g++.dg/torture/vshuf-v8si.C -O1 compilation failed to produce executable
FAIL: g++.dg/torture/vshuf-v8si.C -O2 (internal compiler error)
FAIL: g++.dg/torture/vshuf-v8si.C -O2 (test for excess errors)
WARNING: g++.dg/torture/vshuf-v8si.C -O2 compilation failed to produce executable
FAIL: g++.dg/torture/vshuf-v8si.C -O2 -flto (internal compiler error)
FAIL: g++.dg/torture/vshuf-v8si.C -O2 -flto (test for excess errors)
WARNING: g++.dg/torture/vshuf-v8si.C -O2 -flto compilation failed to produce executable
FAIL: g++.dg/torture/vshuf-v8si.C -O2 -flto -flto-partition=none (internal compiler error)
FAIL: g++.dg/torture/vshuf-v8si.C -O2 -flto -flto-partition=none (test for excess errors)
WARNING: g++.dg/torture/vshuf-v8si.C -O2 -flto -flto-partition=none compilation failed to produce executable
FAIL: g++.dg/torture/vshuf-v8si.C -O3 -g (internal compiler error)
FAIL: g++.dg/torture/vshuf-v8si.C -O3 -g (test for excess errors)
WARNING: g++.dg/torture/vshuf-v8si.C -O3 -g compilation failed to produce executable
FAIL: g++.dg/torture/vshuf-v8si.C -Os (internal compiler error)
FAIL: g++.dg/torture/vshuf-v8si.C -Os (test for excess errors)
WARNING: g++.dg/torture/vshuf-v8si.C -Os compilation failed to produce executable
=== g++ Summary for unix/-m32 ===
# of expected passes 82212
# of unexpected failures 282
# of expected failures 287
# of unsupported tests 3589
=== g++ Summary ===
# of expected passes 166412
# of unexpected failures 394
# of expected failures 574
# of unsupported tests 7155
/var/gcc/regression/trunk/11-gcc-gas-64/build/gcc/testsuite/g++/../../xg++ version 6.0.0 20150724 (experimental) [trunk revision 226149] (GCC)
=== gcc tests ===
Running target unix
FAIL: gcc.c-torture/compile/pr33617.c -O0 (internal compiler error)
FAIL: gcc.c-torture/compile/pr33617.c -O0 (test for excess errors)
FAIL: gcc.c-torture/compile/pr33617.c -O1 (internal compiler error)
FAIL: gcc.c-torture/compile/pr33617.c -O1 (test for excess errors)
FAIL: gcc.c-torture/compile/pr33617.c -O2 (internal compiler error)
FAIL: gcc.c-torture/compile/pr33617.c -O2 (test for excess errors)
FAIL: gcc.c-torture/compile/pr33617.c -O2 -flto (internal compiler error)
FAIL: gcc.c-torture/compile/pr33617.c -O2 -flto (test for excess errors)
FAIL: gcc.c-torture/compile/pr33617.c -O2 -flto -flto-partition=none (internal compiler error)
FAIL: gcc.c-torture/compile/pr33617.c -O2 -flto -flto-partition=none (test for excess errors)
FAIL: gcc.c-torture/compile/pr33617.c -O3 -g (internal compiler error)
FAIL: gcc.c-torture/compile/pr33617.c -O3 -g (test for excess errors)
FAIL: gcc.c-torture/compile/pr33617.c -Os (internal compiler error)
FAIL: gcc.c-torture/compile/pr33617.c -Os (test for excess errors)
FAIL: gcc.c-torture/compile/pr52750.c -O0 (internal compiler error)
FAIL: gcc.c-torture/compile/pr52750.c -O0 (test for excess errors)
FAIL: gcc.c-torture/compile/pr54713-1.c -O0 (internal compiler error)
FAIL: gcc.c-torture/compile/pr54713-1.c -O0 (test for excess errors)
FAIL: gcc.c-torture/compile/pr54713-1.c -O1 (internal compiler error)
FAIL: gcc.c-torture/compile/pr54713-1.c -O1 (test for excess errors)
FAIL: gcc.c-torture/compile/pr54713-1.c -O2 (internal compiler error)
FAIL: gcc.c-torture/compile/pr54713-1.c -O2 (test for excess errors)
FAIL: gcc.c-torture/compile/pr54713-1.c -O2 -flto (internal compiler error)
FAIL: gcc.c-torture/compile/pr54713-1.c -O2 -flto (test for excess errors)
FAIL: gcc.c-torture/compile/pr54713-1.c -O2 -flto -flto-partition=none (internal compiler error)
FAIL: gcc.c-torture/compile/pr54713-1.c -O2 -flto -flto-partition=none (test for excess errors)
FAIL: gcc.c-torture/compile/pr54713-1.c -O3 -g (internal compiler error)
FAIL: gcc.c-torture/compile/pr54713-1.c -O3 -g (test for excess errors)
FAIL: gcc.c-torture/compile/pr54713-1.c -Os (internal compiler error)
FAIL: gcc.c-torture/compile/pr54713-1.c -Os (test for excess errors)
FAIL: gcc.c-torture/compile/pr54713-2.c -O0 (internal compiler error)
FAIL: gcc.c-torture/compile/pr54713-2.c -O0 (test for excess errors)
FAIL: gcc.c-torture/compile/pr54713-2.c -O1 (internal compiler error)
FAIL: gcc.c-torture/compile/pr54713-2.c -O1 (test for excess errors)
FAIL: gcc.c-torture/compile/pr54713-2.c -O2 (internal compiler error)
FAIL: gcc.c-torture/compile/pr54713-2.c -O2 (test for excess errors)
FAIL: gcc.c-torture/compile/pr54713-2.c -O2 -flto (internal compiler error)
FAIL: gcc.c-torture/compile/pr54713-2.c -O2 -flto (test for excess errors)
FAIL: gcc.c-torture/compile/pr54713-2.c -O2 -flto -flto-partition=none (internal compiler error)
FAIL: gcc.c-torture/compile/pr54713-2.c -O2 -flto -flto-partition=none (test for excess errors)
FAIL: gcc.c-torture/compile/pr54713-2.c -O3 -g (internal compiler error)
FAIL: gcc.c-torture/compile/pr54713-2.c -O3 -g (test for excess errors)
FAIL: gcc.c-torture/compile/pr54713-2.c -Os (internal compiler error)
FAIL: gcc.c-torture/compile/pr54713-2.c -Os (test for excess errors)
FAIL: gcc.c-torture/compile/pr54713-3.c -O0 (internal compiler error)
FAIL: gcc.c-torture/compile/pr54713-3.c -O0 (test for excess errors)
FAIL: gcc.c-torture/compile/pr54713-3.c -O1 (internal compiler error)
FAIL: gcc.c-torture/compile/pr54713-3.c -O1 (test for excess errors)
FAIL: gcc.c-torture/compile/pr54713-3.c -O2 (internal compiler error)
FAIL: gcc.c-torture/compile/pr54713-3.c -O2 (test for excess errors)
FAIL: gcc.c-torture/compile/pr54713-3.c -O2 -flto (internal compiler error)
FAIL: gcc.c-torture/compile/pr54713-3.c -O2 -flto (test for excess errors)
FAIL: gcc.c-torture/compile/pr54713-3.c -O2 -flto -flto-partition=none (internal compiler error)
FAIL: gcc.c-torture/compile/pr54713-3.c -O2 -flto -flto-partition=none (test for excess errors)
FAIL: gcc.c-torture/compile/pr54713-3.c -O3 -g (internal compiler error)
FAIL: gcc.c-torture/compile/pr54713-3.c -O3 -g (test for excess errors)
FAIL: gcc.c-torture/compile/pr54713-3.c -Os (internal compiler error)
FAIL: gcc.c-torture/compile/pr54713-3.c -Os (test for excess errors)
FAIL: gcc.c-torture/execute/pr65427.c -O0 (internal compiler error)
FAIL: gcc.c-torture/execute/pr65427.c -O0 (test for excess errors)
WARNING: gcc.c-torture/execute/pr65427.c -O0 compilation failed to produce executable
FAIL: gcc.c-torture/execute/pr65427.c -O1 (internal compiler error)
FAIL: gcc.c-torture/execute/pr65427.c -O1 (test for excess errors)
WARNING: gcc.c-torture/execute/pr65427.c -O1 compilation failed to produce executable
FAIL: gcc.c-torture/execute/pr65427.c -O2 (internal compiler error)
FAIL: gcc.c-torture/execute/pr65427.c -O2 (test for excess errors)
WARNING: gcc.c-torture/execute/pr65427.c -O2 compilation failed to produce executable
FAIL: gcc.c-torture/execute/pr65427.c -O2 -flto (internal compiler error)
FAIL: gcc.c-torture/execute/pr65427.c -O2 -flto (test for excess errors)
WARNING: gcc.c-torture/execute/pr65427.c -O2 -flto compilation failed to produce executable
FAIL: gcc.c-torture/execute/pr65427.c -O2 -flto -flto-partition=none (internal compiler error)
FAIL: gcc.c-torture/execute/pr65427.c -O2 -flto -flto-partition=none (test for excess errors)
WARNING: gcc.c-torture/execute/pr65427.c -O2 -flto -flto-partition=none compilation failed to produce executable
FAIL: gcc.c-torture/execute/pr65427.c -O3 -fomit-frame-pointer -funroll-loops -fpeel-loops -ftracer -finline-functions (internal compiler error)
FAIL: gcc.c-torture/execute/pr65427.c -O3 -fomit-frame-pointer -funroll-loops -fpeel-loops -ftracer -finline-functions (test for excess errors)
WARNING: gcc.c-torture/execute/pr65427.c -O3 -fomit-frame-pointer -funroll-loops -fpeel-loops -ftracer -finline-functions compilation failed to produce executable
FAIL: gcc.c-torture/execute/pr65427.c -O3 -g (internal compiler error)
FAIL: gcc.c-torture/execute/pr65427.c -O3 -g (test for excess errors)
WARNING: gcc.c-torture/execute/pr65427.c -O3 -g compilation failed to produce executable
FAIL: gcc.c-torture/execute/pr65427.c -Os (internal compiler error)
FAIL: gcc.c-torture/execute/pr65427.c -Os (test for excess errors)
WARNING: gcc.c-torture/execute/pr65427.c -Os compilation failed to produce executable
FAIL: gcc.dg/compat/vector-1 c_compat_x_tst.o compile, (internal compiler error)
UNRESOLVED: gcc.dg/compat/vector-1 c_compat_x_tst.o-c_compat_y_tst.o execute
UNRESOLVED: gcc.dg/compat/vector-1 c_compat_x_tst.o-c_compat_y_tst.o link
FAIL: gcc.dg/compat/vector-1 c_compat_y_tst.o compile, (internal compiler error)
FAIL: gcc.dg/compat/vector-2 c_compat_x_tst.o compile, (internal compiler error)
UNRESOLVED: gcc.dg/compat/vector-2 c_compat_x_tst.o-c_compat_y_tst.o execute
UNRESOLVED: gcc.dg/compat/vector-2 c_compat_x_tst.o-c_compat_y_tst.o link
FAIL: gcc.dg/compat/vector-2 c_compat_y_tst.o compile, (internal compiler error)
FAIL: gcc.dg/debug/dwarf2/stacked-qualified-types-3.c scan-assembler-times DIE \\\\([^\\n]*\\\\) DW_TAG_(?:const|volatile|atomic|restrict)_type 8
FAIL: gcc.dg/fold-compare-7.c (internal compiler error)
FAIL: gcc.dg/fold-compare-7.c (test for excess errors)
FAIL: gcc.dg/memcpy-5.c (internal compiler error)
FAIL: gcc.dg/memcpy-5.c (test for excess errors)
FAIL: gcc.dg/pr17957.c (internal compiler error)
FAIL: gcc.dg/pr17957.c (test for excess errors)
FAIL: gcc.dg/pr43300.c (internal compiler error)
FAIL: gcc.dg/pr43300.c (test for excess errors)
FAIL: gcc.dg/pr57233.c (internal compiler error)
FAIL: gcc.dg/pr57233.c (test for excess errors)
WARNING: gcc.dg/pr57233.c compilation failed to produce executable
FAIL: gcc.dg/pr63594-1.c (internal compiler error)
FAIL: gcc.dg/pr63594-1.c (test for excess errors)
FAIL: gcc.dg/pr63594-2.c (internal compiler error)
FAIL: gcc.dg/pr63594-2.c (test for excess errors)
WARNING: gcc.dg/pr63594-2.c compilation failed to produce executable
FAIL: gcc.dg/pr64252.c (internal compiler error)
FAIL: gcc.dg/pr64252.c (test for excess errors)
WARNING: gcc.dg/pr64252.c compilation failed to produce executable
FAIL: gcc.dg/unroll-2.c (test for warnings, line 24)
FAIL: gcc.dg/visibility-22.c execution test
FAIL: gcc.dg/graphite/id-pr46845.c (internal compiler error)
FAIL: gcc.dg/graphite/id-pr46845.c (test for excess errors)
FAIL: c-c++-common/torture/vshuf-v16hi.c -O0 (internal compiler error)
FAIL: c-c++-common/torture/vshuf-v16hi.c -O0 (test for excess errors)
FAIL: c-c++-common/torture/vshuf-v16hi.c -O1 (internal compiler error)
FAIL: c-c++-common/torture/vshuf-v16hi.c -O1 (test for excess errors)
FAIL: c-c++-common/torture/vshuf-v16hi.c -O2 (internal compiler error)
FAIL: c-c++-common/torture/vshuf-v16hi.c -O2 (test for excess errors)
FAIL: c-c++-common/torture/vshuf-v16hi.c -O2 -flto (internal compiler error)
FAIL: c-c++-common/torture/vshuf-v16hi.c -O2 -flto (test for excess errors)
FAIL: c-c++-common/torture/vshuf-v16hi.c -O2 -flto -flto-partition=none (internal compiler error)
FAIL: c-c++-common/torture/vshuf-v16hi.c -O2 -flto -flto-partition=none (test for excess errors)
FAIL: c-c++-common/torture/vshuf-v16hi.c -O3 -g (internal compiler error)
FAIL: c-c++-common/torture/vshuf-v16hi.c -O3 -g (test for excess errors)
FAIL: c-c++-common/torture/vshuf-v16hi.c -Os (internal compiler error)
FAIL: c-c++-common/torture/vshuf-v16hi.c -Os (test for excess errors)
FAIL: c-c++-common/torture/vshuf-v4df.c -O0 (internal compiler error)
FAIL: c-c++-common/torture/vshuf-v4df.c -O0 (test for excess errors)
FAIL: c-c++-common/torture/vshuf-v4df.c -O1 (internal compiler error)
FAIL: c-c++-common/torture/vshuf-v4df.c -O1 (test for excess errors)
FAIL: c-c++-common/torture/vshuf-v4df.c -O2 (internal compiler error)
FAIL: c-c++-common/torture/vshuf-v4df.c -O2 (test for excess errors)
FAIL: c-c++-common/torture/vshuf-v4df.c -O2 -flto (internal compiler error)
FAIL: c-c++-common/torture/vshuf-v4df.c -O2 -flto (test for excess errors)
FAIL: c-c++-common/torture/vshuf-v4df.c -O2 -flto -flto-partition=none (internal compiler error)
FAIL: c-c++-common/torture/vshuf-v4df.c -O2 -flto -flto-partition=none (test for excess errors)
FAIL: c-c++-common/torture/vshuf-v4df.c -O3 -g (internal compiler error)
FAIL: c-c++-common/torture/vshuf-v4df.c -O3 -g (test for excess errors)
FAIL: c-c++-common/torture/vshuf-v4df.c -Os (internal compiler error)
FAIL: c-c++-common/torture/vshuf-v4df.c -Os (test for excess errors)
FAIL: c-c++-common/torture/vshuf-v4di.c -O0 (internal compiler error)
FAIL: c-c++-common/torture/vshuf-v4di.c -O0 (test for excess errors)
FAIL: c-c++-common/torture/vshuf-v4di.c -O1 (internal compiler error)
FAIL: c-c++-common/torture/vshuf-v4di.c -O1 (test for excess errors)
FAIL: c-c++-common/torture/vshuf-v4di.c -O2 (internal compiler error)
FAIL: c-c++-common/torture/vshuf-v4di.c -O2 (test for excess errors)
FAIL: c-c++-common/torture/vshuf-v4di.c -O2 -flto (internal compiler error)
FAIL: c-c++-common/torture/vshuf-v4di.c -O2 -flto (test for excess errors)
FAIL: c-c++-common/torture/vshuf-v4di.c -O2 -flto -flto-partition=none (internal compiler error)
FAIL: c-c++-common/torture/vshuf-v4di.c -O2 -flto -flto-partition=none (test for excess errors)
FAIL: c-c++-common/torture/vshuf-v4di.c -O3 -g (internal compiler error)
FAIL: c-c++-common/torture/vshuf-v4di.c -O3 -g (test for excess errors)
FAIL: c-c++-common/torture/vshuf-v4di.c -Os (internal compiler error)
FAIL: c-c++-common/torture/vshuf-v4di.c -Os (test for excess errors)
FAIL: c-c++-common/torture/vshuf-v8si.c -O0 (internal compiler error)
FAIL: c-c++-common/torture/vshuf-v8si.c -O0 (test for excess errors)
FAIL: c-c++-common/torture/vshuf-v8si.c -O1 (internal compiler error)
FAIL: c-c++-common/torture/vshuf-v8si.c -O1 (test for excess errors)
FAIL: c-c++-common/torture/vshuf-v8si.c -O2 (internal compiler error)
FAIL: c-c++-common/torture/vshuf-v8si.c -O2 (test for excess errors)
FAIL: c-c++-common/torture/vshuf-v8si.c -O2 -flto (internal compiler error)
FAIL: c-c++-common/torture/vshuf-v8si.c -O2 -flto (test for excess errors)
FAIL: c-c++-common/torture/vshuf-v8si.c -O2 -flto -flto-partition=none (internal compiler error)
FAIL: c-c++-common/torture/vshuf-v8si.c -O2 -flto -flto-partition=none (test for excess errors)
FAIL: c-c++-common/torture/vshuf-v8si.c -O3 -g (internal compiler error)
FAIL: c-c++-common/torture/vshuf-v8si.c -O3 -g (test for excess errors)
FAIL: c-c++-common/torture/vshuf-v8si.c -Os (internal compiler error)
FAIL: c-c++-common/torture/vshuf-v8si.c -Os (test for excess errors)
FAIL: gcc.dg/torture/pr47975.c -O0 (internal compiler error)
FAIL: gcc.dg/torture/pr47975.c -O0 (test for excess errors)
FAIL: gcc.dg/torture/pr47975.c -O1 (internal compiler error)
FAIL: gcc.dg/torture/pr47975.c -O1 (test for excess errors)
FAIL: gcc.dg/torture/pr47975.c -O2 (internal compiler error)
FAIL: gcc.dg/torture/pr47975.c -O2 (test for excess errors)
FAIL: gcc.dg/torture/pr47975.c -O2 -flto (internal compiler error)
FAIL: gcc.dg/torture/pr47975.c -O2 -flto (test for excess errors)
FAIL: gcc.dg/torture/pr47975.c -O2 -flto -flto-partition=none (internal compiler error)
FAIL: gcc.dg/torture/pr47975.c -O2 -flto -flto-partition=none (test for excess errors)
FAIL: gcc.dg/torture/pr47975.c -O3 -g (internal compiler error)
FAIL: gcc.dg/torture/pr47975.c -O3 -g (test for excess errors)
FAIL: gcc.dg/torture/pr47975.c -Os (internal compiler error)
FAIL: gcc.dg/torture/pr47975.c -Os (test for excess errors)
FAIL: gcc.dg/torture/vshuf-v16hi.c -O2 (internal compiler error)
FAIL: gcc.dg/torture/vshuf-v16hi.c -O2 (test for excess errors)
WARNING: gcc.dg/torture/vshuf-v16hi.c -O2 compilation failed to produce executable
FAIL: gcc.dg/torture/vshuf-v16sf.c -O2 (internal compiler error)
FAIL: gcc.dg/torture/vshuf-v16sf.c -O2 (test for excess errors)
WARNING: gcc.dg/torture/vshuf-v16sf.c -O2 compilation failed to produce executable
FAIL: gcc.dg/torture/vshuf-v16si.c -O2 (internal compiler error)
FAIL: gcc.dg/torture/vshuf-v16si.c -O2 (test for excess errors)
WARNING: gcc.dg/torture/vshuf-v16si.c -O2 compilation failed to produce executable
FAIL: gcc.dg/torture/vshuf-v32hi.c -O2 (internal compiler error)
FAIL: gcc.dg/torture/vshuf-v32hi.c -O2 (test for excess errors)
WARNING: gcc.dg/torture/vshuf-v32hi.c -O2 compilation failed to produce executable
FAIL: gcc.dg/torture/vshuf-v32qi.c -O2 (internal compiler error)
FAIL: gcc.dg/torture/vshuf-v32qi.c -O2 (test for excess errors)
WARNING: gcc.dg/torture/vshuf-v32qi.c -O2 compilation failed to produce executable
FAIL: gcc.dg/torture/vshuf-v4df.c -O2 (internal compiler error)
FAIL: gcc.dg/torture/vshuf-v4df.c -O2 (test for excess errors)
WARNING: gcc.dg/torture/vshuf-v4df.c -O2 compilation failed to produce executable
FAIL: gcc.dg/torture/vshuf-v4di.c -O2 (internal compiler error)
FAIL: gcc.dg/torture/vshuf-v4di.c -O2 (test for excess errors)
WARNING: gcc.dg/torture/vshuf-v4di.c -O2 compilation failed to produce executable
FAIL: gcc.dg/torture/vshuf-v64qi.c -O2 (internal compiler error)
FAIL: gcc.dg/torture/vshuf-v64qi.c -O2 (test for excess errors)
WARNING: gcc.dg/torture/vshuf-v64qi.c -O2 compilation failed to produce executable
FAIL: gcc.dg/torture/vshuf-v8df.c -O2 (internal compiler error)
FAIL: gcc.dg/torture/vshuf-v8df.c -O2 (test for excess errors)
WARNING: gcc.dg/torture/vshuf-v8df.c -O2 compilation failed to produce executable
FAIL: gcc.dg/torture/vshuf-v8di.c -O2 (internal compiler error)
FAIL: gcc.dg/torture/vshuf-v8di.c -O2 (test for excess errors)
WARNING: gcc.dg/torture/vshuf-v8di.c -O2 compilation failed to produce executable
FAIL: gcc.dg/torture/vshuf-v8sf.c -O2 (internal compiler error)
FAIL: gcc.dg/torture/vshuf-v8sf.c -O2 (test for excess errors)
WARNING: gcc.dg/torture/vshuf-v8sf.c -O2 compilation failed to produce executable
FAIL: gcc.dg/torture/vshuf-v8si.c -O2 (internal compiler error)
FAIL: gcc.dg/torture/vshuf-v8si.c -O2 (test for excess errors)
WARNING: gcc.dg/torture/vshuf-v8si.c -O2 compilation failed to produce executable
FAIL: gcc.dg/torture/tls/tls-reload-1.c -O1 -fPIC execution test
FAIL: gcc.dg/torture/tls/tls-reload-1.c -O1 -fpic execution test
FAIL: gcc.dg/torture/tls/tls-reload-1.c -O2 -fPIC execution test
FAIL: gcc.dg/torture/tls/tls-reload-1.c -O2 -fpic execution test
FAIL: gcc.dg/torture/tls/tls-reload-1.c -O3 -g -fPIC execution test
FAIL: gcc.dg/torture/tls/tls-reload-1.c -O3 -g -fpic execution test
FAIL: gcc.dg/torture/tls/tls-reload-1.c -Os -fPIC execution test
FAIL: gcc.dg/torture/tls/tls-reload-1.c -Os -fpic execution test
FAIL: gcc.dg/tree-ssa/pr54915.c (internal compiler error)
FAIL: gcc.dg/tree-ssa/pr54915.c (test for excess errors)
FAIL: gcc.dg/tree-ssa/ssa-fre-31.c (internal compiler error)
FAIL: gcc.dg/tree-ssa/ssa-fre-31.c (test for excess errors)
XPASS: gcc.dg/vect/no-scevccp-outer-11.c scan-tree-dump-times vect "OUTER LOOP VECTORIZED." 1
FAIL: gcc.dg/vect/pr20122.c -flto -ffat-lto-objects scan-tree-dump-times vect "Alignment of access forced using versioning" 2
FAIL: gcc.dg/vect/pr20122.c scan-tree-dump-times vect "Alignment of access forced using versioning" 2
=== gcc Summary for unix ===
# of expected passes 82597
# of unexpected failures 207
# of unexpected successes 1
# of expected failures 331
# of unresolved testcases 4
# of unsupported tests 1902
Running target unix/-m32
FAIL: gcc.c-torture/compile/pr33614.c -O0 (internal compiler error)
FAIL: gcc.c-torture/compile/pr33614.c -O0 (test for excess errors)
FAIL: gcc.c-torture/compile/pr33614.c -O1 (internal compiler error)
FAIL: gcc.c-torture/compile/pr33614.c -O1 (test for excess errors)
FAIL: gcc.c-torture/compile/pr33614.c -O2 (internal compiler error)
FAIL: gcc.c-torture/compile/pr33614.c -O2 (test for excess errors)
FAIL: gcc.c-torture/compile/pr33614.c -O2 -flto (internal compiler error)
FAIL: gcc.c-torture/compile/pr33614.c -O2 -flto (test for excess errors)
FAIL: gcc.c-torture/compile/pr33614.c -O2 -flto -flto-partition=none (internal compiler error)
FAIL: gcc.c-torture/compile/pr33614.c -O2 -flto -flto-partition=none (test for excess errors)
FAIL: gcc.c-torture/compile/pr33614.c -O3 -fomit-frame-pointer -funroll-loops -fpeel-loops -ftracer -finline-functions (internal compiler error)
FAIL: gcc.c-torture/compile/pr33614.c -O3 -fomit-frame-pointer -funroll-loops -fpeel-loops -ftracer -finline-functions (test for excess errors)
FAIL: gcc.c-torture/compile/pr33614.c -O3 -g (internal compiler error)
FAIL: gcc.c-torture/compile/pr33614.c -O3 -g (test for excess errors)
FAIL: gcc.c-torture/compile/pr33614.c -Os (internal compiler error)
FAIL: gcc.c-torture/compile/pr33614.c -Os (test for excess errors)
FAIL: gcc.c-torture/compile/pr33617.c -O0 (internal compiler error)
FAIL: gcc.c-torture/compile/pr33617.c -O0 (test for excess errors)
FAIL: gcc.c-torture/compile/pr33617.c -O1 (internal compiler error)
FAIL: gcc.c-torture/compile/pr33617.c -O1 (test for excess errors)
FAIL: gcc.c-torture/compile/pr33617.c -O2 (internal compiler error)
FAIL: gcc.c-torture/compile/pr33617.c -O2 (test for excess errors)
FAIL: gcc.c-torture/compile/pr33617.c -O2 -flto (internal compiler error)
FAIL: gcc.c-torture/compile/pr33617.c -O2 -flto (test for excess errors)
FAIL: gcc.c-torture/compile/pr33617.c -O2 -flto -flto-partition=none (internal compiler error)
FAIL: gcc.c-torture/compile/pr33617.c -O2 -flto -flto-partition=none (test for excess errors)
FAIL: gcc.c-torture/compile/pr33617.c -O3 -g (internal compiler error)
FAIL: gcc.c-torture/compile/pr33617.c -O3 -g (test for excess errors)
FAIL: gcc.c-torture/compile/pr33617.c -Os (internal compiler error)
FAIL: gcc.c-torture/compile/pr33617.c -Os (test for excess errors)
FAIL: gcc.c-torture/compile/pr34856.c -O0 (internal compiler error)
FAIL: gcc.c-torture/compile/pr34856.c -O0 (test for excess errors)
FAIL: gcc.c-torture/compile/pr39928-1.c -O0 (internal compiler error)
FAIL: gcc.c-torture/compile/pr39928-1.c -O0 (test for excess errors)
FAIL: gcc.c-torture/compile/pr39928-1.c -O1 (internal compiler error)
FAIL: gcc.c-torture/compile/pr39928-1.c -O1 (test for excess errors)
FAIL: gcc.c-torture/compile/pr39928-1.c -O2 (internal compiler error)
FAIL: gcc.c-torture/compile/pr39928-1.c -O2 (test for excess errors)
FAIL: gcc.c-torture/compile/pr39928-1.c -O2 -flto (internal compiler error)
FAIL: gcc.c-torture/compile/pr39928-1.c -O2 -flto (test for excess errors)
FAIL: gcc.c-torture/compile/pr39928-1.c -O2 -flto -flto-partition=none (internal compiler error)
FAIL: gcc.c-torture/compile/pr39928-1.c -O2 -flto -flto-partition=none (test for excess errors)
FAIL: gcc.c-torture/compile/pr39928-1.c -O3 -g (internal compiler error)
FAIL: gcc.c-torture/compile/pr39928-1.c -O3 -g (test for excess errors)
FAIL: gcc.c-torture/compile/pr39928-1.c -Os (internal compiler error)
FAIL: gcc.c-torture/compile/pr39928-1.c -Os (test for excess errors)
FAIL: gcc.c-torture/compile/pr52750.c -O0 (internal compiler error)
FAIL: gcc.c-torture/compile/pr52750.c -O0 (test for excess errors)
FAIL: gcc.c-torture/compile/pr54713-1.c -O0 (internal compiler error)
FAIL: gcc.c-torture/compile/pr54713-1.c -O0 (test for excess errors)
FAIL: gcc.c-torture/compile/pr54713-1.c -O1 (internal compiler error)
FAIL: gcc.c-torture/compile/pr54713-1.c -O1 (test for excess errors)
FAIL: gcc.c-torture/compile/pr54713-1.c -O2 (internal compiler error)
FAIL: gcc.c-torture/compile/pr54713-1.c -O2 (test for excess errors)
FAIL: gcc.c-torture/compile/pr54713-1.c -O2 -flto (internal compiler error)
FAIL: gcc.c-torture/compile/pr54713-1.c -O2 -flto (test for excess errors)
FAIL: gcc.c-torture/compile/pr54713-1.c -O2 -flto -flto-partition=none (internal compiler error)
FAIL: gcc.c-torture/compile/pr54713-1.c -O2 -flto -flto-partition=none (test for excess errors)
FAIL: gcc.c-torture/compile/pr54713-1.c -O3 -g (internal compiler error)
FAIL: gcc.c-torture/compile/pr54713-1.c -O3 -g (test for excess errors)
FAIL: gcc.c-torture/compile/pr54713-1.c -Os (internal compiler error)
FAIL: gcc.c-torture/compile/pr54713-1.c -Os (test for excess errors)
FAIL: gcc.c-torture/compile/pr54713-2.c -O0 (internal compiler error)
FAIL: gcc.c-torture/compile/pr54713-2.c -O0 (test for excess errors)
FAIL: gcc.c-torture/compile/pr54713-2.c -O1 (internal compiler error)
FAIL: gcc.c-torture/compile/pr54713-2.c -O1 (test for excess errors)
FAIL: gcc.c-torture/compile/pr54713-2.c -O2 (internal compiler error)
FAIL: gcc.c-torture/compile/pr54713-2.c -O2 (test for excess errors)
FAIL: gcc.c-torture/compile/pr54713-2.c -O2 -flto (internal compiler error)
FAIL: gcc.c-torture/compile/pr54713-2.c -O2 -flto (test for excess errors)
FAIL: gcc.c-torture/compile/pr54713-2.c -O2 -flto -flto-partition=none (internal compiler error)
FAIL: gcc.c-torture/compile/pr54713-2.c -O2 -flto -flto-partition=none (test for excess errors)
FAIL: gcc.c-torture/compile/pr54713-2.c -O3 -g (internal compiler error)
FAIL: gcc.c-torture/compile/pr54713-2.c -O3 -g (test for excess errors)
FAIL: gcc.c-torture/compile/pr54713-2.c -Os (internal compiler error)
FAIL: gcc.c-torture/compile/pr54713-2.c -Os (test for excess errors)
FAIL: gcc.c-torture/compile/pr54713-3.c -O0 (internal compiler error)
FAIL: gcc.c-torture/compile/pr54713-3.c -O0 (test for excess errors)
FAIL: gcc.c-torture/compile/pr54713-3.c -O1 (internal compiler error)
FAIL: gcc.c-torture/compile/pr54713-3.c -O1 (test for excess errors)
FAIL: gcc.c-torture/compile/pr54713-3.c -O2 (internal compiler error)
FAIL: gcc.c-torture/compile/pr54713-3.c -O2 (test for excess errors)
FAIL: gcc.c-torture/compile/pr54713-3.c -O2 -flto (internal compiler error)
FAIL: gcc.c-torture/compile/pr54713-3.c -O2 -flto (test for excess errors)
FAIL: gcc.c-torture/compile/pr54713-3.c -O2 -flto -flto-partition=none (internal compiler error)
FAIL: gcc.c-torture/compile/pr54713-3.c -O2 -flto -flto-partition=none (test for excess errors)
FAIL: gcc.c-torture/compile/pr54713-3.c -O3 -g (internal compiler error)
FAIL: gcc.c-torture/compile/pr54713-3.c -O3 -g (test for excess errors)
FAIL: gcc.c-torture/compile/pr54713-3.c -Os (internal compiler error)
FAIL: gcc.c-torture/compile/pr54713-3.c -Os (test for excess errors)
FAIL: gcc.c-torture/compile/pr60502.c -O0 (internal compiler error)
FAIL: gcc.c-torture/compile/pr60502.c -O0 (test for excess errors)
FAIL: gcc.c-torture/compile/simd-3.c -O0 (internal compiler error)
FAIL: gcc.c-torture/compile/simd-3.c -O0 (test for excess errors)
FAIL: gcc.c-torture/compile/simd-3.c -O1 (internal compiler error)
FAIL: gcc.c-torture/compile/simd-3.c -O1 (test for excess errors)
FAIL: gcc.c-torture/compile/simd-3.c -O2 (internal compiler error)
FAIL: gcc.c-torture/compile/simd-3.c -O2 (test for excess errors)
FAIL: gcc.c-torture/compile/simd-3.c -O2 -flto (internal compiler error)
FAIL: gcc.c-torture/compile/simd-3.c -O2 -flto (test for excess errors)
FAIL: gcc.c-torture/compile/simd-3.c -O2 -flto -flto-partition=none (internal compiler error)
FAIL: gcc.c-torture/compile/simd-3.c -O2 -flto -flto-partition=none (test for excess errors)
FAIL: gcc.c-torture/compile/simd-3.c -O3 -g (internal compiler error)
FAIL: gcc.c-torture/compile/simd-3.c -O3 -g (test for excess errors)
FAIL: gcc.c-torture/compile/simd-3.c -Os (internal compiler error)
FAIL: gcc.c-torture/compile/simd-3.c -Os (test for excess errors)
FAIL: gcc.c-torture/compile/simd-4.c -O0 (internal compiler error)
FAIL: gcc.c-torture/compile/simd-4.c -O0 (test for excess errors)
FAIL: gcc.c-torture/compile/simd-4.c -O1 (internal compiler error)
FAIL: gcc.c-torture/compile/simd-4.c -O1 (test for excess errors)
FAIL: gcc.c-torture/compile/simd-4.c -O2 (internal compiler error)
FAIL: gcc.c-torture/compile/simd-4.c -O2 (test for excess errors)
FAIL: gcc.c-torture/compile/simd-4.c -O2 -flto (internal compiler error)
FAIL: gcc.c-torture/compile/simd-4.c -O2 -flto (test for excess errors)
FAIL: gcc.c-torture/compile/simd-4.c -O2 -flto -flto-partition=none (internal compiler error)
FAIL: gcc.c-torture/compile/simd-4.c -O2 -flto -flto-partition=none (test for excess errors)
FAIL: gcc.c-torture/compile/simd-4.c -O3 -g (internal compiler error)
FAIL: gcc.c-torture/compile/simd-4.c -O3 -g (test for excess errors)
FAIL: gcc.c-torture/compile/simd-4.c -Os (internal compiler error)
FAIL: gcc.c-torture/compile/simd-4.c -Os (test for excess errors)
FAIL: gcc.c-torture/compile/vector-1.c -O0 (internal compiler error)
FAIL: gcc.c-torture/compile/vector-1.c -O0 (test for excess errors)
FAIL: gcc.c-torture/compile/vector-1.c -O1 (internal compiler error)
FAIL: gcc.c-torture/compile/vector-1.c -O1 (test for excess errors)
FAIL: gcc.c-torture/compile/vector-1.c -O2 (internal compiler error)
FAIL: gcc.c-torture/compile/vector-1.c -O2 (test for excess errors)
FAIL: gcc.c-torture/compile/vector-1.c -O2 -flto (internal compiler error)
FAIL: gcc.c-torture/compile/vector-1.c -O2 -flto (test for excess errors)
FAIL: gcc.c-torture/compile/vector-1.c -O2 -flto -flto-partition=none (internal compiler error)
FAIL: gcc.c-torture/compile/vector-1.c -O2 -flto -flto-partition=none (test for excess errors)
FAIL: gcc.c-torture/compile/vector-1.c -O3 -g (internal compiler error)
FAIL: gcc.c-torture/compile/vector-1.c -O3 -g (test for excess errors)
FAIL: gcc.c-torture/compile/vector-1.c -Os (internal compiler error)
FAIL: gcc.c-torture/compile/vector-1.c -Os (test for excess errors)
FAIL: gcc.c-torture/compile/vector-2.c -O0 (internal compiler error)
FAIL: gcc.c-torture/compile/vector-2.c -O0 (test for excess errors)
FAIL: gcc.c-torture/compile/vector-2.c -O1 (internal compiler error)
FAIL: gcc.c-torture/compile/vector-2.c -O1 (test for excess errors)
FAIL: gcc.c-torture/compile/vector-2.c -O2 (internal compiler error)
FAIL: gcc.c-torture/compile/vector-2.c -O2 (test for excess errors)
FAIL: gcc.c-torture/compile/vector-2.c -O2 -flto (internal compiler error)
FAIL: gcc.c-torture/compile/vector-2.c -O2 -flto (test for excess errors)
FAIL: gcc.c-torture/compile/vector-2.c -O2 -flto -flto-partition=none (internal compiler error)
FAIL: gcc.c-torture/compile/vector-2.c -O2 -flto -flto-partition=none (test for excess errors)
FAIL: gcc.c-torture/compile/vector-2.c -O3 -g (internal compiler error)
FAIL: gcc.c-torture/compile/vector-2.c -O3 -g (test for excess errors)
FAIL: gcc.c-torture/compile/vector-2.c -Os (internal compiler error)
FAIL: gcc.c-torture/compile/vector-2.c -Os (test for excess errors)
FAIL: gcc.c-torture/compile/vector-3.c -O0 (internal compiler error)
FAIL: gcc.c-torture/compile/vector-3.c -O0 (test for excess errors)
FAIL: gcc.c-torture/execute/20050316-2.c -O0 (internal compiler error)
FAIL: gcc.c-torture/execute/20050316-2.c -O0 (test for excess errors)
WARNING: gcc.c-torture/execute/20050316-2.c -O0 compilation failed to produce executable
FAIL: gcc.c-torture/execute/20050316-2.c -O1 (internal compiler error)
FAIL: gcc.c-torture/execute/20050316-2.c -O1 (test for excess errors)
WARNING: gcc.c-torture/execute/20050316-2.c -O1 compilation failed to produce executable
FAIL: gcc.c-torture/execute/20050316-2.c -O2 (internal compiler error)
FAIL: gcc.c-torture/execute/20050316-2.c -O2 (test for excess errors)
WARNING: gcc.c-torture/execute/20050316-2.c -O2 compilation failed to produce executable
FAIL: gcc.c-torture/execute/20050316-2.c -O2 -flto (internal compiler error)
FAIL: gcc.c-torture/execute/20050316-2.c -O2 -flto (test for excess errors)
WARNING: gcc.c-torture/execute/20050316-2.c -O2 -flto compilation failed to produce executable
FAIL: gcc.c-torture/execute/20050316-2.c -O2 -flto -flto-partition=none (internal compiler error)
FAIL: gcc.c-torture/execute/20050316-2.c -O2 -flto -flto-partition=none (test for excess errors)
WARNING: gcc.c-torture/execute/20050316-2.c -O2 -flto -flto-partition=none compilation failed to produce executable
FAIL: gcc.c-torture/execute/20050316-2.c -O3 -g (internal compiler error)
FAIL: gcc.c-torture/execute/20050316-2.c -O3 -g (test for excess errors)
WARNING: gcc.c-torture/execute/20050316-2.c -O3 -g compilation failed to produce executable
FAIL: gcc.c-torture/execute/20050316-2.c -Os (internal compiler error)
FAIL: gcc.c-torture/execute/20050316-2.c -Os (test for excess errors)
WARNING: gcc.c-torture/execute/20050316-2.c -Os compilation failed to produce executable
FAIL: gcc.c-torture/execute/20050604-1.c -O0 (internal compiler error)
FAIL: gcc.c-torture/execute/20050604-1.c -O0 (test for excess errors)
WARNING: gcc.c-torture/execute/20050604-1.c -O0 compilation failed to produce executable
FAIL: gcc.c-torture/execute/20050604-1.c -O1 (internal compiler error)
FAIL: gcc.c-torture/execute/20050604-1.c -O1 (test for excess errors)
WARNING: gcc.c-torture/execute/20050604-1.c -O1 compilation failed to produce executable
FAIL: gcc.c-torture/execute/20050604-1.c -O2 (internal compiler error)
FAIL: gcc.c-torture/execute/20050604-1.c -O2 (test for excess errors)
WARNING: gcc.c-torture/execute/20050604-1.c -O2 compilation failed to produce executable
FAIL: gcc.c-torture/execute/20050604-1.c -O2 -flto (internal compiler error)
FAIL: gcc.c-torture/execute/20050604-1.c -O2 -flto (test for excess errors)
WARNING: gcc.c-torture/execute/20050604-1.c -O2 -flto compilation failed to produce executable
FAIL: gcc.c-torture/execute/20050604-1.c -O2 -flto -flto-partition=none (internal compiler error)
FAIL: gcc.c-torture/execute/20050604-1.c -O2 -flto -flto-partition=none (test for excess errors)
WARNING: gcc.c-torture/execute/20050604-1.c -O2 -flto -flto-partition=none compilation failed to produce executable
FAIL: gcc.c-torture/execute/20050604-1.c -O3 -fomit-frame-pointer -funroll-loops -fpeel-loops -ftracer -finline-functions (internal compiler error)
FAIL: gcc.c-torture/execute/20050604-1.c -O3 -fomit-frame-pointer -funroll-loops -fpeel-loops -ftracer -finline-functions (test for excess errors)
WARNING: gcc.c-torture/execute/20050604-1.c -O3 -fomit-frame-pointer -funroll-loops -fpeel-loops -ftracer -finline-functions compilation failed to produce executable
FAIL: gcc.c-torture/execute/20050604-1.c -O3 -g (internal compiler error)
FAIL: gcc.c-torture/execute/20050604-1.c -O3 -g (test for excess errors)
WARNING: gcc.c-torture/execute/20050604-1.c -O3 -g compilation failed to produce executable
FAIL: gcc.c-torture/execute/20050604-1.c -Os (internal compiler error)
FAIL: gcc.c-torture/execute/20050604-1.c -Os (test for excess errors)
WARNING: gcc.c-torture/execute/20050604-1.c -Os compilation failed to produce executable
FAIL: gcc.c-torture/execute/20060420-1.c -O0 (internal compiler error)
FAIL: gcc.c-torture/execute/20060420-1.c -O0 (test for excess errors)
WARNING: gcc.c-torture/execute/20060420-1.c -O0 compilation failed to produce executable
FAIL: gcc.c-torture/execute/20060420-1.c -O1 (internal compiler error)
FAIL: gcc.c-torture/execute/20060420-1.c -O1 (test for excess errors)
WARNING: gcc.c-torture/execute/20060420-1.c -O1 compilation failed to produce executable
FAIL: gcc.c-torture/execute/20060420-1.c -O2 (internal compiler error)
FAIL: gcc.c-torture/execute/20060420-1.c -O2 (test for excess errors)
WARNING: gcc.c-torture/execute/20060420-1.c -O2 compilation failed to produce executable
FAIL: gcc.c-torture/execute/20060420-1.c -O2 -flto (internal compiler error)
FAIL: gcc.c-torture/execute/20060420-1.c -O2 -flto (test for excess errors)
WARNING: gcc.c-torture/execute/20060420-1.c -O2 -flto compilation failed to produce executable
FAIL: gcc.c-torture/execute/20060420-1.c -O2 -flto -flto-partition=none (internal compiler error)
FAIL: gcc.c-torture/execute/20060420-1.c -O2 -flto -flto-partition=none (test for excess errors)
WARNING: gcc.c-torture/execute/20060420-1.c -O2 -flto -flto-partition=none compilation failed to produce executable
FAIL: gcc.c-torture/execute/20060420-1.c -O3 -fomit-frame-pointer -funroll-loops -fpeel-loops -ftracer -finline-functions (internal compiler error)
FAIL: gcc.c-torture/execute/20060420-1.c -O3 -fomit-frame-pointer -funroll-loops -fpeel-loops -ftracer -finline-functions (test for excess errors)
WARNING: gcc.c-torture/execute/20060420-1.c -O3 -fomit-frame-pointer -funroll-loops -fpeel-loops -ftracer -finline-functions compilation failed to produce executable
FAIL: gcc.c-torture/execute/20060420-1.c -O3 -g (internal compiler error)
FAIL: gcc.c-torture/execute/20060420-1.c -O3 -g (test for excess errors)
WARNING: gcc.c-torture/execute/20060420-1.c -O3 -g compilation failed to produce executable
FAIL: gcc.c-torture/execute/20060420-1.c -Os (internal compiler error)
FAIL: gcc.c-torture/execute/20060420-1.c -Os (test for excess errors)
WARNING: gcc.c-torture/execute/20060420-1.c -Os compilation failed to produce executable
FAIL: gcc.c-torture/execute/pr65427.c -O0 (internal compiler error)
FAIL: gcc.c-torture/execute/pr65427.c -O0 (test for excess errors)
WARNING: gcc.c-torture/execute/pr65427.c -O0 compilation failed to produce executable
FAIL: gcc.c-torture/execute/pr65427.c -O1 (internal compiler error)
FAIL: gcc.c-torture/execute/pr65427.c -O1 (test for excess errors)
WARNING: gcc.c-torture/execute/pr65427.c -O1 compilation failed to produce executable
FAIL: gcc.c-torture/execute/pr65427.c -O2 (internal compiler error)
FAIL: gcc.c-torture/execute/pr65427.c -O2 (test for excess errors)
WARNING: gcc.c-torture/execute/pr65427.c -O2 compilation failed to produce executable
FAIL: gcc.c-torture/execute/pr65427.c -O2 -flto (internal compiler error)
FAIL: gcc.c-torture/execute/pr65427.c -O2 -flto (test for excess errors)
WARNING: gcc.c-torture/execute/pr65427.c -O2 -flto compilation failed to produce executable
FAIL: gcc.c-torture/execute/pr65427.c -O2 -flto -flto-partition=none (internal compiler error)
FAIL: gcc.c-torture/execute/pr65427.c -O2 -flto -flto-partition=none (test for excess errors)
WARNING: gcc.c-torture/execute/pr65427.c -O2 -flto -flto-partition=none compilation failed to produce executable
FAIL: gcc.c-torture/execute/pr65427.c -O3 -fomit-frame-pointer -funroll-loops -fpeel-loops -ftracer -finline-functions (internal compiler error)
FAIL: gcc.c-torture/execute/pr65427.c -O3 -fomit-frame-pointer -funroll-loops -fpeel-loops -ftracer -finline-functions (test for excess errors)
WARNING: gcc.c-torture/execute/pr65427.c -O3 -fomit-frame-pointer -funroll-loops -fpeel-loops -ftracer -finline-functions compilation failed to produce executable
FAIL: gcc.c-torture/execute/pr65427.c -O3 -g (internal compiler error)
FAIL: gcc.c-torture/execute/pr65427.c -O3 -g (test for excess errors)
WARNING: gcc.c-torture/execute/pr65427.c -O3 -g compilation failed to produce executable
FAIL: gcc.c-torture/execute/pr65427.c -Os (internal compiler error)
FAIL: gcc.c-torture/execute/pr65427.c -Os (test for excess errors)
WARNING: gcc.c-torture/execute/pr65427.c -Os compilation failed to produce executable
FAIL: gcc.c-torture/execute/scal-to-vec1.c -O0 (internal compiler error)
FAIL: gcc.c-torture/execute/scal-to-vec1.c -O0 (test for excess errors)
WARNING: gcc.c-torture/execute/scal-to-vec1.c -O0 compilation failed to produce executable
FAIL: gcc.c-torture/execute/scal-to-vec3.c -O0 (internal compiler error)
FAIL: gcc.c-torture/execute/scal-to-vec3.c -O0 (test for excess errors)
WARNING: gcc.c-torture/execute/scal-to-vec3.c -O0 compilation failed to produce executable
FAIL: gcc.dg/atomic/c11-atomic-exec-2.c -O2 -flto -flto-partition=none (test for excess errors)
FAIL: gcc.dg/atomic/c11-atomic-exec-3.c -O3 -g (test for excess errors)
WARNING: gcc.dg/atomic/c11-atomic-exec-3.c -O3 -g compilation failed to produce executable
WARNING: program timed out.
WARNING: program timed out.
FAIL: gcc.dg/compat/vector-1 c_compat_x_tst.o compile, (internal compiler error)
UNRESOLVED: gcc.dg/compat/vector-1 c_compat_x_tst.o-c_compat_y_tst.o execute
UNRESOLVED: gcc.dg/compat/vector-1 c_compat_x_tst.o-c_compat_y_tst.o link
FAIL: gcc.dg/compat/vector-1 c_compat_y_tst.o compile, (internal compiler error)
FAIL: gcc.dg/compat/vector-2 c_compat_x_tst.o compile, (internal compiler error)
UNRESOLVED: gcc.dg/compat/vector-2 c_compat_x_tst.o-c_compat_y_tst.o execute
UNRESOLVED: gcc.dg/compat/vector-2 c_compat_x_tst.o-c_compat_y_tst.o link
FAIL: gcc.dg/compat/vector-2 c_compat_y_tst.o compile, (internal compiler error)
FAIL: gcc.dg/debug/pr49294.c -gdwarf-2 (internal compiler error)
FAIL: gcc.dg/debug/pr49294.c -gdwarf-2 (test for excess errors)
FAIL: gcc.dg/debug/pr49294.c -gdwarf-2 -g1 (internal compiler error)
FAIL: gcc.dg/debug/pr49294.c -gdwarf-2 -g1 (test for excess errors)
FAIL: gcc.dg/debug/pr49294.c -gdwarf-2 -g3 (internal compiler error)
FAIL: gcc.dg/debug/pr49294.c -gdwarf-2 -g3 (test for excess errors)
FAIL: gcc.dg/debug/pr49294.c -gstabs (internal compiler error)
FAIL: gcc.dg/debug/pr49294.c -gstabs (test for excess errors)
FAIL: gcc.dg/debug/pr49294.c -gstabs+ (internal compiler error)
FAIL: gcc.dg/debug/pr49294.c -gstabs+ (test for excess errors)
FAIL: gcc.dg/debug/pr49294.c -gstabs+1 (internal compiler error)
FAIL: gcc.dg/debug/pr49294.c -gstabs+1 (test for excess errors)
FAIL: gcc.dg/debug/pr49294.c -gstabs+3 (internal compiler error)
FAIL: gcc.dg/debug/pr49294.c -gstabs+3 (test for excess errors)
FAIL: gcc.dg/debug/pr49294.c -gstabs1 (internal compiler error)
FAIL: gcc.dg/debug/pr49294.c -gstabs1 (test for excess errors)
FAIL: gcc.dg/debug/pr49294.c -gstabs3 (internal compiler error)
FAIL: gcc.dg/debug/pr49294.c -gstabs3 (test for excess errors)
FAIL: gcc.dg/debug/dwarf2/stacked-qualified-types-3.c scan-assembler-times DIE \\\\([^\\n]*\\\\) DW_TAG_(?:const|volatile|atomic|restrict)_type 8
FAIL: c-c++-common/Wunused-var-12.c -Wc++-compat (internal compiler error)
FAIL: c-c++-common/Wunused-var-12.c -Wc++-compat (test for excess errors)
FAIL: c-c++-common/pr63764-2.c -Wc++-compat (internal compiler error)
FAIL: c-c++-common/pr63764-2.c -Wc++-compat (test for excess errors)
FAIL: c-c++-common/vector-scalar.c -Wc++-compat (internal compiler error)
FAIL: c-c++-common/vector-scalar.c -Wc++-compat (test for excess errors)
FAIL: gcc.dg/Wunused-var-3.c (internal compiler error)
FAIL: gcc.dg/Wunused-var-3.c (test for excess errors)
FAIL: gcc.dg/c11-atomic-2.c (test for excess errors)
FAIL: gcc.dg/fold-compare-7.c (internal compiler error)
FAIL: gcc.dg/fold-compare-7.c (test for excess errors)
FAIL: gcc.dg/memcpy-5.c (internal compiler error)
FAIL: gcc.dg/memcpy-5.c (test for excess errors)
FAIL: gcc.dg/pr17957.c (internal compiler error)
FAIL: gcc.dg/pr17957.c (test for excess errors)
FAIL: gcc.dg/pr36991.c (internal compiler error)
FAIL: gcc.dg/pr36991.c (test for excess errors)
FAIL: gcc.dg/pr43300.c (internal compiler error)
FAIL: gcc.dg/pr43300.c (test for excess errors)
FAIL: gcc.dg/pr44214-1.c (internal compiler error)
FAIL: gcc.dg/pr44214-1.c (test for excess errors)
FAIL: gcc.dg/pr44214-3.c (internal compiler error)
FAIL: gcc.dg/pr44214-3.c (test for excess errors)
FAIL: gcc.dg/pr57233.c (internal compiler error)
FAIL: gcc.dg/pr57233.c (test for excess errors)
WARNING: gcc.dg/pr57233.c compilation failed to produce executable
FAIL: gcc.dg/pr63594-1.c (internal compiler error)
FAIL: gcc.dg/pr63594-1.c (test for excess errors)
FAIL: gcc.dg/pr63594-2.c (internal compiler error)
FAIL: gcc.dg/pr63594-2.c (test for excess errors)
WARNING: gcc.dg/pr63594-2.c compilation failed to produce executable
FAIL: gcc.dg/pr63914.c (internal compiler error)
FAIL: gcc.dg/pr63914.c (test for excess errors)
FAIL: gcc.dg/pr64252.c (internal compiler error)
FAIL: gcc.dg/pr64252.c (test for excess errors)
WARNING: gcc.dg/pr64252.c compilation failed to produce executable
FAIL: gcc.dg/unroll-2.c (test for warnings, line 24)
FAIL: gcc.dg/visibility-22.c execution test
WARNING: program timed out.
FAIL: gcc.dg/graphite/id-pr46845.c (internal compiler error)
FAIL: gcc.dg/graphite/id-pr46845.c (test for excess errors)
XPASS: gcc.dg/graphite/vect-pr43423.c scan-tree-dump-times vect "vectorized 2 loops" 1
FAIL: gcc.dg/ipa/ipa-icf-6.c (internal compiler error)
FAIL: gcc.dg/ipa/ipa-icf-6.c (test for excess errors)
FAIL: gcc.dg/simulate-thread/atomic-other-int.c -O2 -g thread simulation test
FAIL: gcc.dg/simulate-thread/atomic-other-int.c -O3 -g thread simulation test
FAIL: gcc.dg/simulate-thread/atomic-other-short.c -O0 -g thread simulation test
FAIL: gcc.dg/simulate-thread/speculative-store-4.c -O0 -g thread simulation test
FAIL: gcc.dg/simulate-thread/speculative-store-4.c -O2 -g thread simulation test
FAIL: gcc.dg/simulate-thread/speculative-store-4.c -O3 -g thread simulation test
FAIL: gcc.dg/simulate-thread/speculative-store.c -O0 -g thread simulation test
FAIL: c-c++-common/torture/vector-compare-1.c -O0 (internal compiler error)
FAIL: c-c++-common/torture/vector-compare-1.c -O0 (test for excess errors)
WARNING: c-c++-common/torture/vector-compare-1.c -O0 compilation failed to produce executable
FAIL: c-c++-common/torture/vector-compare-1.c -O1 (internal compiler error)
FAIL: c-c++-common/torture/vector-compare-1.c -O1 (test for excess errors)
WARNING: c-c++-common/torture/vector-compare-1.c -O1 compilation failed to produce executable
FAIL: c-c++-common/torture/vector-compare-1.c -O2 (internal compiler error)
FAIL: c-c++-common/torture/vector-compare-1.c -O2 (test for excess errors)
WARNING: c-c++-common/torture/vector-compare-1.c -O2 compilation failed to produce executable
FAIL: c-c++-common/torture/vector-compare-1.c -O2 -flto (internal compiler error)
FAIL: c-c++-common/torture/vector-compare-1.c -O2 -flto (test for excess errors)
WARNING: c-c++-common/torture/vector-compare-1.c -O2 -flto compilation failed to produce executable
FAIL: c-c++-common/torture/vector-compare-1.c -O2 -flto -flto-partition=none (internal compiler error)
FAIL: c-c++-common/torture/vector-compare-1.c -O2 -flto -flto-partition=none (test for excess errors)
WARNING: c-c++-common/torture/vector-compare-1.c -O2 -flto -flto-partition=none compilation failed to produce executable
FAIL: c-c++-common/torture/vector-compare-1.c -O3 -fomit-frame-pointer -funroll-loops -fpeel-loops -ftracer -finline-functions (internal compiler error)
FAIL: c-c++-common/torture/vector-compare-1.c -O3 -fomit-frame-pointer -funroll-loops -fpeel-loops -ftracer -finline-functions (test for excess errors)
WARNING: c-c++-common/torture/vector-compare-1.c -O3 -fomit-frame-pointer -funroll-loops -fpeel-loops -ftracer -finline-functions compilation failed to produce executable
FAIL: c-c++-common/torture/vector-compare-1.c -O3 -g (internal compiler error)
FAIL: c-c++-common/torture/vector-compare-1.c -O3 -g (test for excess errors)
WARNING: c-c++-common/torture/vector-compare-1.c -O3 -g compilation failed to produce executable
FAIL: c-c++-common/torture/vector-compare-1.c -Os (internal compiler error)
FAIL: c-c++-common/torture/vector-compare-1.c -Os (test for excess errors)
WARNING: c-c++-common/torture/vector-compare-1.c -Os compilation failed to produce executable
FAIL: c-c++-common/torture/vector-compare-2.c -O0 (internal compiler error)
FAIL: c-c++-common/torture/vector-compare-2.c -O0 (test for excess errors)
WARNING: c-c++-common/torture/vector-compare-2.c -O0 compilation failed to produce executable
FAIL: c-c++-common/torture/vector-shift1.c -O0 (internal compiler error)
FAIL: c-c++-common/torture/vector-shift1.c -O0 (test for excess errors)
WARNING: c-c++-common/torture/vector-shift1.c -O0 compilation failed to produce executable
FAIL: c-c++-common/torture/vector-shift2.c -O0 (internal compiler error)
FAIL: c-c++-common/torture/vector-shift2.c -O0 (test for excess errors)
WARNING: c-c++-common/torture/vector-shift2.c -O0 compilation failed to produce executable
FAIL: c-c++-common/torture/vshuf-v16hi.c -O0 (internal compiler error)
FAIL: c-c++-common/torture/vshuf-v16hi.c -O0 (test for excess errors)
FAIL: c-c++-common/torture/vshuf-v16hi.c -O1 (internal compiler error)
FAIL: c-c++-common/torture/vshuf-v16hi.c -O1 (test for excess errors)
FAIL: c-c++-common/torture/vshuf-v16hi.c -O2 (internal compiler error)
FAIL: c-c++-common/torture/vshuf-v16hi.c -O2 (test for excess errors)
FAIL: c-c++-common/torture/vshuf-v16hi.c -O2 -flto (internal compiler error)
FAIL: c-c++-common/torture/vshuf-v16hi.c -O2 -flto (test for excess errors)
FAIL: c-c++-common/torture/vshuf-v16hi.c -O2 -flto -flto-partition=none (internal compiler error)
FAIL: c-c++-common/torture/vshuf-v16hi.c -O2 -flto -flto-partition=none (test for excess errors)
FAIL: c-c++-common/torture/vshuf-v16hi.c -O3 -g (internal compiler error)
FAIL: c-c++-common/torture/vshuf-v16hi.c -O3 -g (test for excess errors)
FAIL: c-c++-common/torture/vshuf-v16hi.c -Os (internal compiler error)
FAIL: c-c++-common/torture/vshuf-v16hi.c -Os (test for excess errors)
FAIL: c-c++-common/torture/vshuf-v2df.c -O0 (internal compiler error)
FAIL: c-c++-common/torture/vshuf-v2df.c -O0 (test for excess errors)
FAIL: c-c++-common/torture/vshuf-v2df.c -O1 (internal compiler error)
FAIL: c-c++-common/torture/vshuf-v2df.c -O1 (test for excess errors)
FAIL: c-c++-common/torture/vshuf-v2df.c -O2 (internal compiler error)
FAIL: c-c++-common/torture/vshuf-v2df.c -O2 (test for excess errors)
FAIL: c-c++-common/torture/vshuf-v2df.c -O2 -flto (internal compiler error)
FAIL: c-c++-common/torture/vshuf-v2df.c -O2 -flto (test for excess errors)
FAIL: c-c++-common/torture/vshuf-v2df.c -O2 -flto -flto-partition=none (internal compiler error)
FAIL: c-c++-common/torture/vshuf-v2df.c -O2 -flto -flto-partition=none (test for excess errors)
FAIL: c-c++-common/torture/vshuf-v2df.c -O3 -g (internal compiler error)
FAIL: c-c++-common/torture/vshuf-v2df.c -O3 -g (test for excess errors)
FAIL: c-c++-common/torture/vshuf-v2df.c -Os (internal compiler error)
FAIL: c-c++-common/torture/vshuf-v2df.c -Os (test for excess errors)
FAIL: c-c++-common/torture/vshuf-v4df.c -O0 (internal compiler error)
FAIL: c-c++-common/torture/vshuf-v4df.c -O0 (test for excess errors)
FAIL: c-c++-common/torture/vshuf-v4df.c -O1 (internal compiler error)
FAIL: c-c++-common/torture/vshuf-v4df.c -O1 (test for excess errors)
FAIL: c-c++-common/torture/vshuf-v4df.c -O2 (internal compiler error)
FAIL: c-c++-common/torture/vshuf-v4df.c -O2 (test for excess errors)
FAIL: c-c++-common/torture/vshuf-v4df.c -O2 -flto (internal compiler error)
FAIL: c-c++-common/torture/vshuf-v4df.c -O2 -flto (test for excess errors)
FAIL: c-c++-common/torture/vshuf-v4df.c -O2 -flto -flto-partition=none (internal compiler error)
FAIL: c-c++-common/torture/vshuf-v4df.c -O2 -flto -flto-partition=none (test for excess errors)
FAIL: c-c++-common/torture/vshuf-v4df.c -O3 -g (internal compiler error)
FAIL: c-c++-common/torture/vshuf-v4df.c -O3 -g (test for excess errors)
FAIL: c-c++-common/torture/vshuf-v4df.c -Os (internal compiler error)
FAIL: c-c++-common/torture/vshuf-v4df.c -Os (test for excess errors)
FAIL: c-c++-common/torture/vshuf-v4di.c -O0 (internal compiler error)
FAIL: c-c++-common/torture/vshuf-v4di.c -O0 (test for excess errors)
FAIL: c-c++-common/torture/vshuf-v4di.c -O1 (internal compiler error)
FAIL: c-c++-common/torture/vshuf-v4di.c -O1 (test for excess errors)
FAIL: c-c++-common/torture/vshuf-v4di.c -O2 (internal compiler error)
FAIL: c-c++-common/torture/vshuf-v4di.c -O2 (test for excess errors)
FAIL: c-c++-common/torture/vshuf-v4di.c -O2 -flto (internal compiler error)
FAIL: c-c++-common/torture/vshuf-v4di.c -O2 -flto (test for excess errors)
FAIL: c-c++-common/torture/vshuf-v4di.c -O2 -flto -flto-partition=none (internal compiler error)
FAIL: c-c++-common/torture/vshuf-v4di.c -O2 -flto -flto-partition=none (test for excess errors)
FAIL: c-c++-common/torture/vshuf-v4di.c -O3 -g (internal compiler error)
FAIL: c-c++-common/torture/vshuf-v4di.c -O3 -g (test for excess errors)
FAIL: c-c++-common/torture/vshuf-v4di.c -Os (internal compiler error)
FAIL: c-c++-common/torture/vshuf-v4di.c -Os (test for excess errors)
FAIL: c-c++-common/torture/vshuf-v4sf.c -O0 (internal compiler error)
FAIL: c-c++-common/torture/vshuf-v4sf.c -O0 (test for excess errors)
FAIL: c-c++-common/torture/vshuf-v4sf.c -O1 (internal compiler error)
FAIL: c-c++-common/torture/vshuf-v4sf.c -O1 (test for excess errors)
FAIL: c-c++-common/torture/vshuf-v4sf.c -O2 (internal compiler error)
FAIL: c-c++-common/torture/vshuf-v4sf.c -O2 (test for excess errors)
FAIL: c-c++-common/torture/vshuf-v4sf.c -O2 -flto (internal compiler error)
FAIL: c-c++-common/torture/vshuf-v4sf.c -O2 -flto (test for excess errors)
FAIL: c-c++-common/torture/vshuf-v4sf.c -O2 -flto -flto-partition=none (internal compiler error)
FAIL: c-c++-common/torture/vshuf-v4sf.c -O2 -flto -flto-partition=none (test for excess errors)
FAIL: c-c++-common/torture/vshuf-v4sf.c -O3 -g (internal compiler error)
FAIL: c-c++-common/torture/vshuf-v4sf.c -O3 -g (test for excess errors)
FAIL: c-c++-common/torture/vshuf-v4sf.c -Os (internal compiler error)
FAIL: c-c++-common/torture/vshuf-v4sf.c -Os (test for excess errors)
FAIL: c-c++-common/torture/vshuf-v8si.c -O0 (internal compiler error)
FAIL: c-c++-common/torture/vshuf-v8si.c -O0 (test for excess errors)
FAIL: c-c++-common/torture/vshuf-v8si.c -O1 (internal compiler error)
FAIL: c-c++-common/torture/vshuf-v8si.c -O1 (test for excess errors)
FAIL: c-c++-common/torture/vshuf-v8si.c -O2 (internal compiler error)
FAIL: c-c++-common/torture/vshuf-v8si.c -O2 (test for excess errors)
FAIL: c-c++-common/torture/vshuf-v8si.c -O2 -flto (internal compiler error)
FAIL: c-c++-common/torture/vshuf-v8si.c -O2 -flto (test for excess errors)
FAIL: c-c++-common/torture/vshuf-v8si.c -O2 -flto -flto-partition=none (internal compiler error)
FAIL: c-c++-common/torture/vshuf-v8si.c -O2 -flto -flto-partition=none (test for excess errors)
FAIL: c-c++-common/torture/vshuf-v8si.c -O3 -g (internal compiler error)
FAIL: c-c++-common/torture/vshuf-v8si.c -O3 -g (test for excess errors)
FAIL: c-c++-common/torture/vshuf-v8si.c -Os (internal compiler error)
FAIL: c-c++-common/torture/vshuf-v8si.c -Os (test for excess errors)
FAIL: gcc.dg/torture/pr21817-1.c -O0 (internal compiler error)
FAIL: gcc.dg/torture/pr21817-1.c -O0 (test for excess errors)
FAIL: gcc.dg/torture/pr21817-1.c -O1 (internal compiler error)
FAIL: gcc.dg/torture/pr21817-1.c -O1 (test for excess errors)
FAIL: gcc.dg/torture/pr21817-1.c -O2 (internal compiler error)
FAIL: gcc.dg/torture/pr21817-1.c -O2 (test for excess errors)
FAIL: gcc.dg/torture/pr21817-1.c -O2 -flto (internal compiler error)
FAIL: gcc.dg/torture/pr21817-1.c -O2 -flto (test for excess errors)
FAIL: gcc.dg/torture/pr21817-1.c -O2 -flto -flto-partition=none (internal compiler error)
FAIL: gcc.dg/torture/pr21817-1.c -O2 -flto -flto-partition=none (test for excess errors)
FAIL: gcc.dg/torture/pr21817-1.c -O3 -fomit-frame-pointer -funroll-loops -fpeel-loops -ftracer -finline-functions (internal compiler error)
FAIL: gcc.dg/torture/pr21817-1.c -O3 -fomit-frame-pointer -funroll-loops -fpeel-loops -ftracer -finline-functions (test for excess errors)
FAIL: gcc.dg/torture/pr21817-1.c -O3 -g (internal compiler error)
FAIL: gcc.dg/torture/pr21817-1.c -O3 -g (test for excess errors)
FAIL: gcc.dg/torture/pr21817-1.c -Os (internal compiler error)
FAIL: gcc.dg/torture/pr21817-1.c -Os (test for excess errors)
FAIL: gcc.dg/torture/pr36891.c -O0 (internal compiler error)
FAIL: gcc.dg/torture/pr36891.c -O0 (test for excess errors)
FAIL: gcc.dg/torture/pr36891.c -O1 (internal compiler error)
FAIL: gcc.dg/torture/pr36891.c -O1 (test for excess errors)
FAIL: gcc.dg/torture/pr36891.c -O2 (internal compiler error)
FAIL: gcc.dg/torture/pr36891.c -O2 (test for excess errors)
FAIL: gcc.dg/torture/pr36891.c -O2 -flto (internal compiler error)
FAIL: gcc.dg/torture/pr36891.c -O2 -flto (test for excess errors)
FAIL: gcc.dg/torture/pr36891.c -O2 -flto -flto-partition=none (internal compiler error)
FAIL: gcc.dg/torture/pr36891.c -O2 -flto -flto-partition=none (test for excess errors)
FAIL: gcc.dg/torture/pr36891.c -O3 -fomit-frame-pointer -funroll-loops -fpeel-loops -ftracer -finline-functions (internal compiler error)
FAIL: gcc.dg/torture/pr36891.c -O3 -fomit-frame-pointer -funroll-loops -fpeel-loops -ftracer -finline-functions (test for excess errors)
FAIL: gcc.dg/torture/pr36891.c -O3 -g (internal compiler error)
FAIL: gcc.dg/torture/pr36891.c -O3 -g (test for excess errors)
FAIL: gcc.dg/torture/pr36891.c -Os (internal compiler error)
FAIL: gcc.dg/torture/pr36891.c -Os (test for excess errors)
FAIL: gcc.dg/torture/pr45678-1.c -O0 (internal compiler error)
FAIL: gcc.dg/torture/pr45678-1.c -O0 (test for excess errors)
WARNING: gcc.dg/torture/pr45678-1.c -O0 compilation failed to produce executable
FAIL: gcc.dg/torture/pr45678-1.c -O1 (internal compiler error)
FAIL: gcc.dg/torture/pr45678-1.c -O1 (test for excess errors)
WARNING: gcc.dg/torture/pr45678-1.c -O1 compilation failed to produce executable
FAIL: gcc.dg/torture/pr45678-1.c -O2 (internal compiler error)
FAIL: gcc.dg/torture/pr45678-1.c -O2 (test for excess errors)
WARNING: gcc.dg/torture/pr45678-1.c -O2 compilation failed to produce executable
FAIL: gcc.dg/torture/pr45678-1.c -O2 -flto (internal compiler error)
FAIL: gcc.dg/torture/pr45678-1.c -O2 -flto (test for excess errors)
WARNING: gcc.dg/torture/pr45678-1.c -O2 -flto compilation failed to produce executable
FAIL: gcc.dg/torture/pr45678-1.c -O2 -flto -flto-partition=none (internal compiler error)
FAIL: gcc.dg/torture/pr45678-1.c -O2 -flto -flto-partition=none (test for excess errors)
WARNING: gcc.dg/torture/pr45678-1.c -O2 -flto -flto-partition=none compilation failed to produce executable
FAIL: gcc.dg/torture/pr45678-1.c -O3 -g (internal compiler error)
FAIL: gcc.dg/torture/pr45678-1.c -O3 -g (test for excess errors)
WARNING: gcc.dg/torture/pr45678-1.c -O3 -g compilation failed to produce executable
FAIL: gcc.dg/torture/pr45678-1.c -Os (internal compiler error)
FAIL: gcc.dg/torture/pr45678-1.c -Os (test for excess errors)
WARNING: gcc.dg/torture/pr45678-1.c -Os compilation failed to produce executable
FAIL: gcc.dg/torture/pr45678-2.c -O0 (internal compiler error)
FAIL: gcc.dg/torture/pr45678-2.c -O0 (test for excess errors)
WARNING: gcc.dg/torture/pr45678-2.c -O0 compilation failed to produce executable
FAIL: gcc.dg/torture/pr45678-2.c -O1 (internal compiler error)
FAIL: gcc.dg/torture/pr45678-2.c -O1 (test for excess errors)
WARNING: gcc.dg/torture/pr45678-2.c -O1 compilation failed to produce executable
FAIL: gcc.dg/torture/pr45678-2.c -O2 (internal compiler error)
FAIL: gcc.dg/torture/pr45678-2.c -O2 (test for excess errors)
WARNING: gcc.dg/torture/pr45678-2.c -O2 compilation failed to produce executable
FAIL: gcc.dg/torture/pr45678-2.c -O2 -flto (internal compiler error)
FAIL: gcc.dg/torture/pr45678-2.c -O2 -flto (test for excess errors)
WARNING: gcc.dg/torture/pr45678-2.c -O2 -flto compilation failed to produce executable
FAIL: gcc.dg/torture/pr45678-2.c -O2 -flto -flto-partition=none (internal compiler error)
FAIL: gcc.dg/torture/pr45678-2.c -O2 -flto -flto-partition=none (test for excess errors)
WARNING: gcc.dg/torture/pr45678-2.c -O2 -flto -flto-partition=none compilation failed to produce executable
FAIL: gcc.dg/torture/pr45678-2.c -O3 -g (internal compiler error)
FAIL: gcc.dg/torture/pr45678-2.c -O3 -g (test for excess errors)
WARNING: gcc.dg/torture/pr45678-2.c -O3 -g compilation failed to produce executable
FAIL: gcc.dg/torture/pr45678-2.c -Os (internal compiler error)
FAIL: gcc.dg/torture/pr45678-2.c -Os (test for excess errors)
WARNING: gcc.dg/torture/pr45678-2.c -Os compilation failed to produce executable
FAIL: gcc.dg/torture/pr47968.c -O0 (internal compiler error)
FAIL: gcc.dg/torture/pr47968.c -O0 (test for excess errors)
FAIL: gcc.dg/torture/pr47968.c -O1 (internal compiler error)
FAIL: gcc.dg/torture/pr47968.c -O1 (test for excess errors)
FAIL: gcc.dg/torture/pr47968.c -O2 (internal compiler error)
FAIL: gcc.dg/torture/pr47968.c -O2 (test for excess errors)
FAIL: gcc.dg/torture/pr47968.c -O2 -flto (internal compiler error)
FAIL: gcc.dg/torture/pr47968.c -O2 -flto (test for excess errors)
FAIL: gcc.dg/torture/pr47968.c -O2 -flto -flto-partition=none (internal compiler error)
FAIL: gcc.dg/torture/pr47968.c -O2 -flto -flto-partition=none (test for excess errors)
FAIL: gcc.dg/torture/pr47968.c -O3 -g (internal compiler error)
FAIL: gcc.dg/torture/pr47968.c -O3 -g (test for excess errors)
FAIL: gcc.dg/torture/pr47968.c -Os (internal compiler error)
FAIL: gcc.dg/torture/pr47968.c -Os (test for excess errors)
FAIL: gcc.dg/torture/pr47975.c -O0 (internal compiler error)
FAIL: gcc.dg/torture/pr47975.c -O0 (test for excess errors)
FAIL: gcc.dg/torture/pr47975.c -O1 (internal compiler error)
FAIL: gcc.dg/torture/pr47975.c -O1 (test for excess errors)
FAIL: gcc.dg/torture/pr47975.c -O2 (internal compiler error)
FAIL: gcc.dg/torture/pr47975.c -O2 (test for excess errors)
FAIL: gcc.dg/torture/pr47975.c -O2 -flto (internal compiler error)
FAIL: gcc.dg/torture/pr47975.c -O2 -flto (test for excess errors)
FAIL: gcc.dg/torture/pr47975.c -O2 -flto -flto-partition=none (internal compiler error)
FAIL: gcc.dg/torture/pr47975.c -O2 -flto -flto-partition=none (test for excess errors)
FAIL: gcc.dg/torture/pr47975.c -O3 -g (internal compiler error)
FAIL: gcc.dg/torture/pr47975.c -O3 -g (test for excess errors)
FAIL: gcc.dg/torture/pr47975.c -Os (internal compiler error)
FAIL: gcc.dg/torture/pr47975.c -Os (test for excess errors)
FAIL: gcc.dg/torture/pr50396.c -O0 (internal compiler error)
FAIL: gcc.dg/torture/pr50396.c -O0 (test for excess errors)
WARNING: gcc.dg/torture/pr50396.c -O0 compilation failed to produce executable
FAIL: gcc.dg/torture/pr50396.c -O1 (internal compiler error)
FAIL: gcc.dg/torture/pr50396.c -O1 (test for excess errors)
WARNING: gcc.dg/torture/pr50396.c -O1 compilation failed to produce executable
FAIL: gcc.dg/torture/pr50396.c -O2 (internal compiler error)
FAIL: gcc.dg/torture/pr50396.c -O2 (test for excess errors)
WARNING: gcc.dg/torture/pr50396.c -O2 compilation failed to produce executable
FAIL: gcc.dg/torture/pr50396.c -O2 -flto (internal compiler error)
FAIL: gcc.dg/torture/pr50396.c -O2 -flto (test for excess errors)
WARNING: gcc.dg/torture/pr50396.c -O2 -flto compilation failed to produce executable
FAIL: gcc.dg/torture/pr50396.c -O2 -flto -flto-partition=none (internal compiler error)
FAIL: gcc.dg/torture/pr50396.c -O2 -flto -flto-partition=none (test for excess errors)
WARNING: gcc.dg/torture/pr50396.c -O2 -flto -flto-partition=none compilation failed to produce executable
FAIL: gcc.dg/torture/pr50396.c -O3 -g (internal compiler error)
FAIL: gcc.dg/torture/pr50396.c -O3 -g (test for excess errors)
WARNING: gcc.dg/torture/pr50396.c -O3 -g compilation failed to produce executable
FAIL: gcc.dg/torture/pr50396.c -Os (internal compiler error)
FAIL: gcc.dg/torture/pr50396.c -Os (test for excess errors)
WARNING: gcc.dg/torture/pr50396.c -Os compilation failed to produce executable
FAIL: gcc.dg/torture/pr52419.c -O0 (internal compiler error)
FAIL: gcc.dg/torture/pr52419.c -O0 (test for excess errors)
WARNING: gcc.dg/torture/pr52419.c -O0 compilation failed to produce executable
FAIL: gcc.dg/torture/pr54920.c -O0 (internal compiler error)
FAIL: gcc.dg/torture/pr54920.c -O0 (test for excess errors)
FAIL: gcc.dg/torture/pr57748-1.c -O0 (internal compiler error)
FAIL: gcc.dg/torture/pr57748-1.c -O0 (test for excess errors)
WARNING: gcc.dg/torture/pr57748-1.c -O0 compilation failed to produce executable
FAIL: gcc.dg/torture/pr57748-2.c -O0 (internal compiler error)
FAIL: gcc.dg/torture/pr57748-2.c -O0 (test for excess errors)
WARNING: gcc.dg/torture/pr57748-2.c -O0 compilation failed to produce executable
FAIL: gcc.dg/torture/pr57748-3.c -O0 (internal compiler error)
FAIL: gcc.dg/torture/pr57748-3.c -O0 (test for excess errors)
WARNING: gcc.dg/torture/pr57748-3.c -O0 compilation failed to produce executable
FAIL: gcc.dg/torture/pr57748-4.c -O0 (internal compiler error)
FAIL: gcc.dg/torture/pr57748-4.c -O0 (test for excess errors)
WARNING: gcc.dg/torture/pr57748-4.c -O0 compilation failed to produce executable
FAIL: gcc.dg/torture/vector-1.c -O0 (internal compiler error)
FAIL: gcc.dg/torture/vector-1.c -O0 (test for excess errors)
WARNING: gcc.dg/torture/vector-1.c -O0 compilation failed to produce executable
FAIL: gcc.dg/torture/vector-2.c -O0 (internal compiler error)
FAIL: gcc.dg/torture/vector-2.c -O0 (test for excess errors)
WARNING: gcc.dg/torture/vector-2.c -O0 compilation failed to produce executable
FAIL: gcc.dg/torture/vector-shift2.c -O0 (internal compiler error)
FAIL: gcc.dg/torture/vector-shift2.c -O0 (test for excess errors)
WARNING: gcc.dg/torture/vector-shift2.c -O0 compilation failed to produce executable
FAIL: gcc.dg/torture/vshuf-v16hi.c -O2 (internal compiler error)
FAIL: gcc.dg/torture/vshuf-v16hi.c -O2 (test for excess errors)
WARNING: gcc.dg/torture/vshuf-v16hi.c -O2 compilation failed to produce executable
FAIL: gcc.dg/torture/vshuf-v16sf.c -O2 (internal compiler error)
FAIL: gcc.dg/torture/vshuf-v16sf.c -O2 (test for excess errors)
WARNING: gcc.dg/torture/vshuf-v16sf.c -O2 compilation failed to produce executable
FAIL: gcc.dg/torture/vshuf-v16si.c -O2 (internal compiler error)
FAIL: gcc.dg/torture/vshuf-v16si.c -O2 (test for excess errors)
WARNING: gcc.dg/torture/vshuf-v16si.c -O2 compilation failed to produce executable
FAIL: gcc.dg/torture/vshuf-v2df.c -O2 (internal compiler error)
FAIL: gcc.dg/torture/vshuf-v2df.c -O2 (test for excess errors)
WARNING: gcc.dg/torture/vshuf-v2df.c -O2 compilation failed to produce executable
FAIL: gcc.dg/torture/vshuf-v32hi.c -O2 (internal compiler error)
FAIL: gcc.dg/torture/vshuf-v32hi.c -O2 (test for excess errors)
WARNING: gcc.dg/torture/vshuf-v32hi.c -O2 compilation failed to produce executable
FAIL: gcc.dg/torture/vshuf-v32qi.c -O2 (internal compiler error)
FAIL: gcc.dg/torture/vshuf-v32qi.c -O2 (test for excess errors)
WARNING: gcc.dg/torture/vshuf-v32qi.c -O2 compilation failed to produce executable
FAIL: gcc.dg/torture/vshuf-v4df.c -O2 (internal compiler error)
FAIL: gcc.dg/torture/vshuf-v4df.c -O2 (test for excess errors)
WARNING: gcc.dg/torture/vshuf-v4df.c -O2 compilation failed to produce executable
FAIL: gcc.dg/torture/vshuf-v4di.c -O2 (internal compiler error)
FAIL: gcc.dg/torture/vshuf-v4di.c -O2 (test for excess errors)
WARNING: gcc.dg/torture/vshuf-v4di.c -O2 compilation failed to produce executable
FAIL: gcc.dg/torture/vshuf-v4sf.c -O2 (internal compiler error)
FAIL: gcc.dg/torture/vshuf-v4sf.c -O2 (test for excess errors)
WARNING: gcc.dg/torture/vshuf-v4sf.c -O2 compilation failed to produce executable
FAIL: gcc.dg/torture/vshuf-v64qi.c -O2 (internal compiler error)
FAIL: gcc.dg/torture/vshuf-v64qi.c -O2 (test for excess errors)
WARNING: gcc.dg/torture/vshuf-v64qi.c -O2 compilation failed to produce executable
FAIL: gcc.dg/torture/vshuf-v8df.c -O2 (internal compiler error)
FAIL: gcc.dg/torture/vshuf-v8df.c -O2 (test for excess errors)
WARNING: gcc.dg/torture/vshuf-v8df.c -O2 compilation failed to produce executable
FAIL: gcc.dg/torture/vshuf-v8di.c -O2 (internal compiler error)
FAIL: gcc.dg/torture/vshuf-v8di.c -O2 (test for excess errors)
WARNING: gcc.dg/torture/vshuf-v8di.c -O2 compilation failed to produce executable
FAIL: gcc.dg/torture/vshuf-v8sf.c -O2 (internal compiler error)
FAIL: gcc.dg/torture/vshuf-v8sf.c -O2 (test for excess errors)
WARNING: gcc.dg/torture/vshuf-v8sf.c -O2 compilation failed to produce executable
FAIL: gcc.dg/torture/vshuf-v8si.c -O2 (internal compiler error)
FAIL: gcc.dg/torture/vshuf-v8si.c -O2 (test for excess errors)
WARNING: gcc.dg/torture/vshuf-v8si.c -O2 compilation failed to produce executable
FAIL: gcc.dg/tree-ssa/forwprop-20.c (internal compiler error)
FAIL: gcc.dg/tree-ssa/forwprop-20.c (test for excess errors)
FAIL: gcc.dg/tree-ssa/forwprop-5.c (internal compiler error)
FAIL: gcc.dg/tree-ssa/forwprop-5.c (test for excess errors)
FAIL: gcc.dg/tree-ssa/fre-vce-1.c (internal compiler error)
FAIL: gcc.dg/tree-ssa/fre-vce-1.c (test for excess errors)
FAIL: gcc.dg/tree-ssa/pr54915.c (internal compiler error)
FAIL: gcc.dg/tree-ssa/pr54915.c (test for excess errors)
FAIL: gcc.dg/tree-ssa/ssa-fre-31.c (internal compiler error)
FAIL: gcc.dg/tree-ssa/ssa-fre-31.c (test for excess errors)
FAIL: gcc.dg/tree-ssa/ssa-fre-34.c (internal compiler error)
FAIL: gcc.dg/tree-ssa/ssa-fre-34.c (test for excess errors)
FAIL: gcc.dg/tree-ssa/vector-1.c (internal compiler error)
FAIL: gcc.dg/tree-ssa/vector-1.c (test for excess errors)
XPASS: gcc.dg/vect/no-scevccp-outer-11.c scan-tree-dump-times vect "OUTER LOOP VECTORIZED." 1
FAIL: gcc.dg/vect/pr20122.c -flto -ffat-lto-objects scan-tree-dump-times vect "Alignment of access forced using versioning" 2
FAIL: gcc.dg/vect/pr20122.c scan-tree-dump-times vect "Alignment of access forced using versioning" 2
FAIL: gcc.dg/vect/vect-singleton_1.c (internal compiler error)
FAIL: gcc.dg/vect/vect-singleton_1.c (test for excess errors)
FAIL: gcc.dg/vect/vect-singleton_1.c -flto -ffat-lto-objects (internal compiler error)
FAIL: gcc.dg/vect/vect-singleton_1.c -flto -ffat-lto-objects (test for excess errors)
=== gcc Summary for unix/-m32 ===
# of expected passes 81557
# of unexpected failures 561
# of unexpected successes 2
# of expected failures 343
# of unresolved testcases 4
# of unsupported tests 1974
=== gcc Summary ===
# of expected passes 164154
# of unexpected failures 768
# of unexpected successes 3
# of expected failures 674
# of unresolved testcases 8
# of unsupported tests 3876
/var/gcc/regression/trunk/11-gcc-gas-64/build/gcc/xgcc version 6.0.0 20150724 (experimental) [trunk revision 226149] (GCC)
=== gfortran tests ===
Running target unix
FAIL: gfortran.dg/do_iterator.f90 -O changing do-iterator 3 (test for errors, line 10)
FAIL: gfortran.dg/do_iterator.f90 -O changing do-iterator 3 (test for errors, line 9)
=== gfortran Summary for unix ===
# of expected passes 40422
# of unexpected failures 2
# of expected failures 74
# of unsupported tests 104
Running target unix/-m32
FAIL: gfortran.dg/do_iterator.f90 -O changing do-iterator 3 (test for errors, line 10)
FAIL: gfortran.dg/do_iterator.f90 -O changing do-iterator 3 (test for errors, line 9)
=== gfortran Summary for unix/-m32 ===
# of expected passes 40175
# of unexpected failures 2
# of expected failures 74
# of unsupported tests 225
=== gfortran Summary ===
# of expected passes 80597
# of unexpected failures 4
# of expected failures 148
# of unsupported tests 329
/var/gcc/regression/trunk/11-gcc-gas-64/build/gcc/testsuite/gfortran/../../gfortran version 6.0.0 20150724 (experimental) [trunk revision 226149] (GCC)
=== gnat tests ===
Running target unix/-m32
FAIL: gnat.dg/vect7.adb (test for excess errors)
=== gnat Summary for unix/-m32 ===
# of expected passes 1365
# of unexpected failures 1
# of expected failures 21
# of unsupported tests 19
Running target unix
=== gnat Summary for unix ===
# of expected passes 1366
# of expected failures 21
# of unsupported tests 19
=== gnat Summary ===
# of expected passes 2731
# of unexpected failures 1
# of expected failures 42
# of unsupported tests 38
/var/gcc/regression/trunk/11-gcc-gas-64/build/gcc/gnatmake version 6.0.0 20150724 (experimental) [trunk revision 226149]
=== go tests ===
Running target unix
FAIL: ./index0-out.go compilation, -O0 -g -fno-var-tracking-assignments
FAIL: ./slice3-out.go compilation, -O0 -g -fno-var-tracking-assignments
WARNING: program timed out.
WARNING: program timed out.
=== go Summary for unix ===
# of expected passes 7236
# of unexpected failures 2
# of expected failures 1
# of untested testcases 13
# of unsupported tests 3
Running target unix/-m32
FAIL: ./64bit-out.go compilation, -O0 -g -fno-var-tracking-assignments
FAIL: ./index0-out.go compilation, -O0 -g -fno-var-tracking-assignments
FAIL: ./select5-out.go compilation, -O0 -g -fno-var-tracking-assignments
FAIL: ./slice3-out.go compilation, -O0 -g -fno-var-tracking-assignments
WARNING: program timed out.
WARNING: program timed out.
WARNING: program timed out.
WARNING: program timed out.
=== go Summary for unix/-m32 ===
# of expected passes 7352
# of unexpected failures 4
# of expected failures 1
# of untested testcases 15
# of unsupported tests 3
=== go Summary ===
# of expected passes 14588
# of unexpected failures 6
# of expected failures 2
# of untested testcases 28
# of unsupported tests 6
=== obj-c++ tests ===
Running target unix/-m32
=== obj-c++ Summary for unix/-m32 ===
# of expected passes 1439
# of expected failures 2
# of unsupported tests 77
Running target unix
=== obj-c++ Summary for unix ===
# of expected passes 1431
# of expected failures 10
# of unsupported tests 77
=== obj-c++ Summary ===
# of expected passes 2870
# of expected failures 12
# of unsupported tests 154
/var/gcc/regression/trunk/11-gcc-gas-64/build/gcc/testsuite/obj-c++/../../xg++ version 6.0.0 20150724 (experimental) [trunk revision 226149] (GCC)
=== objc tests ===
Running target unix
=== objc Summary for unix ===
# of expected passes 2772
# of unsupported tests 68
Running target unix/-m32
=== objc Summary for unix/-m32 ===
# of expected passes 2772
# of unsupported tests 68
=== objc Summary ===
# of expected passes 5544
# of unsupported tests 136
/var/gcc/regression/trunk/11-gcc-gas-64/build/gcc/xgcc version 6.0.0 20150724 (experimental) [trunk revision 226149] (GCC)
=== boehm-gc tests ===
Running target unix/-m32
=== boehm-gc Summary for unix/-m32 ===
# of expected passes 12
# of unsupported tests 1
Running target unix
=== boehm-gc Summary for unix ===
# of expected passes 12
# of unsupported tests 1
=== boehm-gc Summary ===
# of expected passes 24
# of unsupported tests 2
=== libatomic tests ===
Running target unix/-m32
=== libatomic Summary for unix/-m32 ===
# of expected passes 44
# of unsupported tests 5
Running target unix
=== libatomic Summary for unix ===
# of expected passes 54
=== libatomic Summary ===
# of expected passes 98
# of unsupported tests 5
=== libffi tests ===
Running target unix/-m32
=== libffi Summary for unix/-m32 ===
# of expected passes 1914
# of unsupported tests 30
Running target unix
=== libffi Summary for unix ===
# of expected passes 1914
# of unsupported tests 30
=== libffi Summary ===
# of expected passes 3828
# of unsupported tests 60
=== libgo tests ===
Running target unix
FAIL: go/printer
=== libgo Summary for unix ===
# of expected passes 123
# of unexpected failures 1
Running target unix/-m32
FAIL: reflect
FAIL: go/printer
=== libgo Summary for unix/-m32 ===
# of expected passes 122
# of unexpected failures 2
=== libgo Summary ===
# of expected passes 245
# of unexpected failures 3
/var/gcc/regression/trunk/11-gcc-gas-64/build/./gcc/gccgo version 6.0.0 20150724 (experimental) [trunk revision 226149] (GCC)
=== libgomp tests ===
Running target unix/-m32
=== libgomp Summary for unix/-m32 ===
# of expected passes 5055
# of expected failures 8
# of unsupported tests 303
Running target unix
=== libgomp Summary for unix ===
# of expected passes 5055
# of expected failures 8
# of unsupported tests 303
=== libgomp Summary ===
# of expected passes 10110
# of expected failures 16
# of unsupported tests 606
=== libitm tests ===
Running target unix/-m32
=== libitm Summary for unix/-m32 ===
# of expected passes 26
# of expected failures 3
# of unsupported tests 1
Running target unix
=== libitm Summary for unix ===
# of expected passes 26
# of expected failures 3
# of unsupported tests 1
=== libitm Summary ===
# of expected passes 52
# of expected failures 6
# of unsupported tests 2
=== libjava tests ===
Running target unix/-m32
=== libjava Summary for unix/-m32 ===
# of expected passes 2582
# of expected failures 4
Running target unix
=== libjava Summary for unix ===
# of expected passes 2582
# of expected failures 4
=== libjava Summary ===
# of expected passes 5164
# of expected failures 8
=== libstdc++ tests ===
Running target unix
FAIL: libstdc++-abi/abi_check
=== libstdc++ Summary for unix ===
# of expected passes 9666
# of unexpected failures 1
# of expected failures 67
# of unsupported tests 617
Running target unix/-m32
FAIL: libstdc++-abi/abi_check
=== libstdc++ Summary for unix/-m32 ===
# of expected passes 9666
# of unexpected failures 1
# of expected failures 67
# of unsupported tests 617
=== libstdc++ Summary ===
# of expected passes 19332
# of unexpected failures 2
# of expected failures 134
# of unsupported tests 1234
Compiler version: 6.0.0 20150724 (experimental) [trunk revision 226149] (GCC)
Platform: sparcv9-sun-solaris2.11
configure flags: --prefix=/vol/gcc --target=sparcv9-sun-solaris2.11 --enable-objc-gc --enable-libmudflap --with-as=/vol/gcc/bin/sparcv9/gas-2.25 --with-gnu-as --with-gmp-include=/vol/gcc/include --with-gmp-lib=/vol/gcc/lib/sparcv9 --with-mpfr-include=/vol/gcc/include --with-mpfr-lib=/vol/gcc/lib/sparcv9 --with-mpc-include=/vol/gcc/include --with-mpc-lib=/vol/gcc/lib/sparcv9 --enable-languages=all,ada,obj-c++,go --with-isl-include=/vol/gcc/include --with-isl-lib=/vol/gcc/lib/sparcv9 --with-cloog-include=/vol/gcc/include --with-cloog-lib=/vol/gcc/lib/sparcv9 --enable-cloog-backend=isl --build=sparcv9-sun-solaris2.11 --host=sparcv9-sun-solaris2.11
BOOT_CFLAGS=-g -O2