This is the mail archive of the gcc-testresults@gcc.gnu.org mailing list for the GCC project.


Index Nav: [Date Index] [Subject Index] [Author Index] [Thread Index]
Message Nav: [Date Prev] [Date Next] [Thread Prev] [Thread Next]
Other format: [Raw text]

FW: Results for 6.0.0 20150725 (experimental) (GCC) testsuite on x86_64-unknown-linux-gnu




________________________________________
From: jenkins
Sent: Saturday, July 25, 2015 9:46:43 PM (UTC-08:00) Pacific Time (US & Canada)
To: apinski@cavium.com
Subject: Results for 6.0.0 20150725 (experimental) (GCC) testsuite on x86_64-unknown-linux-gnu

Native configuration is x86_64-unknown-linux-gnu

                === gcc tests ===


Running target unix//-m32
FAIL: gcc.dg/debug/dwarf2/stacked-qualified-types-3.c scan-assembler-times DIE \\\\([^\\n]*\\\\) DW_TAG_(?:const|volatile|atomic|restrict)_type 8
FAIL: gcc.dg/torture/tls/run-ld.c   -O1  -pie -fPIE  execution test
FAIL: gcc.dg/torture/tls/run-ld.c   -O1  -pie -fpie  execution test
FAIL: gcc.dg/torture/tls/run-ld.c   -O2  -pie -fPIE  execution test
FAIL: gcc.dg/torture/tls/run-ld.c   -O2  -pie -fpie  execution test
FAIL: gcc.dg/torture/tls/run-ld.c   -O3 -g  -pie -fPIE  execution test
FAIL: gcc.dg/torture/tls/run-ld.c   -O3 -g  -pie -fpie  execution test
FAIL: gcc.dg/torture/tls/run-ld.c   -Os  -pie -fPIE  execution test
FAIL: gcc.dg/torture/tls/run-ld.c   -Os  -pie -fpie  execution test
XPASS: gcc.dg/vect/no-scevccp-outer-11.c scan-tree-dump-times vect "OUTER LOOP VECTORIZED." 1
FAIL: gcc.target/i386/pr61403.c scan-assembler blend

                === gcc Summary for unix//-m32 ===

# of expected passes            102803
# of unexpected failures        10
# of unexpected successes       1
# of expected failures          274
# of unsupported tests          2718

Running target unix//-m64
FAIL: gcc.dg/debug/dwarf2/stacked-qualified-types-3.c scan-assembler-times DIE \\\\([^\\n]*\\\\) DW_TAG_(?:const|volatile|atomic|restrict)_type 8
XPASS: gcc.dg/vect/no-scevccp-outer-11.c scan-tree-dump-times vect "OUTER LOOP VECTORIZED." 1
FAIL: gcc.target/i386/pr49781-1.c scan-assembler-not lea[lq]?[ \\t]\\\\((%|)r[a-z0-9]*
FAIL: gcc.target/i386/pr56114.c (test for excess errors)
FAIL: gcc.target/i386/pr61403.c scan-assembler blend

                === gcc Summary for unix//-m64 ===

# of expected passes            103603
# of unexpected failures        4
# of unexpected successes       1
# of expected failures          273
# of unsupported tests          2920

                === gcc Summary ===

# of expected passes            206406
# of unexpected failures        14
# of unexpected successes       2
# of expected failures          547
# of unsupported tests          5638
/home/jenkins/workspace/GCCupstream/objdir/gcc/xgcc  version 6.0.0 20150725 (experimental) (GCC)

                === gfortran tests ===


Running target unix//-m32

                === gfortran Summary for unix//-m32 ===

# of expected passes            40219
# of expected failures          58
# of unsupported tests          177

Running target unix//-m64

                === gfortran Summary for unix//-m64 ===

# of expected passes            40436
# of expected failures          58
# of unsupported tests          73

                === gfortran Summary ===

# of expected passes            80655
# of expected failures          116
# of unsupported tests          250
/home/jenkins/workspace/GCCupstream/objdir/gcc/testsuite/gfortran/../../gfortran  version 6.0.0 20150725 (experimental) (GCC)

                === g++ tests ===


Running target unix//-m32
FAIL: g++.dg/other/anon5.C  -std=gnu++11 (test for excess errors)
FAIL: g++.dg/other/anon5.C  -std=gnu++14 (test for excess errors)
FAIL: g++.dg/other/anon5.C  -std=gnu++98 (test for excess errors)
FAIL: g++.dg/other/pr59492.C  -std=gnu++11 (test for excess errors)
FAIL: g++.dg/other/pr59492.C  -std=gnu++14 (test for excess errors)
FAIL: g++.dg/other/pr59492.C  -std=gnu++98 (test for excess errors)

                === g++ Summary for unix//-m32 ===

# of expected passes            92190
# of unexpected failures        6
# of expected failures          333
# of unsupported tests          3209

Running target unix//-m64
FAIL: g++.dg/other/anon5.C  -std=gnu++11 (test for excess errors)
FAIL: g++.dg/other/anon5.C  -std=gnu++14 (test for excess errors)
FAIL: g++.dg/other/anon5.C  -std=gnu++98 (test for excess errors)

                === g++ Summary for unix//-m64 ===

# of expected passes            93779
# of unexpected failures        3
# of expected failures          333
# of unsupported tests          3451

                === g++ Summary ===

# of expected passes            185969
# of unexpected failures        9
# of expected failures          666
# of unsupported tests          6660
/home/jenkins/workspace/GCCupstream/objdir/gcc/testsuite/g++/../../xg++  version 6.0.0 20150725 (experimental) (GCC)

                === objc tests ===


Running target unix//-m32

                === objc Summary for unix//-m32 ===

# of expected passes            2766
# of expected failures          6
# of unsupported tests          68

Running target unix//-m64

                === objc Summary for unix//-m64 ===

# of expected passes            2766
# of expected failures          6
# of unsupported tests          68

                === objc Summary ===

# of expected passes            5532
# of expected failures          12
# of unsupported tests          136
/home/jenkins/workspace/GCCupstream/objdir/gcc/xgcc  version 6.0.0 20150725 (experimental) (GCC)

                === boehm-gc tests ===


Running target unix//-m32

                === boehm-gc Summary for unix//-m32 ===

# of expected passes            12
# of unsupported tests          1

Running target unix//-m64

                === boehm-gc Summary for unix//-m64 ===

# of expected passes            12
# of unsupported tests          1

                === boehm-gc Summary ===

# of expected passes            24
# of unsupported tests          2
                === libatomic tests ===


Running target unix//-m32

                === libatomic Summary for unix//-m32 ===

# of expected passes            44
# of unsupported tests          5

Running target unix//-m64

                === libatomic Summary for unix//-m64 ===

# of expected passes            54

                === libatomic Summary ===

# of expected passes            98
# of unsupported tests          5
                === libffi tests ===


Running target unix//-m32

                === libffi Summary for unix//-m32 ===

# of expected passes            2439
# of unsupported tests          30

Running target unix//-m64

                === libffi Summary for unix//-m64 ===

# of expected passes            1914
# of unsupported tests          30

                === libffi Summary ===

# of expected passes            4353
# of unsupported tests          60
                === libgomp tests ===


Running target unix//-m32

                === libgomp Summary for unix//-m32 ===

# of expected passes            5013
# of expected failures          8
# of unsupported tests          300

Running target unix//-m64

                === libgomp Summary for unix//-m64 ===

# of expected passes            5013
# of expected failures          8
# of unsupported tests          300

                === libgomp Summary ===

# of expected passes            10026
# of expected failures          16
# of unsupported tests          600
                === libitm tests ===


Running target unix//-m32

                === libitm Summary for unix//-m32 ===

# of expected passes            26
# of expected failures          3
# of unsupported tests          1

Running target unix//-m64

                === libitm Summary for unix//-m64 ===

# of expected passes            26
# of expected failures          3
# of unsupported tests          1

                === libitm Summary ===

# of expected passes            52
# of expected failures          6
# of unsupported tests          2
                === libjava tests ===


Running target unix//-m32

                === libjava Summary for unix//-m32 ===

# of expected passes            2582
# of expected failures          4

Running target unix//-m64

                === libjava Summary for unix//-m64 ===

# of expected passes            2582
# of expected failures          4

                === libjava Summary ===

# of expected passes            5164
# of expected failures          8
                === libstdc++ tests ===


Running target unix//-m32
FAIL: 23_containers/map/modifiers/erase/dr130-linkage-check.cc (test for excess errors)
UNRESOLVED: 23_containers/map/modifiers/erase/dr130-linkage-check.cc compilation failed to produce executable
FAIL: 23_containers/multimap/modifiers/erase/dr130-linkage-check.cc (test for excess errors)
UNRESOLVED: 23_containers/multimap/modifiers/erase/dr130-linkage-check.cc compilation failed to produce executable
FAIL: 23_containers/multiset/modifiers/erase/dr130-linkage-check.cc (test for excess errors)
UNRESOLVED: 23_containers/multiset/modifiers/erase/dr130-linkage-check.cc compilation failed to produce executable
FAIL: 23_containers/set/modifiers/erase/dr130-linkage-check.cc (test for excess errors)
UNRESOLVED: 23_containers/set/modifiers/erase/dr130-linkage-check.cc compilation failed to produce executable

                === libstdc++ Summary for unix//-m32 ===

# of expected passes            10009
# of unexpected failures        4
# of expected failures          66
# of unresolved testcases       4
# of unsupported tests          542

Running target unix//-m64

                === libstdc++ Summary for unix//-m64 ===

# of expected passes            10009
# of expected failures          66
# of unsupported tests          546

                === libstdc++ Summary ===

# of expected passes            20018
# of unexpected failures        4
# of expected failures          132
# of unresolved testcases       4
# of unsupported tests          1088

Compiler version: 6.0.0 20150725 (experimental) (GCC)
Platform: x86_64-unknown-linux-gnu
configure flags: --prefix=/home/jenkins/workspace/GCCupstream/objdir/install


Index Nav: [Date Index] [Subject Index] [Author Index] [Thread Index]
Message Nav: [Date Prev] [Date Next] [Thread Prev] [Thread Next]