This is the mail archive of the
gcc-testresults@gcc.gnu.org
mailing list for the GCC project.
Results for 6.0.0 20150723 (experimental) (GCC) testsuite on s390x-ibm-linux-gnu z10
- From: Andreas Krebbel <krebbel at linux dot vnet dot ibm dot com>
- To: gcc-testresults at gcc dot gnu dot org
- Date: Fri, 24 Jul 2015 11:30:03 +0200
- Subject: Results for 6.0.0 20150723 (experimental) (GCC) testsuite on s390x-ibm-linux-gnu z10
- Authentication-results: sourceware.org; auth=none
LAST_UPDATED: Thu Jul 23 17:20:54 UTC 2015 (revision 226115)
=== acats tests ===
FAIL: c52103x
FAIL: c52104x
FAIL: cb1010a
=== acats Summary ===
# of expected passes 2317
# of unexpected failures 3
Native configuration is s390x-ibm-linux-gnu z10
=== g++ tests ===
Running target unix
FAIL: c-c++-common/Wunused-var-12.c -std=gnu++11 (internal compiler error)
FAIL: c-c++-common/Wunused-var-12.c -std=gnu++11 (test for excess errors)
FAIL: c-c++-common/Wunused-var-12.c -std=gnu++14 (internal compiler error)
FAIL: c-c++-common/Wunused-var-12.c -std=gnu++14 (test for excess errors)
FAIL: c-c++-common/Wunused-var-12.c -std=gnu++98 (internal compiler error)
FAIL: c-c++-common/Wunused-var-12.c -std=gnu++98 (test for excess errors)
FAIL: c-c++-common/opaque-vector.c -std=c++11 (internal compiler error)
FAIL: c-c++-common/opaque-vector.c -std=c++11 (test for excess errors)
FAIL: c-c++-common/opaque-vector.c -std=c++14 (internal compiler error)
FAIL: c-c++-common/opaque-vector.c -std=c++14 (test for excess errors)
FAIL: c-c++-common/opaque-vector.c -std=c++98 (internal compiler error)
FAIL: c-c++-common/opaque-vector.c -std=c++98 (test for excess errors)
FAIL: c-c++-common/pr63764-2.c -std=c++11 (internal compiler error)
FAIL: c-c++-common/pr63764-2.c -std=c++11 (test for excess errors)
FAIL: c-c++-common/pr63764-2.c -std=c++14 (internal compiler error)
FAIL: c-c++-common/pr63764-2.c -std=c++14 (test for excess errors)
FAIL: c-c++-common/pr63764-2.c -std=c++98 (internal compiler error)
FAIL: c-c++-common/pr63764-2.c -std=c++98 (test for excess errors)
FAIL: c-c++-common/vector-scalar.c -std=c++11 (internal compiler error)
FAIL: c-c++-common/vector-scalar.c -std=c++11 (test for excess errors)
FAIL: c-c++-common/vector-scalar.c -std=c++14 (internal compiler error)
FAIL: c-c++-common/vector-scalar.c -std=c++14 (test for excess errors)
FAIL: c-c++-common/vector-scalar.c -std=c++98 (internal compiler error)
FAIL: c-c++-common/vector-scalar.c -std=c++98 (test for excess errors)
FAIL: g++.dg/cpp0x/decltype-54581.C -std=gnu++11 (internal compiler error)
FAIL: g++.dg/cpp0x/decltype-54581.C -std=gnu++11 (test for excess errors)
FAIL: g++.dg/cpp0x/decltype-54581.C -std=gnu++14 (internal compiler error)
FAIL: g++.dg/cpp0x/decltype-54581.C -std=gnu++14 (test for excess errors)
FAIL: g++.dg/cpp0x/initlist-vect.C -std=c++11 (internal compiler error)
FAIL: g++.dg/cpp0x/initlist-vect.C -std=c++11 (test for excess errors)
FAIL: g++.dg/cpp0x/initlist-vect.C -std=c++14 (internal compiler error)
FAIL: g++.dg/cpp0x/initlist-vect.C -std=c++14 (test for excess errors)
FAIL: g++.dg/ext/attribute-test-3.C -std=c++11 (internal compiler error)
FAIL: g++.dg/ext/attribute-test-3.C -std=c++11 (test for excess errors)
WARNING: g++.dg/ext/attribute-test-3.C -std=c++11 compilation failed to produce executable
FAIL: g++.dg/ext/attribute-test-3.C -std=c++14 (internal compiler error)
FAIL: g++.dg/ext/attribute-test-3.C -std=c++14 (test for excess errors)
WARNING: g++.dg/ext/attribute-test-3.C -std=c++14 compilation failed to produce executable
FAIL: g++.dg/ext/attribute-test-3.C -std=c++98 (internal compiler error)
FAIL: g++.dg/ext/attribute-test-3.C -std=c++98 (test for excess errors)
WARNING: g++.dg/ext/attribute-test-3.C -std=c++98 compilation failed to produce executable
FAIL: g++.dg/ext/attribute-test-4.C -std=c++11 (internal compiler error)
FAIL: g++.dg/ext/attribute-test-4.C -std=c++11 (test for excess errors)
WARNING: g++.dg/ext/attribute-test-4.C -std=c++11 compilation failed to produce executable
FAIL: g++.dg/ext/attribute-test-4.C -std=c++14 (internal compiler error)
FAIL: g++.dg/ext/attribute-test-4.C -std=c++14 (test for excess errors)
WARNING: g++.dg/ext/attribute-test-4.C -std=c++14 compilation failed to produce executable
FAIL: g++.dg/ext/attribute-test-4.C -std=c++98 (internal compiler error)
FAIL: g++.dg/ext/attribute-test-4.C -std=c++98 (test for excess errors)
WARNING: g++.dg/ext/attribute-test-4.C -std=c++98 compilation failed to produce executable
FAIL: g++.dg/ext/pr59378.C -std=c++11 (internal compiler error)
FAIL: g++.dg/ext/pr59378.C -std=c++11 (test for excess errors)
FAIL: g++.dg/ext/pr59378.C -std=c++14 (internal compiler error)
FAIL: g++.dg/ext/pr59378.C -std=c++14 (test for excess errors)
FAIL: g++.dg/ext/pr59378.C -std=c++98 (internal compiler error)
FAIL: g++.dg/ext/pr59378.C -std=c++98 (test for excess errors)
FAIL: g++.dg/ext/vector27.C -std=c++11 (internal compiler error)
FAIL: g++.dg/ext/vector27.C -std=c++11 (test for excess errors)
FAIL: g++.dg/ext/vector27.C -std=c++14 (internal compiler error)
FAIL: g++.dg/ext/vector27.C -std=c++14 (test for excess errors)
FAIL: g++.dg/ext/vector27.C -std=c++98 (internal compiler error)
FAIL: g++.dg/ext/vector27.C -std=c++98 (test for excess errors)
FAIL: g++.dg/ext/vector28.C -std=c++11 (internal compiler error)
FAIL: g++.dg/ext/vector28.C -std=c++11 (test for excess errors)
FAIL: g++.dg/ext/vector28.C -std=c++14 (internal compiler error)
FAIL: g++.dg/ext/vector28.C -std=c++14 (test for excess errors)
FAIL: g++.dg/ext/vector28.C -std=c++98 (internal compiler error)
FAIL: g++.dg/ext/vector28.C -std=c++98 (test for excess errors)
FAIL: g++.dg/opt/pr56381.C -std=gnu++11 (internal compiler error)
FAIL: g++.dg/opt/pr56381.C -std=gnu++11 (test for excess errors)
FAIL: g++.dg/opt/pr56381.C -std=gnu++14 (internal compiler error)
FAIL: g++.dg/opt/pr56381.C -std=gnu++14 (test for excess errors)
FAIL: g++.dg/other/vector-compare.C -std=gnu++11 (internal compiler error)
FAIL: g++.dg/other/vector-compare.C -std=gnu++11 (test for excess errors)
FAIL: g++.dg/other/vector-compare.C -std=gnu++14 (internal compiler error)
FAIL: g++.dg/other/vector-compare.C -std=gnu++14 (test for excess errors)
FAIL: g++.dg/parse/attr2.C -std=c++11 (internal compiler error)
FAIL: g++.dg/parse/attr2.C -std=c++11 (test for excess errors)
FAIL: g++.dg/parse/attr2.C -std=c++14 (internal compiler error)
FAIL: g++.dg/parse/attr2.C -std=c++14 (test for excess errors)
FAIL: g++.dg/parse/attr2.C -std=c++98 (internal compiler error)
FAIL: g++.dg/parse/attr2.C -std=c++98 (test for excess errors)
FAIL: g++.dg/guality/pr55665.C -O2 line 23 p == 40
FAIL: g++.dg/guality/pr55665.C -O3 -g line 23 p == 40
FAIL: c-c++-common/torture/vector-compare-1.c -O0 (internal compiler error)
FAIL: c-c++-common/torture/vector-compare-1.c -O0 (test for excess errors)
WARNING: c-c++-common/torture/vector-compare-1.c -O0 compilation failed to produce executable
FAIL: c-c++-common/torture/vector-compare-1.c -O1 (internal compiler error)
FAIL: c-c++-common/torture/vector-compare-1.c -O1 (test for excess errors)
WARNING: c-c++-common/torture/vector-compare-1.c -O1 compilation failed to produce executable
FAIL: c-c++-common/torture/vector-compare-1.c -O2 (internal compiler error)
FAIL: c-c++-common/torture/vector-compare-1.c -O2 (test for excess errors)
WARNING: c-c++-common/torture/vector-compare-1.c -O2 compilation failed to produce executable
FAIL: c-c++-common/torture/vector-compare-1.c -O2 -flto -fno-use-linker-plugin -flto-partition=none (internal compiler error)
FAIL: c-c++-common/torture/vector-compare-1.c -O2 -flto -fno-use-linker-plugin -flto-partition=none (test for excess errors)
WARNING: c-c++-common/torture/vector-compare-1.c -O2 -flto -fno-use-linker-plugin -flto-partition=none compilation failed to produce executable
FAIL: c-c++-common/torture/vector-compare-1.c -O2 -flto -fuse-linker-plugin -fno-fat-lto-objects (internal compiler error)
FAIL: c-c++-common/torture/vector-compare-1.c -O2 -flto -fuse-linker-plugin -fno-fat-lto-objects (test for excess errors)
WARNING: c-c++-common/torture/vector-compare-1.c -O2 -flto -fuse-linker-plugin -fno-fat-lto-objects compilation failed to produce executable
FAIL: c-c++-common/torture/vector-compare-1.c -O3 -fomit-frame-pointer -funroll-loops -fpeel-loops -ftracer -finline-functions (internal compiler error)
FAIL: c-c++-common/torture/vector-compare-1.c -O3 -fomit-frame-pointer -funroll-loops -fpeel-loops -ftracer -finline-functions (test for excess errors)
WARNING: c-c++-common/torture/vector-compare-1.c -O3 -fomit-frame-pointer -funroll-loops -fpeel-loops -ftracer -finline-functions compilation failed to produce executable
FAIL: c-c++-common/torture/vector-compare-1.c -O3 -g (internal compiler error)
FAIL: c-c++-common/torture/vector-compare-1.c -O3 -g (test for excess errors)
WARNING: c-c++-common/torture/vector-compare-1.c -O3 -g compilation failed to produce executable
FAIL: c-c++-common/torture/vector-compare-1.c -Os (internal compiler error)
FAIL: c-c++-common/torture/vector-compare-1.c -Os (test for excess errors)
WARNING: c-c++-common/torture/vector-compare-1.c -Os compilation failed to produce executable
FAIL: c-c++-common/torture/vector-compare-2.c -O0 (internal compiler error)
FAIL: c-c++-common/torture/vector-compare-2.c -O0 (test for excess errors)
WARNING: c-c++-common/torture/vector-compare-2.c -O0 compilation failed to produce executable
FAIL: c-c++-common/torture/vector-shift1.c -O0 (internal compiler error)
FAIL: c-c++-common/torture/vector-shift1.c -O0 (test for excess errors)
WARNING: c-c++-common/torture/vector-shift1.c -O0 compilation failed to produce executable
FAIL: c-c++-common/torture/vector-shift2.c -O0 (internal compiler error)
FAIL: c-c++-common/torture/vector-shift2.c -O0 (test for excess errors)
WARNING: c-c++-common/torture/vector-shift2.c -O0 compilation failed to produce executable
FAIL: c-c++-common/torture/vshuf-v2df.c -O0 (internal compiler error)
FAIL: c-c++-common/torture/vshuf-v2df.c -O0 (test for excess errors)
FAIL: c-c++-common/torture/vshuf-v2df.c -O1 (internal compiler error)
FAIL: c-c++-common/torture/vshuf-v2df.c -O1 (test for excess errors)
FAIL: c-c++-common/torture/vshuf-v2df.c -O2 (internal compiler error)
FAIL: c-c++-common/torture/vshuf-v2df.c -O2 (test for excess errors)
FAIL: c-c++-common/torture/vshuf-v2df.c -O2 -flto -fno-use-linker-plugin -flto-partition=none (internal compiler error)
FAIL: c-c++-common/torture/vshuf-v2df.c -O2 -flto -fno-use-linker-plugin -flto-partition=none (test for excess errors)
FAIL: c-c++-common/torture/vshuf-v2df.c -O3 -g (internal compiler error)
FAIL: c-c++-common/torture/vshuf-v2df.c -O3 -g (test for excess errors)
FAIL: c-c++-common/torture/vshuf-v2df.c -Os (internal compiler error)
FAIL: c-c++-common/torture/vshuf-v2df.c -Os (test for excess errors)
FAIL: c-c++-common/torture/vshuf-v4df.c -O0 (internal compiler error)
FAIL: c-c++-common/torture/vshuf-v4df.c -O0 (test for excess errors)
FAIL: c-c++-common/torture/vshuf-v4df.c -O1 (internal compiler error)
FAIL: c-c++-common/torture/vshuf-v4df.c -O1 (test for excess errors)
FAIL: c-c++-common/torture/vshuf-v4df.c -O2 (internal compiler error)
FAIL: c-c++-common/torture/vshuf-v4df.c -O2 (test for excess errors)
FAIL: c-c++-common/torture/vshuf-v4df.c -O2 -flto -fno-use-linker-plugin -flto-partition=none (internal compiler error)
FAIL: c-c++-common/torture/vshuf-v4df.c -O2 -flto -fno-use-linker-plugin -flto-partition=none (test for excess errors)
FAIL: c-c++-common/torture/vshuf-v4df.c -O3 -g (internal compiler error)
FAIL: c-c++-common/torture/vshuf-v4df.c -O3 -g (test for excess errors)
FAIL: c-c++-common/torture/vshuf-v4df.c -Os (internal compiler error)
FAIL: c-c++-common/torture/vshuf-v4df.c -Os (test for excess errors)
FAIL: c-c++-common/torture/vshuf-v4sf.c -O0 (internal compiler error)
FAIL: c-c++-common/torture/vshuf-v4sf.c -O0 (test for excess errors)
FAIL: c-c++-common/torture/vshuf-v4sf.c -O1 (internal compiler error)
FAIL: c-c++-common/torture/vshuf-v4sf.c -O1 (test for excess errors)
FAIL: c-c++-common/torture/vshuf-v4sf.c -O2 (internal compiler error)
FAIL: c-c++-common/torture/vshuf-v4sf.c -O2 (test for excess errors)
FAIL: c-c++-common/torture/vshuf-v4sf.c -O2 -flto -fno-use-linker-plugin -flto-partition=none (internal compiler error)
FAIL: c-c++-common/torture/vshuf-v4sf.c -O2 -flto -fno-use-linker-plugin -flto-partition=none (test for excess errors)
FAIL: c-c++-common/torture/vshuf-v4sf.c -O3 -g (internal compiler error)
FAIL: c-c++-common/torture/vshuf-v4sf.c -O3 -g (test for excess errors)
FAIL: c-c++-common/torture/vshuf-v4sf.c -Os (internal compiler error)
FAIL: c-c++-common/torture/vshuf-v4sf.c -Os (test for excess errors)
FAIL: g++.dg/torture/pr63419.C -O0 (internal compiler error)
FAIL: g++.dg/torture/pr63419.C -O0 (test for excess errors)
FAIL: g++.dg/torture/pr63419.C -O1 (internal compiler error)
FAIL: g++.dg/torture/pr63419.C -O1 (test for excess errors)
FAIL: g++.dg/torture/pr63419.C -O2 (internal compiler error)
FAIL: g++.dg/torture/pr63419.C -O2 (test for excess errors)
FAIL: g++.dg/torture/pr63419.C -O2 -flto -fno-use-linker-plugin -flto-partition=none (internal compiler error)
FAIL: g++.dg/torture/pr63419.C -O2 -flto -fno-use-linker-plugin -flto-partition=none (test for excess errors)
FAIL: g++.dg/torture/pr63419.C -O3 -fomit-frame-pointer -funroll-loops -fpeel-loops -ftracer -finline-functions (internal compiler error)
FAIL: g++.dg/torture/pr63419.C -O3 -fomit-frame-pointer -funroll-loops -fpeel-loops -ftracer -finline-functions (test for excess errors)
FAIL: g++.dg/torture/pr63419.C -O3 -g (internal compiler error)
FAIL: g++.dg/torture/pr63419.C -O3 -g (test for excess errors)
FAIL: g++.dg/torture/pr63419.C -Os (internal compiler error)
FAIL: g++.dg/torture/pr63419.C -Os (test for excess errors)
FAIL: g++.dg/torture/vshuf-v2df.C -O0 (internal compiler error)
FAIL: g++.dg/torture/vshuf-v2df.C -O0 (test for excess errors)
WARNING: g++.dg/torture/vshuf-v2df.C -O0 compilation failed to produce executable
FAIL: g++.dg/torture/vshuf-v2df.C -O1 (internal compiler error)
FAIL: g++.dg/torture/vshuf-v2df.C -O1 (test for excess errors)
WARNING: g++.dg/torture/vshuf-v2df.C -O1 compilation failed to produce executable
FAIL: g++.dg/torture/vshuf-v2df.C -O2 (internal compiler error)
FAIL: g++.dg/torture/vshuf-v2df.C -O2 (test for excess errors)
WARNING: g++.dg/torture/vshuf-v2df.C -O2 compilation failed to produce executable
FAIL: g++.dg/torture/vshuf-v2df.C -O2 -flto -fno-use-linker-plugin -flto-partition=none (internal compiler error)
FAIL: g++.dg/torture/vshuf-v2df.C -O2 -flto -fno-use-linker-plugin -flto-partition=none (test for excess errors)
WARNING: g++.dg/torture/vshuf-v2df.C -O2 -flto -fno-use-linker-plugin -flto-partition=none compilation failed to produce executable
FAIL: g++.dg/torture/vshuf-v2df.C -O2 -flto -fuse-linker-plugin -fno-fat-lto-objects (internal compiler error)
FAIL: g++.dg/torture/vshuf-v2df.C -O2 -flto -fuse-linker-plugin -fno-fat-lto-objects (test for excess errors)
WARNING: g++.dg/torture/vshuf-v2df.C -O2 -flto -fuse-linker-plugin -fno-fat-lto-objects compilation failed to produce executable
FAIL: g++.dg/torture/vshuf-v2df.C -O3 -g (internal compiler error)
FAIL: g++.dg/torture/vshuf-v2df.C -O3 -g (test for excess errors)
WARNING: g++.dg/torture/vshuf-v2df.C -O3 -g compilation failed to produce executable
FAIL: g++.dg/torture/vshuf-v2df.C -Os (internal compiler error)
FAIL: g++.dg/torture/vshuf-v2df.C -Os (test for excess errors)
WARNING: g++.dg/torture/vshuf-v2df.C -Os compilation failed to produce executable
FAIL: g++.dg/torture/vshuf-v4df.C -O0 (internal compiler error)
FAIL: g++.dg/torture/vshuf-v4df.C -O0 (test for excess errors)
WARNING: g++.dg/torture/vshuf-v4df.C -O0 compilation failed to produce executable
FAIL: g++.dg/torture/vshuf-v4df.C -O1 (internal compiler error)
FAIL: g++.dg/torture/vshuf-v4df.C -O1 (test for excess errors)
WARNING: g++.dg/torture/vshuf-v4df.C -O1 compilation failed to produce executable
FAIL: g++.dg/torture/vshuf-v4df.C -O2 (internal compiler error)
FAIL: g++.dg/torture/vshuf-v4df.C -O2 (test for excess errors)
WARNING: g++.dg/torture/vshuf-v4df.C -O2 compilation failed to produce executable
FAIL: g++.dg/torture/vshuf-v4df.C -O2 -flto -fno-use-linker-plugin -flto-partition=none (internal compiler error)
FAIL: g++.dg/torture/vshuf-v4df.C -O2 -flto -fno-use-linker-plugin -flto-partition=none (test for excess errors)
WARNING: g++.dg/torture/vshuf-v4df.C -O2 -flto -fno-use-linker-plugin -flto-partition=none compilation failed to produce executable
FAIL: g++.dg/torture/vshuf-v4df.C -O2 -flto -fuse-linker-plugin -fno-fat-lto-objects (internal compiler error)
FAIL: g++.dg/torture/vshuf-v4df.C -O2 -flto -fuse-linker-plugin -fno-fat-lto-objects (test for excess errors)
WARNING: g++.dg/torture/vshuf-v4df.C -O2 -flto -fuse-linker-plugin -fno-fat-lto-objects compilation failed to produce executable
FAIL: g++.dg/torture/vshuf-v4df.C -O3 -g (internal compiler error)
FAIL: g++.dg/torture/vshuf-v4df.C -O3 -g (test for excess errors)
WARNING: g++.dg/torture/vshuf-v4df.C -O3 -g compilation failed to produce executable
FAIL: g++.dg/torture/vshuf-v4df.C -Os (internal compiler error)
FAIL: g++.dg/torture/vshuf-v4df.C -Os (test for excess errors)
WARNING: g++.dg/torture/vshuf-v4df.C -Os compilation failed to produce executable
FAIL: g++.dg/torture/vshuf-v4sf.C -O0 (internal compiler error)
FAIL: g++.dg/torture/vshuf-v4sf.C -O0 (test for excess errors)
WARNING: g++.dg/torture/vshuf-v4sf.C -O0 compilation failed to produce executable
FAIL: g++.dg/torture/vshuf-v4sf.C -O1 (internal compiler error)
FAIL: g++.dg/torture/vshuf-v4sf.C -O1 (test for excess errors)
WARNING: g++.dg/torture/vshuf-v4sf.C -O1 compilation failed to produce executable
FAIL: g++.dg/torture/vshuf-v4sf.C -O2 (internal compiler error)
FAIL: g++.dg/torture/vshuf-v4sf.C -O2 (test for excess errors)
WARNING: g++.dg/torture/vshuf-v4sf.C -O2 compilation failed to produce executable
FAIL: g++.dg/torture/vshuf-v4sf.C -O2 -flto -fno-use-linker-plugin -flto-partition=none (internal compiler error)
FAIL: g++.dg/torture/vshuf-v4sf.C -O2 -flto -fno-use-linker-plugin -flto-partition=none (test for excess errors)
WARNING: g++.dg/torture/vshuf-v4sf.C -O2 -flto -fno-use-linker-plugin -flto-partition=none compilation failed to produce executable
FAIL: g++.dg/torture/vshuf-v4sf.C -O2 -flto -fuse-linker-plugin -fno-fat-lto-objects (internal compiler error)
FAIL: g++.dg/torture/vshuf-v4sf.C -O2 -flto -fuse-linker-plugin -fno-fat-lto-objects (test for excess errors)
WARNING: g++.dg/torture/vshuf-v4sf.C -O2 -flto -fuse-linker-plugin -fno-fat-lto-objects compilation failed to produce executable
FAIL: g++.dg/torture/vshuf-v4sf.C -O3 -g (internal compiler error)
FAIL: g++.dg/torture/vshuf-v4sf.C -O3 -g (test for excess errors)
WARNING: g++.dg/torture/vshuf-v4sf.C -O3 -g compilation failed to produce executable
FAIL: g++.dg/torture/vshuf-v4sf.C -Os (internal compiler error)
FAIL: g++.dg/torture/vshuf-v4sf.C -Os (test for excess errors)
WARNING: g++.dg/torture/vshuf-v4sf.C -Os compilation failed to produce executable
=== g++ Summary ===
# of expected passes 85081
# of unexpected failures 192
# of expected failures 284
# of unsupported tests 3438
-z10/gcc/testsuite/g++/../../xg++ version 6.0.0 20150723 (experimental) (GCC)
=== gcc tests ===
Running target unix
FAIL: gcc.c-torture/compile/pr33614.c -O0 (internal compiler error)
FAIL: gcc.c-torture/compile/pr33614.c -O0 (test for excess errors)
FAIL: gcc.c-torture/compile/pr33614.c -O1 (internal compiler error)
FAIL: gcc.c-torture/compile/pr33614.c -O1 (test for excess errors)
FAIL: gcc.c-torture/compile/pr33614.c -O2 (internal compiler error)
FAIL: gcc.c-torture/compile/pr33614.c -O2 (test for excess errors)
FAIL: gcc.c-torture/compile/pr33614.c -O2 -flto -fno-use-linker-plugin -flto-partition=none (internal compiler error)
FAIL: gcc.c-torture/compile/pr33614.c -O2 -flto -fno-use-linker-plugin -flto-partition=none (test for excess errors)
FAIL: gcc.c-torture/compile/pr33614.c -O3 -fomit-frame-pointer -funroll-loops -fpeel-loops -ftracer -finline-functions (internal compiler error)
FAIL: gcc.c-torture/compile/pr33614.c -O3 -fomit-frame-pointer -funroll-loops -fpeel-loops -ftracer -finline-functions (test for excess errors)
FAIL: gcc.c-torture/compile/pr33614.c -O3 -g (internal compiler error)
FAIL: gcc.c-torture/compile/pr33614.c -O3 -g (test for excess errors)
FAIL: gcc.c-torture/compile/pr33614.c -Os (internal compiler error)
FAIL: gcc.c-torture/compile/pr33614.c -Os (test for excess errors)
FAIL: gcc.c-torture/compile/pr33617.c -O0 (internal compiler error)
FAIL: gcc.c-torture/compile/pr33617.c -O0 (test for excess errors)
FAIL: gcc.c-torture/compile/pr33617.c -O1 (internal compiler error)
FAIL: gcc.c-torture/compile/pr33617.c -O1 (test for excess errors)
FAIL: gcc.c-torture/compile/pr33617.c -O2 (internal compiler error)
FAIL: gcc.c-torture/compile/pr33617.c -O2 (test for excess errors)
FAIL: gcc.c-torture/compile/pr33617.c -O2 -flto -fno-use-linker-plugin -flto-partition=none (internal compiler error)
FAIL: gcc.c-torture/compile/pr33617.c -O2 -flto -fno-use-linker-plugin -flto-partition=none (test for excess errors)
FAIL: gcc.c-torture/compile/pr33617.c -O3 -g (internal compiler error)
FAIL: gcc.c-torture/compile/pr33617.c -O3 -g (test for excess errors)
FAIL: gcc.c-torture/compile/pr33617.c -Os (internal compiler error)
FAIL: gcc.c-torture/compile/pr33617.c -Os (test for excess errors)
FAIL: gcc.c-torture/compile/pr34856.c -O0 (internal compiler error)
FAIL: gcc.c-torture/compile/pr34856.c -O0 (test for excess errors)
FAIL: gcc.c-torture/compile/pr39928-1.c -O0 (internal compiler error)
FAIL: gcc.c-torture/compile/pr39928-1.c -O0 (test for excess errors)
FAIL: gcc.c-torture/compile/pr39928-1.c -O1 (internal compiler error)
FAIL: gcc.c-torture/compile/pr39928-1.c -O1 (test for excess errors)
FAIL: gcc.c-torture/compile/pr39928-1.c -O2 (internal compiler error)
FAIL: gcc.c-torture/compile/pr39928-1.c -O2 (test for excess errors)
FAIL: gcc.c-torture/compile/pr39928-1.c -O2 -flto -fno-use-linker-plugin -flto-partition=none (internal compiler error)
FAIL: gcc.c-torture/compile/pr39928-1.c -O2 -flto -fno-use-linker-plugin -flto-partition=none (test for excess errors)
FAIL: gcc.c-torture/compile/pr39928-1.c -O3 -g (internal compiler error)
FAIL: gcc.c-torture/compile/pr39928-1.c -O3 -g (test for excess errors)
FAIL: gcc.c-torture/compile/pr39928-1.c -Os (internal compiler error)
FAIL: gcc.c-torture/compile/pr39928-1.c -Os (test for excess errors)
FAIL: gcc.c-torture/compile/pr52750.c -O0 (internal compiler error)
FAIL: gcc.c-torture/compile/pr52750.c -O0 (test for excess errors)
FAIL: gcc.c-torture/compile/pr54713-2.c -O0 (internal compiler error)
FAIL: gcc.c-torture/compile/pr54713-2.c -O0 (test for excess errors)
FAIL: gcc.c-torture/compile/pr54713-2.c -O1 (internal compiler error)
FAIL: gcc.c-torture/compile/pr54713-2.c -O1 (test for excess errors)
FAIL: gcc.c-torture/compile/pr54713-2.c -O2 (internal compiler error)
FAIL: gcc.c-torture/compile/pr54713-2.c -O2 (test for excess errors)
FAIL: gcc.c-torture/compile/pr54713-2.c -O2 -flto -fno-use-linker-plugin -flto-partition=none (internal compiler error)
FAIL: gcc.c-torture/compile/pr54713-2.c -O2 -flto -fno-use-linker-plugin -flto-partition=none (test for excess errors)
FAIL: gcc.c-torture/compile/pr54713-2.c -O3 -g (internal compiler error)
FAIL: gcc.c-torture/compile/pr54713-2.c -O3 -g (test for excess errors)
FAIL: gcc.c-torture/compile/pr54713-2.c -Os (internal compiler error)
FAIL: gcc.c-torture/compile/pr54713-2.c -Os (test for excess errors)
FAIL: gcc.c-torture/compile/pr54713-3.c -O0 (internal compiler error)
FAIL: gcc.c-torture/compile/pr54713-3.c -O0 (test for excess errors)
FAIL: gcc.c-torture/compile/pr54713-3.c -O1 (internal compiler error)
FAIL: gcc.c-torture/compile/pr54713-3.c -O1 (test for excess errors)
FAIL: gcc.c-torture/compile/pr54713-3.c -O2 (internal compiler error)
FAIL: gcc.c-torture/compile/pr54713-3.c -O2 (test for excess errors)
FAIL: gcc.c-torture/compile/pr54713-3.c -O2 -flto -fno-use-linker-plugin -flto-partition=none (internal compiler error)
FAIL: gcc.c-torture/compile/pr54713-3.c -O2 -flto -fno-use-linker-plugin -flto-partition=none (test for excess errors)
FAIL: gcc.c-torture/compile/pr54713-3.c -O3 -g (internal compiler error)
FAIL: gcc.c-torture/compile/pr54713-3.c -O3 -g (test for excess errors)
FAIL: gcc.c-torture/compile/pr54713-3.c -Os (internal compiler error)
FAIL: gcc.c-torture/compile/pr54713-3.c -Os (test for excess errors)
FAIL: gcc.c-torture/compile/pr60502.c -O0 (internal compiler error)
FAIL: gcc.c-torture/compile/pr60502.c -O0 (test for excess errors)
FAIL: gcc.c-torture/compile/simd-3.c -O0 (internal compiler error)
FAIL: gcc.c-torture/compile/simd-3.c -O0 (test for excess errors)
FAIL: gcc.c-torture/compile/simd-3.c -O1 (internal compiler error)
FAIL: gcc.c-torture/compile/simd-3.c -O1 (test for excess errors)
FAIL: gcc.c-torture/compile/simd-3.c -O2 (internal compiler error)
FAIL: gcc.c-torture/compile/simd-3.c -O2 (test for excess errors)
FAIL: gcc.c-torture/compile/simd-3.c -O2 -flto -fno-use-linker-plugin -flto-partition=none (internal compiler error)
FAIL: gcc.c-torture/compile/simd-3.c -O2 -flto -fno-use-linker-plugin -flto-partition=none (test for excess errors)
FAIL: gcc.c-torture/compile/simd-3.c -O3 -g (internal compiler error)
FAIL: gcc.c-torture/compile/simd-3.c -O3 -g (test for excess errors)
FAIL: gcc.c-torture/compile/simd-3.c -Os (internal compiler error)
FAIL: gcc.c-torture/compile/simd-3.c -Os (test for excess errors)
FAIL: gcc.c-torture/compile/simd-4.c -O0 (internal compiler error)
FAIL: gcc.c-torture/compile/simd-4.c -O0 (test for excess errors)
FAIL: gcc.c-torture/compile/simd-4.c -O1 (internal compiler error)
FAIL: gcc.c-torture/compile/simd-4.c -O1 (test for excess errors)
FAIL: gcc.c-torture/compile/simd-4.c -O2 (internal compiler error)
FAIL: gcc.c-torture/compile/simd-4.c -O2 (test for excess errors)
FAIL: gcc.c-torture/compile/simd-4.c -O2 -flto -fno-use-linker-plugin -flto-partition=none (internal compiler error)
FAIL: gcc.c-torture/compile/simd-4.c -O2 -flto -fno-use-linker-plugin -flto-partition=none (test for excess errors)
FAIL: gcc.c-torture/compile/simd-4.c -O3 -g (internal compiler error)
FAIL: gcc.c-torture/compile/simd-4.c -O3 -g (test for excess errors)
FAIL: gcc.c-torture/compile/simd-4.c -Os (internal compiler error)
FAIL: gcc.c-torture/compile/simd-4.c -Os (test for excess errors)
FAIL: gcc.c-torture/compile/vector-1.c -O0 (internal compiler error)
FAIL: gcc.c-torture/compile/vector-1.c -O0 (test for excess errors)
FAIL: gcc.c-torture/compile/vector-1.c -O1 (internal compiler error)
FAIL: gcc.c-torture/compile/vector-1.c -O1 (test for excess errors)
FAIL: gcc.c-torture/compile/vector-1.c -O2 (internal compiler error)
FAIL: gcc.c-torture/compile/vector-1.c -O2 (test for excess errors)
FAIL: gcc.c-torture/compile/vector-1.c -O2 -flto -fno-use-linker-plugin -flto-partition=none (internal compiler error)
FAIL: gcc.c-torture/compile/vector-1.c -O2 -flto -fno-use-linker-plugin -flto-partition=none (test for excess errors)
FAIL: gcc.c-torture/compile/vector-1.c -O3 -g (internal compiler error)
FAIL: gcc.c-torture/compile/vector-1.c -O3 -g (test for excess errors)
FAIL: gcc.c-torture/compile/vector-1.c -Os (internal compiler error)
FAIL: gcc.c-torture/compile/vector-1.c -Os (test for excess errors)
FAIL: gcc.c-torture/compile/vector-2.c -O0 (internal compiler error)
FAIL: gcc.c-torture/compile/vector-2.c -O0 (test for excess errors)
FAIL: gcc.c-torture/compile/vector-2.c -O1 (internal compiler error)
FAIL: gcc.c-torture/compile/vector-2.c -O1 (test for excess errors)
FAIL: gcc.c-torture/compile/vector-2.c -O2 (internal compiler error)
FAIL: gcc.c-torture/compile/vector-2.c -O2 (test for excess errors)
FAIL: gcc.c-torture/compile/vector-2.c -O2 -flto -fno-use-linker-plugin -flto-partition=none (internal compiler error)
FAIL: gcc.c-torture/compile/vector-2.c -O2 -flto -fno-use-linker-plugin -flto-partition=none (test for excess errors)
FAIL: gcc.c-torture/compile/vector-2.c -O3 -g (internal compiler error)
FAIL: gcc.c-torture/compile/vector-2.c -O3 -g (test for excess errors)
FAIL: gcc.c-torture/compile/vector-2.c -Os (internal compiler error)
FAIL: gcc.c-torture/compile/vector-2.c -Os (test for excess errors)
FAIL: gcc.c-torture/compile/vector-3.c -O0 (internal compiler error)
FAIL: gcc.c-torture/compile/vector-3.c -O0 (test for excess errors)
FAIL: gcc.c-torture/execute/20050316-2.c -O0 (internal compiler error)
FAIL: gcc.c-torture/execute/20050316-2.c -O0 (test for excess errors)
WARNING: gcc.c-torture/execute/20050316-2.c -O0 compilation failed to produce executable
FAIL: gcc.c-torture/execute/20050316-2.c -O1 (internal compiler error)
FAIL: gcc.c-torture/execute/20050316-2.c -O1 (test for excess errors)
WARNING: gcc.c-torture/execute/20050316-2.c -O1 compilation failed to produce executable
FAIL: gcc.c-torture/execute/20050316-2.c -O2 (internal compiler error)
FAIL: gcc.c-torture/execute/20050316-2.c -O2 (test for excess errors)
WARNING: gcc.c-torture/execute/20050316-2.c -O2 compilation failed to produce executable
FAIL: gcc.c-torture/execute/20050316-2.c -O2 -flto -fno-use-linker-plugin -flto-partition=none (internal compiler error)
FAIL: gcc.c-torture/execute/20050316-2.c -O2 -flto -fno-use-linker-plugin -flto-partition=none (test for excess errors)
WARNING: gcc.c-torture/execute/20050316-2.c -O2 -flto -fno-use-linker-plugin -flto-partition=none compilation failed to produce executable
FAIL: gcc.c-torture/execute/20050316-2.c -O3 -g (internal compiler error)
FAIL: gcc.c-torture/execute/20050316-2.c -O3 -g (test for excess errors)
WARNING: gcc.c-torture/execute/20050316-2.c -O3 -g compilation failed to produce executable
FAIL: gcc.c-torture/execute/20050316-2.c -Os (internal compiler error)
FAIL: gcc.c-torture/execute/20050316-2.c -Os (test for excess errors)
WARNING: gcc.c-torture/execute/20050316-2.c -Os compilation failed to produce executable
FAIL: gcc.c-torture/execute/20050604-1.c -O0 (internal compiler error)
FAIL: gcc.c-torture/execute/20050604-1.c -O0 (test for excess errors)
WARNING: gcc.c-torture/execute/20050604-1.c -O0 compilation failed to produce executable
FAIL: gcc.c-torture/execute/20050604-1.c -O1 (internal compiler error)
FAIL: gcc.c-torture/execute/20050604-1.c -O1 (test for excess errors)
WARNING: gcc.c-torture/execute/20050604-1.c -O1 compilation failed to produce executable
FAIL: gcc.c-torture/execute/20050604-1.c -O2 (internal compiler error)
FAIL: gcc.c-torture/execute/20050604-1.c -O2 (test for excess errors)
WARNING: gcc.c-torture/execute/20050604-1.c -O2 compilation failed to produce executable
FAIL: gcc.c-torture/execute/20050604-1.c -O2 -flto -fno-use-linker-plugin -flto-partition=none (internal compiler error)
FAIL: gcc.c-torture/execute/20050604-1.c -O2 -flto -fno-use-linker-plugin -flto-partition=none (test for excess errors)
WARNING: gcc.c-torture/execute/20050604-1.c -O2 -flto -fno-use-linker-plugin -flto-partition=none compilation failed to produce executable
FAIL: gcc.c-torture/execute/20050604-1.c -O2 -flto -fuse-linker-plugin -fno-fat-lto-objects (internal compiler error)
FAIL: gcc.c-torture/execute/20050604-1.c -O2 -flto -fuse-linker-plugin -fno-fat-lto-objects (test for excess errors)
WARNING: gcc.c-torture/execute/20050604-1.c -O2 -flto -fuse-linker-plugin -fno-fat-lto-objects compilation failed to produce executable
FAIL: gcc.c-torture/execute/20050604-1.c -O3 -fomit-frame-pointer -funroll-loops -fpeel-loops -ftracer -finline-functions (internal compiler error)
FAIL: gcc.c-torture/execute/20050604-1.c -O3 -fomit-frame-pointer -funroll-loops -fpeel-loops -ftracer -finline-functions (test for excess errors)
WARNING: gcc.c-torture/execute/20050604-1.c -O3 -fomit-frame-pointer -funroll-loops -fpeel-loops -ftracer -finline-functions compilation failed to produce executable
FAIL: gcc.c-torture/execute/20050604-1.c -O3 -g (internal compiler error)
FAIL: gcc.c-torture/execute/20050604-1.c -O3 -g (test for excess errors)
WARNING: gcc.c-torture/execute/20050604-1.c -O3 -g compilation failed to produce executable
FAIL: gcc.c-torture/execute/20050604-1.c -Os (internal compiler error)
FAIL: gcc.c-torture/execute/20050604-1.c -Os (test for excess errors)
WARNING: gcc.c-torture/execute/20050604-1.c -Os compilation failed to produce executable
FAIL: gcc.c-torture/execute/20060420-1.c -O0 (internal compiler error)
FAIL: gcc.c-torture/execute/20060420-1.c -O0 (test for excess errors)
WARNING: gcc.c-torture/execute/20060420-1.c -O0 compilation failed to produce executable
FAIL: gcc.c-torture/execute/20060420-1.c -O1 (internal compiler error)
FAIL: gcc.c-torture/execute/20060420-1.c -O1 (test for excess errors)
WARNING: gcc.c-torture/execute/20060420-1.c -O1 compilation failed to produce executable
FAIL: gcc.c-torture/execute/20060420-1.c -O2 (internal compiler error)
FAIL: gcc.c-torture/execute/20060420-1.c -O2 (test for excess errors)
WARNING: gcc.c-torture/execute/20060420-1.c -O2 compilation failed to produce executable
FAIL: gcc.c-torture/execute/20060420-1.c -O2 -flto -fno-use-linker-plugin -flto-partition=none (internal compiler error)
FAIL: gcc.c-torture/execute/20060420-1.c -O2 -flto -fno-use-linker-plugin -flto-partition=none (test for excess errors)
WARNING: gcc.c-torture/execute/20060420-1.c -O2 -flto -fno-use-linker-plugin -flto-partition=none compilation failed to produce executable
FAIL: gcc.c-torture/execute/20060420-1.c -O2 -flto -fuse-linker-plugin -fno-fat-lto-objects (internal compiler error)
FAIL: gcc.c-torture/execute/20060420-1.c -O2 -flto -fuse-linker-plugin -fno-fat-lto-objects (test for excess errors)
WARNING: gcc.c-torture/execute/20060420-1.c -O2 -flto -fuse-linker-plugin -fno-fat-lto-objects compilation failed to produce executable
FAIL: gcc.c-torture/execute/20060420-1.c -O3 -fomit-frame-pointer -funroll-loops -fpeel-loops -ftracer -finline-functions (internal compiler error)
FAIL: gcc.c-torture/execute/20060420-1.c -O3 -fomit-frame-pointer -funroll-loops -fpeel-loops -ftracer -finline-functions (test for excess errors)
WARNING: gcc.c-torture/execute/20060420-1.c -O3 -fomit-frame-pointer -funroll-loops -fpeel-loops -ftracer -finline-functions compilation failed to produce executable
FAIL: gcc.c-torture/execute/20060420-1.c -O3 -g (internal compiler error)
FAIL: gcc.c-torture/execute/20060420-1.c -O3 -g (test for excess errors)
WARNING: gcc.c-torture/execute/20060420-1.c -O3 -g compilation failed to produce executable
FAIL: gcc.c-torture/execute/20060420-1.c -Os (internal compiler error)
FAIL: gcc.c-torture/execute/20060420-1.c -Os (test for excess errors)
WARNING: gcc.c-torture/execute/20060420-1.c -Os compilation failed to produce executable
FAIL: gcc.c-torture/execute/scal-to-vec1.c -O0 (internal compiler error)
FAIL: gcc.c-torture/execute/scal-to-vec1.c -O0 (test for excess errors)
WARNING: gcc.c-torture/execute/scal-to-vec1.c -O0 compilation failed to produce executable
FAIL: gcc.c-torture/execute/scal-to-vec3.c -O0 (internal compiler error)
FAIL: gcc.c-torture/execute/scal-to-vec3.c -O0 (test for excess errors)
WARNING: gcc.c-torture/execute/scal-to-vec3.c -O0 compilation failed to produce executable
XPASS: gcc.dg/autopar/uns-outer-4.c scan-tree-dump-times optimized "loopfn" 4
FAIL: gcc.dg/compat/vector-1 c_compat_x_tst.o compile, (internal compiler error)
UNRESOLVED: gcc.dg/compat/vector-1 c_compat_x_tst.o-c_compat_y_tst.o execute
UNRESOLVED: gcc.dg/compat/vector-1 c_compat_x_tst.o-c_compat_y_tst.o link
FAIL: gcc.dg/compat/vector-1 c_compat_y_tst.o compile, (internal compiler error)
FAIL: gcc.dg/compat/vector-2 c_compat_x_tst.o compile, (internal compiler error)
UNRESOLVED: gcc.dg/compat/vector-2 c_compat_x_tst.o-c_compat_y_tst.o execute
UNRESOLVED: gcc.dg/compat/vector-2 c_compat_x_tst.o-c_compat_y_tst.o link
FAIL: gcc.dg/compat/vector-2 c_compat_y_tst.o compile, (internal compiler error)
FAIL: gcc.dg/debug/pr49294.c -gdwarf-2 (internal compiler error)
FAIL: gcc.dg/debug/pr49294.c -gdwarf-2 (test for excess errors)
FAIL: gcc.dg/debug/pr49294.c -gdwarf-2 -g1 (internal compiler error)
FAIL: gcc.dg/debug/pr49294.c -gdwarf-2 -g1 (test for excess errors)
FAIL: gcc.dg/debug/pr49294.c -gdwarf-2 -g3 (internal compiler error)
FAIL: gcc.dg/debug/pr49294.c -gdwarf-2 -g3 (test for excess errors)
FAIL: gcc.dg/debug/pr49294.c -gstabs (internal compiler error)
FAIL: gcc.dg/debug/pr49294.c -gstabs (test for excess errors)
FAIL: gcc.dg/debug/pr49294.c -gstabs+ (internal compiler error)
FAIL: gcc.dg/debug/pr49294.c -gstabs+ (test for excess errors)
FAIL: gcc.dg/debug/pr49294.c -gstabs+1 (internal compiler error)
FAIL: gcc.dg/debug/pr49294.c -gstabs+1 (test for excess errors)
FAIL: gcc.dg/debug/pr49294.c -gstabs+3 (internal compiler error)
FAIL: gcc.dg/debug/pr49294.c -gstabs+3 (test for excess errors)
FAIL: gcc.dg/debug/pr49294.c -gstabs1 (internal compiler error)
FAIL: gcc.dg/debug/pr49294.c -gstabs1 (test for excess errors)
FAIL: gcc.dg/debug/pr49294.c -gstabs3 (internal compiler error)
FAIL: gcc.dg/debug/pr49294.c -gstabs3 (test for excess errors)
FAIL: gcc.dg/debug/dwarf2/stacked-qualified-types-3.c scan-assembler-times DIE \\\\([^\\n]*\\\\) DW_TAG_(?:const|volatile|atomic|restrict)_type 8
FAIL: c-c++-common/Wunused-var-12.c -Wc++-compat (internal compiler error)
FAIL: c-c++-common/Wunused-var-12.c -Wc++-compat (test for excess errors)
FAIL: c-c++-common/pr63764-2.c -Wc++-compat (internal compiler error)
FAIL: c-c++-common/pr63764-2.c -Wc++-compat (test for excess errors)
FAIL: c-c++-common/vector-scalar.c -Wc++-compat (internal compiler error)
FAIL: c-c++-common/vector-scalar.c -Wc++-compat (test for excess errors)
FAIL: gcc.dg/Wunused-var-3.c (internal compiler error)
FAIL: gcc.dg/Wunused-var-3.c (test for excess errors)
FAIL: gcc.dg/fold-compare-7.c (internal compiler error)
FAIL: gcc.dg/fold-compare-7.c (test for excess errors)
FAIL: gcc.dg/loop-9.c scan-rtl-dump loop2_invariant "Decided"
FAIL: gcc.dg/loop-9.c scan-rtl-dump loop2_invariant "without introducing a new temporary register"
FAIL: gcc.dg/memcpy-5.c (internal compiler error)
FAIL: gcc.dg/memcpy-5.c (test for excess errors)
FAIL: gcc.dg/pr17957.c (internal compiler error)
FAIL: gcc.dg/pr17957.c (test for excess errors)
FAIL: gcc.dg/pr36991.c (internal compiler error)
FAIL: gcc.dg/pr36991.c (test for excess errors)
FAIL: gcc.dg/pr43300.c (internal compiler error)
FAIL: gcc.dg/pr43300.c (test for excess errors)
FAIL: gcc.dg/pr44214-1.c (internal compiler error)
FAIL: gcc.dg/pr44214-1.c (test for excess errors)
FAIL: gcc.dg/pr44214-3.c (internal compiler error)
FAIL: gcc.dg/pr44214-3.c (test for excess errors)
FAIL: gcc.dg/pr57233.c (internal compiler error)
FAIL: gcc.dg/pr57233.c (test for excess errors)
WARNING: gcc.dg/pr57233.c compilation failed to produce executable
FAIL: gcc.dg/pr63594-1.c (internal compiler error)
FAIL: gcc.dg/pr63594-1.c (test for excess errors)
FAIL: gcc.dg/pr63594-2.c (internal compiler error)
FAIL: gcc.dg/pr63594-2.c (test for excess errors)
WARNING: gcc.dg/pr63594-2.c compilation failed to produce executable
FAIL: gcc.dg/pr63914.c (internal compiler error)
FAIL: gcc.dg/pr63914.c (test for excess errors)
XPASS: gcc.dg/guality/example.c -O0 execution test
XPASS: gcc.dg/guality/example.c -O1 execution test
XPASS: gcc.dg/guality/guality.c -O0 execution test
XPASS: gcc.dg/guality/guality.c -O1 execution test
XPASS: gcc.dg/guality/guality.c -O2 execution test
XPASS: gcc.dg/guality/guality.c -O2 -flto -fno-use-linker-plugin -flto-partition=none execution test
XPASS: gcc.dg/guality/guality.c -O3 -g execution test
XPASS: gcc.dg/guality/guality.c -Os execution test
XPASS: gcc.dg/guality/inline-params.c -O2 execution test
XPASS: gcc.dg/guality/inline-params.c -O2 -flto -fno-use-linker-plugin -flto-partition=none execution test
XPASS: gcc.dg/guality/inline-params.c -O3 -g execution test
XPASS: gcc.dg/guality/inline-params.c -Os execution test
FAIL: gcc.dg/guality/pr36728-1.c -O2 -flto -fuse-linker-plugin -fno-fat-lto-objects line 16 arg3 == 3
FAIL: gcc.dg/guality/pr36728-1.c -O2 -flto -fuse-linker-plugin -fno-fat-lto-objects line 18 arg3 == 3
FAIL: gcc.dg/guality/pr41404-1.c -O2 -flto -fuse-linker-plugin -fno-fat-lto-objects line 10 *foo == 'f'
FAIL: gcc.dg/guality/pr41404-1.c -O2 -flto -fuse-linker-plugin -fno-fat-lto-objects line 14 *foo == 'b'
FAIL: gcc.dg/guality/pr41404-1.c -O2 -flto -fuse-linker-plugin -fno-fat-lto-objects line 24 *foo == 'f'
FAIL: gcc.dg/guality/pr41447-1.c -O2 -flto -fuse-linker-plugin -fno-fat-lto-objects execution test
FAIL: gcc.dg/guality/pr41616-1.c -O2 -flto -fuse-linker-plugin -fno-fat-lto-objects execution test
FAIL: gcc.dg/guality/pr43051-1.c -O1 line 35 v == 1
FAIL: gcc.dg/guality/pr43051-1.c -O1 line 40 v == 1
FAIL: gcc.dg/guality/pr43051-1.c -O2 line 35 v == 1
FAIL: gcc.dg/guality/pr43051-1.c -O2 line 40 v == 1
FAIL: gcc.dg/guality/pr43051-1.c -O2 -flto -fno-use-linker-plugin -flto-partition=none line 35 v == 1
FAIL: gcc.dg/guality/pr43051-1.c -O2 -flto -fno-use-linker-plugin -flto-partition=none line 40 v == 1
FAIL: gcc.dg/guality/pr43051-1.c -O2 -flto -fuse-linker-plugin -fno-fat-lto-objects line 35 v == 1
FAIL: gcc.dg/guality/pr43051-1.c -O2 -flto -fuse-linker-plugin -fno-fat-lto-objects line 40 v == 1
FAIL: gcc.dg/guality/pr43051-1.c -O3 -fomit-frame-pointer -funroll-loops -fpeel-loops -ftracer -finline-functions line 34 c == &a[0]
FAIL: gcc.dg/guality/pr43051-1.c -O3 -fomit-frame-pointer -funroll-loops -fpeel-loops -ftracer -finline-functions line 35 v == 1
FAIL: gcc.dg/guality/pr43051-1.c -O3 -fomit-frame-pointer -funroll-loops -fpeel-loops -ftracer -finline-functions line 40 v == 1
FAIL: gcc.dg/guality/pr43051-1.c -O3 -g line 35 v == 1
FAIL: gcc.dg/guality/pr43051-1.c -O3 -g line 40 v == 1
FAIL: gcc.dg/guality/pr43051-1.c -Os line 35 v == 1
FAIL: gcc.dg/guality/pr43051-1.c -Os line 40 v == 1
FAIL: gcc.dg/guality/pr43077-1.c -O0 line 42 b == 2
FAIL: gcc.dg/guality/pr43077-1.c -O0 line 42 c == 3
FAIL: gcc.dg/guality/pr43077-1.c -O0 line 42 varb == 2
FAIL: gcc.dg/guality/pr43077-1.c -O0 line 42 varc == 3
FAIL: gcc.dg/guality/pr43077-1.c -O1 line 42 b == 2
FAIL: gcc.dg/guality/pr43077-1.c -O1 line 42 c == 3
FAIL: gcc.dg/guality/pr43077-1.c -O1 line 42 varb == 2
FAIL: gcc.dg/guality/pr43077-1.c -O1 line 42 varc == 3
FAIL: gcc.dg/guality/pr43077-1.c -O2 line 42 b == 2
FAIL: gcc.dg/guality/pr43077-1.c -O2 line 42 c == 3
FAIL: gcc.dg/guality/pr43077-1.c -O2 line 42 varb == 2
FAIL: gcc.dg/guality/pr43077-1.c -O2 line 42 varc == 3
FAIL: gcc.dg/guality/pr43077-1.c -O2 -flto -fno-use-linker-plugin -flto-partition=none line 42 b == 2
FAIL: gcc.dg/guality/pr43077-1.c -O2 -flto -fno-use-linker-plugin -flto-partition=none line 42 c == 3
FAIL: gcc.dg/guality/pr43077-1.c -O2 -flto -fno-use-linker-plugin -flto-partition=none line 42 varb == 2
FAIL: gcc.dg/guality/pr43077-1.c -O2 -flto -fno-use-linker-plugin -flto-partition=none line 42 varc == 3
FAIL: gcc.dg/guality/pr43077-1.c -O3 -g line 42 b == 2
FAIL: gcc.dg/guality/pr43077-1.c -O3 -g line 42 c == 3
FAIL: gcc.dg/guality/pr43077-1.c -O3 -g line 42 varb == 2
FAIL: gcc.dg/guality/pr43077-1.c -O3 -g line 42 varc == 3
FAIL: gcc.dg/guality/pr43077-1.c -Os line 42 b == 2
FAIL: gcc.dg/guality/pr43077-1.c -Os line 42 c == 3
FAIL: gcc.dg/guality/pr43077-1.c -Os line 42 varb == 2
FAIL: gcc.dg/guality/pr43077-1.c -Os line 42 varc == 3
FAIL: gcc.dg/guality/pr43479.c -O1 line 13 h == 9
FAIL: gcc.dg/guality/pr43479.c -O1 line 18 h == 9
FAIL: gcc.dg/guality/pr43479.c -O2 line 13 h == 9
FAIL: gcc.dg/guality/pr43479.c -O2 line 18 h == 9
FAIL: gcc.dg/guality/pr43479.c -O2 -flto -fno-use-linker-plugin -flto-partition=none line 13 h == 9
FAIL: gcc.dg/guality/pr43479.c -O2 -flto -fno-use-linker-plugin -flto-partition=none line 18 h == 9
FAIL: gcc.dg/guality/pr43479.c -O2 -flto -fuse-linker-plugin -fno-fat-lto-objects line 13 h == 9
FAIL: gcc.dg/guality/pr43479.c -O2 -flto -fuse-linker-plugin -fno-fat-lto-objects line 18 h == 9
FAIL: gcc.dg/guality/pr43479.c -O3 -g line 13 h == 9
FAIL: gcc.dg/guality/pr43479.c -O3 -g line 18 h == 9
FAIL: gcc.dg/guality/pr43479.c -Os line 13 h == 9
FAIL: gcc.dg/guality/pr43479.c -Os line 18 h == 9
FAIL: gcc.dg/guality/pr45882.c -O2 -flto -fuse-linker-plugin -fno-fat-lto-objects line 16 d == 112
FAIL: gcc.dg/guality/pr45882.c -O2 -flto -fuse-linker-plugin -fno-fat-lto-objects line 16 e == 142
FAIL: gcc.dg/guality/pr54200.c -O1 line 20 z == 3
FAIL: gcc.dg/guality/pr54200.c -O2 line 20 z == 3
FAIL: gcc.dg/guality/pr54200.c -O2 -flto -fno-use-linker-plugin -flto-partition=none line 20 z == 3
FAIL: gcc.dg/guality/pr54200.c -O2 -flto -fuse-linker-plugin -fno-fat-lto-objects line 20 z == 3
FAIL: gcc.dg/guality/pr54200.c -O3 -g line 20 z == 3
FAIL: gcc.dg/guality/pr54200.c -Os line 20 z == 3
FAIL: gcc.dg/guality/pr54519-1.c -O1 line 20 x == 36
FAIL: gcc.dg/guality/pr54519-1.c -O1 line 20 y == 25
FAIL: gcc.dg/guality/pr54519-1.c -O1 line 23 x == 98
FAIL: gcc.dg/guality/pr54519-1.c -O1 line 23 y == 117
FAIL: gcc.dg/guality/pr54519-1.c -O2 line 20 x == 36
FAIL: gcc.dg/guality/pr54519-1.c -O2 line 23 x == 98
FAIL: gcc.dg/guality/pr54519-1.c -O2 -flto -fno-use-linker-plugin -flto-partition=none line 20 x == 36
FAIL: gcc.dg/guality/pr54519-1.c -O2 -flto -fno-use-linker-plugin -flto-partition=none line 20 y == 25
FAIL: gcc.dg/guality/pr54519-1.c -O2 -flto -fno-use-linker-plugin -flto-partition=none line 20 z == 6
FAIL: gcc.dg/guality/pr54519-1.c -O2 -flto -fno-use-linker-plugin -flto-partition=none line 23 x == 98
FAIL: gcc.dg/guality/pr54519-1.c -O2 -flto -fno-use-linker-plugin -flto-partition=none line 23 y == 117
FAIL: gcc.dg/guality/pr54519-1.c -O2 -flto -fno-use-linker-plugin -flto-partition=none line 23 z == 8
FAIL: gcc.dg/guality/pr54519-1.c -Os line 20 x == 36
FAIL: gcc.dg/guality/pr54519-1.c -Os line 23 x == 98
FAIL: gcc.dg/guality/pr54519-2.c -O1 line 17 x == 6
FAIL: gcc.dg/guality/pr54519-2.c -O2 -flto -fno-use-linker-plugin -flto-partition=none line 17 y == 25
FAIL: gcc.dg/guality/pr54519-2.c -O2 -flto -fuse-linker-plugin -fno-fat-lto-objects line 17 y == 25
FAIL: gcc.dg/guality/pr54519-3.c -O2 line 20 z == 6
FAIL: gcc.dg/guality/pr54519-3.c -O2 line 23 z == 8
FAIL: gcc.dg/guality/pr54519-3.c -O2 -flto -fno-use-linker-plugin -flto-partition=none line 20 y == 25
FAIL: gcc.dg/guality/pr54519-3.c -O2 -flto -fno-use-linker-plugin -flto-partition=none line 20 z == 6
FAIL: gcc.dg/guality/pr54519-3.c -O2 -flto -fno-use-linker-plugin -flto-partition=none line 23 y == 117
FAIL: gcc.dg/guality/pr54519-3.c -O2 -flto -fno-use-linker-plugin -flto-partition=none line 23 z == 8
FAIL: gcc.dg/guality/pr54519-3.c -O2 -flto -fuse-linker-plugin -fno-fat-lto-objects line 20 y == 25
FAIL: gcc.dg/guality/pr54519-3.c -O2 -flto -fuse-linker-plugin -fno-fat-lto-objects line 20 z == 6
FAIL: gcc.dg/guality/pr54519-3.c -O2 -flto -fuse-linker-plugin -fno-fat-lto-objects line 23 y == 117
FAIL: gcc.dg/guality/pr54519-3.c -O2 -flto -fuse-linker-plugin -fno-fat-lto-objects line 23 z == 8
FAIL: gcc.dg/guality/pr54519-3.c -O3 -g line 20 z == 6
FAIL: gcc.dg/guality/pr54519-3.c -O3 -g line 23 z == 8
FAIL: gcc.dg/guality/pr54519-3.c -Os line 20 z == 6
FAIL: gcc.dg/guality/pr54519-3.c -Os line 23 z == 8
FAIL: gcc.dg/guality/pr54519-4.c -O2 line 17 y == 25
FAIL: gcc.dg/guality/pr54519-4.c -O2 -flto -fno-use-linker-plugin -flto-partition=none line 17 y == 25
FAIL: gcc.dg/guality/pr54519-4.c -O2 -flto -fuse-linker-plugin -fno-fat-lto-objects line 17 y == 25
FAIL: gcc.dg/guality/pr54519-4.c -O3 -g line 17 y == 25
FAIL: gcc.dg/guality/pr54519-4.c -Os line 17 y == 25
FAIL: gcc.dg/guality/pr54519-5.c -O1 line 17 x == 6
FAIL: gcc.dg/guality/pr54519-5.c -O1 line 17 y == 25
FAIL: gcc.dg/guality/pr54519-5.c -O2 line 17 y == 25
FAIL: gcc.dg/guality/pr54519-5.c -O2 -flto -fno-use-linker-plugin -flto-partition=none line 17 y == 25
FAIL: gcc.dg/guality/pr54519-5.c -O2 -flto -fuse-linker-plugin -fno-fat-lto-objects line 17 y == 25
FAIL: gcc.dg/guality/pr54519-5.c -O3 -g line 17 y == 25
FAIL: gcc.dg/guality/pr54519-5.c -Os line 17 y == 25
FAIL: gcc.dg/guality/pr54551.c -O1 line 18 a == 4
FAIL: gcc.dg/guality/pr54551.c -O2 line 18 a == 4
FAIL: gcc.dg/guality/pr54551.c -O2 -flto -fno-use-linker-plugin -flto-partition=none line 18 a == 4
FAIL: gcc.dg/guality/pr54551.c -O3 -g line 18 a == 4
FAIL: gcc.dg/guality/pr54551.c -Os line 18 a == 4
FAIL: gcc.dg/guality/pr54693-2.c -O1 line 21 x == 10 - i
FAIL: gcc.dg/guality/pr54693-2.c -O1 line 21 y == 20 - 2 * i
FAIL: gcc.dg/guality/pr54693-2.c -O2 line 21 x == 10 - i
FAIL: gcc.dg/guality/pr54693-2.c -O2 line 21 y == 20 - 2 * i
FAIL: gcc.dg/guality/pr54693-2.c -O2 -flto -fno-use-linker-plugin -flto-partition=none line 21 x == 10 - i
FAIL: gcc.dg/guality/pr54693-2.c -O2 -flto -fno-use-linker-plugin -flto-partition=none line 21 y == 20 - 2 * i
FAIL: gcc.dg/guality/pr54693-2.c -O2 -flto -fuse-linker-plugin -fno-fat-lto-objects line 21 x == 10 - i
FAIL: gcc.dg/guality/pr54693-2.c -O2 -flto -fuse-linker-plugin -fno-fat-lto-objects line 21 y == 20 - 2 * i
FAIL: gcc.dg/guality/pr54693-2.c -O3 -fomit-frame-pointer -funroll-loops -fpeel-loops -ftracer -finline-functions line 21 y == 20 - 2 * i
FAIL: gcc.dg/guality/pr54693-2.c -O3 -g line 21 x == 10 - i
FAIL: gcc.dg/guality/pr54693-2.c -O3 -g line 21 y == 20 - 2 * i
FAIL: gcc.dg/guality/pr54693-2.c -Os line 21 x == 10 - i
FAIL: gcc.dg/guality/pr54693-2.c -Os line 21 y == 20 - 2 * i
FAIL: gcc.dg/guality/pr54693.c -O1 line 22 i == c - 48
FAIL: gcc.dg/guality/pr54693.c -O2 line 22 i == c - 48
FAIL: gcc.dg/guality/pr54693.c -O2 -flto -fno-use-linker-plugin -flto-partition=none line 22 i == c - 48
FAIL: gcc.dg/guality/pr54693.c -O2 -flto -fuse-linker-plugin -fno-fat-lto-objects line 22 i == c - 48
FAIL: gcc.dg/guality/pr54693.c -O3 -fomit-frame-pointer -funroll-loops -fpeel-loops -ftracer -finline-functions line 22 i == c - 48
FAIL: gcc.dg/guality/pr54693.c -O3 -g line 22 i == c - 48
FAIL: gcc.dg/guality/pr54693.c -Os line 22 i == c - 48
FAIL: gcc.dg/guality/pr54796.c -O2 -flto -fuse-linker-plugin -fno-fat-lto-objects line 17 a == 5
FAIL: gcc.dg/guality/pr54796.c -O2 -flto -fuse-linker-plugin -fno-fat-lto-objects line 17 b == 6
FAIL: gcc.dg/guality/pr54796.c -O2 -flto -fuse-linker-plugin -fno-fat-lto-objects line 17 c == 5
FAIL: gcc.dg/guality/pr54970.c -O1 line 15 *p == 3
FAIL: gcc.dg/guality/pr54970.c -O1 line 15 *q == 2
FAIL: gcc.dg/guality/pr54970.c -O1 line 15 a[0] == 1
FAIL: gcc.dg/guality/pr54970.c -O1 line 15 a[1] == 2
FAIL: gcc.dg/guality/pr54970.c -O1 line 15 a[2] == 3
FAIL: gcc.dg/guality/pr54970.c -O1 line 20 *p == 13
FAIL: gcc.dg/guality/pr54970.c -O1 line 20 *q == 2
FAIL: gcc.dg/guality/pr54970.c -O1 line 20 a[0] == 1
FAIL: gcc.dg/guality/pr54970.c -O1 line 20 a[1] == 2
FAIL: gcc.dg/guality/pr54970.c -O1 line 20 a[2] == 13
FAIL: gcc.dg/guality/pr54970.c -O1 line 25 *p == 13
FAIL: gcc.dg/guality/pr54970.c -O1 line 25 *q == 12
FAIL: gcc.dg/guality/pr54970.c -O1 line 25 a[0] == 1
FAIL: gcc.dg/guality/pr54970.c -O1 line 25 a[1] == 12
FAIL: gcc.dg/guality/pr54970.c -O1 line 25 a[2] == 13
FAIL: gcc.dg/guality/pr54970.c -O1 line 31 *p == 6
FAIL: gcc.dg/guality/pr54970.c -O1 line 31 *q == 5
FAIL: gcc.dg/guality/pr54970.c -O1 line 31 a[0] == 4
FAIL: gcc.dg/guality/pr54970.c -O1 line 31 a[1] == 5
FAIL: gcc.dg/guality/pr54970.c -O1 line 31 a[2] == 6
FAIL: gcc.dg/guality/pr54970.c -O1 line 36 *p == 26
FAIL: gcc.dg/guality/pr54970.c -O1 line 36 *q == 5
FAIL: gcc.dg/guality/pr54970.c -O1 line 36 a[0] == 4
FAIL: gcc.dg/guality/pr54970.c -O1 line 36 a[1] == 5
FAIL: gcc.dg/guality/pr54970.c -O1 line 36 a[2] == 26
FAIL: gcc.dg/guality/pr54970.c -O1 line 45 *p == 26
FAIL: gcc.dg/guality/pr54970.c -O1 line 45 *q == 25
FAIL: gcc.dg/guality/pr54970.c -O1 line 45 a[0] == 4
FAIL: gcc.dg/guality/pr54970.c -O1 line 45 a[1] == 25
FAIL: gcc.dg/guality/pr54970.c -O1 line 45 a[2] == 26
FAIL: gcc.dg/guality/pr54970.c -O1 line 45 p[-1] == 25
FAIL: gcc.dg/guality/pr54970.c -O1 line 45 p[-2] == 4
FAIL: gcc.dg/guality/pr54970.c -O1 line 45 q[-1] == 4
FAIL: gcc.dg/guality/pr54970.c -O1 line 45 q[1] == 26
FAIL: gcc.dg/guality/pr54970.c -O2 line 15 *p == 3
FAIL: gcc.dg/guality/pr54970.c -O2 line 15 *q == 2
FAIL: gcc.dg/guality/pr54970.c -O2 line 15 a[0] == 1
FAIL: gcc.dg/guality/pr54970.c -O2 line 15 a[1] == 2
FAIL: gcc.dg/guality/pr54970.c -O2 line 15 a[2] == 3
FAIL: gcc.dg/guality/pr54970.c -O2 line 20 *p == 13
FAIL: gcc.dg/guality/pr54970.c -O2 line 20 *q == 2
FAIL: gcc.dg/guality/pr54970.c -O2 line 20 a[0] == 1
FAIL: gcc.dg/guality/pr54970.c -O2 line 20 a[1] == 2
FAIL: gcc.dg/guality/pr54970.c -O2 line 20 a[2] == 13
FAIL: gcc.dg/guality/pr54970.c -O2 line 25 *p == 13
FAIL: gcc.dg/guality/pr54970.c -O2 line 25 *q == 12
FAIL: gcc.dg/guality/pr54970.c -O2 line 25 a[0] == 1
FAIL: gcc.dg/guality/pr54970.c -O2 line 25 a[1] == 12
FAIL: gcc.dg/guality/pr54970.c -O2 line 25 a[2] == 13
FAIL: gcc.dg/guality/pr54970.c -O2 line 31 *p == 6
FAIL: gcc.dg/guality/pr54970.c -O2 line 31 *q == 5
FAIL: gcc.dg/guality/pr54970.c -O2 line 31 a[0] == 4
FAIL: gcc.dg/guality/pr54970.c -O2 line 31 a[1] == 5
FAIL: gcc.dg/guality/pr54970.c -O2 line 31 a[2] == 6
FAIL: gcc.dg/guality/pr54970.c -O2 line 36 *p == 26
FAIL: gcc.dg/guality/pr54970.c -O2 line 36 *q == 5
FAIL: gcc.dg/guality/pr54970.c -O2 line 36 a[0] == 4
FAIL: gcc.dg/guality/pr54970.c -O2 line 36 a[1] == 5
FAIL: gcc.dg/guality/pr54970.c -O2 line 36 a[2] == 26
FAIL: gcc.dg/guality/pr54970.c -O2 line 45 *p == 26
FAIL: gcc.dg/guality/pr54970.c -O2 line 45 *q == 25
FAIL: gcc.dg/guality/pr54970.c -O2 line 45 a[0] == 4
FAIL: gcc.dg/guality/pr54970.c -O2 line 45 a[1] == 25
FAIL: gcc.dg/guality/pr54970.c -O2 line 45 a[2] == 26
FAIL: gcc.dg/guality/pr54970.c -O2 line 45 p[-1] == 25
FAIL: gcc.dg/guality/pr54970.c -O2 line 45 p[-2] == 4
FAIL: gcc.dg/guality/pr54970.c -O2 line 45 q[-1] == 4
FAIL: gcc.dg/guality/pr54970.c -O2 line 45 q[1] == 26
FAIL: gcc.dg/guality/pr54970.c -O2 -flto -fno-use-linker-plugin -flto-partition=none line 15 *p == 3
FAIL: gcc.dg/guality/pr54970.c -O2 -flto -fno-use-linker-plugin -flto-partition=none line 15 *q == 2
FAIL: gcc.dg/guality/pr54970.c -O2 -flto -fno-use-linker-plugin -flto-partition=none line 15 a[0] == 1
FAIL: gcc.dg/guality/pr54970.c -O2 -flto -fno-use-linker-plugin -flto-partition=none line 15 a[1] == 2
FAIL: gcc.dg/guality/pr54970.c -O2 -flto -fno-use-linker-plugin -flto-partition=none line 15 a[2] == 3
FAIL: gcc.dg/guality/pr54970.c -O2 -flto -fno-use-linker-plugin -flto-partition=none line 20 *p == 13
FAIL: gcc.dg/guality/pr54970.c -O2 -flto -fno-use-linker-plugin -flto-partition=none line 20 *q == 2
FAIL: gcc.dg/guality/pr54970.c -O2 -flto -fno-use-linker-plugin -flto-partition=none line 20 a[0] == 1
FAIL: gcc.dg/guality/pr54970.c -O2 -flto -fno-use-linker-plugin -flto-partition=none line 20 a[1] == 2
FAIL: gcc.dg/guality/pr54970.c -O2 -flto -fno-use-linker-plugin -flto-partition=none line 20 a[2] == 13
FAIL: gcc.dg/guality/pr54970.c -O2 -flto -fno-use-linker-plugin -flto-partition=none line 25 *p == 13
FAIL: gcc.dg/guality/pr54970.c -O2 -flto -fno-use-linker-plugin -flto-partition=none line 25 *q == 12
FAIL: gcc.dg/guality/pr54970.c -O2 -flto -fno-use-linker-plugin -flto-partition=none line 25 a[0] == 1
FAIL: gcc.dg/guality/pr54970.c -O2 -flto -fno-use-linker-plugin -flto-partition=none line 25 a[1] == 12
FAIL: gcc.dg/guality/pr54970.c -O2 -flto -fno-use-linker-plugin -flto-partition=none line 25 a[2] == 13
FAIL: gcc.dg/guality/pr54970.c -O2 -flto -fno-use-linker-plugin -flto-partition=none line 31 *p == 6
FAIL: gcc.dg/guality/pr54970.c -O2 -flto -fno-use-linker-plugin -flto-partition=none line 31 *q == 5
FAIL: gcc.dg/guality/pr54970.c -O2 -flto -fno-use-linker-plugin -flto-partition=none line 31 a[0] == 4
FAIL: gcc.dg/guality/pr54970.c -O2 -flto -fno-use-linker-plugin -flto-partition=none line 31 a[1] == 5
FAIL: gcc.dg/guality/pr54970.c -O2 -flto -fno-use-linker-plugin -flto-partition=none line 31 a[2] == 6
FAIL: gcc.dg/guality/pr54970.c -O2 -flto -fno-use-linker-plugin -flto-partition=none line 36 *p == 26
FAIL: gcc.dg/guality/pr54970.c -O2 -flto -fno-use-linker-plugin -flto-partition=none line 36 *q == 5
FAIL: gcc.dg/guality/pr54970.c -O2 -flto -fno-use-linker-plugin -flto-partition=none line 36 a[0] == 4
FAIL: gcc.dg/guality/pr54970.c -O2 -flto -fno-use-linker-plugin -flto-partition=none line 36 a[1] == 5
FAIL: gcc.dg/guality/pr54970.c -O2 -flto -fno-use-linker-plugin -flto-partition=none line 36 a[2] == 26
FAIL: gcc.dg/guality/pr54970.c -O2 -flto -fno-use-linker-plugin -flto-partition=none line 45 *p == 26
FAIL: gcc.dg/guality/pr54970.c -O2 -flto -fno-use-linker-plugin -flto-partition=none line 45 *q == 25
FAIL: gcc.dg/guality/pr54970.c -O2 -flto -fno-use-linker-plugin -flto-partition=none line 45 a[0] == 4
FAIL: gcc.dg/guality/pr54970.c -O2 -flto -fno-use-linker-plugin -flto-partition=none line 45 a[1] == 25
FAIL: gcc.dg/guality/pr54970.c -O2 -flto -fno-use-linker-plugin -flto-partition=none line 45 a[2] == 26
FAIL: gcc.dg/guality/pr54970.c -O2 -flto -fno-use-linker-plugin -flto-partition=none line 45 p[-1] == 25
FAIL: gcc.dg/guality/pr54970.c -O2 -flto -fno-use-linker-plugin -flto-partition=none line 45 p[-2] == 4
FAIL: gcc.dg/guality/pr54970.c -O2 -flto -fno-use-linker-plugin -flto-partition=none line 45 q[-1] == 4
FAIL: gcc.dg/guality/pr54970.c -O2 -flto -fno-use-linker-plugin -flto-partition=none line 45 q[1] == 26
FAIL: gcc.dg/guality/pr54970.c -O2 -flto -fuse-linker-plugin -fno-fat-lto-objects line 15 *p == 3
FAIL: gcc.dg/guality/pr54970.c -O2 -flto -fuse-linker-plugin -fno-fat-lto-objects line 15 *q == 2
FAIL: gcc.dg/guality/pr54970.c -O2 -flto -fuse-linker-plugin -fno-fat-lto-objects line 15 a[0] == 1
FAIL: gcc.dg/guality/pr54970.c -O2 -flto -fuse-linker-plugin -fno-fat-lto-objects line 15 a[1] == 2
FAIL: gcc.dg/guality/pr54970.c -O2 -flto -fuse-linker-plugin -fno-fat-lto-objects line 15 a[2] == 3
FAIL: gcc.dg/guality/pr54970.c -O2 -flto -fuse-linker-plugin -fno-fat-lto-objects line 20 *p == 13
FAIL: gcc.dg/guality/pr54970.c -O2 -flto -fuse-linker-plugin -fno-fat-lto-objects line 20 *q == 2
FAIL: gcc.dg/guality/pr54970.c -O2 -flto -fuse-linker-plugin -fno-fat-lto-objects line 20 a[0] == 1
FAIL: gcc.dg/guality/pr54970.c -O2 -flto -fuse-linker-plugin -fno-fat-lto-objects line 20 a[1] == 2
FAIL: gcc.dg/guality/pr54970.c -O2 -flto -fuse-linker-plugin -fno-fat-lto-objects line 20 a[2] == 13
FAIL: gcc.dg/guality/pr54970.c -O2 -flto -fuse-linker-plugin -fno-fat-lto-objects line 25 *p == 13
FAIL: gcc.dg/guality/pr54970.c -O2 -flto -fuse-linker-plugin -fno-fat-lto-objects line 25 *q == 12
FAIL: gcc.dg/guality/pr54970.c -O2 -flto -fuse-linker-plugin -fno-fat-lto-objects line 25 a[0] == 1
FAIL: gcc.dg/guality/pr54970.c -O2 -flto -fuse-linker-plugin -fno-fat-lto-objects line 25 a[1] == 12
FAIL: gcc.dg/guality/pr54970.c -O2 -flto -fuse-linker-plugin -fno-fat-lto-objects line 25 a[2] == 13
FAIL: gcc.dg/guality/pr54970.c -O2 -flto -fuse-linker-plugin -fno-fat-lto-objects line 31 *p == 6
FAIL: gcc.dg/guality/pr54970.c -O2 -flto -fuse-linker-plugin -fno-fat-lto-objects line 31 *q == 5
FAIL: gcc.dg/guality/pr54970.c -O2 -flto -fuse-linker-plugin -fno-fat-lto-objects line 31 a[0] == 4
FAIL: gcc.dg/guality/pr54970.c -O2 -flto -fuse-linker-plugin -fno-fat-lto-objects line 31 a[1] == 5
FAIL: gcc.dg/guality/pr54970.c -O2 -flto -fuse-linker-plugin -fno-fat-lto-objects line 31 a[2] == 6
FAIL: gcc.dg/guality/pr54970.c -O2 -flto -fuse-linker-plugin -fno-fat-lto-objects line 36 *p == 26
FAIL: gcc.dg/guality/pr54970.c -O2 -flto -fuse-linker-plugin -fno-fat-lto-objects line 36 *q == 5
FAIL: gcc.dg/guality/pr54970.c -O2 -flto -fuse-linker-plugin -fno-fat-lto-objects line 36 a[0] == 4
FAIL: gcc.dg/guality/pr54970.c -O2 -flto -fuse-linker-plugin -fno-fat-lto-objects line 36 a[1] == 5
FAIL: gcc.dg/guality/pr54970.c -O2 -flto -fuse-linker-plugin -fno-fat-lto-objects line 36 a[2] == 26
FAIL: gcc.dg/guality/pr54970.c -O2 -flto -fuse-linker-plugin -fno-fat-lto-objects line 45 *p == 26
FAIL: gcc.dg/guality/pr54970.c -O2 -flto -fuse-linker-plugin -fno-fat-lto-objects line 45 *q == 25
FAIL: gcc.dg/guality/pr54970.c -O2 -flto -fuse-linker-plugin -fno-fat-lto-objects line 45 a[0] == 4
FAIL: gcc.dg/guality/pr54970.c -O2 -flto -fuse-linker-plugin -fno-fat-lto-objects line 45 a[1] == 25
FAIL: gcc.dg/guality/pr54970.c -O2 -flto -fuse-linker-plugin -fno-fat-lto-objects line 45 a[2] == 26
FAIL: gcc.dg/guality/pr54970.c -O2 -flto -fuse-linker-plugin -fno-fat-lto-objects line 45 p[-1] == 25
FAIL: gcc.dg/guality/pr54970.c -O2 -flto -fuse-linker-plugin -fno-fat-lto-objects line 45 p[-2] == 4
FAIL: gcc.dg/guality/pr54970.c -O2 -flto -fuse-linker-plugin -fno-fat-lto-objects line 45 q[-1] == 4
FAIL: gcc.dg/guality/pr54970.c -O2 -flto -fuse-linker-plugin -fno-fat-lto-objects line 45 q[1] == 26
FAIL: gcc.dg/guality/pr54970.c -O3 -g line 15 *p == 3
FAIL: gcc.dg/guality/pr54970.c -O3 -g line 15 *q == 2
FAIL: gcc.dg/guality/pr54970.c -O3 -g line 15 a[0] == 1
FAIL: gcc.dg/guality/pr54970.c -O3 -g line 15 a[1] == 2
FAIL: gcc.dg/guality/pr54970.c -O3 -g line 15 a[2] == 3
FAIL: gcc.dg/guality/pr54970.c -O3 -g line 20 *p == 13
FAIL: gcc.dg/guality/pr54970.c -O3 -g line 20 *q == 2
FAIL: gcc.dg/guality/pr54970.c -O3 -g line 20 a[0] == 1
FAIL: gcc.dg/guality/pr54970.c -O3 -g line 20 a[1] == 2
FAIL: gcc.dg/guality/pr54970.c -O3 -g line 20 a[2] == 13
FAIL: gcc.dg/guality/pr54970.c -O3 -g line 25 *p == 13
FAIL: gcc.dg/guality/pr54970.c -O3 -g line 25 *q == 12
FAIL: gcc.dg/guality/pr54970.c -O3 -g line 25 a[0] == 1
FAIL: gcc.dg/guality/pr54970.c -O3 -g line 25 a[1] == 12
FAIL: gcc.dg/guality/pr54970.c -O3 -g line 25 a[2] == 13
FAIL: gcc.dg/guality/pr54970.c -O3 -g line 31 *p == 6
FAIL: gcc.dg/guality/pr54970.c -O3 -g line 31 *q == 5
FAIL: gcc.dg/guality/pr54970.c -O3 -g line 31 a[0] == 4
FAIL: gcc.dg/guality/pr54970.c -O3 -g line 31 a[1] == 5
FAIL: gcc.dg/guality/pr54970.c -O3 -g line 31 a[2] == 6
FAIL: gcc.dg/guality/pr54970.c -O3 -g line 36 *p == 26
FAIL: gcc.dg/guality/pr54970.c -O3 -g line 36 *q == 5
FAIL: gcc.dg/guality/pr54970.c -O3 -g line 36 a[0] == 4
FAIL: gcc.dg/guality/pr54970.c -O3 -g line 36 a[1] == 5
FAIL: gcc.dg/guality/pr54970.c -O3 -g line 36 a[2] == 26
FAIL: gcc.dg/guality/pr54970.c -O3 -g line 45 *p == 26
FAIL: gcc.dg/guality/pr54970.c -O3 -g line 45 *q == 25
FAIL: gcc.dg/guality/pr54970.c -O3 -g line 45 a[0] == 4
FAIL: gcc.dg/guality/pr54970.c -O3 -g line 45 a[1] == 25
FAIL: gcc.dg/guality/pr54970.c -O3 -g line 45 a[2] == 26
FAIL: gcc.dg/guality/pr54970.c -O3 -g line 45 p[-1] == 25
FAIL: gcc.dg/guality/pr54970.c -O3 -g line 45 p[-2] == 4
FAIL: gcc.dg/guality/pr54970.c -O3 -g line 45 q[-1] == 4
FAIL: gcc.dg/guality/pr54970.c -O3 -g line 45 q[1] == 26
FAIL: gcc.dg/guality/pr54970.c -Os line 15 *p == 3
FAIL: gcc.dg/guality/pr54970.c -Os line 15 *q == 2
FAIL: gcc.dg/guality/pr54970.c -Os line 15 a[0] == 1
FAIL: gcc.dg/guality/pr54970.c -Os line 15 a[1] == 2
FAIL: gcc.dg/guality/pr54970.c -Os line 15 a[2] == 3
FAIL: gcc.dg/guality/pr54970.c -Os line 20 *p == 13
FAIL: gcc.dg/guality/pr54970.c -Os line 20 *q == 2
FAIL: gcc.dg/guality/pr54970.c -Os line 20 a[0] == 1
FAIL: gcc.dg/guality/pr54970.c -Os line 20 a[1] == 2
FAIL: gcc.dg/guality/pr54970.c -Os line 20 a[2] == 13
FAIL: gcc.dg/guality/pr54970.c -Os line 25 *p == 13
FAIL: gcc.dg/guality/pr54970.c -Os line 25 *q == 12
FAIL: gcc.dg/guality/pr54970.c -Os line 25 a[0] == 1
FAIL: gcc.dg/guality/pr54970.c -Os line 25 a[1] == 12
FAIL: gcc.dg/guality/pr54970.c -Os line 25 a[2] == 13
FAIL: gcc.dg/guality/pr54970.c -Os line 31 *p == 6
FAIL: gcc.dg/guality/pr54970.c -Os line 31 *q == 5
FAIL: gcc.dg/guality/pr54970.c -Os line 31 a[0] == 4
FAIL: gcc.dg/guality/pr54970.c -Os line 31 a[1] == 5
FAIL: gcc.dg/guality/pr54970.c -Os line 31 a[2] == 6
FAIL: gcc.dg/guality/pr54970.c -Os line 36 *p == 26
FAIL: gcc.dg/guality/pr54970.c -Os line 36 *q == 5
FAIL: gcc.dg/guality/pr54970.c -Os line 36 a[0] == 4
FAIL: gcc.dg/guality/pr54970.c -Os line 36 a[1] == 5
FAIL: gcc.dg/guality/pr54970.c -Os line 36 a[2] == 26
FAIL: gcc.dg/guality/pr54970.c -Os line 45 *p == 26
FAIL: gcc.dg/guality/pr54970.c -Os line 45 *q == 25
FAIL: gcc.dg/guality/pr54970.c -Os line 45 a[0] == 4
FAIL: gcc.dg/guality/pr54970.c -Os line 45 a[1] == 25
FAIL: gcc.dg/guality/pr54970.c -Os line 45 a[2] == 26
FAIL: gcc.dg/guality/pr54970.c -Os line 45 p[-1] == 25
FAIL: gcc.dg/guality/pr54970.c -Os line 45 p[-2] == 4
FAIL: gcc.dg/guality/pr54970.c -Os line 45 q[-1] == 4
FAIL: gcc.dg/guality/pr54970.c -Os line 45 q[1] == 26
FAIL: gcc.dg/guality/pr56154-1.c -O1 line pr56154-1.c:20 x.a == 6
FAIL: gcc.dg/guality/pr56154-1.c -O2 -flto -fuse-linker-plugin -fno-fat-lto-objects line pr56154-1.c:20 x.a == 6
FAIL: gcc.dg/guality/pr56154-1.c -Os line pr56154-1.c:20 x.a == 6
FAIL: gcc.dg/guality/pr58791-2.c -O2 line pr58791-2.c:27 d & 1 == 1
FAIL: gcc.dg/guality/pr58791-2.c -O2 -flto -fno-use-linker-plugin -flto-partition=none line pr58791-2.c:27 d & 1 == 1
FAIL: gcc.dg/guality/pr58791-2.c -O3 -g line pr58791-2.c:27 d & 1 == 1
FAIL: gcc.dg/guality/sra-1.c -O1 line 43 a.j == 14
FAIL: gcc.dg/guality/sra-1.c -O2 line 43 a.j == 14
FAIL: gcc.dg/guality/sra-1.c -O2 -flto -fno-use-linker-plugin -flto-partition=none line 43 a.j == 14
FAIL: gcc.dg/guality/sra-1.c -O2 -flto -fuse-linker-plugin -fno-fat-lto-objects line 43 a.j == 14
FAIL: gcc.dg/guality/sra-1.c -O3 -g line 43 a.j == 14
FAIL: gcc.dg/guality/sra-1.c -Os line 43 a.j == 14
FAIL: gcc.dg/guality/vla-1.c -O0 line 17 sizeof (a) == 6
FAIL: gcc.dg/guality/vla-1.c -O0 line 24 sizeof (a) == 17 * sizeof (short)
FAIL: gcc.dg/guality/vla-1.c -O1 line 17 sizeof (a) == 6
FAIL: gcc.dg/guality/vla-1.c -O1 line 24 sizeof (a) == 17 * sizeof (short)
FAIL: gcc.dg/guality/vla-1.c -O2 line 17 sizeof (a) == 6
FAIL: gcc.dg/guality/vla-1.c -O2 line 24 sizeof (a) == 17 * sizeof (short)
FAIL: gcc.dg/guality/vla-1.c -O2 -flto -fno-use-linker-plugin -flto-partition=none line 17 sizeof (a) == 6
FAIL: gcc.dg/guality/vla-1.c -O2 -flto -fno-use-linker-plugin -flto-partition=none line 24 sizeof (a) == 17 * sizeof (short)
FAIL: gcc.dg/guality/vla-1.c -O2 -flto -fuse-linker-plugin -fno-fat-lto-objects line 17 sizeof (a) == 6
FAIL: gcc.dg/guality/vla-1.c -O2 -flto -fuse-linker-plugin -fno-fat-lto-objects line 24 sizeof (a) == 17 * sizeof (short)
FAIL: gcc.dg/guality/vla-1.c -O3 -g line 17 sizeof (a) == 6
FAIL: gcc.dg/guality/vla-1.c -O3 -g line 24 sizeof (a) == 17 * sizeof (short)
FAIL: gcc.dg/guality/vla-1.c -Os line 17 sizeof (a) == 6
FAIL: gcc.dg/guality/vla-1.c -Os line 24 sizeof (a) == 17 * sizeof (short)
FAIL: gcc.dg/guality/vla-2.c -O0 line 16 sizeof (a) == 5 * sizeof (int)
FAIL: gcc.dg/guality/vla-2.c -O0 line 25 sizeof (a) == 6 * sizeof (int)
FAIL: gcc.dg/guality/vla-2.c -O1 line 16 sizeof (a) == 5 * sizeof (int)
FAIL: gcc.dg/guality/vla-2.c -O1 line 25 sizeof (a) == 6 * sizeof (int)
FAIL: gcc.dg/guality/vla-2.c -O2 line 16 sizeof (a) == 5 * sizeof (int)
FAIL: gcc.dg/guality/vla-2.c -O2 line 25 sizeof (a) == 6 * sizeof (int)
FAIL: gcc.dg/guality/vla-2.c -O2 -flto -fno-use-linker-plugin -flto-partition=none line 16 sizeof (a) == 5 * sizeof (int)
FAIL: gcc.dg/guality/vla-2.c -O2 -flto -fno-use-linker-plugin -flto-partition=none line 25 sizeof (a) == 6 * sizeof (int)
FAIL: gcc.dg/guality/vla-2.c -O2 -flto -fuse-linker-plugin -fno-fat-lto-objects line 16 sizeof (a) == 5 * sizeof (int)
FAIL: gcc.dg/guality/vla-2.c -O2 -flto -fuse-linker-plugin -fno-fat-lto-objects line 25 sizeof (a) == 6 * sizeof (int)
FAIL: gcc.dg/guality/vla-2.c -O3 -g line 16 sizeof (a) == 5 * sizeof (int)
FAIL: gcc.dg/guality/vla-2.c -O3 -g line 25 sizeof (a) == 6 * sizeof (int)
FAIL: gcc.dg/guality/vla-2.c -Os line 16 sizeof (a) == 5 * sizeof (int)
FAIL: gcc.dg/guality/vla-2.c -Os line 25 sizeof (a) == 6 * sizeof (int)
FAIL: gcc.dg/ipa/ipa-icf-6.c (internal compiler error)
FAIL: gcc.dg/ipa/ipa-icf-6.c (test for excess errors)
FAIL: c-c++-common/torture/vector-compare-1.c -O0 (internal compiler error)
FAIL: c-c++-common/torture/vector-compare-1.c -O0 (test for excess errors)
WARNING: c-c++-common/torture/vector-compare-1.c -O0 compilation failed to produce executable
FAIL: c-c++-common/torture/vector-compare-1.c -O1 (internal compiler error)
FAIL: c-c++-common/torture/vector-compare-1.c -O1 (test for excess errors)
WARNING: c-c++-common/torture/vector-compare-1.c -O1 compilation failed to produce executable
FAIL: c-c++-common/torture/vector-compare-1.c -O2 (internal compiler error)
FAIL: c-c++-common/torture/vector-compare-1.c -O2 (test for excess errors)
WARNING: c-c++-common/torture/vector-compare-1.c -O2 compilation failed to produce executable
FAIL: c-c++-common/torture/vector-compare-1.c -O2 -flto -fno-use-linker-plugin -flto-partition=none (internal compiler error)
FAIL: c-c++-common/torture/vector-compare-1.c -O2 -flto -fno-use-linker-plugin -flto-partition=none (test for excess errors)
WARNING: c-c++-common/torture/vector-compare-1.c -O2 -flto -fno-use-linker-plugin -flto-partition=none compilation failed to produce executable
FAIL: c-c++-common/torture/vector-compare-1.c -O2 -flto -fuse-linker-plugin -fno-fat-lto-objects (internal compiler error)
FAIL: c-c++-common/torture/vector-compare-1.c -O2 -flto -fuse-linker-plugin -fno-fat-lto-objects (test for excess errors)
WARNING: c-c++-common/torture/vector-compare-1.c -O2 -flto -fuse-linker-plugin -fno-fat-lto-objects compilation failed to produce executable
FAIL: c-c++-common/torture/vector-compare-1.c -O3 -fomit-frame-pointer -funroll-loops -fpeel-loops -ftracer -finline-functions (internal compiler error)
FAIL: c-c++-common/torture/vector-compare-1.c -O3 -fomit-frame-pointer -funroll-loops -fpeel-loops -ftracer -finline-functions (test for excess errors)
WARNING: c-c++-common/torture/vector-compare-1.c -O3 -fomit-frame-pointer -funroll-loops -fpeel-loops -ftracer -finline-functions compilation failed to produce executable
FAIL: c-c++-common/torture/vector-compare-1.c -O3 -g (internal compiler error)
FAIL: c-c++-common/torture/vector-compare-1.c -O3 -g (test for excess errors)
WARNING: c-c++-common/torture/vector-compare-1.c -O3 -g compilation failed to produce executable
FAIL: c-c++-common/torture/vector-compare-1.c -Os (internal compiler error)
FAIL: c-c++-common/torture/vector-compare-1.c -Os (test for excess errors)
WARNING: c-c++-common/torture/vector-compare-1.c -Os compilation failed to produce executable
FAIL: c-c++-common/torture/vector-compare-2.c -O0 (internal compiler error)
FAIL: c-c++-common/torture/vector-compare-2.c -O0 (test for excess errors)
WARNING: c-c++-common/torture/vector-compare-2.c -O0 compilation failed to produce executable
FAIL: c-c++-common/torture/vector-shift1.c -O0 (internal compiler error)
FAIL: c-c++-common/torture/vector-shift1.c -O0 (test for excess errors)
WARNING: c-c++-common/torture/vector-shift1.c -O0 compilation failed to produce executable
FAIL: c-c++-common/torture/vector-shift2.c -O0 (internal compiler error)
FAIL: c-c++-common/torture/vector-shift2.c -O0 (test for excess errors)
WARNING: c-c++-common/torture/vector-shift2.c -O0 compilation failed to produce executable
FAIL: c-c++-common/torture/vshuf-v2df.c -O0 (internal compiler error)
FAIL: c-c++-common/torture/vshuf-v2df.c -O0 (test for excess errors)
FAIL: c-c++-common/torture/vshuf-v2df.c -O1 (internal compiler error)
FAIL: c-c++-common/torture/vshuf-v2df.c -O1 (test for excess errors)
FAIL: c-c++-common/torture/vshuf-v2df.c -O2 (internal compiler error)
FAIL: c-c++-common/torture/vshuf-v2df.c -O2 (test for excess errors)
FAIL: c-c++-common/torture/vshuf-v2df.c -O2 -flto -fno-use-linker-plugin -flto-partition=none (internal compiler error)
FAIL: c-c++-common/torture/vshuf-v2df.c -O2 -flto -fno-use-linker-plugin -flto-partition=none (test for excess errors)
FAIL: c-c++-common/torture/vshuf-v2df.c -O3 -g (internal compiler error)
FAIL: c-c++-common/torture/vshuf-v2df.c -O3 -g (test for excess errors)
FAIL: c-c++-common/torture/vshuf-v2df.c -Os (internal compiler error)
FAIL: c-c++-common/torture/vshuf-v2df.c -Os (test for excess errors)
FAIL: c-c++-common/torture/vshuf-v4df.c -O0 (internal compiler error)
FAIL: c-c++-common/torture/vshuf-v4df.c -O0 (test for excess errors)
FAIL: c-c++-common/torture/vshuf-v4df.c -O1 (internal compiler error)
FAIL: c-c++-common/torture/vshuf-v4df.c -O1 (test for excess errors)
FAIL: c-c++-common/torture/vshuf-v4df.c -O2 (internal compiler error)
FAIL: c-c++-common/torture/vshuf-v4df.c -O2 (test for excess errors)
FAIL: c-c++-common/torture/vshuf-v4df.c -O2 -flto -fno-use-linker-plugin -flto-partition=none (internal compiler error)
FAIL: c-c++-common/torture/vshuf-v4df.c -O2 -flto -fno-use-linker-plugin -flto-partition=none (test for excess errors)
FAIL: c-c++-common/torture/vshuf-v4df.c -O3 -g (internal compiler error)
FAIL: c-c++-common/torture/vshuf-v4df.c -O3 -g (test for excess errors)
FAIL: c-c++-common/torture/vshuf-v4df.c -Os (internal compiler error)
FAIL: c-c++-common/torture/vshuf-v4df.c -Os (test for excess errors)
FAIL: c-c++-common/torture/vshuf-v4sf.c -O0 (internal compiler error)
FAIL: c-c++-common/torture/vshuf-v4sf.c -O0 (test for excess errors)
FAIL: c-c++-common/torture/vshuf-v4sf.c -O1 (internal compiler error)
FAIL: c-c++-common/torture/vshuf-v4sf.c -O1 (test for excess errors)
FAIL: c-c++-common/torture/vshuf-v4sf.c -O2 (internal compiler error)
FAIL: c-c++-common/torture/vshuf-v4sf.c -O2 (test for excess errors)
FAIL: c-c++-common/torture/vshuf-v4sf.c -O2 -flto -fno-use-linker-plugin -flto-partition=none (internal compiler error)
FAIL: c-c++-common/torture/vshuf-v4sf.c -O2 -flto -fno-use-linker-plugin -flto-partition=none (test for excess errors)
FAIL: c-c++-common/torture/vshuf-v4sf.c -O3 -g (internal compiler error)
FAIL: c-c++-common/torture/vshuf-v4sf.c -O3 -g (test for excess errors)
FAIL: c-c++-common/torture/vshuf-v4sf.c -Os (internal compiler error)
FAIL: c-c++-common/torture/vshuf-v4sf.c -Os (test for excess errors)
FAIL: gcc.dg/torture/pr21817-1.c -O0 (internal compiler error)
FAIL: gcc.dg/torture/pr21817-1.c -O0 (test for excess errors)
FAIL: gcc.dg/torture/pr21817-1.c -O1 (internal compiler error)
FAIL: gcc.dg/torture/pr21817-1.c -O1 (test for excess errors)
FAIL: gcc.dg/torture/pr21817-1.c -O2 (internal compiler error)
FAIL: gcc.dg/torture/pr21817-1.c -O2 (test for excess errors)
FAIL: gcc.dg/torture/pr21817-1.c -O2 -flto -fno-use-linker-plugin -flto-partition=none (internal compiler error)
FAIL: gcc.dg/torture/pr21817-1.c -O2 -flto -fno-use-linker-plugin -flto-partition=none (test for excess errors)
FAIL: gcc.dg/torture/pr21817-1.c -O3 -fomit-frame-pointer -funroll-loops -fpeel-loops -ftracer -finline-functions (internal compiler error)
FAIL: gcc.dg/torture/pr21817-1.c -O3 -fomit-frame-pointer -funroll-loops -fpeel-loops -ftracer -finline-functions (test for excess errors)
FAIL: gcc.dg/torture/pr21817-1.c -O3 -g (internal compiler error)
FAIL: gcc.dg/torture/pr21817-1.c -O3 -g (test for excess errors)
FAIL: gcc.dg/torture/pr21817-1.c -Os (internal compiler error)
FAIL: gcc.dg/torture/pr21817-1.c -Os (test for excess errors)
FAIL: gcc.dg/torture/pr36891.c -O0 (internal compiler error)
FAIL: gcc.dg/torture/pr36891.c -O0 (test for excess errors)
FAIL: gcc.dg/torture/pr36891.c -O1 (internal compiler error)
FAIL: gcc.dg/torture/pr36891.c -O1 (test for excess errors)
FAIL: gcc.dg/torture/pr36891.c -O2 (internal compiler error)
FAIL: gcc.dg/torture/pr36891.c -O2 (test for excess errors)
FAIL: gcc.dg/torture/pr36891.c -O2 -flto -fno-use-linker-plugin -flto-partition=none (internal compiler error)
FAIL: gcc.dg/torture/pr36891.c -O2 -flto -fno-use-linker-plugin -flto-partition=none (test for excess errors)
FAIL: gcc.dg/torture/pr36891.c -O3 -fomit-frame-pointer -funroll-loops -fpeel-loops -ftracer -finline-functions (internal compiler error)
FAIL: gcc.dg/torture/pr36891.c -O3 -fomit-frame-pointer -funroll-loops -fpeel-loops -ftracer -finline-functions (test for excess errors)
FAIL: gcc.dg/torture/pr36891.c -O3 -g (internal compiler error)
FAIL: gcc.dg/torture/pr36891.c -O3 -g (test for excess errors)
FAIL: gcc.dg/torture/pr36891.c -Os (internal compiler error)
FAIL: gcc.dg/torture/pr36891.c -Os (test for excess errors)
FAIL: gcc.dg/torture/pr45678-1.c -O0 (internal compiler error)
FAIL: gcc.dg/torture/pr45678-1.c -O0 (test for excess errors)
WARNING: gcc.dg/torture/pr45678-1.c -O0 compilation failed to produce executable
FAIL: gcc.dg/torture/pr45678-1.c -O1 (internal compiler error)
FAIL: gcc.dg/torture/pr45678-1.c -O1 (test for excess errors)
WARNING: gcc.dg/torture/pr45678-1.c -O1 compilation failed to produce executable
FAIL: gcc.dg/torture/pr45678-1.c -O2 (internal compiler error)
FAIL: gcc.dg/torture/pr45678-1.c -O2 (test for excess errors)
WARNING: gcc.dg/torture/pr45678-1.c -O2 compilation failed to produce executable
FAIL: gcc.dg/torture/pr45678-1.c -O2 -flto -fno-use-linker-plugin -flto-partition=none (internal compiler error)
FAIL: gcc.dg/torture/pr45678-1.c -O2 -flto -fno-use-linker-plugin -flto-partition=none (test for excess errors)
WARNING: gcc.dg/torture/pr45678-1.c -O2 -flto -fno-use-linker-plugin -flto-partition=none compilation failed to produce executable
FAIL: gcc.dg/torture/pr45678-1.c -O3 -g (internal compiler error)
FAIL: gcc.dg/torture/pr45678-1.c -O3 -g (test for excess errors)
WARNING: gcc.dg/torture/pr45678-1.c -O3 -g compilation failed to produce executable
FAIL: gcc.dg/torture/pr45678-1.c -Os (internal compiler error)
FAIL: gcc.dg/torture/pr45678-1.c -Os (test for excess errors)
WARNING: gcc.dg/torture/pr45678-1.c -Os compilation failed to produce executable
FAIL: gcc.dg/torture/pr45678-2.c -O0 (internal compiler error)
FAIL: gcc.dg/torture/pr45678-2.c -O0 (test for excess errors)
WARNING: gcc.dg/torture/pr45678-2.c -O0 compilation failed to produce executable
FAIL: gcc.dg/torture/pr45678-2.c -O1 (internal compiler error)
FAIL: gcc.dg/torture/pr45678-2.c -O1 (test for excess errors)
WARNING: gcc.dg/torture/pr45678-2.c -O1 compilation failed to produce executable
FAIL: gcc.dg/torture/pr45678-2.c -O2 (internal compiler error)
FAIL: gcc.dg/torture/pr45678-2.c -O2 (test for excess errors)
WARNING: gcc.dg/torture/pr45678-2.c -O2 compilation failed to produce executable
FAIL: gcc.dg/torture/pr45678-2.c -O2 -flto -fno-use-linker-plugin -flto-partition=none (internal compiler error)
FAIL: gcc.dg/torture/pr45678-2.c -O2 -flto -fno-use-linker-plugin -flto-partition=none (test for excess errors)
WARNING: gcc.dg/torture/pr45678-2.c -O2 -flto -fno-use-linker-plugin -flto-partition=none compilation failed to produce executable
FAIL: gcc.dg/torture/pr45678-2.c -O3 -g (internal compiler error)
FAIL: gcc.dg/torture/pr45678-2.c -O3 -g (test for excess errors)
WARNING: gcc.dg/torture/pr45678-2.c -O3 -g compilation failed to produce executable
FAIL: gcc.dg/torture/pr45678-2.c -Os (internal compiler error)
FAIL: gcc.dg/torture/pr45678-2.c -Os (test for excess errors)
WARNING: gcc.dg/torture/pr45678-2.c -Os compilation failed to produce executable
FAIL: gcc.dg/torture/pr47968.c -O0 (internal compiler error)
FAIL: gcc.dg/torture/pr47968.c -O0 (test for excess errors)
FAIL: gcc.dg/torture/pr47968.c -O1 (internal compiler error)
FAIL: gcc.dg/torture/pr47968.c -O1 (test for excess errors)
FAIL: gcc.dg/torture/pr47968.c -O2 (internal compiler error)
FAIL: gcc.dg/torture/pr47968.c -O2 (test for excess errors)
FAIL: gcc.dg/torture/pr47968.c -O2 -flto -fno-use-linker-plugin -flto-partition=none (internal compiler error)
FAIL: gcc.dg/torture/pr47968.c -O2 -flto -fno-use-linker-plugin -flto-partition=none (test for excess errors)
FAIL: gcc.dg/torture/pr47968.c -O3 -g (internal compiler error)
FAIL: gcc.dg/torture/pr47968.c -O3 -g (test for excess errors)
FAIL: gcc.dg/torture/pr47968.c -Os (internal compiler error)
FAIL: gcc.dg/torture/pr47968.c -Os (test for excess errors)
FAIL: gcc.dg/torture/pr50396.c -O0 (internal compiler error)
FAIL: gcc.dg/torture/pr50396.c -O0 (test for excess errors)
WARNING: gcc.dg/torture/pr50396.c -O0 compilation failed to produce executable
FAIL: gcc.dg/torture/pr50396.c -O1 (internal compiler error)
FAIL: gcc.dg/torture/pr50396.c -O1 (test for excess errors)
WARNING: gcc.dg/torture/pr50396.c -O1 compilation failed to produce executable
FAIL: gcc.dg/torture/pr50396.c -O2 (internal compiler error)
FAIL: gcc.dg/torture/pr50396.c -O2 (test for excess errors)
WARNING: gcc.dg/torture/pr50396.c -O2 compilation failed to produce executable
FAIL: gcc.dg/torture/pr50396.c -O2 -flto -fno-use-linker-plugin -flto-partition=none (internal compiler error)
FAIL: gcc.dg/torture/pr50396.c -O2 -flto -fno-use-linker-plugin -flto-partition=none (test for excess errors)
WARNING: gcc.dg/torture/pr50396.c -O2 -flto -fno-use-linker-plugin -flto-partition=none compilation failed to produce executable
FAIL: gcc.dg/torture/pr50396.c -O2 -flto -fuse-linker-plugin -fno-fat-lto-objects (internal compiler error)
FAIL: gcc.dg/torture/pr50396.c -O2 -flto -fuse-linker-plugin -fno-fat-lto-objects (test for excess errors)
WARNING: gcc.dg/torture/pr50396.c -O2 -flto -fuse-linker-plugin -fno-fat-lto-objects compilation failed to produce executable
FAIL: gcc.dg/torture/pr50396.c -O3 -g (internal compiler error)
FAIL: gcc.dg/torture/pr50396.c -O3 -g (test for excess errors)
WARNING: gcc.dg/torture/pr50396.c -O3 -g compilation failed to produce executable
FAIL: gcc.dg/torture/pr50396.c -Os (internal compiler error)
FAIL: gcc.dg/torture/pr50396.c -Os (test for excess errors)
WARNING: gcc.dg/torture/pr50396.c -Os compilation failed to produce executable
FAIL: gcc.dg/torture/pr52419.c -O0 (internal compiler error)
FAIL: gcc.dg/torture/pr52419.c -O0 (test for excess errors)
WARNING: gcc.dg/torture/pr52419.c -O0 compilation failed to produce executable
FAIL: gcc.dg/torture/pr54920.c -O0 (internal compiler error)
FAIL: gcc.dg/torture/pr54920.c -O0 (test for excess errors)
FAIL: gcc.dg/torture/pr57748-1.c -O0 (internal compiler error)
FAIL: gcc.dg/torture/pr57748-1.c -O0 (test for excess errors)
WARNING: gcc.dg/torture/pr57748-1.c -O0 compilation failed to produce executable
FAIL: gcc.dg/torture/pr57748-2.c -O0 (internal compiler error)
FAIL: gcc.dg/torture/pr57748-2.c -O0 (test for excess errors)
WARNING: gcc.dg/torture/pr57748-2.c -O0 compilation failed to produce executable
FAIL: gcc.dg/torture/pr57748-3.c -O0 (internal compiler error)
FAIL: gcc.dg/torture/pr57748-3.c -O0 (test for excess errors)
WARNING: gcc.dg/torture/pr57748-3.c -O0 compilation failed to produce executable
FAIL: gcc.dg/torture/pr57748-4.c -O0 (internal compiler error)
FAIL: gcc.dg/torture/pr57748-4.c -O0 (test for excess errors)
WARNING: gcc.dg/torture/pr57748-4.c -O0 compilation failed to produce executable
FAIL: gcc.dg/torture/vector-1.c -O0 (internal compiler error)
FAIL: gcc.dg/torture/vector-1.c -O0 (test for excess errors)
WARNING: gcc.dg/torture/vector-1.c -O0 compilation failed to produce executable
FAIL: gcc.dg/torture/vector-2.c -O0 (internal compiler error)
FAIL: gcc.dg/torture/vector-2.c -O0 (test for excess errors)
WARNING: gcc.dg/torture/vector-2.c -O0 compilation failed to produce executable
FAIL: gcc.dg/torture/vector-shift2.c -O0 (internal compiler error)
FAIL: gcc.dg/torture/vector-shift2.c -O0 (test for excess errors)
WARNING: gcc.dg/torture/vector-shift2.c -O0 compilation failed to produce executable
FAIL: gcc.dg/torture/vshuf-v16sf.c -O2 (internal compiler error)
FAIL: gcc.dg/torture/vshuf-v16sf.c -O2 (test for excess errors)
WARNING: gcc.dg/torture/vshuf-v16sf.c -O2 compilation failed to produce executable
FAIL: gcc.dg/torture/vshuf-v16si.c -O2 (internal compiler error)
FAIL: gcc.dg/torture/vshuf-v16si.c -O2 (test for excess errors)
WARNING: gcc.dg/torture/vshuf-v16si.c -O2 compilation failed to produce executable
FAIL: gcc.dg/torture/vshuf-v2df.c -O2 (internal compiler error)
FAIL: gcc.dg/torture/vshuf-v2df.c -O2 (test for excess errors)
WARNING: gcc.dg/torture/vshuf-v2df.c -O2 compilation failed to produce executable
FAIL: gcc.dg/torture/vshuf-v32hi.c -O2 (internal compiler error)
FAIL: gcc.dg/torture/vshuf-v32hi.c -O2 (test for excess errors)
WARNING: gcc.dg/torture/vshuf-v32hi.c -O2 compilation failed to produce executable
FAIL: gcc.dg/torture/vshuf-v4df.c -O2 (internal compiler error)
FAIL: gcc.dg/torture/vshuf-v4df.c -O2 (test for excess errors)
WARNING: gcc.dg/torture/vshuf-v4df.c -O2 compilation failed to produce executable
FAIL: gcc.dg/torture/vshuf-v4sf.c -O2 (internal compiler error)
FAIL: gcc.dg/torture/vshuf-v4sf.c -O2 (test for excess errors)
WARNING: gcc.dg/torture/vshuf-v4sf.c -O2 compilation failed to produce executable
FAIL: gcc.dg/torture/vshuf-v64qi.c -O2 (internal compiler error)
FAIL: gcc.dg/torture/vshuf-v64qi.c -O2 (test for excess errors)
WARNING: gcc.dg/torture/vshuf-v64qi.c -O2 compilation failed to produce executable
FAIL: gcc.dg/torture/vshuf-v8df.c -O2 (internal compiler error)
FAIL: gcc.dg/torture/vshuf-v8df.c -O2 (test for excess errors)
WARNING: gcc.dg/torture/vshuf-v8df.c -O2 compilation failed to produce executable
FAIL: gcc.dg/torture/vshuf-v8di.c -O2 (internal compiler error)
FAIL: gcc.dg/torture/vshuf-v8di.c -O2 (test for excess errors)
WARNING: gcc.dg/torture/vshuf-v8di.c -O2 compilation failed to produce executable
FAIL: gcc.dg/torture/vshuf-v8sf.c -O2 (internal compiler error)
FAIL: gcc.dg/torture/vshuf-v8sf.c -O2 (test for excess errors)
WARNING: gcc.dg/torture/vshuf-v8sf.c -O2 compilation failed to produce executable
XPASS: gcc.dg/tree-ssa/20040204-1.c scan-tree-dump-times optimized "link_error" 0
FAIL: gcc.dg/tree-ssa/forwprop-20.c (internal compiler error)
FAIL: gcc.dg/tree-ssa/forwprop-20.c (test for excess errors)
FAIL: gcc.dg/tree-ssa/forwprop-5.c (internal compiler error)
FAIL: gcc.dg/tree-ssa/forwprop-5.c (test for excess errors)
FAIL: gcc.dg/tree-ssa/fre-vce-1.c (internal compiler error)
FAIL: gcc.dg/tree-ssa/fre-vce-1.c (test for excess errors)
FAIL: gcc.dg/tree-ssa/pr54915.c (internal compiler error)
FAIL: gcc.dg/tree-ssa/pr54915.c (test for excess errors)
FAIL: gcc.dg/tree-ssa/ssa-fre-31.c (internal compiler error)
FAIL: gcc.dg/tree-ssa/ssa-fre-31.c (test for excess errors)
FAIL: gcc.dg/tree-ssa/ssa-fre-34.c (internal compiler error)
FAIL: gcc.dg/tree-ssa/ssa-fre-34.c (test for excess errors)
FAIL: gcc.dg/tree-ssa/vector-1.c (internal compiler error)
FAIL: gcc.dg/tree-ssa/vector-1.c (test for excess errors)
FAIL: gcc.target/s390/vector/vec-abi-attr-1.c (internal compiler error)
FAIL: gcc.target/s390/vector/vec-abi-attr-1.c (test for excess errors)
UNRESOLVED: gcc.target/s390/vector/vec-abi-attr-1.c scan-assembler gnu_attribute 8, 1
FAIL: gcc.target/s390/vector/vec-abi-attr-2.c (internal compiler error)
FAIL: gcc.target/s390/vector/vec-abi-attr-2.c (test for excess errors)
UNRESOLVED: gcc.target/s390/vector/vec-abi-attr-2.c scan-assembler-not gnu_attribute
FAIL: gcc.target/s390/vector/vec-abi-attr-3.c (internal compiler error)
FAIL: gcc.target/s390/vector/vec-abi-attr-3.c (test for excess errors)
UNRESOLVED: gcc.target/s390/vector/vec-abi-attr-3.c scan-assembler gnu_attribute 8, 2
=== gcc Summary ===
# of expected passes 83683
# of unexpected failures 798
# of unexpected successes 14
# of expected failures 141
# of unresolved testcases 7
# of unsupported tests 1865
-z10/gcc/xgcc version 6.0.0 20150723 (experimental) (GCC)
=== gfortran tests ===
Running target unix
FAIL: gfortran.dg/bind_c_array_params_2.f90 -O scan-assembler-times [ \\t][\$,_0-9]*myBindC 1
=== gfortran Summary ===
# of expected passes 39814
# of unexpected failures 1
# of expected failures 58
# of unsupported tests 76
-z10/gcc/testsuite/gfortran/../../gfortran version 6.0.0 20150723 (experimental) (GCC)
=== gnat tests ===
Running target unix
FAIL: gnat.dg/vect7.adb (test for excess errors)
FAIL: gnat.dg/specs/addr1.ads (test for warnings, line 30)
=== gnat Summary ===
# of expected passes 1367
# of unexpected failures 2
# of expected failures 21
# of unsupported tests 17
-z10/gcc/gnatmake version 6.0.0 20150723 (experimental)
=== go tests ===
Running target unix
FAIL: go.test/test/ken/cplx2.go execution, -O2 -g
=== go Summary ===
# of expected passes 7239
# of unexpected failures 1
# of expected failures 1
# of untested testcases 11
# of unsupported tests 3
-z10/gcc/testsuite/go/../../gccgo version 6.0.0 20150723 (experimental) (GCC)
=== obj-c++ tests ===
Running target unix
=== obj-c++ Summary ===
# of expected passes 1431
# of expected failures 10
# of unsupported tests 77
-z10/gcc/testsuite/obj-c++/../../xg++ version 6.0.0 20150723 (experimental) (GCC)
=== objc tests ===
Running target unix
=== objc Summary ===
# of expected passes 2772
# of unsupported tests 68
-z10/gcc/xgcc version 6.0.0 20150723 (experimental) (GCC)
=== boehm-gc tests ===
Running target unix
=== boehm-gc Summary ===
# of expected passes 12
# of unsupported tests 1
=== libatomic tests ===
Running target unix
=== libatomic Summary ===
# of expected passes 54
=== libffi tests ===
Running target unix
=== libffi Summary ===
# of expected passes 1914
# of unsupported tests 30
=== libgo tests ===
Running target unix
FAIL: math
=== libgo Summary for unix ===
# of expected passes 123
# of unexpected failures 1
Running target unix/-m31
FAIL: math
FAIL: net/http
FAIL: runtime/pprof
=== libgo Summary for unix/-m31 ===
# of expected passes 121
# of unexpected failures 3
=== libgo Summary ===
# of expected passes 244
# of unexpected failures 4
-z10/./gcc/gccgo version 6.0.0 20150723 (experimental) (GCC)
=== libgomp tests ===
Running target unix
=== libgomp Summary ===
# of expected passes 5010
# of expected failures 8
# of unsupported tests 301
=== libitm tests ===
Running target unix
=== libitm Summary ===
# of expected passes 26
# of expected failures 3
# of unsupported tests 1
=== libjava tests ===
Running target unix
=== libjava Summary ===
# of expected passes 2582
# of expected failures 4
=== libstdc++ tests ===
Running target unix
FAIL: libstdc++-prettyprinters/debug.cc print lst
FAIL: libstdc++-prettyprinters/debug.cc print mp
FAIL: libstdc++-prettyprinters/debug.cc print sp
FAIL: libstdc++-prettyprinters/libfundts.cc print as
FAIL: libstdc++-prettyprinters/libfundts.cc print om
FAIL: libstdc++-prettyprinters/libfundts.cc print os
=== libstdc++ Summary ===
# of expected passes 10718
# of unexpected failures 6
# of expected failures 66
# of unsupported tests 239
Version: 6.0.0 20150723 (experimental) (GCC)
Platform: s390x-ibm-linux-gnu z10
configure flags: --enable-shared --with-system-zlib --enable-threads=posix --enable-__cxa_atexit --enable-checking --with-diagnostics-color=never --prefix=/bigdisk/build-system/arena/20150723/gcc-head/install-s390x-z10 --enable-languages=c,c++,objc,obj-c++,fortran,java,ada,go --with-mode=zarch --with-arch=z10
GCC version: