This is the mail archive of the gcc-testresults@gcc.gnu.org mailing list for the GCC project.


Index Nav: [Date Index] [Subject Index] [Author Index] [Thread Index]
Message Nav: [Date Prev] [Date Next] [Thread Prev] [Thread Next]
Other format: [Raw text]

Results for 6.0.0 20150723 (experimental) [trunk revision 226115] (GCC) testsuite on powerpc64-unknown-linux-gnu


Linux 2.6.32-504.16.2.el6.ppc64 ppc64
GNU C Library stable release version 2.12
GNU ld version 2.20.51.0.2-5.42.el6 20100205
GNU assembler version 2.20.51.0.2-5.42.el6 20100205
GNU Make 3.81

DejaGnu:
	Expect version is	5.44.1.15
	Tcl version is		8.5
	Framework version is	1.4.4

64-bit

LAST_UPDATED: Thu Jul 23 16:54:04 UTC 2015 (revision 226115)

Native configuration is powerpc64-unknown-linux-gnu

		=== gcc tests ===


Running target unix/-m32
FAIL: gcc.c-torture/compile/pr33617.c   -O0  (internal compiler error)
FAIL: gcc.c-torture/compile/pr33617.c   -O0  (test for excess errors)
FAIL: gcc.c-torture/compile/pr33617.c   -O1  (internal compiler error)
FAIL: gcc.c-torture/compile/pr33617.c   -O1  (test for excess errors)
FAIL: gcc.c-torture/compile/pr33617.c   -O2  (internal compiler error)
FAIL: gcc.c-torture/compile/pr33617.c   -O2  (test for excess errors)
FAIL: gcc.c-torture/compile/pr33617.c   -O2 -flto  (internal compiler error)
FAIL: gcc.c-torture/compile/pr33617.c   -O2 -flto  (test for excess errors)
FAIL: gcc.c-torture/compile/pr33617.c   -O2 -flto -flto-partition=none  (internal compiler error)
FAIL: gcc.c-torture/compile/pr33617.c   -O2 -flto -flto-partition=none  (test for excess errors)
FAIL: gcc.c-torture/compile/pr33617.c   -O3 -g  (internal compiler error)
FAIL: gcc.c-torture/compile/pr33617.c   -O3 -g  (test for excess errors)
FAIL: gcc.c-torture/compile/pr33617.c   -Os  (internal compiler error)
FAIL: gcc.c-torture/compile/pr33617.c   -Os  (test for excess errors)
FAIL: gcc.c-torture/compile/pr39928-1.c   -O0  (internal compiler error)
FAIL: gcc.c-torture/compile/pr39928-1.c   -O0  (test for excess errors)
FAIL: gcc.c-torture/compile/pr39928-1.c   -O1  (internal compiler error)
FAIL: gcc.c-torture/compile/pr39928-1.c   -O1  (test for excess errors)
FAIL: gcc.c-torture/compile/pr39928-1.c   -O2  (internal compiler error)
FAIL: gcc.c-torture/compile/pr39928-1.c   -O2  (test for excess errors)
FAIL: gcc.c-torture/compile/pr39928-1.c   -O2 -flto  (internal compiler error)
FAIL: gcc.c-torture/compile/pr39928-1.c   -O2 -flto  (test for excess errors)
FAIL: gcc.c-torture/compile/pr39928-1.c   -O2 -flto -flto-partition=none  (internal compiler error)
FAIL: gcc.c-torture/compile/pr39928-1.c   -O2 -flto -flto-partition=none  (test for excess errors)
FAIL: gcc.c-torture/compile/pr39928-1.c   -O3 -g  (internal compiler error)
FAIL: gcc.c-torture/compile/pr39928-1.c   -O3 -g  (test for excess errors)
FAIL: gcc.c-torture/compile/pr39928-1.c   -Os  (internal compiler error)
FAIL: gcc.c-torture/compile/pr39928-1.c   -Os  (test for excess errors)
FAIL: gcc.c-torture/compile/pr52750.c   -O0  (internal compiler error)
FAIL: gcc.c-torture/compile/pr52750.c   -O0  (test for excess errors)
FAIL: gcc.c-torture/compile/pr54713-1.c   -O0  (internal compiler error)
FAIL: gcc.c-torture/compile/pr54713-1.c   -O0  (test for excess errors)
FAIL: gcc.c-torture/compile/pr54713-1.c   -O1  (internal compiler error)
FAIL: gcc.c-torture/compile/pr54713-1.c   -O1  (test for excess errors)
FAIL: gcc.c-torture/compile/pr54713-1.c   -O2  (internal compiler error)
FAIL: gcc.c-torture/compile/pr54713-1.c   -O2  (test for excess errors)
FAIL: gcc.c-torture/compile/pr54713-1.c   -O2 -flto  (internal compiler error)
FAIL: gcc.c-torture/compile/pr54713-1.c   -O2 -flto  (test for excess errors)
FAIL: gcc.c-torture/compile/pr54713-1.c   -O2 -flto -flto-partition=none  (internal compiler error)
FAIL: gcc.c-torture/compile/pr54713-1.c   -O2 -flto -flto-partition=none  (test for excess errors)
FAIL: gcc.c-torture/compile/pr54713-1.c   -O3 -g  (internal compiler error)
FAIL: gcc.c-torture/compile/pr54713-1.c   -O3 -g  (test for excess errors)
FAIL: gcc.c-torture/compile/pr54713-1.c   -Os  (internal compiler error)
FAIL: gcc.c-torture/compile/pr54713-1.c   -Os  (test for excess errors)
FAIL: gcc.c-torture/compile/pr54713-2.c   -O0  (internal compiler error)
FAIL: gcc.c-torture/compile/pr54713-2.c   -O0  (test for excess errors)
FAIL: gcc.c-torture/compile/pr54713-2.c   -O1  (internal compiler error)
FAIL: gcc.c-torture/compile/pr54713-2.c   -O1  (test for excess errors)
FAIL: gcc.c-torture/compile/pr54713-2.c   -O2  (internal compiler error)
FAIL: gcc.c-torture/compile/pr54713-2.c   -O2  (test for excess errors)
FAIL: gcc.c-torture/compile/pr54713-2.c   -O2 -flto  (internal compiler error)
FAIL: gcc.c-torture/compile/pr54713-2.c   -O2 -flto  (test for excess errors)
FAIL: gcc.c-torture/compile/pr54713-2.c   -O2 -flto -flto-partition=none  (internal compiler error)
FAIL: gcc.c-torture/compile/pr54713-2.c   -O2 -flto -flto-partition=none  (test for excess errors)
FAIL: gcc.c-torture/compile/pr54713-2.c   -O3 -g  (internal compiler error)
FAIL: gcc.c-torture/compile/pr54713-2.c   -O3 -g  (test for excess errors)
FAIL: gcc.c-torture/compile/pr54713-2.c   -Os  (internal compiler error)
FAIL: gcc.c-torture/compile/pr54713-2.c   -Os  (test for excess errors)
FAIL: gcc.c-torture/compile/pr54713-3.c   -O0  (internal compiler error)
FAIL: gcc.c-torture/compile/pr54713-3.c   -O0  (test for excess errors)
FAIL: gcc.c-torture/compile/pr54713-3.c   -O1  (internal compiler error)
FAIL: gcc.c-torture/compile/pr54713-3.c   -O1  (test for excess errors)
FAIL: gcc.c-torture/compile/pr54713-3.c   -O2  (internal compiler error)
FAIL: gcc.c-torture/compile/pr54713-3.c   -O2  (test for excess errors)
FAIL: gcc.c-torture/compile/pr54713-3.c   -O2 -flto  (internal compiler error)
FAIL: gcc.c-torture/compile/pr54713-3.c   -O2 -flto  (test for excess errors)
FAIL: gcc.c-torture/compile/pr54713-3.c   -O2 -flto -flto-partition=none  (internal compiler error)
FAIL: gcc.c-torture/compile/pr54713-3.c   -O2 -flto -flto-partition=none  (test for excess errors)
FAIL: gcc.c-torture/compile/pr54713-3.c   -O3 -g  (internal compiler error)
FAIL: gcc.c-torture/compile/pr54713-3.c   -O3 -g  (test for excess errors)
FAIL: gcc.c-torture/compile/pr54713-3.c   -Os  (internal compiler error)
FAIL: gcc.c-torture/compile/pr54713-3.c   -Os  (test for excess errors)
FAIL: gcc.c-torture/execute/pr65427.c   -O0  (internal compiler error)
FAIL: gcc.c-torture/execute/pr65427.c   -O0  (test for excess errors)
WARNING: gcc.c-torture/execute/pr65427.c   -O0  compilation failed to produce executable
FAIL: gcc.c-torture/execute/pr65427.c   -O1  (internal compiler error)
FAIL: gcc.c-torture/execute/pr65427.c   -O1  (test for excess errors)
WARNING: gcc.c-torture/execute/pr65427.c   -O1  compilation failed to produce executable
FAIL: gcc.c-torture/execute/pr65427.c   -O2  (internal compiler error)
FAIL: gcc.c-torture/execute/pr65427.c   -O2  (test for excess errors)
WARNING: gcc.c-torture/execute/pr65427.c   -O2  compilation failed to produce executable
FAIL: gcc.c-torture/execute/pr65427.c   -O2 -flto  (internal compiler error)
FAIL: gcc.c-torture/execute/pr65427.c   -O2 -flto  (test for excess errors)
WARNING: gcc.c-torture/execute/pr65427.c   -O2 -flto  compilation failed to produce executable
FAIL: gcc.c-torture/execute/pr65427.c   -O2 -flto -flto-partition=none  (internal compiler error)
FAIL: gcc.c-torture/execute/pr65427.c   -O2 -flto -flto-partition=none  (test for excess errors)
WARNING: gcc.c-torture/execute/pr65427.c   -O2 -flto -flto-partition=none  compilation failed to produce executable
FAIL: gcc.c-torture/execute/pr65427.c   -O3 -fomit-frame-pointer -funroll-loops -fpeel-loops -ftracer -finline-functions  (internal compiler error)
FAIL: gcc.c-torture/execute/pr65427.c   -O3 -fomit-frame-pointer -funroll-loops -fpeel-loops -ftracer -finline-functions  (test for excess errors)
WARNING: gcc.c-torture/execute/pr65427.c   -O3 -fomit-frame-pointer -funroll-loops -fpeel-loops -ftracer -finline-functions  compilation failed to produce executable
FAIL: gcc.c-torture/execute/pr65427.c   -O3 -g  (internal compiler error)
FAIL: gcc.c-torture/execute/pr65427.c   -O3 -g  (test for excess errors)
WARNING: gcc.c-torture/execute/pr65427.c   -O3 -g  compilation failed to produce executable
FAIL: gcc.c-torture/execute/pr65427.c   -Os  (internal compiler error)
FAIL: gcc.c-torture/execute/pr65427.c   -Os  (test for excess errors)
WARNING: gcc.c-torture/execute/pr65427.c   -Os  compilation failed to produce executable
FAIL: c-c++-common/asan/misalign-1.c   -O0  output pattern test, is =================================================================
FAIL: c-c++-common/asan/misalign-1.c   -O1  output pattern test, is =================================================================
FAIL: c-c++-common/asan/misalign-1.c   -O2  output pattern test, is =================================================================
FAIL: c-c++-common/asan/misalign-1.c   -O2 -flto  output pattern test, is =================================================================
FAIL: c-c++-common/asan/misalign-1.c   -O2 -flto -flto-partition=none  output pattern test, is =================================================================
FAIL: c-c++-common/asan/misalign-1.c   -O3 -g  output pattern test, is =================================================================
FAIL: c-c++-common/asan/misalign-1.c   -Os  output pattern test, is =================================================================
FAIL: c-c++-common/asan/misalign-2.c   -O0  output pattern test, is =================================================================
FAIL: c-c++-common/asan/misalign-2.c   -O1  output pattern test, is =================================================================
FAIL: c-c++-common/asan/misalign-2.c   -O2  output pattern test, is =================================================================
FAIL: c-c++-common/asan/misalign-2.c   -O2 -flto  output pattern test, is =================================================================
FAIL: c-c++-common/asan/misalign-2.c   -O2 -flto -flto-partition=none  output pattern test, is =================================================================
FAIL: c-c++-common/asan/misalign-2.c   -O3 -g  output pattern test, is =================================================================
FAIL: c-c++-common/asan/misalign-2.c   -Os  output pattern test, is =================================================================
FAIL: c-c++-common/asan/null-deref-1.c   -O0  output pattern test, is ASAN:SIGSEGV
FAIL: c-c++-common/asan/null-deref-1.c   -O1  output pattern test, is ASAN:SIGSEGV
FAIL: c-c++-common/asan/null-deref-1.c   -O2  output pattern test, is ASAN:SIGSEGV
FAIL: c-c++-common/asan/null-deref-1.c   -O2 -flto  output pattern test, is ASAN:SIGSEGV
FAIL: c-c++-common/asan/null-deref-1.c   -O2 -flto -flto-partition=none  output pattern test, is ASAN:SIGSEGV
FAIL: c-c++-common/asan/null-deref-1.c   -O3 -g  output pattern test, is ASAN:SIGSEGV
FAIL: c-c++-common/asan/null-deref-1.c   -Os  output pattern test, is ASAN:SIGSEGV
XPASS: gcc.dg/autopar/uns-outer-4.c scan-tree-dump-times optimized "loopfn" 4
FAIL: gcc.dg/compat/vector-1 c_compat_x_tst.o compile,  (internal compiler error)
UNRESOLVED: gcc.dg/compat/vector-1 c_compat_x_tst.o-c_compat_y_tst.o execute 
UNRESOLVED: gcc.dg/compat/vector-1 c_compat_x_tst.o-c_compat_y_tst.o link 
FAIL: gcc.dg/compat/vector-1 c_compat_y_tst.o compile,  (internal compiler error)
FAIL: gcc.dg/compat/vector-2 c_compat_x_tst.o compile,  (internal compiler error)
UNRESOLVED: gcc.dg/compat/vector-2 c_compat_x_tst.o-c_compat_y_tst.o execute 
UNRESOLVED: gcc.dg/compat/vector-2 c_compat_x_tst.o-c_compat_y_tst.o link 
FAIL: gcc.dg/compat/vector-2 c_compat_y_tst.o compile,  (internal compiler error)
FAIL: gcc.dg/debug/dwarf2/stacked-qualified-types-3.c scan-assembler-times DIE \\\\([^\\n]*\\\\) DW_TAG_(?:const|volatile|atomic|restrict)_type 8
FAIL: gcc.dg/fold-compare-7.c (internal compiler error)
FAIL: gcc.dg/fold-compare-7.c (test for excess errors)
FAIL: gcc.dg/memcpy-5.c (internal compiler error)
FAIL: gcc.dg/memcpy-5.c (test for excess errors)
FAIL: gcc.dg/pr17957.c (internal compiler error)
FAIL: gcc.dg/pr17957.c (test for excess errors)
FAIL: gcc.dg/pr43300.c (internal compiler error)
FAIL: gcc.dg/pr43300.c (test for excess errors)
FAIL: gcc.dg/pr57233.c (internal compiler error)
FAIL: gcc.dg/pr57233.c (test for excess errors)
WARNING: gcc.dg/pr57233.c compilation failed to produce executable
FAIL: gcc.dg/pr63594-1.c (internal compiler error)
FAIL: gcc.dg/pr63594-1.c (test for excess errors)
FAIL: gcc.dg/pr63594-2.c (internal compiler error)
FAIL: gcc.dg/pr63594-2.c (test for excess errors)
WARNING: gcc.dg/pr63594-2.c compilation failed to produce executable
FAIL: gcc.dg/pr64252.c (internal compiler error)
FAIL: gcc.dg/pr64252.c (test for excess errors)
WARNING: gcc.dg/pr64252.c compilation failed to produce executable
FAIL: gcc.dg/sms-8.c scan-rtl-dump-times sms "SMS succeeded" 0
FAIL: gcc.dg/ipa/iinline-attr.c scan-ipa-dump inline "hooray[^\\\\n]*inline copy in test"
FAIL: gcc.dg/lto/20120723 c_lto_20120723_0.o-c_lto_20120723_1.o execute -O3 -fno-early-inlining -flto -Wno-lto-type-mismatch
FAIL: c-c++-common/torture/vshuf-v16hi.c   -O0  (internal compiler error)
FAIL: c-c++-common/torture/vshuf-v16hi.c   -O0  (test for excess errors)
FAIL: c-c++-common/torture/vshuf-v16hi.c   -O1  (internal compiler error)
FAIL: c-c++-common/torture/vshuf-v16hi.c   -O1  (test for excess errors)
FAIL: c-c++-common/torture/vshuf-v16hi.c   -O2  (internal compiler error)
FAIL: c-c++-common/torture/vshuf-v16hi.c   -O2  (test for excess errors)
FAIL: c-c++-common/torture/vshuf-v16hi.c   -O2 -flto  (internal compiler error)
FAIL: c-c++-common/torture/vshuf-v16hi.c   -O2 -flto  (test for excess errors)
FAIL: c-c++-common/torture/vshuf-v16hi.c   -O2 -flto -flto-partition=none  (internal compiler error)
FAIL: c-c++-common/torture/vshuf-v16hi.c   -O2 -flto -flto-partition=none  (test for excess errors)
FAIL: c-c++-common/torture/vshuf-v16hi.c   -O3 -g  (internal compiler error)
FAIL: c-c++-common/torture/vshuf-v16hi.c   -O3 -g  (test for excess errors)
FAIL: c-c++-common/torture/vshuf-v16hi.c   -Os  (internal compiler error)
FAIL: c-c++-common/torture/vshuf-v16hi.c   -Os  (test for excess errors)
FAIL: c-c++-common/torture/vshuf-v4df.c   -O0  (internal compiler error)
FAIL: c-c++-common/torture/vshuf-v4df.c   -O0  (test for excess errors)
FAIL: c-c++-common/torture/vshuf-v4df.c   -O1  (internal compiler error)
FAIL: c-c++-common/torture/vshuf-v4df.c   -O1  (test for excess errors)
FAIL: c-c++-common/torture/vshuf-v4df.c   -O2  (internal compiler error)
FAIL: c-c++-common/torture/vshuf-v4df.c   -O2  (test for excess errors)
FAIL: c-c++-common/torture/vshuf-v4df.c   -O2 -flto  (internal compiler error)
FAIL: c-c++-common/torture/vshuf-v4df.c   -O2 -flto  (test for excess errors)
FAIL: c-c++-common/torture/vshuf-v4df.c   -O2 -flto -flto-partition=none  (internal compiler error)
FAIL: c-c++-common/torture/vshuf-v4df.c   -O2 -flto -flto-partition=none  (test for excess errors)
FAIL: c-c++-common/torture/vshuf-v4df.c   -O3 -g  (internal compiler error)
FAIL: c-c++-common/torture/vshuf-v4df.c   -O3 -g  (test for excess errors)
FAIL: c-c++-common/torture/vshuf-v4df.c   -Os  (internal compiler error)
FAIL: c-c++-common/torture/vshuf-v4df.c   -Os  (test for excess errors)
FAIL: c-c++-common/torture/vshuf-v4di.c   -O0  (internal compiler error)
FAIL: c-c++-common/torture/vshuf-v4di.c   -O0  (test for excess errors)
FAIL: c-c++-common/torture/vshuf-v4di.c   -O1  (internal compiler error)
FAIL: c-c++-common/torture/vshuf-v4di.c   -O1  (test for excess errors)
FAIL: c-c++-common/torture/vshuf-v4di.c   -O2  (internal compiler error)
FAIL: c-c++-common/torture/vshuf-v4di.c   -O2  (test for excess errors)
FAIL: c-c++-common/torture/vshuf-v4di.c   -O2 -flto  (internal compiler error)
FAIL: c-c++-common/torture/vshuf-v4di.c   -O2 -flto  (test for excess errors)
FAIL: c-c++-common/torture/vshuf-v4di.c   -O2 -flto -flto-partition=none  (internal compiler error)
FAIL: c-c++-common/torture/vshuf-v4di.c   -O2 -flto -flto-partition=none  (test for excess errors)
FAIL: c-c++-common/torture/vshuf-v4di.c   -O3 -g  (internal compiler error)
FAIL: c-c++-common/torture/vshuf-v4di.c   -O3 -g  (test for excess errors)
FAIL: c-c++-common/torture/vshuf-v4di.c   -Os  (internal compiler error)
FAIL: c-c++-common/torture/vshuf-v4di.c   -Os  (test for excess errors)
FAIL: c-c++-common/torture/vshuf-v8si.c   -O0  (internal compiler error)
FAIL: c-c++-common/torture/vshuf-v8si.c   -O0  (test for excess errors)
FAIL: c-c++-common/torture/vshuf-v8si.c   -O1  (internal compiler error)
FAIL: c-c++-common/torture/vshuf-v8si.c   -O1  (test for excess errors)
FAIL: c-c++-common/torture/vshuf-v8si.c   -O2  (internal compiler error)
FAIL: c-c++-common/torture/vshuf-v8si.c   -O2  (test for excess errors)
FAIL: c-c++-common/torture/vshuf-v8si.c   -O2 -flto  (internal compiler error)
FAIL: c-c++-common/torture/vshuf-v8si.c   -O2 -flto  (test for excess errors)
FAIL: c-c++-common/torture/vshuf-v8si.c   -O2 -flto -flto-partition=none  (internal compiler error)
FAIL: c-c++-common/torture/vshuf-v8si.c   -O2 -flto -flto-partition=none  (test for excess errors)
FAIL: c-c++-common/torture/vshuf-v8si.c   -O3 -g  (internal compiler error)
FAIL: c-c++-common/torture/vshuf-v8si.c   -O3 -g  (test for excess errors)
FAIL: c-c++-common/torture/vshuf-v8si.c   -Os  (internal compiler error)
FAIL: c-c++-common/torture/vshuf-v8si.c   -Os  (test for excess errors)
FAIL: gcc.dg/torture/pr36891.c   -O0  (internal compiler error)
FAIL: gcc.dg/torture/pr36891.c   -O1  (internal compiler error)
FAIL: gcc.dg/torture/pr36891.c   -O2  (internal compiler error)
FAIL: gcc.dg/torture/pr36891.c   -O2 -flto  (internal compiler error)
FAIL: gcc.dg/torture/pr36891.c   -O2 -flto -flto-partition=none  (internal compiler error)
FAIL: gcc.dg/torture/pr36891.c   -O3 -fomit-frame-pointer -funroll-loops -fpeel-loops -ftracer -finline-functions  (internal compiler error)
FAIL: gcc.dg/torture/pr36891.c   -O3 -g  (internal compiler error)
FAIL: gcc.dg/torture/pr36891.c   -Os  (internal compiler error)
FAIL: gcc.dg/torture/pr47968.c   -O0  (internal compiler error)
FAIL: gcc.dg/torture/pr47968.c   -O0  (test for excess errors)
FAIL: gcc.dg/torture/pr47968.c   -O1  (internal compiler error)
FAIL: gcc.dg/torture/pr47968.c   -O1  (test for excess errors)
FAIL: gcc.dg/torture/pr47968.c   -O2  (internal compiler error)
FAIL: gcc.dg/torture/pr47968.c   -O2  (test for excess errors)
FAIL: gcc.dg/torture/pr47968.c   -O2 -flto  (internal compiler error)
FAIL: gcc.dg/torture/pr47968.c   -O2 -flto  (test for excess errors)
FAIL: gcc.dg/torture/pr47968.c   -O2 -flto -flto-partition=none  (internal compiler error)
FAIL: gcc.dg/torture/pr47968.c   -O2 -flto -flto-partition=none  (test for excess errors)
FAIL: gcc.dg/torture/pr47968.c   -O3 -g  (internal compiler error)
FAIL: gcc.dg/torture/pr47968.c   -O3 -g  (test for excess errors)
FAIL: gcc.dg/torture/pr47968.c   -Os  (internal compiler error)
FAIL: gcc.dg/torture/pr47968.c   -Os  (test for excess errors)
FAIL: gcc.dg/torture/pr47975.c   -O0  (internal compiler error)
FAIL: gcc.dg/torture/pr47975.c   -O0  (test for excess errors)
FAIL: gcc.dg/torture/pr47975.c   -O1  (internal compiler error)
FAIL: gcc.dg/torture/pr47975.c   -O1  (test for excess errors)
FAIL: gcc.dg/torture/pr47975.c   -O2  (internal compiler error)
FAIL: gcc.dg/torture/pr47975.c   -O2  (test for excess errors)
FAIL: gcc.dg/torture/pr47975.c   -O2 -flto  (internal compiler error)
FAIL: gcc.dg/torture/pr47975.c   -O2 -flto  (test for excess errors)
FAIL: gcc.dg/torture/pr47975.c   -O2 -flto -flto-partition=none  (internal compiler error)
FAIL: gcc.dg/torture/pr47975.c   -O2 -flto -flto-partition=none  (test for excess errors)
FAIL: gcc.dg/torture/pr47975.c   -O3 -g  (internal compiler error)
FAIL: gcc.dg/torture/pr47975.c   -O3 -g  (test for excess errors)
FAIL: gcc.dg/torture/pr47975.c   -Os  (internal compiler error)
FAIL: gcc.dg/torture/pr47975.c   -Os  (test for excess errors)
FAIL: gcc.dg/torture/vshuf-v16hi.c   -O2  (internal compiler error)
FAIL: gcc.dg/torture/vshuf-v16hi.c   -O2  (test for excess errors)
WARNING: gcc.dg/torture/vshuf-v16hi.c   -O2  compilation failed to produce executable
FAIL: gcc.dg/torture/vshuf-v16sf.c   -O2  (internal compiler error)
FAIL: gcc.dg/torture/vshuf-v16sf.c   -O2  (test for excess errors)
WARNING: gcc.dg/torture/vshuf-v16sf.c   -O2  compilation failed to produce executable
FAIL: gcc.dg/torture/vshuf-v16si.c   -O2  (internal compiler error)
FAIL: gcc.dg/torture/vshuf-v16si.c   -O2  (test for excess errors)
WARNING: gcc.dg/torture/vshuf-v16si.c   -O2  compilation failed to produce executable
FAIL: gcc.dg/torture/vshuf-v32hi.c   -O2  (internal compiler error)
FAIL: gcc.dg/torture/vshuf-v32hi.c   -O2  (test for excess errors)
WARNING: gcc.dg/torture/vshuf-v32hi.c   -O2  compilation failed to produce executable
FAIL: gcc.dg/torture/vshuf-v32qi.c   -O2  (internal compiler error)
FAIL: gcc.dg/torture/vshuf-v32qi.c   -O2  (test for excess errors)
WARNING: gcc.dg/torture/vshuf-v32qi.c   -O2  compilation failed to produce executable
FAIL: gcc.dg/torture/vshuf-v4df.c   -O2  (internal compiler error)
FAIL: gcc.dg/torture/vshuf-v4df.c   -O2  (test for excess errors)
WARNING: gcc.dg/torture/vshuf-v4df.c   -O2  compilation failed to produce executable
FAIL: gcc.dg/torture/vshuf-v4di.c   -O2  (internal compiler error)
FAIL: gcc.dg/torture/vshuf-v4di.c   -O2  (test for excess errors)
WARNING: gcc.dg/torture/vshuf-v4di.c   -O2  compilation failed to produce executable
FAIL: gcc.dg/torture/vshuf-v64qi.c   -O2  (internal compiler error)
FAIL: gcc.dg/torture/vshuf-v64qi.c   -O2  (test for excess errors)
WARNING: gcc.dg/torture/vshuf-v64qi.c   -O2  compilation failed to produce executable
FAIL: gcc.dg/torture/vshuf-v8df.c   -O2  (internal compiler error)
FAIL: gcc.dg/torture/vshuf-v8df.c   -O2  (test for excess errors)
WARNING: gcc.dg/torture/vshuf-v8df.c   -O2  compilation failed to produce executable
FAIL: gcc.dg/torture/vshuf-v8di.c   -O2  (internal compiler error)
FAIL: gcc.dg/torture/vshuf-v8di.c   -O2  (test for excess errors)
WARNING: gcc.dg/torture/vshuf-v8di.c   -O2  compilation failed to produce executable
FAIL: gcc.dg/torture/vshuf-v8sf.c   -O2  (internal compiler error)
FAIL: gcc.dg/torture/vshuf-v8sf.c   -O2  (test for excess errors)
WARNING: gcc.dg/torture/vshuf-v8sf.c   -O2  compilation failed to produce executable
FAIL: gcc.dg/torture/vshuf-v8si.c   -O2  (internal compiler error)
FAIL: gcc.dg/torture/vshuf-v8si.c   -O2  (test for excess errors)
WARNING: gcc.dg/torture/vshuf-v8si.c   -O2  compilation failed to produce executable
FAIL: gcc.dg/tree-ssa/forwprop-5.c (internal compiler error)
FAIL: gcc.dg/tree-ssa/forwprop-5.c (test for excess errors)
FAIL: gcc.dg/tree-ssa/ivopts-lt-2.c scan-tree-dump-times ivopts "PHI <p_" 1
FAIL: gcc.dg/tree-ssa/ivopts-lt-2.c scan-tree-dump-times ivopts "PHI" 1
FAIL: gcc.dg/tree-ssa/ivopts-lt-2.c scan-tree-dump-times ivopts "p_[0-9]* <" 1
FAIL: gcc.dg/tree-ssa/pr54915.c (internal compiler error)
FAIL: gcc.dg/tree-ssa/pr54915.c (test for excess errors)
FAIL: gcc.dg/tree-ssa/sra-12.c scan-tree-dump-times release_ssa "l;" 0
FAIL: gcc.dg/tree-ssa/ssa-fre-31.c (internal compiler error)
FAIL: gcc.dg/tree-ssa/ssa-fre-31.c (test for excess errors)
FAIL: gcc.dg/tree-ssa/vector-1.c (internal compiler error)
FAIL: gcc.dg/tree-ssa/vector-1.c (test for excess errors)
FAIL: gcc.dg/vect/costmodel/ppc/costmodel-vect-31a.c scan-tree-dump-times vect "vectorization not profitable" 1
FAIL: gcc.dg/vect/costmodel/ppc/costmodel-vect-33.c scan-tree-dump-times vect "vectorization not profitable" 1
XPASS: gcc.dg/vect/no-scevccp-outer-11.c scan-tree-dump-times vect "OUTER LOOP VECTORIZED." 1
FAIL: gcc.dg/vect/no-vfa-vect-depend-2.c scan-tree-dump-times vect "vectorized 1 loops" 1
FAIL: gcc.dg/vect/no-vfa-vect-depend-3.c scan-tree-dump-times vect "vectorized 1 loops" 4
FAIL: gcc.dg/vect/slp-multitypes-4.c -flto -ffat-lto-objects  scan-tree-dump-times vect "vectorized 1 loops" 1
FAIL: gcc.dg/vect/slp-multitypes-4.c -flto -ffat-lto-objects  scan-tree-dump-times vect "vectorizing stmts using SLP" 1
FAIL: gcc.dg/vect/slp-multitypes-4.c scan-tree-dump-times vect "vectorized 1 loops" 1
FAIL: gcc.dg/vect/slp-multitypes-4.c scan-tree-dump-times vect "vectorizing stmts using SLP" 1
FAIL: gcc.dg/vect/slp-multitypes-5.c -flto -ffat-lto-objects  scan-tree-dump-times vect "vectorized 1 loops" 1
FAIL: gcc.dg/vect/slp-multitypes-5.c -flto -ffat-lto-objects  scan-tree-dump-times vect "vectorizing stmts using SLP" 1
FAIL: gcc.dg/vect/slp-multitypes-5.c scan-tree-dump-times vect "vectorized 1 loops" 1
FAIL: gcc.dg/vect/slp-multitypes-5.c scan-tree-dump-times vect "vectorizing stmts using SLP" 1
FAIL: gcc.dg/vect/vect-125.c -flto -ffat-lto-objects  scan-tree-dump vect "vectorized 1 loops"
FAIL: gcc.dg/vect/vect-125.c scan-tree-dump vect "vectorized 1 loops"
FAIL: gcc.dg/vect/vect-31.c -flto -ffat-lto-objects  scan-tree-dump-times vect "vectorized 4 loops" 1
FAIL: gcc.dg/vect/vect-31.c scan-tree-dump-times vect "vectorized 4 loops" 1
FAIL: gcc.target/powerpc/asm-es-2.c scan-assembler asm1 %?r?3,%?r?4
FAIL: gcc.target/powerpc/pr16458-1.c scan-assembler-not cmpw
FAIL: gcc.target/powerpc/pr16458-2.c scan-assembler-not cmpw
FAIL: gcc.target/powerpc/pr16458-4.c scan-assembler-not cmpwi
FAIL: gcc.target/powerpc/pr16458-4.c scan-assembler-times cmplwi 5

		=== gcc Summary for unix/-m32 ===


Running target unix/-m64
FAIL: gcc.c-torture/compile/941019-1.c   -O0  (internal compiler error)
FAIL: gcc.c-torture/compile/941019-1.c   -O0  (test for excess errors)
FAIL: gcc.c-torture/compile/981223-1.c   -O0  (internal compiler error)
FAIL: gcc.c-torture/compile/981223-1.c   -O0  (test for excess errors)
FAIL: gcc.c-torture/compile/complex-1.c   -O0  (internal compiler error)
FAIL: gcc.c-torture/compile/complex-1.c   -O0  (test for excess errors)
FAIL: gcc.c-torture/compile/complex-1.c   -O1  (internal compiler error)
FAIL: gcc.c-torture/compile/complex-1.c   -O1  (test for excess errors)
FAIL: gcc.c-torture/compile/complex-1.c   -O2  (internal compiler error)
FAIL: gcc.c-torture/compile/complex-1.c   -O2  (test for excess errors)
FAIL: gcc.c-torture/compile/complex-1.c   -O2 -flto  (internal compiler error)
FAIL: gcc.c-torture/compile/complex-1.c   -O2 -flto  (test for excess errors)
FAIL: gcc.c-torture/compile/complex-1.c   -O2 -flto -flto-partition=none  (internal compiler error)
FAIL: gcc.c-torture/compile/complex-1.c   -O2 -flto -flto-partition=none  (test for excess errors)
FAIL: gcc.c-torture/compile/complex-1.c   -O3 -g  (internal compiler error)
FAIL: gcc.c-torture/compile/complex-1.c   -O3 -g  (test for excess errors)
FAIL: gcc.c-torture/compile/complex-1.c   -Os  (internal compiler error)
FAIL: gcc.c-torture/compile/complex-1.c   -Os  (test for excess errors)
FAIL: gcc.c-torture/compile/complex-3.c   -O0  (internal compiler error)
FAIL: gcc.c-torture/compile/complex-3.c   -O0  (test for excess errors)
FAIL: gcc.c-torture/compile/complex-5.c   -O0  (internal compiler error)
FAIL: gcc.c-torture/compile/complex-5.c   -O0  (test for excess errors)
FAIL: gcc.c-torture/compile/complex-5.c   -O1  (internal compiler error)
FAIL: gcc.c-torture/compile/complex-5.c   -O1  (test for excess errors)
FAIL: gcc.c-torture/compile/complex-5.c   -O2  (internal compiler error)
FAIL: gcc.c-torture/compile/complex-5.c   -O2  (test for excess errors)
FAIL: gcc.c-torture/compile/complex-5.c   -O2 -flto  (internal compiler error)
FAIL: gcc.c-torture/compile/complex-5.c   -O2 -flto  (test for excess errors)
FAIL: gcc.c-torture/compile/complex-5.c   -O2 -flto -flto-partition=none  (internal compiler error)
FAIL: gcc.c-torture/compile/complex-5.c   -O2 -flto -flto-partition=none  (test for excess errors)
FAIL: gcc.c-torture/compile/complex-5.c   -O3 -g  (internal compiler error)
FAIL: gcc.c-torture/compile/complex-5.c   -O3 -g  (test for excess errors)
FAIL: gcc.c-torture/compile/complex-5.c   -Os  (internal compiler error)
FAIL: gcc.c-torture/compile/complex-5.c   -Os  (test for excess errors)
FAIL: gcc.c-torture/compile/pr33617.c   -O0  (internal compiler error)
FAIL: gcc.c-torture/compile/pr33617.c   -O0  (test for excess errors)
FAIL: gcc.c-torture/compile/pr33617.c   -O1  (internal compiler error)
FAIL: gcc.c-torture/compile/pr33617.c   -O1  (test for excess errors)
FAIL: gcc.c-torture/compile/pr33617.c   -O2  (internal compiler error)
FAIL: gcc.c-torture/compile/pr33617.c   -O2  (test for excess errors)
FAIL: gcc.c-torture/compile/pr33617.c   -O2 -flto  (internal compiler error)
FAIL: gcc.c-torture/compile/pr33617.c   -O2 -flto  (test for excess errors)
FAIL: gcc.c-torture/compile/pr33617.c   -O2 -flto -flto-partition=none  (internal compiler error)
FAIL: gcc.c-torture/compile/pr33617.c   -O2 -flto -flto-partition=none  (test for excess errors)
FAIL: gcc.c-torture/compile/pr33617.c   -O3 -g  (internal compiler error)
FAIL: gcc.c-torture/compile/pr33617.c   -O3 -g  (test for excess errors)
FAIL: gcc.c-torture/compile/pr33617.c   -Os  (internal compiler error)
FAIL: gcc.c-torture/compile/pr33617.c   -Os  (test for excess errors)
FAIL: gcc.c-torture/compile/pr39928-2.c   -O0  (internal compiler error)
FAIL: gcc.c-torture/compile/pr39928-2.c   -O0  (test for excess errors)
FAIL: gcc.c-torture/compile/pr52750.c   -O0  (internal compiler error)
FAIL: gcc.c-torture/compile/pr52750.c   -O0  (test for excess errors)
FAIL: gcc.c-torture/compile/pr54428.c   -O0  (internal compiler error)
FAIL: gcc.c-torture/compile/pr54428.c   -O0  (test for excess errors)
FAIL: gcc.c-torture/compile/pr54713-1.c   -O0  (internal compiler error)
FAIL: gcc.c-torture/compile/pr54713-1.c   -O0  (test for excess errors)
FAIL: gcc.c-torture/compile/pr54713-1.c   -O1  (internal compiler error)
FAIL: gcc.c-torture/compile/pr54713-1.c   -O1  (test for excess errors)
FAIL: gcc.c-torture/compile/pr54713-1.c   -O2  (internal compiler error)
FAIL: gcc.c-torture/compile/pr54713-1.c   -O2  (test for excess errors)
FAIL: gcc.c-torture/compile/pr54713-1.c   -O2 -flto  (internal compiler error)
FAIL: gcc.c-torture/compile/pr54713-1.c   -O2 -flto  (test for excess errors)
FAIL: gcc.c-torture/compile/pr54713-1.c   -O2 -flto -flto-partition=none  (internal compiler error)
FAIL: gcc.c-torture/compile/pr54713-1.c   -O2 -flto -flto-partition=none  (test for excess errors)
FAIL: gcc.c-torture/compile/pr54713-1.c   -O3 -g  (internal compiler error)
FAIL: gcc.c-torture/compile/pr54713-1.c   -O3 -g  (test for excess errors)
FAIL: gcc.c-torture/compile/pr54713-1.c   -Os  (internal compiler error)
FAIL: gcc.c-torture/compile/pr54713-1.c   -Os  (test for excess errors)
FAIL: gcc.c-torture/compile/pr54713-2.c   -O0  (internal compiler error)
FAIL: gcc.c-torture/compile/pr54713-2.c   -O0  (test for excess errors)
FAIL: gcc.c-torture/compile/pr54713-2.c   -O1  (internal compiler error)
FAIL: gcc.c-torture/compile/pr54713-2.c   -O1  (test for excess errors)
FAIL: gcc.c-torture/compile/pr54713-2.c   -O2  (internal compiler error)
FAIL: gcc.c-torture/compile/pr54713-2.c   -O2  (test for excess errors)
FAIL: gcc.c-torture/compile/pr54713-2.c   -O2 -flto  (internal compiler error)
FAIL: gcc.c-torture/compile/pr54713-2.c   -O2 -flto  (test for excess errors)
FAIL: gcc.c-torture/compile/pr54713-2.c   -O2 -flto -flto-partition=none  (internal compiler error)
FAIL: gcc.c-torture/compile/pr54713-2.c   -O2 -flto -flto-partition=none  (test for excess errors)
FAIL: gcc.c-torture/compile/pr54713-2.c   -O3 -g  (internal compiler error)
FAIL: gcc.c-torture/compile/pr54713-2.c   -O3 -g  (test for excess errors)
FAIL: gcc.c-torture/compile/pr54713-2.c   -Os  (internal compiler error)
FAIL: gcc.c-torture/compile/pr54713-2.c   -Os  (test for excess errors)
FAIL: gcc.c-torture/compile/pr54713-3.c   -O0  (internal compiler error)
FAIL: gcc.c-torture/compile/pr54713-3.c   -O0  (test for excess errors)
FAIL: gcc.c-torture/compile/pr54713-3.c   -O1  (internal compiler error)
FAIL: gcc.c-torture/compile/pr54713-3.c   -O1  (test for excess errors)
FAIL: gcc.c-torture/compile/pr54713-3.c   -O2  (internal compiler error)
FAIL: gcc.c-torture/compile/pr54713-3.c   -O2  (test for excess errors)
FAIL: gcc.c-torture/compile/pr54713-3.c   -O2 -flto  (internal compiler error)
FAIL: gcc.c-torture/compile/pr54713-3.c   -O2 -flto  (test for excess errors)
FAIL: gcc.c-torture/compile/pr54713-3.c   -O2 -flto -flto-partition=none  (internal compiler error)
FAIL: gcc.c-torture/compile/pr54713-3.c   -O2 -flto -flto-partition=none  (test for excess errors)
FAIL: gcc.c-torture/compile/pr54713-3.c   -O3 -g  (internal compiler error)
FAIL: gcc.c-torture/compile/pr54713-3.c   -O3 -g  (test for excess errors)
FAIL: gcc.c-torture/compile/pr54713-3.c   -Os  (internal compiler error)
FAIL: gcc.c-torture/compile/pr54713-3.c   -Os  (test for excess errors)
FAIL: gcc.c-torture/compile/pr55921.c   -O0  (internal compiler error)
FAIL: gcc.c-torture/compile/pr55921.c   -O0  (test for excess errors)
FAIL: gcc.c-torture/execute/builtins/complex-1.c compilation,  -O0  (internal compiler error)
UNRESOLVED: gcc.c-torture/execute/builtins/complex-1.c execution,  -O0 
FAIL: gcc.c-torture/execute/20010605-2.c   -O0  (internal compiler error)
FAIL: gcc.c-torture/execute/20010605-2.c   -O0  (test for excess errors)
WARNING: gcc.c-torture/execute/20010605-2.c   -O0  compilation failed to produce executable
FAIL: gcc.c-torture/execute/20070614-1.c   -O0  (internal compiler error)
FAIL: gcc.c-torture/execute/20070614-1.c   -O0  (test for excess errors)
WARNING: gcc.c-torture/execute/20070614-1.c   -O0  compilation failed to produce executable
FAIL: gcc.c-torture/execute/complex-1.c   -O0  (internal compiler error)
FAIL: gcc.c-torture/execute/complex-1.c   -O0  (test for excess errors)
WARNING: gcc.c-torture/execute/complex-1.c   -O0  compilation failed to produce executable
FAIL: gcc.c-torture/execute/complex-2.c   -O0  (internal compiler error)
FAIL: gcc.c-torture/execute/complex-2.c   -O0  (test for excess errors)
WARNING: gcc.c-torture/execute/complex-2.c   -O0  compilation failed to produce executable
FAIL: gcc.c-torture/execute/complex-2.c   -O1  (internal compiler error)
FAIL: gcc.c-torture/execute/complex-2.c   -O1  (test for excess errors)
WARNING: gcc.c-torture/execute/complex-2.c   -O1  compilation failed to produce executable
FAIL: gcc.c-torture/execute/complex-2.c   -O2  (internal compiler error)
FAIL: gcc.c-torture/execute/complex-2.c   -O2  (test for excess errors)
WARNING: gcc.c-torture/execute/complex-2.c   -O2  compilation failed to produce executable
FAIL: gcc.c-torture/execute/complex-2.c   -O2 -flto  (internal compiler error)
FAIL: gcc.c-torture/execute/complex-2.c   -O2 -flto  (test for excess errors)
WARNING: gcc.c-torture/execute/complex-2.c   -O2 -flto  compilation failed to produce executable
FAIL: gcc.c-torture/execute/complex-2.c   -O2 -flto -flto-partition=none  (internal compiler error)
FAIL: gcc.c-torture/execute/complex-2.c   -O2 -flto -flto-partition=none  (test for excess errors)
WARNING: gcc.c-torture/execute/complex-2.c   -O2 -flto -flto-partition=none  compilation failed to produce executable
FAIL: gcc.c-torture/execute/complex-2.c   -O3 -g  (internal compiler error)
FAIL: gcc.c-torture/execute/complex-2.c   -O3 -g  (test for excess errors)
WARNING: gcc.c-torture/execute/complex-2.c   -O3 -g  compilation failed to produce executable
FAIL: gcc.c-torture/execute/complex-2.c   -Os  (internal compiler error)
FAIL: gcc.c-torture/execute/complex-2.c   -Os  (test for excess errors)
WARNING: gcc.c-torture/execute/complex-2.c   -Os  compilation failed to produce executable
FAIL: gcc.c-torture/execute/complex-5.c   -O0  (internal compiler error)
FAIL: gcc.c-torture/execute/complex-5.c   -O0  (test for excess errors)
WARNING: gcc.c-torture/execute/complex-5.c   -O0  compilation failed to produce executable
FAIL: gcc.c-torture/execute/complex-6.c   -O0  (internal compiler error)
FAIL: gcc.c-torture/execute/complex-6.c   -O0  (test for excess errors)
WARNING: gcc.c-torture/execute/complex-6.c   -O0  compilation failed to produce executable
FAIL: gcc.c-torture/execute/complex-6.c   -O1  (internal compiler error)
FAIL: gcc.c-torture/execute/complex-6.c   -O1  (test for excess errors)
WARNING: gcc.c-torture/execute/complex-6.c   -O1  compilation failed to produce executable
FAIL: gcc.c-torture/execute/complex-6.c   -O2  (internal compiler error)
FAIL: gcc.c-torture/execute/complex-6.c   -O2  (test for excess errors)
WARNING: gcc.c-torture/execute/complex-6.c   -O2  compilation failed to produce executable
FAIL: gcc.c-torture/execute/complex-6.c   -O2 -flto  (internal compiler error)
FAIL: gcc.c-torture/execute/complex-6.c   -O2 -flto  (test for excess errors)
WARNING: gcc.c-torture/execute/complex-6.c   -O2 -flto  compilation failed to produce executable
FAIL: gcc.c-torture/execute/complex-6.c   -O2 -flto -flto-partition=none  (internal compiler error)
FAIL: gcc.c-torture/execute/complex-6.c   -O2 -flto -flto-partition=none  (test for excess errors)
WARNING: gcc.c-torture/execute/complex-6.c   -O2 -flto -flto-partition=none  compilation failed to produce executable
FAIL: gcc.c-torture/execute/complex-6.c   -O3 -g  (internal compiler error)
FAIL: gcc.c-torture/execute/complex-6.c   -O3 -g  (test for excess errors)
WARNING: gcc.c-torture/execute/complex-6.c   -O3 -g  compilation failed to produce executable
FAIL: gcc.c-torture/execute/complex-6.c   -Os  (internal compiler error)
FAIL: gcc.c-torture/execute/complex-6.c   -Os  (test for excess errors)
WARNING: gcc.c-torture/execute/complex-6.c   -Os  compilation failed to produce executable
FAIL: gcc.c-torture/execute/complex-7.c   -O0  (internal compiler error)
FAIL: gcc.c-torture/execute/complex-7.c   -O0  (test for excess errors)
WARNING: gcc.c-torture/execute/complex-7.c   -O0  compilation failed to produce executable
FAIL: gcc.c-torture/execute/pr38969.c   -O0  (internal compiler error)
FAIL: gcc.c-torture/execute/pr38969.c   -O0  (test for excess errors)
WARNING: gcc.c-torture/execute/pr38969.c   -O0  compilation failed to produce executable
FAIL: gcc.c-torture/execute/pr42248.c   -O0  (internal compiler error)
FAIL: gcc.c-torture/execute/pr42248.c   -O0  (test for excess errors)
WARNING: gcc.c-torture/execute/pr42248.c   -O0  compilation failed to produce executable
FAIL: gcc.c-torture/execute/pr65427.c   -O0  (internal compiler error)
FAIL: gcc.c-torture/execute/pr65427.c   -O0  (test for excess errors)
WARNING: gcc.c-torture/execute/pr65427.c   -O0  compilation failed to produce executable
FAIL: gcc.c-torture/execute/pr65427.c   -O1  (internal compiler error)
FAIL: gcc.c-torture/execute/pr65427.c   -O1  (test for excess errors)
WARNING: gcc.c-torture/execute/pr65427.c   -O1  compilation failed to produce executable
FAIL: gcc.c-torture/execute/pr65427.c   -O2  (internal compiler error)
FAIL: gcc.c-torture/execute/pr65427.c   -O2  (test for excess errors)
WARNING: gcc.c-torture/execute/pr65427.c   -O2  compilation failed to produce executable
FAIL: gcc.c-torture/execute/pr65427.c   -O2 -flto  (internal compiler error)
FAIL: gcc.c-torture/execute/pr65427.c   -O2 -flto  (test for excess errors)
WARNING: gcc.c-torture/execute/pr65427.c   -O2 -flto  compilation failed to produce executable
FAIL: gcc.c-torture/execute/pr65427.c   -O2 -flto -flto-partition=none  (internal compiler error)
FAIL: gcc.c-torture/execute/pr65427.c   -O2 -flto -flto-partition=none  (test for excess errors)
WARNING: gcc.c-torture/execute/pr65427.c   -O2 -flto -flto-partition=none  compilation failed to produce executable
FAIL: gcc.c-torture/execute/pr65427.c   -O3 -fomit-frame-pointer -funroll-loops -fpeel-loops -ftracer -finline-functions  (internal compiler error)
FAIL: gcc.c-torture/execute/pr65427.c   -O3 -fomit-frame-pointer -funroll-loops -fpeel-loops -ftracer -finline-functions  (test for excess errors)
WARNING: gcc.c-torture/execute/pr65427.c   -O3 -fomit-frame-pointer -funroll-loops -fpeel-loops -ftracer -finline-functions  compilation failed to produce executable
FAIL: gcc.c-torture/execute/pr65427.c   -O3 -g  (internal compiler error)
FAIL: gcc.c-torture/execute/pr65427.c   -O3 -g  (test for excess errors)
WARNING: gcc.c-torture/execute/pr65427.c   -O3 -g  compilation failed to produce executable
FAIL: gcc.c-torture/execute/pr65427.c   -Os  (internal compiler error)
FAIL: gcc.c-torture/execute/pr65427.c   -Os  (test for excess errors)
WARNING: gcc.c-torture/execute/pr65427.c   -Os  compilation failed to produce executable
FAIL: c-c++-common/asan/misalign-1.c   -O0  output pattern test, is =================================================================
FAIL: c-c++-common/asan/misalign-1.c   -O1  output pattern test, is =================================================================
FAIL: c-c++-common/asan/misalign-1.c   -O2  output pattern test, is =================================================================
FAIL: c-c++-common/asan/misalign-1.c   -O2 -flto  output pattern test, is =================================================================
FAIL: c-c++-common/asan/misalign-1.c   -O2 -flto -flto-partition=none  output pattern test, is =================================================================
FAIL: c-c++-common/asan/misalign-1.c   -O3 -g  output pattern test, is =================================================================
FAIL: c-c++-common/asan/misalign-1.c   -Os  output pattern test, is =================================================================
FAIL: c-c++-common/asan/misalign-2.c   -O0  output pattern test, is =================================================================
FAIL: c-c++-common/asan/misalign-2.c   -O1  output pattern test, is =================================================================
FAIL: c-c++-common/asan/misalign-2.c   -O2  output pattern test, is =================================================================
FAIL: c-c++-common/asan/misalign-2.c   -O2 -flto  output pattern test, is =================================================================
FAIL: c-c++-common/asan/misalign-2.c   -O2 -flto -flto-partition=none  output pattern test, is =================================================================
FAIL: c-c++-common/asan/misalign-2.c   -O3 -g  output pattern test, is =================================================================
FAIL: c-c++-common/asan/misalign-2.c   -Os  output pattern test, is =================================================================
FAIL: c-c++-common/asan/null-deref-1.c   -O0  output pattern test, is ASAN:SIGSEGV
FAIL: c-c++-common/asan/null-deref-1.c   -O1  output pattern test, is ASAN:SIGSEGV
FAIL: c-c++-common/asan/null-deref-1.c   -O2  output pattern test, is ASAN:SIGSEGV
FAIL: c-c++-common/asan/null-deref-1.c   -O2 -flto  output pattern test, is ASAN:SIGSEGV
FAIL: c-c++-common/asan/null-deref-1.c   -O2 -flto -flto-partition=none  output pattern test, is ASAN:SIGSEGV
FAIL: c-c++-common/asan/null-deref-1.c   -O3 -g  output pattern test, is ASAN:SIGSEGV
FAIL: c-c++-common/asan/null-deref-1.c   -Os  output pattern test, is ASAN:SIGSEGV
XPASS: gcc.dg/autopar/uns-outer-4.c scan-tree-dump-times optimized "loopfn" 4
FAIL: gcc.dg/compat/scalar-by-value-3 c_compat_x_tst.o compile,  (internal compiler error)
UNRESOLVED: gcc.dg/compat/scalar-by-value-3 c_compat_x_tst.o-c_compat_y_tst.o execute 
UNRESOLVED: gcc.dg/compat/scalar-by-value-3 c_compat_x_tst.o-c_compat_y_tst.o link 
FAIL: gcc.dg/compat/scalar-by-value-3 c_compat_y_tst.o compile,  (internal compiler error)
FAIL: gcc.dg/compat/scalar-by-value-4 c_compat_x_tst.o compile,  (internal compiler error)
UNRESOLVED: gcc.dg/compat/scalar-by-value-4 c_compat_x_tst.o-c_compat_y_tst.o execute 
UNRESOLVED: gcc.dg/compat/scalar-by-value-4 c_compat_x_tst.o-c_compat_y_tst.o link 
FAIL: gcc.dg/compat/scalar-by-value-4 c_compat_y_tst.o compile,  (internal compiler error)
UNRESOLVED: gcc.dg/compat/scalar-by-value-5 c_compat_x_tst.o-c_compat_y_tst.o execute 
UNRESOLVED: gcc.dg/compat/scalar-by-value-5 c_compat_x_tst.o-c_compat_y_tst.o link 
FAIL: gcc.dg/compat/scalar-by-value-5 c_compat_y_tst.o compile,  (internal compiler error)
UNRESOLVED: gcc.dg/compat/scalar-by-value-6 c_compat_x_tst.o-c_compat_y_tst.o execute 
UNRESOLVED: gcc.dg/compat/scalar-by-value-6 c_compat_x_tst.o-c_compat_y_tst.o link 
FAIL: gcc.dg/compat/scalar-by-value-6 c_compat_y_tst.o compile,  (internal compiler error)
FAIL: gcc.dg/compat/scalar-return-3 c_compat_x_tst.o compile,  (internal compiler error)
UNRESOLVED: gcc.dg/compat/scalar-return-3 c_compat_x_tst.o-c_compat_y_tst.o execute 
UNRESOLVED: gcc.dg/compat/scalar-return-3 c_compat_x_tst.o-c_compat_y_tst.o link 
FAIL: gcc.dg/compat/scalar-return-3 c_compat_y_tst.o compile,  (internal compiler error)
FAIL: gcc.dg/compat/scalar-return-4 c_compat_x_tst.o compile,  (internal compiler error)
UNRESOLVED: gcc.dg/compat/scalar-return-4 c_compat_x_tst.o-c_compat_y_tst.o execute 
UNRESOLVED: gcc.dg/compat/scalar-return-4 c_compat_x_tst.o-c_compat_y_tst.o link 
FAIL: gcc.dg/compat/scalar-return-4 c_compat_y_tst.o compile,  (internal compiler error)
FAIL: gcc.dg/compat/struct-by-value-11 c_compat_x_tst.o compile,  (internal compiler error)
UNRESOLVED: gcc.dg/compat/struct-by-value-11 c_compat_x_tst.o-c_compat_y_tst.o execute 
UNRESOLVED: gcc.dg/compat/struct-by-value-11 c_compat_x_tst.o-c_compat_y_tst.o link 
FAIL: gcc.dg/compat/struct-by-value-11 c_compat_y_tst.o compile,  (internal compiler error)
FAIL: gcc.dg/compat/struct-by-value-12 c_compat_x_tst.o compile,  (internal compiler error)
UNRESOLVED: gcc.dg/compat/struct-by-value-12 c_compat_x_tst.o-c_compat_y_tst.o execute 
UNRESOLVED: gcc.dg/compat/struct-by-value-12 c_compat_x_tst.o-c_compat_y_tst.o link 
FAIL: gcc.dg/compat/struct-by-value-12 c_compat_y_tst.o compile,  (internal compiler error)
FAIL: gcc.dg/compat/struct-by-value-13 c_compat_x_tst.o compile,  (internal compiler error)
UNRESOLVED: gcc.dg/compat/struct-by-value-13 c_compat_x_tst.o-c_compat_y_tst.o execute 
UNRESOLVED: gcc.dg/compat/struct-by-value-13 c_compat_x_tst.o-c_compat_y_tst.o link 
FAIL: gcc.dg/compat/struct-by-value-13 c_compat_y_tst.o compile,  (internal compiler error)
FAIL: gcc.dg/compat/struct-by-value-14 c_compat_x_tst.o compile,  (internal compiler error)
UNRESOLVED: gcc.dg/compat/struct-by-value-14 c_compat_x_tst.o-c_compat_y_tst.o execute 
UNRESOLVED: gcc.dg/compat/struct-by-value-14 c_compat_x_tst.o-c_compat_y_tst.o link 
FAIL: gcc.dg/compat/struct-by-value-14 c_compat_y_tst.o compile,  (internal compiler error)
FAIL: gcc.dg/compat/struct-by-value-15 c_compat_x_tst.o compile,  (internal compiler error)
UNRESOLVED: gcc.dg/compat/struct-by-value-15 c_compat_x_tst.o-c_compat_y_tst.o execute 
UNRESOLVED: gcc.dg/compat/struct-by-value-15 c_compat_x_tst.o-c_compat_y_tst.o link 
FAIL: gcc.dg/compat/struct-by-value-15 c_compat_y_tst.o compile,  (internal compiler error)
FAIL: gcc.dg/compat/struct-by-value-16 c_compat_x_tst.o compile,  (internal compiler error)
UNRESOLVED: gcc.dg/compat/struct-by-value-16 c_compat_x_tst.o-c_compat_y_tst.o execute 
UNRESOLVED: gcc.dg/compat/struct-by-value-16 c_compat_x_tst.o-c_compat_y_tst.o link 
FAIL: gcc.dg/compat/struct-by-value-16 c_compat_y_tst.o compile,  (internal compiler error)
FAIL: gcc.dg/compat/struct-by-value-16a c_compat_x_tst.o compile,  (internal compiler error)
UNRESOLVED: gcc.dg/compat/struct-by-value-16a c_compat_x_tst.o-c_compat_y_tst.o execute 
UNRESOLVED: gcc.dg/compat/struct-by-value-16a c_compat_x_tst.o-c_compat_y_tst.o link 
FAIL: gcc.dg/compat/struct-by-value-16a c_compat_y_tst.o compile,  (internal compiler error)
FAIL: gcc.dg/compat/struct-by-value-17 c_compat_x_tst.o compile,  (internal compiler error)
UNRESOLVED: gcc.dg/compat/struct-by-value-17 c_compat_x_tst.o-c_compat_y_tst.o execute 
UNRESOLVED: gcc.dg/compat/struct-by-value-17 c_compat_x_tst.o-c_compat_y_tst.o link 
FAIL: gcc.dg/compat/struct-by-value-17 c_compat_y_tst.o compile,  (internal compiler error)
FAIL: gcc.dg/compat/struct-by-value-17a c_compat_x_tst.o compile,  (internal compiler error)
UNRESOLVED: gcc.dg/compat/struct-by-value-17a c_compat_x_tst.o-c_compat_y_tst.o execute 
UNRESOLVED: gcc.dg/compat/struct-by-value-17a c_compat_x_tst.o-c_compat_y_tst.o link 
FAIL: gcc.dg/compat/struct-by-value-17a c_compat_y_tst.o compile,  (internal compiler error)
FAIL: gcc.dg/compat/struct-by-value-18 c_compat_x_tst.o compile,  (internal compiler error)
UNRESOLVED: gcc.dg/compat/struct-by-value-18 c_compat_x_tst.o-c_compat_y_tst.o execute 
UNRESOLVED: gcc.dg/compat/struct-by-value-18 c_compat_x_tst.o-c_compat_y_tst.o link 
FAIL: gcc.dg/compat/struct-by-value-18 c_compat_y_tst.o compile,  (internal compiler error)
FAIL: gcc.dg/compat/struct-by-value-18a c_compat_x_tst.o compile,  (internal compiler error)
UNRESOLVED: gcc.dg/compat/struct-by-value-18a c_compat_x_tst.o-c_compat_y_tst.o execute 
UNRESOLVED: gcc.dg/compat/struct-by-value-18a c_compat_x_tst.o-c_compat_y_tst.o link 
FAIL: gcc.dg/compat/struct-by-value-18a c_compat_y_tst.o compile,  (internal compiler error)
FAIL: gcc.dg/compat/vector-1 c_compat_x_tst.o compile,  (internal compiler error)
UNRESOLVED: gcc.dg/compat/vector-1 c_compat_x_tst.o-c_compat_y_tst.o execute 
UNRESOLVED: gcc.dg/compat/vector-1 c_compat_x_tst.o-c_compat_y_tst.o link 
FAIL: gcc.dg/compat/vector-1 c_compat_y_tst.o compile,  (internal compiler error)
FAIL: gcc.dg/compat/vector-2 c_compat_x_tst.o compile,  (internal compiler error)
UNRESOLVED: gcc.dg/compat/vector-2 c_compat_x_tst.o-c_compat_y_tst.o execute 
UNRESOLVED: gcc.dg/compat/vector-2 c_compat_x_tst.o-c_compat_y_tst.o link 
FAIL: gcc.dg/compat/vector-2 c_compat_y_tst.o compile,  (internal compiler error)
FAIL: gcc.dg/debug/dwarf2/stacked-qualified-types-3.c scan-assembler-times DIE \\\\([^\\n]*\\\\) DW_TAG_(?:const|volatile|atomic|restrict)_type 8
FAIL: gcc.dg/builtins-1.c (internal compiler error)
FAIL: gcc.dg/builtins-1.c (test for excess errors)
UNRESOLVED: gcc.dg/builtins-1.c scan-assembler-not __builtin_
FAIL: gcc.dg/c99-tgmath-3.c (internal compiler error)
FAIL: gcc.dg/c99-tgmath-3.c (test for excess errors)
UNRESOLVED: gcc.dg/c99-tgmath-3.c scan-assembler cexp
FAIL: gcc.dg/c99-tgmath-4.c (internal compiler error)
FAIL: gcc.dg/c99-tgmath-4.c (test for excess errors)
UNRESOLVED: gcc.dg/c99-tgmath-4.c scan-assembler cpowf
FAIL: gcc.dg/fold-compare-7.c (internal compiler error)
FAIL: gcc.dg/fold-compare-7.c (test for excess errors)
FAIL: gcc.dg/fold-mulconj-1.c (internal compiler error)
FAIL: gcc.dg/fold-mulconj-1.c (test for excess errors)
FAIL: gcc.dg/loop-8.c scan-rtl-dump-times loop2_invariant "Decided" 1
FAIL: gcc.dg/memcpy-5.c (internal compiler error)
FAIL: gcc.dg/memcpy-5.c (test for excess errors)
FAIL: gcc.dg/pr17957.c (internal compiler error)
FAIL: gcc.dg/pr17957.c (test for excess errors)
FAIL: gcc.dg/pr35430.c (internal compiler error)
FAIL: gcc.dg/pr35430.c (test for excess errors)
FAIL: gcc.dg/pr43300.c (internal compiler error)
FAIL: gcc.dg/pr43300.c (test for excess errors)
FAIL: gcc.dg/pr57233.c (internal compiler error)
FAIL: gcc.dg/pr57233.c (test for excess errors)
WARNING: gcc.dg/pr57233.c compilation failed to produce executable
FAIL: gcc.dg/pr59717.c (internal compiler error)
FAIL: gcc.dg/pr59717.c (test for excess errors)
FAIL: gcc.dg/pr63594-1.c (internal compiler error)
FAIL: gcc.dg/pr63594-1.c (test for excess errors)
FAIL: gcc.dg/pr63594-2.c (internal compiler error)
FAIL: gcc.dg/pr63594-2.c (test for excess errors)
WARNING: gcc.dg/pr63594-2.c compilation failed to produce executable
FAIL: gcc.dg/pr64252.c (internal compiler error)
FAIL: gcc.dg/pr64252.c (test for excess errors)
WARNING: gcc.dg/pr64252.c compilation failed to produce executable
FAIL: gcc.dg/sms-4.c scan-rtl-dump-times sms "SMS succeeded" 1
FAIL: gcc.dg/ipa/iinline-attr.c scan-ipa-dump inline "hooray[^\\\\n]*inline copy in test"
FAIL: c-c++-common/torture/vshuf-v16hi.c   -O0  (internal compiler error)
FAIL: c-c++-common/torture/vshuf-v16hi.c   -O0  (test for excess errors)
FAIL: c-c++-common/torture/vshuf-v16hi.c   -O1  (internal compiler error)
FAIL: c-c++-common/torture/vshuf-v16hi.c   -O1  (test for excess errors)
FAIL: c-c++-common/torture/vshuf-v16hi.c   -O2  (internal compiler error)
FAIL: c-c++-common/torture/vshuf-v16hi.c   -O2  (test for excess errors)
FAIL: c-c++-common/torture/vshuf-v16hi.c   -O2 -flto  (internal compiler error)
FAIL: c-c++-common/torture/vshuf-v16hi.c   -O2 -flto  (test for excess errors)
FAIL: c-c++-common/torture/vshuf-v16hi.c   -O2 -flto -flto-partition=none  (internal compiler error)
FAIL: c-c++-common/torture/vshuf-v16hi.c   -O2 -flto -flto-partition=none  (test for excess errors)
FAIL: c-c++-common/torture/vshuf-v16hi.c   -O3 -g  (internal compiler error)
FAIL: c-c++-common/torture/vshuf-v16hi.c   -O3 -g  (test for excess errors)
FAIL: c-c++-common/torture/vshuf-v16hi.c   -Os  (internal compiler error)
FAIL: c-c++-common/torture/vshuf-v16hi.c   -Os  (test for excess errors)
FAIL: c-c++-common/torture/vshuf-v4df.c   -O0  (internal compiler error)
FAIL: c-c++-common/torture/vshuf-v4df.c   -O0  (test for excess errors)
FAIL: c-c++-common/torture/vshuf-v4df.c   -O1  (internal compiler error)
FAIL: c-c++-common/torture/vshuf-v4df.c   -O1  (test for excess errors)
FAIL: c-c++-common/torture/vshuf-v4df.c   -O2  (internal compiler error)
FAIL: c-c++-common/torture/vshuf-v4df.c   -O2  (test for excess errors)
FAIL: c-c++-common/torture/vshuf-v4df.c   -O2 -flto  (internal compiler error)
FAIL: c-c++-common/torture/vshuf-v4df.c   -O2 -flto  (test for excess errors)
FAIL: c-c++-common/torture/vshuf-v4df.c   -O2 -flto -flto-partition=none  (internal compiler error)
FAIL: c-c++-common/torture/vshuf-v4df.c   -O2 -flto -flto-partition=none  (test for excess errors)
FAIL: c-c++-common/torture/vshuf-v4df.c   -O3 -g  (internal compiler error)
FAIL: c-c++-common/torture/vshuf-v4df.c   -O3 -g  (test for excess errors)
FAIL: c-c++-common/torture/vshuf-v4df.c   -Os  (internal compiler error)
FAIL: c-c++-common/torture/vshuf-v4df.c   -Os  (test for excess errors)
FAIL: c-c++-common/torture/vshuf-v4di.c   -O0  (internal compiler error)
FAIL: c-c++-common/torture/vshuf-v4di.c   -O0  (test for excess errors)
FAIL: c-c++-common/torture/vshuf-v4di.c   -O1  (internal compiler error)
FAIL: c-c++-common/torture/vshuf-v4di.c   -O1  (test for excess errors)
FAIL: c-c++-common/torture/vshuf-v4di.c   -O2  (internal compiler error)
FAIL: c-c++-common/torture/vshuf-v4di.c   -O2  (test for excess errors)
FAIL: c-c++-common/torture/vshuf-v4di.c   -O2 -flto  (internal compiler error)
FAIL: c-c++-common/torture/vshuf-v4di.c   -O2 -flto  (test for excess errors)
FAIL: c-c++-common/torture/vshuf-v4di.c   -O2 -flto -flto-partition=none  (internal compiler error)
FAIL: c-c++-common/torture/vshuf-v4di.c   -O2 -flto -flto-partition=none  (test for excess errors)
FAIL: c-c++-common/torture/vshuf-v4di.c   -O3 -g  (internal compiler error)
FAIL: c-c++-common/torture/vshuf-v4di.c   -O3 -g  (test for excess errors)
FAIL: c-c++-common/torture/vshuf-v4di.c   -Os  (internal compiler error)
FAIL: c-c++-common/torture/vshuf-v4di.c   -Os  (test for excess errors)
FAIL: c-c++-common/torture/vshuf-v8si.c   -O0  (internal compiler error)
FAIL: c-c++-common/torture/vshuf-v8si.c   -O0  (test for excess errors)
FAIL: c-c++-common/torture/vshuf-v8si.c   -O1  (internal compiler error)
FAIL: c-c++-common/torture/vshuf-v8si.c   -O1  (test for excess errors)
FAIL: c-c++-common/torture/vshuf-v8si.c   -O2  (internal compiler error)
FAIL: c-c++-common/torture/vshuf-v8si.c   -O2  (test for excess errors)
FAIL: c-c++-common/torture/vshuf-v8si.c   -O2 -flto  (internal compiler error)
FAIL: c-c++-common/torture/vshuf-v8si.c   -O2 -flto  (test for excess errors)
FAIL: c-c++-common/torture/vshuf-v8si.c   -O2 -flto -flto-partition=none  (internal compiler error)
FAIL: c-c++-common/torture/vshuf-v8si.c   -O2 -flto -flto-partition=none  (test for excess errors)
FAIL: c-c++-common/torture/vshuf-v8si.c   -O3 -g  (internal compiler error)
FAIL: c-c++-common/torture/vshuf-v8si.c   -O3 -g  (test for excess errors)
FAIL: c-c++-common/torture/vshuf-v8si.c   -Os  (internal compiler error)
FAIL: c-c++-common/torture/vshuf-v8si.c   -Os  (test for excess errors)
FAIL: gcc.dg/torture/builtin-complex-1.c   -O0  (internal compiler error)
FAIL: gcc.dg/torture/builtin-complex-1.c   -O0  (test for excess errors)
WARNING: gcc.dg/torture/builtin-complex-1.c   -O0  compilation failed to produce executable
FAIL: gcc.dg/torture/pr26869.c   -O0  (internal compiler error)
FAIL: gcc.dg/torture/pr26869.c   -O0  (test for excess errors)
FAIL: gcc.dg/torture/pr27773.c   -O0  (internal compiler error)
FAIL: gcc.dg/torture/pr27773.c   -O0  (test for excess errors)
FAIL: gcc.dg/torture/pr35227.c   -O0  (internal compiler error)
FAIL: gcc.dg/torture/pr35227.c   -O0  (test for excess errors)
FAIL: gcc.dg/torture/pr47975.c   -O0  (internal compiler error)
FAIL: gcc.dg/torture/pr47975.c   -O0  (test for excess errors)
FAIL: gcc.dg/torture/pr47975.c   -O1  (internal compiler error)
FAIL: gcc.dg/torture/pr47975.c   -O1  (test for excess errors)
FAIL: gcc.dg/torture/pr47975.c   -O2  (internal compiler error)
FAIL: gcc.dg/torture/pr47975.c   -O2  (test for excess errors)
FAIL: gcc.dg/torture/pr47975.c   -O2 -flto  (internal compiler error)
FAIL: gcc.dg/torture/pr47975.c   -O2 -flto  (test for excess errors)
FAIL: gcc.dg/torture/pr47975.c   -O2 -flto -flto-partition=none  (internal compiler error)
FAIL: gcc.dg/torture/pr47975.c   -O2 -flto -flto-partition=none  (test for excess errors)
FAIL: gcc.dg/torture/pr47975.c   -O3 -g  (internal compiler error)
FAIL: gcc.dg/torture/pr47975.c   -O3 -g  (test for excess errors)
FAIL: gcc.dg/torture/pr47975.c   -Os  (internal compiler error)
FAIL: gcc.dg/torture/pr47975.c   -Os  (test for excess errors)
FAIL: gcc.dg/torture/vshuf-v16hi.c   -O2  (internal compiler error)
FAIL: gcc.dg/torture/vshuf-v16hi.c   -O2  (test for excess errors)
WARNING: gcc.dg/torture/vshuf-v16hi.c   -O2  compilation failed to produce executable
FAIL: gcc.dg/torture/vshuf-v16sf.c   -O2  (internal compiler error)
FAIL: gcc.dg/torture/vshuf-v16sf.c   -O2  (test for excess errors)
WARNING: gcc.dg/torture/vshuf-v16sf.c   -O2  compilation failed to produce executable
FAIL: gcc.dg/torture/vshuf-v16si.c   -O2  (internal compiler error)
FAIL: gcc.dg/torture/vshuf-v16si.c   -O2  (test for excess errors)
WARNING: gcc.dg/torture/vshuf-v16si.c   -O2  compilation failed to produce executable
FAIL: gcc.dg/torture/vshuf-v32hi.c   -O2  (internal compiler error)
FAIL: gcc.dg/torture/vshuf-v32hi.c   -O2  (test for excess errors)
WARNING: gcc.dg/torture/vshuf-v32hi.c   -O2  compilation failed to produce executable
FAIL: gcc.dg/torture/vshuf-v32qi.c   -O2  (internal compiler error)
FAIL: gcc.dg/torture/vshuf-v32qi.c   -O2  (test for excess errors)
WARNING: gcc.dg/torture/vshuf-v32qi.c   -O2  compilation failed to produce executable
FAIL: gcc.dg/torture/vshuf-v4df.c   -O2  (internal compiler error)
FAIL: gcc.dg/torture/vshuf-v4df.c   -O2  (test for excess errors)
WARNING: gcc.dg/torture/vshuf-v4df.c   -O2  compilation failed to produce executable
FAIL: gcc.dg/torture/vshuf-v4di.c   -O2  (internal compiler error)
FAIL: gcc.dg/torture/vshuf-v4di.c   -O2  (test for excess errors)
WARNING: gcc.dg/torture/vshuf-v4di.c   -O2  compilation failed to produce executable
FAIL: gcc.dg/torture/vshuf-v64qi.c   -O2  (internal compiler error)
FAIL: gcc.dg/torture/vshuf-v64qi.c   -O2  (test for excess errors)
WARNING: gcc.dg/torture/vshuf-v64qi.c   -O2  compilation failed to produce executable
FAIL: gcc.dg/torture/vshuf-v8df.c   -O2  (internal compiler error)
FAIL: gcc.dg/torture/vshuf-v8df.c   -O2  (test for excess errors)
WARNING: gcc.dg/torture/vshuf-v8df.c   -O2  compilation failed to produce executable
FAIL: gcc.dg/torture/vshuf-v8di.c   -O2  (internal compiler error)
FAIL: gcc.dg/torture/vshuf-v8di.c   -O2  (test for excess errors)
WARNING: gcc.dg/torture/vshuf-v8di.c   -O2  compilation failed to produce executable
FAIL: gcc.dg/torture/vshuf-v8sf.c   -O2  (internal compiler error)
FAIL: gcc.dg/torture/vshuf-v8sf.c   -O2  (test for excess errors)
WARNING: gcc.dg/torture/vshuf-v8sf.c   -O2  compilation failed to produce executable
FAIL: gcc.dg/torture/vshuf-v8si.c   -O2  (internal compiler error)
FAIL: gcc.dg/torture/vshuf-v8si.c   -O2  (test for excess errors)
WARNING: gcc.dg/torture/vshuf-v8si.c   -O2  compilation failed to produce executable
FAIL: gcc.dg/tree-ssa/ivopts-lt-2.c scan-tree-dump-times ivopts "PHI <p_" 1
FAIL: gcc.dg/tree-ssa/ivopts-lt-2.c scan-tree-dump-times ivopts "PHI" 1
FAIL: gcc.dg/tree-ssa/ivopts-lt-2.c scan-tree-dump-times ivopts "p_[0-9]* <" 1
FAIL: gcc.dg/tree-ssa/pr54915.c (internal compiler error)
FAIL: gcc.dg/tree-ssa/pr54915.c (test for excess errors)
FAIL: gcc.dg/tree-ssa/ssa-fre-31.c (internal compiler error)
FAIL: gcc.dg/tree-ssa/ssa-fre-31.c (test for excess errors)
FAIL: c-c++-common/ubsan/float-cast-overflow-8.c   -O2  output pattern test, is gcc/libsanitizer/ubsan/ubsan_handlers.cc:300: runtime error: value 0 is outside the range of representable values of type 'signed char'
FAIL: c-c++-common/ubsan/float-cast-overflow-8.c   -O2 -flto  output pattern test, is gcc/libsanitizer/ubsan/ubsan_handlers.cc:300: runtime error: value 0 is outside the range of representable values of type 'signed char'
FAIL: c-c++-common/ubsan/float-cast-overflow-8.c   -O2 -flto -flto-partition=none  output pattern test, is gcc/libsanitizer/ubsan/ubsan_handlers.cc:300: runtime error: value 0 is outside the range of representable values of type 'signed char'
FAIL: gcc.dg/vect/costmodel/ppc/costmodel-vect-31a.c scan-tree-dump-times vect "vectorization not profitable" 1
FAIL: gcc.dg/vect/costmodel/ppc/costmodel-vect-33.c scan-tree-dump-times vect "vectorization not profitable" 1
XPASS: gcc.dg/vect/no-scevccp-outer-11.c scan-tree-dump-times vect "OUTER LOOP VECTORIZED." 1
FAIL: gcc.dg/vect/no-vfa-vect-depend-2.c scan-tree-dump-times vect "vectorized 1 loops" 1
FAIL: gcc.dg/vect/no-vfa-vect-depend-3.c scan-tree-dump-times vect "vectorized 1 loops" 4
FAIL: gcc.dg/vect/slp-multitypes-4.c -flto -ffat-lto-objects  scan-tree-dump-times vect "vectorized 1 loops" 1
FAIL: gcc.dg/vect/slp-multitypes-4.c -flto -ffat-lto-objects  scan-tree-dump-times vect "vectorizing stmts using SLP" 1
FAIL: gcc.dg/vect/slp-multitypes-4.c scan-tree-dump-times vect "vectorized 1 loops" 1
FAIL: gcc.dg/vect/slp-multitypes-4.c scan-tree-dump-times vect "vectorizing stmts using SLP" 1
FAIL: gcc.dg/vect/slp-multitypes-5.c -flto -ffat-lto-objects  scan-tree-dump-times vect "vectorized 1 loops" 1
FAIL: gcc.dg/vect/slp-multitypes-5.c -flto -ffat-lto-objects  scan-tree-dump-times vect "vectorizing stmts using SLP" 1
FAIL: gcc.dg/vect/slp-multitypes-5.c scan-tree-dump-times vect "vectorized 1 loops" 1
FAIL: gcc.dg/vect/slp-multitypes-5.c scan-tree-dump-times vect "vectorizing stmts using SLP" 1
FAIL: gcc.dg/vect/vect-125.c -flto -ffat-lto-objects  scan-tree-dump vect "vectorized 1 loops"
FAIL: gcc.dg/vect/vect-125.c scan-tree-dump vect "vectorized 1 loops"
FAIL: gcc.dg/vect/vect-31.c -flto -ffat-lto-objects  scan-tree-dump-times vect "vectorized 4 loops" 1
FAIL: gcc.dg/vect/vect-31.c scan-tree-dump-times vect "vectorized 4 loops" 1
FAIL: gcc.target/powerpc/20050830-1.c scan-assembler bdn
FAIL: gcc.target/powerpc/asm-es-2.c scan-assembler asm1 %?r?3,%?r?4
FAIL: gcc.target/powerpc/pr16458-4.c scan-assembler-not cmpwi
FAIL: gcc.target/powerpc/pr16458-4.c scan-assembler-times cmplwi 5

		=== gcc Summary for unix/-m64 ===


		=== gcc Summary ===

/home/gccbuild/build/nightly/build-gcc-trunk/gcc/xgcc  version 6.0.0 20150723 (experimental) [trunk revision 226115] (GCC) 

		=== gfortran tests ===


Running target unix/-m32
FAIL: gfortran.dg/default_format_denormal_2.f90   -O0  execution test
FAIL: gfortran.dg/default_format_denormal_2.f90   -O1  execution test
FAIL: gfortran.dg/default_format_denormal_2.f90   -O2  execution test
FAIL: gfortran.dg/default_format_denormal_2.f90   -O3 -fomit-frame-pointer -funroll-loops -fpeel-loops -ftracer -finline-functions  execution test
FAIL: gfortran.dg/default_format_denormal_2.f90   -O3 -g  execution test
FAIL: gfortran.dg/default_format_denormal_2.f90   -Os  execution test
XPASS: gfortran.dg/nint_2.f90   -O0  execution test
FAIL: gfortran.dg/vect/pr62283-2.f   -O   scan-tree-dump slp2 "basic block vectorized"

		=== gfortran Summary for unix/-m32 ===

# of expected passes		4050

Running target unix/-m64
FAIL: gfortran.dg/c_by_val_1.f   -O0  (internal compiler error)
FAIL: gfortran.dg/c_by_val_1.f   -O0  (test for excess errors)
WARNING: gfortran.dg/c_by_val_1.f   -O0  compilation failed to produce executable
FAIL: gfortran.dg/c_by_val_1.f   -O1  (internal compiler error)
FAIL: gfortran.dg/c_by_val_1.f   -O1  (test for excess errors)
WARNING: gfortran.dg/c_by_val_1.f   -O1  compilation failed to produce executable
FAIL: gfortran.dg/c_by_val_1.f   -O2  (internal compiler error)
FAIL: gfortran.dg/c_by_val_1.f   -O2  (test for excess errors)
WARNING: gfortran.dg/c_by_val_1.f   -O2  compilation failed to produce executable
FAIL: gfortran.dg/c_by_val_1.f   -O3 -fomit-frame-pointer -funroll-loops -fpeel-loops -ftracer -finline-functions  (internal compiler error)
FAIL: gfortran.dg/c_by_val_1.f   -O3 -fomit-frame-pointer -funroll-loops -fpeel-loops -ftracer -finline-functions  (test for excess errors)
WARNING: gfortran.dg/c_by_val_1.f   -O3 -fomit-frame-pointer -funroll-loops -fpeel-loops -ftracer -finline-functions  compilation failed to produce executable
FAIL: gfortran.dg/c_by_val_1.f   -O3 -g  (internal compiler error)
FAIL: gfortran.dg/c_by_val_1.f   -O3 -g  (test for excess errors)
WARNING: gfortran.dg/c_by_val_1.f   -O3 -g  compilation failed to produce executable
FAIL: gfortran.dg/c_by_val_1.f   -Os  (internal compiler error)
FAIL: gfortran.dg/c_by_val_1.f   -Os  (test for excess errors)
WARNING: gfortran.dg/c_by_val_1.f   -Os  compilation failed to produce executable
FAIL: gfortran.dg/default_format_denormal_2.f90   -O0  execution test
FAIL: gfortran.dg/default_format_denormal_2.f90   -O1  execution test
FAIL: gfortran.dg/default_format_denormal_2.f90   -O2  execution test
FAIL: gfortran.dg/default_format_denormal_2.f90   -O3 -fomit-frame-pointer -funroll-loops -fpeel-loops -ftracer -finline-functions  execution test
FAIL: gfortran.dg/default_format_denormal_2.f90   -O3 -g  execution test
FAIL: gfortran.dg/default_format_denormal_2.f90   -Os  execution test
XPASS: gfortran.dg/nint_2.f90   -O0  execution test
FAIL: gfortran.dg/optional_absent_3.f90   -O0  (internal compiler error)
FAIL: gfortran.dg/optional_absent_3.f90   -O0  (test for excess errors)
WARNING: gfortran.dg/optional_absent_3.f90   -O0  compilation failed to produce executable
FAIL: gfortran.dg/value_1.f90   -O0  (internal compiler error)
FAIL: gfortran.dg/value_1.f90   -O0  (test for excess errors)
WARNING: gfortran.dg/value_1.f90   -O0  compilation failed to produce executable
FAIL: gfortran.dg/value_4.f90   -O0  (internal compiler error)
FAIL: gfortran.dg/value_4.f90   -O0  (test for excess errors)
WARNING: gfortran.dg/value_4.f90   -O0  compilation failed to produce executable
FAIL: gfortran.dg/value_4.f90   -O1  (internal compiler error)
FAIL: gfortran.dg/value_4.f90   -O1  (test for excess errors)
WARNING: gfortran.dg/value_4.f90   -O1  compilation failed to produce executable
FAIL: gfortran.dg/value_4.f90   -O2  (internal compiler error)
FAIL: gfortran.dg/value_4.f90   -O2  (test for excess errors)
WARNING: gfortran.dg/value_4.f90   -O2  compilation failed to produce executable
FAIL: gfortran.dg/value_4.f90   -O3 -fomit-frame-pointer -funroll-loops -fpeel-loops -ftracer -finline-functions  (internal compiler error)
FAIL: gfortran.dg/value_4.f90   -O3 -fomit-frame-pointer -funroll-loops -fpeel-loops -ftracer -finline-functions  (test for excess errors)
WARNING: gfortran.dg/value_4.f90   -O3 -fomit-frame-pointer -funroll-loops -fpeel-loops -ftracer -finline-functions  compilation failed to produce executable
FAIL: gfortran.dg/value_4.f90   -O3 -g  (internal compiler error)
FAIL: gfortran.dg/value_4.f90   -O3 -g  (test for excess errors)
WARNING: gfortran.dg/value_4.f90   -O3 -g  compilation failed to produce executable
FAIL: gfortran.dg/value_4.f90   -Os  (internal compiler error)
FAIL: gfortran.dg/value_4.f90   -Os  (test for excess errors)
WARNING: gfortran.dg/value_4.f90   -Os  compilation failed to produce executable
FAIL: gfortran.dg/vect/pr62283-2.f   -O   scan-tree-dump slp2 "basic block vectorized"

		=== gfortran Summary for unix/-m64 ===

# of expected passes		4050

		=== gfortran Summary ===

# of expected passes		8100
/home/gccbuild/build/nightly/build-gcc-trunk/gcc/testsuite/gfortran/../../gfortran  version 6.0.0 20150723 (experimental) [trunk revision 226115] (GCC) 

		=== g++ tests ===


Running target unix/-m32
FAIL: c-c++-common/asan/null-deref-1.c   -O2  output pattern test, is ASAN:SIGSEGV
FAIL: c-c++-common/asan/null-deref-1.c   -O2 -flto  output pattern test, is ASAN:SIGSEGV
FAIL: c-c++-common/asan/null-deref-1.c   -O2 -flto -flto-partition=none  output pattern test, is ASAN:SIGSEGV
FAIL: c-c++-common/asan/null-deref-1.c   -O3 -g  output pattern test, is ASAN:SIGSEGV
FAIL: g++.dg/abi/scoped1.C  -std=gnu++11 execution test
FAIL: g++.dg/abi/scoped1.C  -std=gnu++14 execution test
FAIL: c-c++-common/torture/vshuf-v16hi.c   -O0  (internal compiler error)
FAIL: c-c++-common/torture/vshuf-v16hi.c   -O0  (test for excess errors)
FAIL: c-c++-common/torture/vshuf-v16hi.c   -O1  (internal compiler error)
FAIL: c-c++-common/torture/vshuf-v16hi.c   -O1  (test for excess errors)
FAIL: c-c++-common/torture/vshuf-v16hi.c   -O2  (internal compiler error)
FAIL: c-c++-common/torture/vshuf-v16hi.c   -O2  (test for excess errors)
FAIL: c-c++-common/torture/vshuf-v16hi.c   -O2 -flto  (internal compiler error)
FAIL: c-c++-common/torture/vshuf-v16hi.c   -O2 -flto  (test for excess errors)
FAIL: c-c++-common/torture/vshuf-v16hi.c   -O2 -flto -flto-partition=none  (internal compiler error)
FAIL: c-c++-common/torture/vshuf-v16hi.c   -O2 -flto -flto-partition=none  (test for excess errors)
FAIL: c-c++-common/torture/vshuf-v16hi.c   -O3 -g  (internal compiler error)
FAIL: c-c++-common/torture/vshuf-v16hi.c   -O3 -g  (test for excess errors)
FAIL: c-c++-common/torture/vshuf-v16hi.c   -Os  (internal compiler error)
FAIL: c-c++-common/torture/vshuf-v16hi.c   -Os  (test for excess errors)
FAIL: c-c++-common/torture/vshuf-v4df.c   -O0  (internal compiler error)
FAIL: c-c++-common/torture/vshuf-v4df.c   -O0  (test for excess errors)
FAIL: c-c++-common/torture/vshuf-v4df.c   -O1  (internal compiler error)
FAIL: c-c++-common/torture/vshuf-v4df.c   -O1  (test for excess errors)
FAIL: c-c++-common/torture/vshuf-v4df.c   -O2  (internal compiler error)
FAIL: c-c++-common/torture/vshuf-v4df.c   -O2  (test for excess errors)
FAIL: c-c++-common/torture/vshuf-v4df.c   -O2 -flto  (internal compiler error)
FAIL: c-c++-common/torture/vshuf-v4df.c   -O2 -flto  (test for excess errors)
FAIL: c-c++-common/torture/vshuf-v4df.c   -O2 -flto -flto-partition=none  (internal compiler error)
FAIL: c-c++-common/torture/vshuf-v4df.c   -O2 -flto -flto-partition=none  (test for excess errors)
FAIL: c-c++-common/torture/vshuf-v4df.c   -O3 -g  (internal compiler error)
FAIL: c-c++-common/torture/vshuf-v4df.c   -O3 -g  (test for excess errors)
FAIL: c-c++-common/torture/vshuf-v4df.c   -Os  (internal compiler error)
FAIL: c-c++-common/torture/vshuf-v4df.c   -Os  (test for excess errors)
FAIL: c-c++-common/torture/vshuf-v4di.c   -O0  (internal compiler error)
FAIL: c-c++-common/torture/vshuf-v4di.c   -O0  (test for excess errors)
FAIL: c-c++-common/torture/vshuf-v4di.c   -O1  (internal compiler error)
FAIL: c-c++-common/torture/vshuf-v4di.c   -O1  (test for excess errors)
FAIL: c-c++-common/torture/vshuf-v4di.c   -O2  (internal compiler error)
FAIL: c-c++-common/torture/vshuf-v4di.c   -O2  (test for excess errors)
FAIL: c-c++-common/torture/vshuf-v4di.c   -O2 -flto  (internal compiler error)
FAIL: c-c++-common/torture/vshuf-v4di.c   -O2 -flto  (test for excess errors)
FAIL: c-c++-common/torture/vshuf-v4di.c   -O2 -flto -flto-partition=none  (internal compiler error)
FAIL: c-c++-common/torture/vshuf-v4di.c   -O2 -flto -flto-partition=none  (test for excess errors)
FAIL: c-c++-common/torture/vshuf-v4di.c   -O3 -g  (internal compiler error)
FAIL: c-c++-common/torture/vshuf-v4di.c   -O3 -g  (test for excess errors)
FAIL: c-c++-common/torture/vshuf-v4di.c   -Os  (internal compiler error)
FAIL: c-c++-common/torture/vshuf-v4di.c   -Os  (test for excess errors)
FAIL: c-c++-common/torture/vshuf-v8si.c   -O0  (internal compiler error)
FAIL: c-c++-common/torture/vshuf-v8si.c   -O0  (test for excess errors)
FAIL: c-c++-common/torture/vshuf-v8si.c   -O1  (internal compiler error)
FAIL: c-c++-common/torture/vshuf-v8si.c   -O1  (test for excess errors)
FAIL: c-c++-common/torture/vshuf-v8si.c   -O2  (internal compiler error)
FAIL: c-c++-common/torture/vshuf-v8si.c   -O2  (test for excess errors)
FAIL: c-c++-common/torture/vshuf-v8si.c   -O2 -flto  (internal compiler error)
FAIL: c-c++-common/torture/vshuf-v8si.c   -O2 -flto  (test for excess errors)
FAIL: c-c++-common/torture/vshuf-v8si.c   -O2 -flto -flto-partition=none  (internal compiler error)
FAIL: c-c++-common/torture/vshuf-v8si.c   -O2 -flto -flto-partition=none  (test for excess errors)
FAIL: c-c++-common/torture/vshuf-v8si.c   -O3 -g  (internal compiler error)
FAIL: c-c++-common/torture/vshuf-v8si.c   -O3 -g  (test for excess errors)
FAIL: c-c++-common/torture/vshuf-v8si.c   -Os  (internal compiler error)
FAIL: c-c++-common/torture/vshuf-v8si.c   -Os  (test for excess errors)
FAIL: g++.dg/torture/vshuf-v16hi.C   -O0  (internal compiler error)
FAIL: g++.dg/torture/vshuf-v16hi.C   -O0  (test for excess errors)
WARNING: g++.dg/torture/vshuf-v16hi.C   -O0  compilation failed to produce executable
FAIL: g++.dg/torture/vshuf-v16hi.C   -O1  (internal compiler error)
FAIL: g++.dg/torture/vshuf-v16hi.C   -O1  (test for excess errors)
WARNING: g++.dg/torture/vshuf-v16hi.C   -O1  compilation failed to produce executable
FAIL: g++.dg/torture/vshuf-v16hi.C   -O2  (internal compiler error)
FAIL: g++.dg/torture/vshuf-v16hi.C   -O2  (test for excess errors)
WARNING: g++.dg/torture/vshuf-v16hi.C   -O2  compilation failed to produce executable
FAIL: g++.dg/torture/vshuf-v16hi.C   -O2 -flto  (internal compiler error)
FAIL: g++.dg/torture/vshuf-v16hi.C   -O2 -flto  (test for excess errors)
WARNING: g++.dg/torture/vshuf-v16hi.C   -O2 -flto  compilation failed to produce executable
FAIL: g++.dg/torture/vshuf-v16hi.C   -O2 -flto -flto-partition=none  (internal compiler error)
FAIL: g++.dg/torture/vshuf-v16hi.C   -O2 -flto -flto-partition=none  (test for excess errors)
WARNING: g++.dg/torture/vshuf-v16hi.C   -O2 -flto -flto-partition=none  compilation failed to produce executable
FAIL: g++.dg/torture/vshuf-v16hi.C   -O3 -g  (internal compiler error)
FAIL: g++.dg/torture/vshuf-v16hi.C   -O3 -g  (test for excess errors)
WARNING: g++.dg/torture/vshuf-v16hi.C   -O3 -g  compilation failed to produce executable
FAIL: g++.dg/torture/vshuf-v16hi.C   -Os  (internal compiler error)
FAIL: g++.dg/torture/vshuf-v16hi.C   -Os  (test for excess errors)
WARNING: g++.dg/torture/vshuf-v16hi.C   -Os  compilation failed to produce executable
FAIL: g++.dg/torture/vshuf-v4df.C   -O0  (internal compiler error)
FAIL: g++.dg/torture/vshuf-v4df.C   -O0  (test for excess errors)
WARNING: g++.dg/torture/vshuf-v4df.C   -O0  compilation failed to produce executable
FAIL: g++.dg/torture/vshuf-v4df.C   -O1  (internal compiler error)
FAIL: g++.dg/torture/vshuf-v4df.C   -O1  (test for excess errors)
WARNING: g++.dg/torture/vshuf-v4df.C   -O1  compilation failed to produce executable
FAIL: g++.dg/torture/vshuf-v4df.C   -O2  (internal compiler error)
FAIL: g++.dg/torture/vshuf-v4df.C   -O2  (test for excess errors)
WARNING: g++.dg/torture/vshuf-v4df.C   -O2  compilation failed to produce executable
FAIL: g++.dg/torture/vshuf-v4df.C   -O2 -flto  (internal compiler error)
FAIL: g++.dg/torture/vshuf-v4df.C   -O2 -flto  (test for excess errors)
WARNING: g++.dg/torture/vshuf-v4df.C   -O2 -flto  compilation failed to produce executable
FAIL: g++.dg/torture/vshuf-v4df.C   -O2 -flto -flto-partition=none  (internal compiler error)
FAIL: g++.dg/torture/vshuf-v4df.C   -O2 -flto -flto-partition=none  (test for excess errors)
WARNING: g++.dg/torture/vshuf-v4df.C   -O2 -flto -flto-partition=none  compilation failed to produce executable
FAIL: g++.dg/torture/vshuf-v4df.C   -O3 -g  (internal compiler error)
FAIL: g++.dg/torture/vshuf-v4df.C   -O3 -g  (test for excess errors)
WARNING: g++.dg/torture/vshuf-v4df.C   -O3 -g  compilation failed to produce executable
FAIL: g++.dg/torture/vshuf-v4df.C   -Os  (internal compiler error)
FAIL: g++.dg/torture/vshuf-v4df.C   -Os  (test for excess errors)
WARNING: g++.dg/torture/vshuf-v4df.C   -Os  compilation failed to produce executable
FAIL: g++.dg/torture/vshuf-v4di.C   -O0  (internal compiler error)
FAIL: g++.dg/torture/vshuf-v4di.C   -O0  (test for excess errors)
WARNING: g++.dg/torture/vshuf-v4di.C   -O0  compilation failed to produce executable
FAIL: g++.dg/torture/vshuf-v4di.C   -O1  (internal compiler error)
FAIL: g++.dg/torture/vshuf-v4di.C   -O1  (test for excess errors)
WARNING: g++.dg/torture/vshuf-v4di.C   -O1  compilation failed to produce executable
FAIL: g++.dg/torture/vshuf-v4di.C   -O2  (internal compiler error)
FAIL: g++.dg/torture/vshuf-v4di.C   -O2  (test for excess errors)
WARNING: g++.dg/torture/vshuf-v4di.C   -O2  compilation failed to produce executable
FAIL: g++.dg/torture/vshuf-v4di.C   -O2 -flto  (internal compiler error)
FAIL: g++.dg/torture/vshuf-v4di.C   -O2 -flto  (test for excess errors)
WARNING: g++.dg/torture/vshuf-v4di.C   -O2 -flto  compilation failed to produce executable
FAIL: g++.dg/torture/vshuf-v4di.C   -O2 -flto -flto-partition=none  (internal compiler error)
FAIL: g++.dg/torture/vshuf-v4di.C   -O2 -flto -flto-partition=none  (test for excess errors)
WARNING: g++.dg/torture/vshuf-v4di.C   -O2 -flto -flto-partition=none  compilation failed to produce executable
FAIL: g++.dg/torture/vshuf-v4di.C   -O3 -g  (internal compiler error)
FAIL: g++.dg/torture/vshuf-v4di.C   -O3 -g  (test for excess errors)
WARNING: g++.dg/torture/vshuf-v4di.C   -O3 -g  compilation failed to produce executable
FAIL: g++.dg/torture/vshuf-v4di.C   -Os  (internal compiler error)
FAIL: g++.dg/torture/vshuf-v4di.C   -Os  (test for excess errors)
WARNING: g++.dg/torture/vshuf-v4di.C   -Os  compilation failed to produce executable
FAIL: g++.dg/torture/vshuf-v8si.C   -O0  (internal compiler error)
FAIL: g++.dg/torture/vshuf-v8si.C   -O0  (test for excess errors)
WARNING: g++.dg/torture/vshuf-v8si.C   -O0  compilation failed to produce executable
FAIL: g++.dg/torture/vshuf-v8si.C   -O1  (internal compiler error)
FAIL: g++.dg/torture/vshuf-v8si.C   -O1  (test for excess errors)
WARNING: g++.dg/torture/vshuf-v8si.C   -O1  compilation failed to produce executable
FAIL: g++.dg/torture/vshuf-v8si.C   -O2  (internal compiler error)
FAIL: g++.dg/torture/vshuf-v8si.C   -O2  (test for excess errors)
WARNING: g++.dg/torture/vshuf-v8si.C   -O2  compilation failed to produce executable
FAIL: g++.dg/torture/vshuf-v8si.C   -O2 -flto  (internal compiler error)
FAIL: g++.dg/torture/vshuf-v8si.C   -O2 -flto  (test for excess errors)
WARNING: g++.dg/torture/vshuf-v8si.C   -O2 -flto  compilation failed to produce executable
FAIL: g++.dg/torture/vshuf-v8si.C   -O2 -flto -flto-partition=none  (internal compiler error)
FAIL: g++.dg/torture/vshuf-v8si.C   -O2 -flto -flto-partition=none  (test for excess errors)
WARNING: g++.dg/torture/vshuf-v8si.C   -O2 -flto -flto-partition=none  compilation failed to produce executable
FAIL: g++.dg/torture/vshuf-v8si.C   -O3 -g  (internal compiler error)
FAIL: g++.dg/torture/vshuf-v8si.C   -O3 -g  (test for excess errors)
WARNING: g++.dg/torture/vshuf-v8si.C   -O3 -g  compilation failed to produce executable
FAIL: g++.dg/torture/vshuf-v8si.C   -Os  (internal compiler error)
FAIL: g++.dg/torture/vshuf-v8si.C   -Os  (test for excess errors)
WARNING: g++.dg/torture/vshuf-v8si.C   -Os  compilation failed to produce executable
FAIL: g++.dg/vect/pr36648.cc  -std=c++11  scan-tree-dump-times vect "vectorized 1 loops" 1
FAIL: g++.dg/vect/pr36648.cc  -std=c++11  scan-tree-dump-times vect "vectorizing stmts using SLP" 1
FAIL: g++.dg/vect/pr36648.cc  -std=c++14  scan-tree-dump-times vect "vectorized 1 loops" 1
FAIL: g++.dg/vect/pr36648.cc  -std=c++14  scan-tree-dump-times vect "vectorizing stmts using SLP" 1
FAIL: g++.dg/vect/pr36648.cc  -std=c++98  scan-tree-dump-times vect "vectorized 1 loops" 1
FAIL: g++.dg/vect/pr36648.cc  -std=c++98  scan-tree-dump-times vect "vectorizing stmts using SLP" 1

		=== g++ Summary for unix/-m32 ===

# of expected passes		20275
# of expected failures		61
# of unsupported tests		86

Running target unix/-m64
FAIL: c-c++-common/asan/null-deref-1.c   -O2  output pattern test, is ASAN:SIGSEGV
FAIL: c-c++-common/asan/null-deref-1.c   -O2 -flto  output pattern test, is ASAN:SIGSEGV
FAIL: c-c++-common/asan/null-deref-1.c   -O2 -flto -flto-partition=none  output pattern test, is ASAN:SIGSEGV
FAIL: c-c++-common/asan/null-deref-1.c   -O3 -g  output pattern test, is ASAN:SIGSEGV
FAIL: c-c++-common/asan/swapcontext-test-1.c   -O0  execution test
FAIL: c-c++-common/asan/swapcontext-test-1.c   -O1  execution test
FAIL: c-c++-common/asan/swapcontext-test-1.c   -O2  execution test
FAIL: c-c++-common/asan/swapcontext-test-1.c   -O2 -flto  execution test
FAIL: c-c++-common/asan/swapcontext-test-1.c   -O2 -flto -flto-partition=none  execution test
FAIL: c-c++-common/asan/swapcontext-test-1.c   -O3 -fomit-frame-pointer -funroll-loops -fpeel-loops -ftracer -finline-functions  execution test
FAIL: c-c++-common/asan/swapcontext-test-1.c   -O3 -g  execution test
FAIL: c-c++-common/asan/swapcontext-test-1.c   -Os  execution test
FAIL: g++.dg/warn/Wsign-compare-2.C  -std=gnu++11 (internal compiler error)
FAIL: g++.dg/warn/Wsign-compare-2.C  -std=gnu++11 (test for excess errors)
FAIL: g++.dg/warn/Wsign-compare-2.C  -std=gnu++14 (internal compiler error)
FAIL: g++.dg/warn/Wsign-compare-2.C  -std=gnu++14 (test for excess errors)
FAIL: g++.dg/warn/Wsign-compare-2.C  -std=gnu++98 (internal compiler error)
FAIL: g++.dg/warn/Wsign-compare-2.C  -std=gnu++98 (test for excess errors)
FAIL: c-c++-common/torture/vshuf-v16hi.c   -O0  (internal compiler error)
FAIL: c-c++-common/torture/vshuf-v16hi.c   -O0  (test for excess errors)
FAIL: c-c++-common/torture/vshuf-v16hi.c   -O1  (internal compiler error)
FAIL: c-c++-common/torture/vshuf-v16hi.c   -O1  (test for excess errors)
FAIL: c-c++-common/torture/vshuf-v16hi.c   -O2  (internal compiler error)
FAIL: c-c++-common/torture/vshuf-v16hi.c   -O2  (test for excess errors)
FAIL: c-c++-common/torture/vshuf-v16hi.c   -O2 -flto  (internal compiler error)
FAIL: c-c++-common/torture/vshuf-v16hi.c   -O2 -flto  (test for excess errors)
FAIL: c-c++-common/torture/vshuf-v16hi.c   -O2 -flto -flto-partition=none  (internal compiler error)
FAIL: c-c++-common/torture/vshuf-v16hi.c   -O2 -flto -flto-partition=none  (test for excess errors)
FAIL: c-c++-common/torture/vshuf-v16hi.c   -O3 -g  (internal compiler error)
FAIL: c-c++-common/torture/vshuf-v16hi.c   -O3 -g  (test for excess errors)
FAIL: c-c++-common/torture/vshuf-v16hi.c   -Os  (internal compiler error)
FAIL: c-c++-common/torture/vshuf-v16hi.c   -Os  (test for excess errors)
FAIL: c-c++-common/torture/vshuf-v4df.c   -O0  (internal compiler error)
FAIL: c-c++-common/torture/vshuf-v4df.c   -O0  (test for excess errors)
FAIL: c-c++-common/torture/vshuf-v4df.c   -O1  (internal compiler error)
FAIL: c-c++-common/torture/vshuf-v4df.c   -O1  (test for excess errors)
FAIL: c-c++-common/torture/vshuf-v4df.c   -O2  (internal compiler error)
FAIL: c-c++-common/torture/vshuf-v4df.c   -O2  (test for excess errors)
FAIL: c-c++-common/torture/vshuf-v4df.c   -O2 -flto  (internal compiler error)
FAIL: c-c++-common/torture/vshuf-v4df.c   -O2 -flto  (test for excess errors)
FAIL: c-c++-common/torture/vshuf-v4df.c   -O2 -flto -flto-partition=none  (internal compiler error)
FAIL: c-c++-common/torture/vshuf-v4df.c   -O2 -flto -flto-partition=none  (test for excess errors)
FAIL: c-c++-common/torture/vshuf-v4df.c   -O3 -g  (internal compiler error)
FAIL: c-c++-common/torture/vshuf-v4df.c   -O3 -g  (test for excess errors)
FAIL: c-c++-common/torture/vshuf-v4df.c   -Os  (internal compiler error)
FAIL: c-c++-common/torture/vshuf-v4df.c   -Os  (test for excess errors)
FAIL: c-c++-common/torture/vshuf-v4di.c   -O0  (internal compiler error)
FAIL: c-c++-common/torture/vshuf-v4di.c   -O0  (test for excess errors)
FAIL: c-c++-common/torture/vshuf-v4di.c   -O1  (internal compiler error)
FAIL: c-c++-common/torture/vshuf-v4di.c   -O1  (test for excess errors)
FAIL: c-c++-common/torture/vshuf-v4di.c   -O2  (internal compiler error)
FAIL: c-c++-common/torture/vshuf-v4di.c   -O2  (test for excess errors)
FAIL: c-c++-common/torture/vshuf-v4di.c   -O2 -flto  (internal compiler error)
FAIL: c-c++-common/torture/vshuf-v4di.c   -O2 -flto  (test for excess errors)
FAIL: c-c++-common/torture/vshuf-v4di.c   -O2 -flto -flto-partition=none  (internal compiler error)
FAIL: c-c++-common/torture/vshuf-v4di.c   -O2 -flto -flto-partition=none  (test for excess errors)
FAIL: c-c++-common/torture/vshuf-v4di.c   -O3 -g  (internal compiler error)
FAIL: c-c++-common/torture/vshuf-v4di.c   -O3 -g  (test for excess errors)
FAIL: c-c++-common/torture/vshuf-v4di.c   -Os  (internal compiler error)
FAIL: c-c++-common/torture/vshuf-v4di.c   -Os  (test for excess errors)
FAIL: c-c++-common/torture/vshuf-v8si.c   -O0  (internal compiler error)
FAIL: c-c++-common/torture/vshuf-v8si.c   -O0  (test for excess errors)
FAIL: c-c++-common/torture/vshuf-v8si.c   -O1  (internal compiler error)
FAIL: c-c++-common/torture/vshuf-v8si.c   -O1  (test for excess errors)
FAIL: c-c++-common/torture/vshuf-v8si.c   -O2  (internal compiler error)
FAIL: c-c++-common/torture/vshuf-v8si.c   -O2  (test for excess errors)
FAIL: c-c++-common/torture/vshuf-v8si.c   -O2 -flto  (internal compiler error)
FAIL: c-c++-common/torture/vshuf-v8si.c   -O2 -flto  (test for excess errors)
FAIL: c-c++-common/torture/vshuf-v8si.c   -O2 -flto -flto-partition=none  (internal compiler error)
FAIL: c-c++-common/torture/vshuf-v8si.c   -O2 -flto -flto-partition=none  (test for excess errors)
FAIL: c-c++-common/torture/vshuf-v8si.c   -O3 -g  (internal compiler error)
FAIL: c-c++-common/torture/vshuf-v8si.c   -O3 -g  (test for excess errors)
FAIL: c-c++-common/torture/vshuf-v8si.c   -Os  (internal compiler error)
FAIL: c-c++-common/torture/vshuf-v8si.c   -Os  (test for excess errors)
FAIL: g++.dg/torture/pr36191.C   -O0  (internal compiler error)
FAIL: g++.dg/torture/pr36191.C   -O0  (test for excess errors)
FAIL: g++.dg/torture/vshuf-v16hi.C   -O0  (internal compiler error)
FAIL: g++.dg/torture/vshuf-v16hi.C   -O0  (test for excess errors)
WARNING: g++.dg/torture/vshuf-v16hi.C   -O0  compilation failed to produce executable
FAIL: g++.dg/torture/vshuf-v16hi.C   -O1  (internal compiler error)
FAIL: g++.dg/torture/vshuf-v16hi.C   -O1  (test for excess errors)
WARNING: g++.dg/torture/vshuf-v16hi.C   -O1  compilation failed to produce executable
FAIL: g++.dg/torture/vshuf-v16hi.C   -O2  (internal compiler error)
FAIL: g++.dg/torture/vshuf-v16hi.C   -O2  (test for excess errors)
WARNING: g++.dg/torture/vshuf-v16hi.C   -O2  compilation failed to produce executable
FAIL: g++.dg/torture/vshuf-v16hi.C   -O2 -flto  (internal compiler error)
FAIL: g++.dg/torture/vshuf-v16hi.C   -O2 -flto  (test for excess errors)
WARNING: g++.dg/torture/vshuf-v16hi.C   -O2 -flto  compilation failed to produce executable
FAIL: g++.dg/torture/vshuf-v16hi.C   -O2 -flto -flto-partition=none  (internal compiler error)
FAIL: g++.dg/torture/vshuf-v16hi.C   -O2 -flto -flto-partition=none  (test for excess errors)
WARNING: g++.dg/torture/vshuf-v16hi.C   -O2 -flto -flto-partition=none  compilation failed to produce executable
FAIL: g++.dg/torture/vshuf-v16hi.C   -O3 -g  (internal compiler error)
FAIL: g++.dg/torture/vshuf-v16hi.C   -O3 -g  (test for excess errors)
WARNING: g++.dg/torture/vshuf-v16hi.C   -O3 -g  compilation failed to produce executable
FAIL: g++.dg/torture/vshuf-v16hi.C   -Os  (internal compiler error)
FAIL: g++.dg/torture/vshuf-v16hi.C   -Os  (test for excess errors)
WARNING: g++.dg/torture/vshuf-v16hi.C   -Os  compilation failed to produce executable
FAIL: g++.dg/torture/vshuf-v4df.C   -O0  (internal compiler error)
FAIL: g++.dg/torture/vshuf-v4df.C   -O0  (test for excess errors)
WARNING: g++.dg/torture/vshuf-v4df.C   -O0  compilation failed to produce executable
FAIL: g++.dg/torture/vshuf-v4df.C   -O1  (internal compiler error)
FAIL: g++.dg/torture/vshuf-v4df.C   -O1  (test for excess errors)
WARNING: g++.dg/torture/vshuf-v4df.C   -O1  compilation failed to produce executable
FAIL: g++.dg/torture/vshuf-v4df.C   -O2  (internal compiler error)
FAIL: g++.dg/torture/vshuf-v4df.C   -O2  (test for excess errors)
WARNING: g++.dg/torture/vshuf-v4df.C   -O2  compilation failed to produce executable
FAIL: g++.dg/torture/vshuf-v4df.C   -O2 -flto  (internal compiler error)
FAIL: g++.dg/torture/vshuf-v4df.C   -O2 -flto  (test for excess errors)
WARNING: g++.dg/torture/vshuf-v4df.C   -O2 -flto  compilation failed to produce executable
FAIL: g++.dg/torture/vshuf-v4df.C   -O2 -flto -flto-partition=none  (internal compiler error)
FAIL: g++.dg/torture/vshuf-v4df.C   -O2 -flto -flto-partition=none  (test for excess errors)
WARNING: g++.dg/torture/vshuf-v4df.C   -O2 -flto -flto-partition=none  compilation failed to produce executable
FAIL: g++.dg/torture/vshuf-v4df.C   -O3 -g  (internal compiler error)
FAIL: g++.dg/torture/vshuf-v4df.C   -O3 -g  (test for excess errors)
WARNING: g++.dg/torture/vshuf-v4df.C   -O3 -g  compilation failed to produce executable
FAIL: g++.dg/torture/vshuf-v4df.C   -Os  (internal compiler error)
FAIL: g++.dg/torture/vshuf-v4df.C   -Os  (test for excess errors)
WARNING: g++.dg/torture/vshuf-v4df.C   -Os  compilation failed to produce executable
FAIL: g++.dg/torture/vshuf-v4di.C   -O0  (internal compiler error)
FAIL: g++.dg/torture/vshuf-v4di.C   -O0  (test for excess errors)
WARNING: g++.dg/torture/vshuf-v4di.C   -O0  compilation failed to produce executable
FAIL: g++.dg/torture/vshuf-v4di.C   -O1  (internal compiler error)
FAIL: g++.dg/torture/vshuf-v4di.C   -O1  (test for excess errors)
WARNING: g++.dg/torture/vshuf-v4di.C   -O1  compilation failed to produce executable
FAIL: g++.dg/torture/vshuf-v4di.C   -O2  (internal compiler error)
FAIL: g++.dg/torture/vshuf-v4di.C   -O2  (test for excess errors)
WARNING: g++.dg/torture/vshuf-v4di.C   -O2  compilation failed to produce executable
FAIL: g++.dg/torture/vshuf-v4di.C   -O2 -flto  (internal compiler error)
FAIL: g++.dg/torture/vshuf-v4di.C   -O2 -flto  (test for excess errors)
WARNING: g++.dg/torture/vshuf-v4di.C   -O2 -flto  compilation failed to produce executable
FAIL: g++.dg/torture/vshuf-v4di.C   -O2 -flto -flto-partition=none  (internal compiler error)
FAIL: g++.dg/torture/vshuf-v4di.C   -O2 -flto -flto-partition=none  (test for excess errors)
WARNING: g++.dg/torture/vshuf-v4di.C   -O2 -flto -flto-partition=none  compilation failed to produce executable
FAIL: g++.dg/torture/vshuf-v4di.C   -O3 -g  (internal compiler error)
FAIL: g++.dg/torture/vshuf-v4di.C   -O3 -g  (test for excess errors)
WARNING: g++.dg/torture/vshuf-v4di.C   -O3 -g  compilation failed to produce executable
FAIL: g++.dg/torture/vshuf-v4di.C   -Os  (internal compiler error)
FAIL: g++.dg/torture/vshuf-v4di.C   -Os  (test for excess errors)
WARNING: g++.dg/torture/vshuf-v4di.C   -Os  compilation failed to produce executable
FAIL: g++.dg/torture/vshuf-v8si.C   -O0  (internal compiler error)
FAIL: g++.dg/torture/vshuf-v8si.C   -O0  (test for excess errors)
WARNING: g++.dg/torture/vshuf-v8si.C   -O0  compilation failed to produce executable
FAIL: g++.dg/torture/vshuf-v8si.C   -O1  (internal compiler error)
FAIL: g++.dg/torture/vshuf-v8si.C   -O1  (test for excess errors)
WARNING: g++.dg/torture/vshuf-v8si.C   -O1  compilation failed to produce executable
FAIL: g++.dg/torture/vshuf-v8si.C   -O2  (internal compiler error)
FAIL: g++.dg/torture/vshuf-v8si.C   -O2  (test for excess errors)
WARNING: g++.dg/torture/vshuf-v8si.C   -O2  compilation failed to produce executable
FAIL: g++.dg/torture/vshuf-v8si.C   -O2 -flto  (internal compiler error)
FAIL: g++.dg/torture/vshuf-v8si.C   -O2 -flto  (test for excess errors)
WARNING: g++.dg/torture/vshuf-v8si.C   -O2 -flto  compilation failed to produce executable
FAIL: g++.dg/torture/vshuf-v8si.C   -O2 -flto -flto-partition=none  (internal compiler error)
FAIL: g++.dg/torture/vshuf-v8si.C   -O2 -flto -flto-partition=none  (test for excess errors)
WARNING: g++.dg/torture/vshuf-v8si.C   -O2 -flto -flto-partition=none  compilation failed to produce executable
FAIL: g++.dg/torture/vshuf-v8si.C   -O3 -g  (internal compiler error)
FAIL: g++.dg/torture/vshuf-v8si.C   -O3 -g  (test for excess errors)
WARNING: g++.dg/torture/vshuf-v8si.C   -O3 -g  compilation failed to produce executable
FAIL: g++.dg/torture/vshuf-v8si.C   -Os  (internal compiler error)
FAIL: g++.dg/torture/vshuf-v8si.C   -Os  (test for excess errors)
WARNING: g++.dg/torture/vshuf-v8si.C   -Os  compilation failed to produce executable
FAIL: c-c++-common/ubsan/float-cast-overflow-8.c   -O2  output pattern test, is gcc/libsanitizer/ubsan/ubsan_handlers.cc:300: runtime error: value 0 is outside the range of representable values of type 'signed char'
FAIL: c-c++-common/ubsan/float-cast-overflow-8.c   -O2 -flto  output pattern test, is gcc/libsanitizer/ubsan/ubsan_handlers.cc:300: runtime error: value 0 is outside the range of representable values of type 'signed char'
FAIL: c-c++-common/ubsan/float-cast-overflow-8.c   -O2 -flto -flto-partition=none  output pattern test, is gcc/libsanitizer/ubsan/ubsan_handlers.cc:300: runtime error: value 0 is outside the range of representable values of type 'signed char'
FAIL: g++.dg/vect/pr36648.cc  -std=c++11  scan-tree-dump-times vect "vectorized 1 loops" 1
FAIL: g++.dg/vect/pr36648.cc  -std=c++11  scan-tree-dump-times vect "vectorizing stmts using SLP" 1
FAIL: g++.dg/vect/pr36648.cc  -std=c++14  scan-tree-dump-times vect "vectorized 1 loops" 1
FAIL: g++.dg/vect/pr36648.cc  -std=c++14  scan-tree-dump-times vect "vectorizing stmts using SLP" 1
FAIL: g++.dg/vect/pr36648.cc  -std=c++98  scan-tree-dump-times vect "vectorized 1 loops" 1
FAIL: g++.dg/vect/pr36648.cc  -std=c++98  scan-tree-dump-times vect "vectorizing stmts using SLP" 1

		=== g++ Summary for unix/-m64 ===

# of expected passes		20182
# of expected failures		61
# of unsupported tests		89

		=== g++ Summary ===

# of expected passes		40457
# of expected failures		122
# of unsupported tests		175
/home/gccbuild/build/nightly/build-gcc-trunk/gcc/testsuite/g++/../../xg++  version 6.0.0 20150723 (experimental) [trunk revision 226115] (GCC) 

		=== go tests ===


Running target unix/-m32
FAIL: go.test/test/ken/cplx2.go execution,  -O2 -g 

		=== go Summary for unix/-m32 ===

# of expected passes		6873
# of unexpected failures	1
# of expected failures		1
# of untested testcases		11
# of unsupported tests		3

Running target unix/-m64
FAIL: go.test/test/cmplxdivide.go
FAIL: go.test/test/ken/cplx2.go execution,  -O2 -g 

		=== go Summary for unix/-m64 ===

# of expected passes		6752
# of unexpected failures	2
# of expected failures		1
# of untested testcases		11
# of unsupported tests		3

		=== go Summary ===

# of expected passes		13625
# of unexpected failures	3
# of expected failures		2
# of untested testcases		22
# of unsupported tests		6
/home/gccbuild/build/nightly/build-gcc-trunk/gcc/testsuite/go/../../gccgo  version 6.0.0 20150723 (experimental) [trunk revision 226115] (GCC) 

		=== obj-c++ tests ===


Running target unix/-m32

		=== obj-c++ Summary for unix/-m32 ===

# of expected passes		56

Running target unix/-m64

		=== obj-c++ Summary for unix/-m64 ===

# of expected passes		56

		=== obj-c++ Summary ===

# of expected passes		2870
# of expected failures		12
# of unsupported tests		154
/home/gccbuild/build/nightly/build-gcc-trunk/gcc/testsuite/obj-c++/../../xg++  version 6.0.0 20150723 (experimental) [trunk revision 226115] (GCC) 

		=== objc tests ===


Running target unix/-m32

		=== objc Summary for unix/-m32 ===

# of expected passes		56

Running target unix/-m64

		=== objc Summary for unix/-m64 ===

# of expected passes		56

		=== objc Summary ===

# of expected passes		112
/home/gccbuild/build/nightly/build-gcc-trunk/gcc/xgcc  version 6.0.0 20150723 (experimental) [trunk revision 226115] (GCC) 

		=== boehm-gc tests ===


Running target unix/-m32

		=== boehm-gc Summary for unix/-m32 ===

# of expected passes		4

Running target unix/-m64

		=== boehm-gc Summary for unix/-m64 ===

# of expected passes		4

		=== boehm-gc Summary ===

# of expected passes		24
# of unsupported tests		2
		=== libatomic tests ===


Running target unix/-m32

		=== libatomic Summary for unix/-m32 ===

# of expected passes		44
# of unsupported tests		5

Running target unix/-m64

		=== libatomic Summary for unix/-m64 ===

# of expected passes		54

		=== libatomic Summary ===

# of expected passes		98
# of unsupported tests		5
		=== libffi tests ===


Running target unix/-m32

		=== libffi Summary for unix/-m32 ===

# of expected passes		24

Running target unix/-m64

		=== libffi Summary for unix/-m64 ===

# of expected passes		24

		=== libffi Summary ===

# of expected passes		3828
# of unsupported tests		60
		=== libgo tests ===


Running target unix
FAIL: math
FAIL: runtime

		=== libgo Summary for unix ===

# of expected passes		122
# of unexpected failures	2

Running target unix/-m32
FAIL: math
FAIL: net
FAIL: runtime
FAIL: sync/atomic

		=== libgo Summary for unix/-m32 ===

# of expected passes		120
# of unexpected failures	4

		=== libgo Summary ===

# of expected passes		242
# of unexpected failures	6
/home/gccbuild/build/nightly/build-gcc-trunk/./gcc/gccgo version 6.0.0 20150723 (experimental) [trunk revision 226115] (GCC)

		=== libgomp tests ===


Running target unix/-m32

		=== libgomp Summary for unix/-m32 ===

# of expected passes		912
# of unsupported tests		8

Running target unix/-m64
FAIL: libgomp.fortran/allocatable9.f90   -O3 -g  execution test
FAIL: libgomp.fortran/examples-4/teams-4.f90   -O0  execution test

		=== libgomp Summary for unix/-m64 ===

# of expected passes		912
# of unsupported tests		8

		=== libgomp Summary ===

# of expected passes		10018
# of unexpected failures	2
# of expected failures		16
# of unsupported tests		602
		=== libitm tests ===


Running target unix/-m32

		=== libitm Summary for unix/-m32 ===

# of expected passes		4
# of expected failures		1
# of unsupported tests		1

Running target unix/-m64

		=== libitm Summary for unix/-m64 ===

# of expected passes		4
# of expected failures		1
# of unsupported tests		1

		=== libitm Summary ===

# of expected passes		52
# of expected failures		6
# of unsupported tests		2
		=== libjava tests ===


Running target unix/-m32
XPASS: sourcelocation -O3 -findirect-dispatch output - source compiled test

		=== libjava Summary for unix/-m32 ===


Running target unix/-m64
FAIL: getlocalvartable output
FAIL: StackTrace2 output - source compiled test
FAIL: StackTrace2 -findirect-dispatch output - source compiled test
FAIL: StackTrace2 -O3 output - source compiled test
XPASS: sourcelocation -O3 -findirect-dispatch output - source compiled test

		=== libjava Summary for unix/-m64 ===


		=== libjava Summary ===

# of expected passes		5160
# of unexpected failures	4
# of unexpected successes	2
# of expected failures		6
		=== libstdc++ tests ===


Running target unix/-m32

		=== libstdc++ Summary for unix/-m32 ===

# of unsupported tests		1

Running target unix/-m64
XPASS: 26_numerics/complex/13450.cc execution test
XPASS: 26_numerics/complex/pow.cc execution test
FAIL: 26_numerics/complex/value_operations/1.cc (test for excess errors)
WARNING: 26_numerics/complex/value_operations/1.cc compilation failed to produce executable

		=== libstdc++ Summary for unix/-m64 ===

# of unsupported tests		1

		=== libstdc++ Summary ===

# of unsupported tests		2

Compiler version: 6.0.0 20150723 (experimental) [trunk revision 226115] (GCC) 
Platform: powerpc64-unknown-linux-gnu
configure flags: --prefix=/opt/gcc-nightly/trunk --with-as=/usr/bin/as --with-ld=/usr/bin/ld --enable-languages=c,c++,fortran,objc,obj-c++,java,go --with-cpu=power6 --enable-lto --enable-decimal-float --with-long-double-128
fail   XPASS: gcc.test-framework/dg-bogus-exp-XF.c (test for excess errors)
fail   FAIL: gcc.test-framework/dg-do-assemble-exp-P.c (test for excess errors) (PRMS 42)
fail   FAIL: gcc.test-framework/dg-do-compile-exp-P.c (test for excess errors) (PRMS 42)
fail   FAIL: gcc.test-framework/dg-do-link-exp-P.c (test for excess errors) (PRMS 42)
fail   FAIL: gcc.test-framework/dg-do-run-exp-P.c (test for excess errors) (PRMS 42)
fail   FAIL: gcc.test-framework/dg-dot-run-exp-P.c (test for excess errors) (PRMS 42)
fail   FAIL: gcc.test-framework/dg-dox-run-exp-XF.c (test for excess errors) (PRMS 42)
fail   FAIL: gcc.test-framework/dg-output-exp-P.c (test for excess errors) (PRMS 42)
fail   FAIL: gcc.test-framework/dg-output-exp-XF.c (test for excess errors) (PRMS 42)
fail   FAIL: gcc.test-framework/dg-warning-exp-P.c warning test (test for warnings, line 9) (PRMS 42)

		=== Test Framework Summary ===

# of expected passes		2524
# of unexpected failures	10


Index Nav: [Date Index] [Subject Index] [Author Index] [Thread Index]
Message Nav: [Date Prev] [Date Next] [Thread Prev] [Thread Next]