This is the mail archive of the
gcc-testresults@gcc.gnu.org
mailing list for the GCC project.
Results for 6.0.0 20150721 (experimental) [trunk revision 226027] (GCC) testsuite on x86_64-unknown-linux-gnu
- From: "Sebastian Baginski" <s dot baginski at mail dot com>
- To: gcc-testresults at gcc dot gnu dot org
- Date: Tue, 21 Jul 2015 15:49:07 +0200
- Subject: Results for 6.0.0 20150721 (experimental) [trunk revision 226027] (GCC) testsuite on x86_64-unknown-linux-gnu
- Authentication-results: sourceware.org; auth=none
- Sensitivity: Normal
Linux 3.13.0-55-generic x86_64 x86_64
ldd (Ubuntu EGLIBC 2.19-0ubuntu6.6) 2.19
GNU ld (GNU Binutils for Ubuntu) 2.24
GNU Make 3.81
DejaGnu:
Expect version is 5.45
Tcl version is 8.6
Framework version is 1.5
Native configuration is x86_64-unknown-linux-gnu
=== gcc tests ===
Running target unix
FAIL: gcc.dg/cpp/_Pragma3.c (test for excess errors)
FAIL: gcc.dg/debug/dwarf2/stacked-qualified-types-3.c scan-assembler-times DIE \\\\([^\\n]*\\\\) DW_TAG_(?:const|volatile|atomic|restrict)_type 8
XPASS: gcc.dg/vect/no-scevccp-outer-11.c scan-tree-dump-times vect "OUTER LOOP VECTORIZED." 1
FAIL: gcc.target/i386/pr49781-1.c scan-assembler-not lea[lq]?[ \\t]\\\\((%|)r[a-z0-9]*
FAIL: gcc.target/i386/pr61403.c scan-assembler blend
=== gcc Summary ===
# of expected passes 104963
# of unexpected failures 4
# of unexpected successes 1
# of expected failures 259
# of unsupported tests 2180
/home/seb/gccexperimental/trunk/host-x86_64-unknown-linux-gnu/gcc/xgcc version 6.0.0 20150721 (experimental) (GCC)
=== gfortran tests ===
Running target unix
FAIL: gfortran.dg/class_allocate_18.f90 -O0 execution test
UNRESOLVED: gfortran.dg/derived_constructor_comps_6.f90 -O0 scan-tree-dump-times original "__builtin_free" 33
UNRESOLVED: gfortran.dg/derived_constructor_comps_6.f90 -O0 scan-tree-dump-times original "__builtin_malloc" 15
UNRESOLVED: gfortran.dg/derived_constructor_comps_6.f90 -O1 scan-tree-dump-times original "__builtin_free" 33
UNRESOLVED: gfortran.dg/derived_constructor_comps_6.f90 -O1 scan-tree-dump-times original "__builtin_malloc" 15
UNRESOLVED: gfortran.dg/derived_constructor_comps_6.f90 -O2 scan-tree-dump-times original "__builtin_free" 33
UNRESOLVED: gfortran.dg/derived_constructor_comps_6.f90 -O2 scan-tree-dump-times original "__builtin_malloc" 15
UNRESOLVED: gfortran.dg/derived_constructor_comps_6.f90 -O3 -fomit-frame-pointer -funroll-loops -fpeel-loops -ftracer -finline-functions scan-tree-dump-times original "__builtin_free" 33
UNRESOLVED: gfortran.dg/derived_constructor_comps_6.f90 -O3 -fomit-frame-pointer -funroll-loops -fpeel-loops -ftracer -finline-functions scan-tree-dump-times original "__builtin_malloc" 15
UNRESOLVED: gfortran.dg/derived_constructor_comps_6.f90 -O3 -g scan-tree-dump-times original "__builtin_free" 33
UNRESOLVED: gfortran.dg/derived_constructor_comps_6.f90 -O3 -g scan-tree-dump-times original "__builtin_malloc" 15
UNRESOLVED: gfortran.dg/derived_constructor_comps_6.f90 -Os scan-tree-dump-times original "__builtin_free" 33
UNRESOLVED: gfortran.dg/derived_constructor_comps_6.f90 -Os scan-tree-dump-times original "__builtin_malloc" 15
=== gfortran Summary ===
# of expected passes 40428
# of unexpected failures 1
# of expected failures 58
# of unresolved testcases 12
# of unsupported tests 67
/home/seb/gccexperimental/trunk/host-x86_64-unknown-linux-gnu/gcc/testsuite/gfortran/../../gfortran version 6.0.0 20150721 (experimental) (GCC)
=== g++ tests ===
Running target unix
XPASS: g++.dg/tls/thread_local-order2.C -std=c++11 execution test
XPASS: g++.dg/tls/thread_local-order2.C -std=c++14 execution test
=== g++ Summary ===
# of expected passes 93806
# of unexpected successes 2
# of expected failures 334
# of unsupported tests 3407
/home/seb/gccexperimental/trunk/host-x86_64-unknown-linux-gnu/gcc/testsuite/g++/../../xg++ version 6.0.0 20150721 (experimental) (GCC)
=== objc tests ===
Running target unix
=== objc Summary ===
# of expected passes 2766
# of expected failures 6
# of unsupported tests 68
/home/seb/gccexperimental/trunk/host-x86_64-unknown-linux-gnu/gcc/xgcc version 6.0.0 20150721 (experimental) (GCC)
=== boehm-gc tests ===
Running target unix
=== boehm-gc Summary ===
# of expected passes 12
# of unsupported tests 1
=== libatomic tests ===
Running target unix
=== libatomic Summary ===
# of expected passes 54
=== libffi tests ===
Running target unix
=== libffi Summary ===
# of expected passes 1914
# of unsupported tests 30
=== libitm tests ===
Running target unix
=== libitm Summary ===
# of expected passes 26
# of expected failures 3
# of unsupported tests 1
=== libjava tests ===
Running target unix
=== libjava Summary ===
# of expected passes 2582
# of expected failures 4
=== libstdc++ tests ===
Running target unix
=== libstdc++ Summary ===
# of expected passes 10154
# of expected failures 66
# of unsupported tests 545
Compiler version: 6.0.0 20150721 (experimental) (GCC)
Platform: x86_64-unknown-linux-gnu
configure flags: --disable-multilib --enable-lto --enable-libada --enable-languages=c,c++,fortran,java,lto,objc --no-create --no-recursion