This is the mail archive of the gcc-testresults@gcc.gnu.org mailing list for the GCC project.


Index Nav: [Date Index] [Subject Index] [Author Index] [Thread Index]
Message Nav: [Date Prev] [Date Next] [Thread Prev] [Thread Next]
Other format: [Raw text]

Results for 6.0.0 20150720 (experimental) [trunk revision 225993] (GCC) testsuite on x86_64-unknown-linux-gnu


Native configuration is x86_64-unknown-linux-gnu

		=== gcc tests ===


Running target unix/-mx32
FAIL: gcc.dg/debug/dwarf2/stacked-qualified-types-3.c scan-assembler-times DIE \\\\([^\\n]*\\\\) DW_TAG_(?:const|volatile|atomic|restrict)_type 8
XPASS: gcc.dg/graphite/vect-pr43423.c scan-tree-dump-times vect "vectorized 2 loops" 1
FAIL: gcc.dg/vect/costmodel/i386/costmodel-fast-math-vect-pr29925.c scan-tree-dump-times vect "vectorized 1 loops" 1
FAIL: gcc.dg/vect/costmodel/x86_64/costmodel-fast-math-vect-pr29925.c scan-tree-dump-times vect "vectorized 1 loops" 1
XPASS: gcc.dg/vect/no-scevccp-outer-11.c scan-tree-dump-times vect "OUTER LOOP VECTORIZED." 1
FAIL: gcc.target/i386/avx256-unaligned-store-2.c scan-assembler vmovups.*\\\\*movv16qi_internal/3
FAIL: gcc.target/i386/pr61403.c scan-assembler blend

		=== gcc Summary ===

# of expected passes		105408
# of unexpected failures	5
# of unexpected successes	2
# of expected failures		262
# of unsupported tests		1704
/export/gnu/import/git/gcc-test-x32/bld/gcc/xgcc  version 6.0.0 20150720 (experimental) [trunk revision 225993] (GCC) 

		=== gfortran tests ===


Running target unix/-mx32
UNRESOLVED: gfortran.dg/derived_constructor_comps_6.f90   -O0   scan-tree-dump-times original "__builtin_free" 33
UNRESOLVED: gfortran.dg/derived_constructor_comps_6.f90   -O0   scan-tree-dump-times original "__builtin_malloc" 15
UNRESOLVED: gfortran.dg/derived_constructor_comps_6.f90   -O1   scan-tree-dump-times original "__builtin_free" 33
UNRESOLVED: gfortran.dg/derived_constructor_comps_6.f90   -O1   scan-tree-dump-times original "__builtin_malloc" 15
UNRESOLVED: gfortran.dg/derived_constructor_comps_6.f90   -O2   scan-tree-dump-times original "__builtin_free" 33
UNRESOLVED: gfortran.dg/derived_constructor_comps_6.f90   -O2   scan-tree-dump-times original "__builtin_malloc" 15
UNRESOLVED: gfortran.dg/derived_constructor_comps_6.f90   -O3 -fomit-frame-pointer -funroll-loops -fpeel-loops -ftracer -finline-functions   scan-tree-dump-times original "__builtin_free" 33
UNRESOLVED: gfortran.dg/derived_constructor_comps_6.f90   -O3 -fomit-frame-pointer -funroll-loops -fpeel-loops -ftracer -finline-functions   scan-tree-dump-times original "__builtin_malloc" 15
UNRESOLVED: gfortran.dg/derived_constructor_comps_6.f90   -O3 -g   scan-tree-dump-times original "__builtin_free" 33
UNRESOLVED: gfortran.dg/derived_constructor_comps_6.f90   -O3 -g   scan-tree-dump-times original "__builtin_malloc" 15
UNRESOLVED: gfortran.dg/derived_constructor_comps_6.f90   -Os   scan-tree-dump-times original "__builtin_free" 33
UNRESOLVED: gfortran.dg/derived_constructor_comps_6.f90   -Os   scan-tree-dump-times original "__builtin_malloc" 15
FAIL: gfortran.dg/graphite/vect-pr40979.f90   -O  (internal compiler error)
FAIL: gfortran.dg/graphite/vect-pr40979.f90   -O  (test for excess errors)

		=== gfortran Summary ===

# of expected passes		40552
# of unexpected failures	2
# of expected failures		72
# of unresolved testcases	12
# of unsupported tests		52
/export/gnu/import/git/gcc-test-x32/bld/gcc/testsuite/gfortran/../../gfortran  version 6.0.0 20150720 (experimental) [trunk revision 225993] (GCC) 

		=== g++ tests ===


Running target unix/-mx32
XPASS: g++.dg/tls/thread_local-order2.C  -std=c++11 execution test
XPASS: g++.dg/tls/thread_local-order2.C  -std=c++14 execution test

		=== g++ Summary ===

# of expected passes		93790
# of unexpected successes	2
# of expected failures		334
# of unsupported tests		3345
/export/gnu/import/git/gcc-test-x32/bld/gcc/testsuite/g++/../../xg++  version 6.0.0 20150720 (experimental) [trunk revision 225993] (GCC) 

		=== objc tests ===


Running target unix/-mx32

		=== objc Summary ===

# of expected passes		2766
# of expected failures		6
# of unsupported tests		68
/export/gnu/import/git/gcc-test-x32/bld/gcc/xgcc  version 6.0.0 20150720 (experimental) [trunk revision 225993] (GCC) 

		=== boehm-gc tests ===


Running target unix/-mx32

		=== boehm-gc Summary ===

# of expected passes		12
# of unsupported tests		1
		=== libatomic tests ===


Running target unix/-mx32

		=== libatomic Summary ===

# of expected passes		54
		=== libffi tests ===


Running target unix/-mx32

		=== libffi Summary ===

# of expected passes		1914
# of unsupported tests		30
		=== libgomp tests ===


Running target unix/-mx32

		=== libgomp Summary ===

# of expected passes		5145
# of expected failures		8
# of unsupported tests		258
		=== libitm tests ===


Running target unix/-mx32

		=== libitm Summary ===

# of expected passes		26
# of expected failures		3
# of unsupported tests		1
		=== libjava tests ===


Running target unix/-mx32

		=== libjava Summary ===

# of expected passes		2582
# of expected failures		4
		=== libstdc++ tests ===


Running target unix/-mx32

		=== libstdc++ Summary ===

# of expected passes		10868
# of expected failures		66
# of unsupported tests		231

Compiler version: 6.0.0 20150720 (experimental) [trunk revision 225993] (GCC) 
Platform: x86_64-unknown-linux-gnu
configure flags: --with-arch=corei7 --with-cpu=slm --prefix=/usr/6.0.0 --enable-clocale=gnu --with-system-zlib --enable-shared --with-demangler-in-ld --enable-libmpx --with-multilib-list=m32,m64,mx32 --with-fpmath=sse --enable-languages=c,c++,fortran,java,lto,objc


Index Nav: [Date Index] [Subject Index] [Author Index] [Thread Index]
Message Nav: [Date Prev] [Date Next] [Thread Prev] [Thread Next]