This is the mail archive of the
gcc-testresults@gcc.gnu.org
mailing list for the GCC project.
Results for 4.9.4 20150718 (prerelease) [gcc-4_9-branch revision 225982] (GCC) testsuite on i686-pc-linux-gnu
- From: hjl at gnu-29 dot sc dot intel dot com (H.J. Lu (ia32))
- To: gcc-testresults at gcc dot gnu dot org
- Date: Sat, 18 Jul 2015 11:03:44 -0700
- Subject: Results for 4.9.4 20150718 (prerelease) [gcc-4_9-branch revision 225982] (GCC) testsuite on i686-pc-linux-gnu
- Authentication-results: sourceware.org; auth=none
Native configuration is i686-pc-linux-gnu
=== gcc tests ===
Running target unix
FAIL: gcc.dg/lto/pr55113 c_lto_pr55113_0.o assemble, -flto -fshort-double -O0 (internal compiler error)
UNRESOLVED: gcc.dg/lto/pr55113 c_lto_pr55113_0.o-c_lto_pr55113_0.o link -flto -fshort-double -O0
UNRESOLVED: gcc.dg/lto/pr55113 c_lto_pr55113_0.o-c_lto_pr55113_0.o execute -flto -fshort-double -O0
=== gcc Summary ===
# of expected passes 106071
# of unexpected failures 1
# of expected failures 251
# of unresolved testcases 2
# of unsupported tests 1235
/export/gnu/import/git/gcc-test/bld/gcc/xgcc version 4.9.4 20150718 (prerelease) [gcc-4_9-branch revision 225982] (GCC)
=== gfortran tests ===
Running target unix
FAIL: gfortran.dg/class_allocate_18.f90 -O0 execution test
FAIL: gfortran.dg/class_allocate_18.f90 -O1 execution test
FAIL: gfortran.dg/class_allocate_18.f90 -O2 execution test
FAIL: gfortran.dg/class_allocate_18.f90 -O3 -fomit-frame-pointer execution test
FAIL: gfortran.dg/class_allocate_18.f90 -O3 -fomit-frame-pointer -funroll-loops execution test
FAIL: gfortran.dg/class_allocate_18.f90 -O3 -fomit-frame-pointer -funroll-all-loops -finline-functions execution test
FAIL: gfortran.dg/class_allocate_18.f90 -O3 -g execution test
FAIL: gfortran.dg/class_allocate_18.f90 -Os execution test
=== gfortran Summary ===
# of expected passes 45921
# of unexpected failures 8
# of expected failures 38
# of unsupported tests 207
/export/gnu/import/git/gcc-test/bld/gcc/testsuite/gfortran/../../gfortran version 4.9.4 20150718 (prerelease) [gcc-4_9-branch revision 225982] (GCC)
=== g++ tests ===
Running target unix
FAIL: g++.dg/asan/asan_test.C -O2 AddressSanitizer_HugeMallocTest Ident((char*)malloc(size))[-1] = 0 output pattern test
XPASS: g++.dg/tls/thread_local-order2.C -std=c++11 execution test
XPASS: g++.dg/tls/thread_local-order2.C -std=c++1y execution test
=== g++ Summary ===
# of expected passes 87404
# of unexpected failures 1
# of unexpected successes 2
# of expected failures 443
# of unsupported tests 2820
/export/gnu/import/git/gcc-test/bld/gcc/testsuite/g++/../../xg++ version 4.9.4 20150718 (prerelease) [gcc-4_9-branch revision 225982] (GCC)
=== objc tests ===
Running target unix
=== objc Summary ===
# of expected passes 2988
# of expected failures 6
# of unsupported tests 74
/export/gnu/import/git/gcc-test/bld/gcc/xgcc version 4.9.4 20150718 (prerelease) [gcc-4_9-branch revision 225982] (GCC)
=== boehm-gc tests ===
Running target unix
=== boehm-gc Summary ===
# of expected passes 12
# of unsupported tests 1
=== libatomic tests ===
Running target unix
=== libatomic Summary ===
# of expected passes 44
# of unsupported tests 5
=== libffi tests ===
Running target unix
=== libffi Summary ===
# of expected passes 1819
# of unsupported tests 55
=== libgomp tests ===
Running target unix
=== libgomp Summary ===
# of expected passes 3266
# of unsupported tests 35
=== libitm tests ===
Running target unix
=== libitm Summary ===
# of expected passes 26
# of expected failures 3
# of unsupported tests 1
=== libjava tests ===
Running target unix
=== libjava Summary ===
# of expected passes 2582
# of expected failures 4
=== libstdc++ tests ===
Running target unix
=== libstdc++ Summary ===
# of expected passes 10120
# of expected failures 41
# of unsupported tests 221
Compiler version: 4.9.4 20150718 (prerelease) [gcc-4_9-branch revision 225982] (GCC)
Platform: i686-pc-linux-gnu
configure flags: --prefix=/usr/4.9.4 --enable-clocale=gnu --with-system-zlib --enable-shared --with-demangler-in-ld --with-fpmath=sse --enable-languages=c,c++,fortran,java,lto,objc