This is the mail archive of the
gcc-testresults@gcc.gnu.org
mailing list for the GCC project.
Results for 5.1.1 20150713 [gcc-5-branch revision 225740] (GCC) testsuite on hppa64-hp-hpux11.11
- From: John David Anglin <dave at hiauly3 dot hia dot nrc dot ca>
- To: dave at hiauly3 dot hia dot nrc dot ca, gcc-testresults at gcc dot gnu dot org
- Date: Thu, 16 Jul 2015 15:28:10 -0400 (EDT)
- Subject: Results for 5.1.1 20150713 [gcc-5-branch revision 225740] (GCC) testsuite on hppa64-hp-hpux11.11
- Authentication-results: sourceware.org; auth=none
Native configuration is hppa64-hp-hpux11.11
=== g++ tests ===
Running target unix
WARNING: program timed out.
=== g++ Summary ===
# of expected passes 79584
# of expected failures 282
# of unsupported tests 4021
/mnt/gnu/gcc/objdir-test/gcc/testsuite/g++/../../xg++ version 5.1.1 20150713 [gcc-5-branch revision 225740] (GCC)
=== gcc tests ===
Running target unix
FAIL: gcc.dg/atomic/c11-atomic-exec-5.c -O0 execution test
FAIL: gcc.dg/atomic/c11-atomic-exec-5.c -O1 execution test
FAIL: gcc.dg/atomic/c11-atomic-exec-5.c -O2 execution test
FAIL: gcc.dg/atomic/c11-atomic-exec-5.c -O3 -fomit-frame-pointer execution test
FAIL: gcc.dg/atomic/c11-atomic-exec-5.c -O3 -fomit-frame-pointer -funroll-loops execution test
FAIL: gcc.dg/atomic/c11-atomic-exec-5.c -O3 -fomit-frame-pointer -funroll-all-loops -finline-functions execution test
FAIL: gcc.dg/atomic/c11-atomic-exec-5.c -O3 -g execution test
FAIL: gcc.dg/atomic/c11-atomic-exec-5.c -Os execution test
FAIL: gcc.dg/atomic/c11-atomic-exec-5.c -O2 -flto -flto-partition=none execution test
FAIL: gcc.dg/atomic/c11-atomic-exec-5.c -O2 -flto execution test
FAIL: gcc.dg/pr64434.c scan-rtl-dump-times expand "Swap operands" 1
XPASS: gcc.dg/sibcall-3.c execution test
XPASS: gcc.dg/sibcall-4.c execution test
FAIL: gcc.dg/uninit-19.c (test for warnings, line 22)
FAIL: gcc.dg/uninit-19.c (test for excess errors)
WARNING: program timed out.
=== gcc Summary ===
# of expected passes 84024
# of unexpected failures 13
# of unexpected successes 2
# of expected failures 131
# of unsupported tests 1910
/mnt/gnu/gcc/objdir-test/gcc/xgcc version 5.1.1 20150713 [gcc-5-branch revision 225740] (GCC)
=== gfortran tests ===
Running target unix
=== gfortran Summary ===
# of expected passes 46835
# of expected failures 81
# of unsupported tests 410
/mnt/gnu/gcc/objdir-test/gcc/testsuite/gfortran/../../gfortran version 5.1.1 20150713 [gcc-5-branch revision 225740] (GCC)
=== obj-c++ tests ===
Running target unix
=== obj-c++ Summary ===
# of expected passes 1445
# of expected failures 10
# of unsupported tests 86
/mnt/gnu/gcc/objdir-test/gcc/testsuite/obj-c++/../../xg++ version 5.1.1 20150713 [gcc-5-branch revision 225740] (GCC)
=== objc tests ===
Running target unix
=== objc Summary ===
# of expected passes 3014
# of unsupported tests 75
/mnt/gnu/gcc/objdir-test/gcc/xgcc version 5.1.1 20150713 [gcc-5-branch revision 225740] (GCC)
=== libatomic tests ===
Running target unix
=== libatomic Summary ===
# of expected passes 44
# of unsupported tests 5
=== libgomp tests ===
Running target unix
FAIL: libgomp.oacc-c/../libgomp.oacc-c-c++-common/acc_on_device-1.c -DACC_DEVICE_TYPE_host_nonshm=1 -DACC_MEM_SHARED=0 execution test
FAIL: libgomp.oacc-c/../libgomp.oacc-c-c++-common/if-1.c -DACC_DEVICE_TYPE_host_nonshm=1 -DACC_MEM_SHARED=0 execution test
FAIL: libgomp.oacc-c++/../libgomp.oacc-c-c++-common/acc_on_device-1.c -DACC_DEVICE_TYPE_host_nonshm=1 -DACC_MEM_SHARED=0 execution test
FAIL: libgomp.oacc-c++/../libgomp.oacc-c-c++-common/if-1.c -DACC_DEVICE_TYPE_host_nonshm=1 -DACC_MEM_SHARED=0 execution test
FAIL: libgomp.oacc-fortran/acc_on_device-1-1.f90 -DACC_DEVICE_TYPE_host_nonshm=1 -DACC_MEM_SHARED=0 -O execution test
FAIL: libgomp.oacc-fortran/acc_on_device-1-2.f -DACC_DEVICE_TYPE_host_nonshm=1 -DACC_MEM_SHARED=0 -O execution test
FAIL: libgomp.oacc-fortran/acc_on_device-1-3.f -DACC_DEVICE_TYPE_host_nonshm=1 -DACC_MEM_SHARED=0 -O execution test
=== libgomp Summary ===
# of expected passes 5741
# of unexpected failures 7
# of unsupported tests 293
=== libstdc++ tests ===
Running target unix
=== libstdc++ Summary ===
# of expected passes 8626
# of expected failures 65
# of unsupported tests 970
Compiler version: 5.1.1 20150713 [gcc-5-branch revision 225740] (GCC)
Platform: hppa64-hp-hpux11.11
configure flags:Test Run By dave on Tue Jul 14 11:07:24 2015