This is the mail archive of the
gcc-testresults@gcc.gnu.org
mailing list for the GCC project.
Results for 6.0.0 20150714 (experimental) [trunk revision 225783] (GCC) testsuite on x86_64-unknown-linux-gnu
- From: intel64 at gnu-13 dot sc dot intel dot com (H.J. Lu (Intel64))
- To: gcc-testresults at gcc dot gnu dot org
- Date: Tue, 14 Jul 2015 14:32:39 -0700
- Subject: Results for 6.0.0 20150714 (experimental) [trunk revision 225783] (GCC) testsuite on x86_64-unknown-linux-gnu
- Authentication-results: sourceware.org; auth=none
Native configuration is x86_64-unknown-linux-gnu
=== gcc tests ===
Running target unix
FAIL: gcc.dg/debug/dwarf2/stacked-qualified-types-3.c scan-assembler-times DIE \\\\([^\\n]*\\\\) DW_TAG_(?:const|volatile|atomic|restrict)_type 8
FAIL: gcc.target/i386/pr49781-1.c scan-assembler-not lea[lq]?[ \\t]\\\\((%|)r[a-z0-9]*
FAIL: gcc.target/i386/pr61403.c scan-assembler blend
=== gcc Summary for unix ===
# of expected passes 115687
# of unexpected failures 3
# of expected failures 265
# of unsupported tests 1838
Running target unix/-m32
FAIL: gcc.dg/debug/dwarf2/stacked-qualified-types-3.c scan-assembler-times DIE \\\\([^\\n]*\\\\) DW_TAG_(?:const|volatile|atomic|restrict)_type 8
XPASS: gcc.dg/graphite/vect-pr43423.c scan-tree-dump-times vect "vectorized 2 loops" 1
FAIL: gcc.target/i386/pr61403.c scan-assembler blend
=== gcc Summary for unix/-m32 ===
# of expected passes 114768
# of unexpected failures 2
# of unexpected successes 1
# of expected failures 265
# of unsupported tests 1659
=== gcc Summary ===
# of expected passes 230455
# of unexpected failures 5
# of unexpected successes 1
# of expected failures 530
# of unsupported tests 3497
/export/gnu/import/git/gcc-test-intel64/bld/gcc/xgcc version 6.0.0 20150714 (experimental) [trunk revision 225783] (GCC)
=== gfortran tests ===
Running target unix
=== gfortran Summary for unix ===
# of expected passes 49291
# of expected failures 78
# of unsupported tests 71
Running target unix/-m32
=== gfortran Summary for unix/-m32 ===
# of expected passes 49004
# of expected failures 78
# of unsupported tests 209
=== gfortran Summary ===
# of expected passes 98295
# of expected failures 156
# of unsupported tests 280
/export/gnu/import/git/gcc-test-intel64/bld/gcc/testsuite/gfortran/../../gfortran version 6.0.0 20150714 (experimental) [trunk revision 225783] (GCC)
=== g++ tests ===
Running target unix
XPASS: g++.dg/tls/thread_local-order2.C -std=c++11 execution test
XPASS: g++.dg/tls/thread_local-order2.C -std=c++14 execution test
=== g++ Summary for unix ===
# of expected passes 95088
# of unexpected successes 2
# of expected failures 342
# of unsupported tests 3497
Running target unix/-m32
XPASS: g++.dg/tls/thread_local-order2.C -std=c++11 execution test
XPASS: g++.dg/tls/thread_local-order2.C -std=c++14 execution test
=== g++ Summary for unix/-m32 ===
# of expected passes 93533
# of unexpected successes 2
# of expected failures 342
# of unsupported tests 3237
=== g++ Summary ===
# of expected passes 188621
# of unexpected successes 4
# of expected failures 684
# of unsupported tests 6734
/export/gnu/import/git/gcc-test-intel64/bld/gcc/testsuite/g++/../../xg++ version 6.0.0 20150714 (experimental) [trunk revision 225783] (GCC)
=== objc tests ===
Running target unix
=== objc Summary for unix ===
# of expected passes 3010
# of expected failures 6
# of unsupported tests 74
Running target unix/-m32
=== objc Summary for unix/-m32 ===
# of expected passes 3010
# of expected failures 6
# of unsupported tests 74
=== objc Summary ===
# of expected passes 6020
# of expected failures 12
# of unsupported tests 148
/export/gnu/import/git/gcc-test-intel64/bld/gcc/xgcc version 6.0.0 20150714 (experimental) [trunk revision 225783] (GCC)
=== boehm-gc tests ===
Running target unix/-m32
=== boehm-gc Summary for unix/-m32 ===
# of expected passes 12
# of unsupported tests 1
Running target unix
=== boehm-gc Summary for unix ===
# of expected passes 12
# of unsupported tests 1
=== boehm-gc Summary ===
# of expected passes 24
# of unsupported tests 2
=== libatomic tests ===
Running target unix/-m32
=== libatomic Summary for unix/-m32 ===
# of expected passes 44
# of unsupported tests 5
Running target unix
=== libatomic Summary for unix ===
# of expected passes 54
=== libatomic Summary ===
# of expected passes 98
# of unsupported tests 5
=== libffi tests ===
Running target unix/-m32
=== libffi Summary for unix/-m32 ===
# of expected passes 2439
# of unsupported tests 30
Running target unix
=== libffi Summary for unix ===
# of expected passes 1914
# of unsupported tests 30
=== libffi Summary ===
# of expected passes 4353
# of unsupported tests 60
=== libgomp tests ===
Running target unix/-m32
=== libgomp Summary for unix/-m32 ===
# of expected passes 6221
# of expected failures 8
# of unsupported tests 278
Running target unix
=== libgomp Summary for unix ===
# of expected passes 6221
# of expected failures 8
# of unsupported tests 278
=== libgomp Summary ===
# of expected passes 12442
# of expected failures 16
# of unsupported tests 556
=== libitm tests ===
Running target unix/-m32
=== libitm Summary for unix/-m32 ===
# of expected passes 26
# of expected failures 3
# of unsupported tests 1
Running target unix
=== libitm Summary for unix ===
# of expected passes 26
# of expected failures 3
# of unsupported tests 1
=== libitm Summary ===
# of expected passes 52
# of expected failures 6
# of unsupported tests 2
=== libjava tests ===
Running target unix/-m32
=== libjava Summary for unix/-m32 ===
# of expected passes 2582
# of expected failures 4
Running target unix
=== libjava Summary for unix ===
# of expected passes 2582
# of expected failures 4
=== libjava Summary ===
# of expected passes 5164
# of expected failures 8
=== libstdc++ tests ===
Running target unix
XPASS: 26_numerics/headers/cmath/c_math.cc execution test
=== libstdc++ Summary for unix ===
# of expected passes 4806
# of unexpected successes 1
# of expected failures 61
# of unsupported tests 231
Running target unix/-m32
FAIL: 23_containers/map/modifiers/erase/dr130-linkage-check.cc (test for excess errors)
UNRESOLVED: 23_containers/map/modifiers/erase/dr130-linkage-check.cc compilation failed to produce executable
FAIL: 23_containers/multimap/modifiers/erase/dr130-linkage-check.cc (test for excess errors)
UNRESOLVED: 23_containers/multimap/modifiers/erase/dr130-linkage-check.cc compilation failed to produce executable
FAIL: 23_containers/multiset/modifiers/erase/dr130-linkage-check.cc (test for excess errors)
UNRESOLVED: 23_containers/multiset/modifiers/erase/dr130-linkage-check.cc compilation failed to produce executable
FAIL: 23_containers/set/modifiers/erase/dr130-linkage-check.cc (test for excess errors)
UNRESOLVED: 23_containers/set/modifiers/erase/dr130-linkage-check.cc compilation failed to produce executable
=== libstdc++ Summary for unix/-m32 ===
# of expected passes 10867
# of unexpected failures 4
# of expected failures 65
# of unresolved testcases 4
# of unsupported tests 227
=== libstdc++ Summary ===
# of expected passes 15673
# of unexpected failures 4
# of unexpected successes 1
# of expected failures 126
# of unresolved testcases 4
# of unsupported tests 458
Compiler version: 6.0.0 20150714 (experimental) [trunk revision 225783] (GCC)
Platform: x86_64-unknown-linux-gnu
configure flags: --prefix=/usr/6.0.0 --enable-clocale=gnu --with-system-zlib --enable-shared --with-demangler-in-ld --enable-libmpx --with-fpmath=sse --enable-languages=c,c++,fortran,java,lto,objc