This is the mail archive of the
gcc-testresults@gcc.gnu.org
mailing list for the GCC project.
Results for 6.0.0 20150712 (experimental) [trunk revision 225718] (GCC) testsuite on sh4-unknown-linux-gnu
- From: Kaz Kojima <kkojima at rr dot iij4u dot or dot jp>
- To: gcc-testresults at gcc dot gnu dot org
- Date: Sun, 12 Jul 2015 22:24:21 +0900 (JST)
- Subject: Results for 6.0.0 20150712 (experimental) [trunk revision 225718] (GCC) testsuite on sh4-unknown-linux-gnu
- Authentication-results: sourceware.org; auth=none
Remote host: linux 3.18.0 sh4
GNU C Library version 2.20.90
LAST_UPDATED: Sun Jul 12 00:42:50 UTC 2015 (revision 225718)
Target is sh4-unknown-linux-gnu
Host is i686-pc-linux-gnu
=== g++ tests ===
Running target unix
WARNING: Assuming target board is the local machine (which is probably wrong).
FAIL: g++.dg/torture/pr65249.C -O1 (internal compiler error)
FAIL: g++.dg/torture/pr65249.C -O1 (test for excess errors)
FAIL: g++.dg/torture/pr65249.C -O2 (internal compiler error)
FAIL: g++.dg/torture/pr65249.C -O2 (test for excess errors)
FAIL: g++.dg/torture/pr65249.C -O3 -fomit-frame-pointer (internal compiler error)
FAIL: g++.dg/torture/pr65249.C -O3 -fomit-frame-pointer (test for excess errors)
FAIL: g++.dg/torture/pr65249.C -O3 -g (internal compiler error)
FAIL: g++.dg/torture/pr65249.C -O3 -g (test for excess errors)
FAIL: g++.dg/torture/pr65249.C -Os (internal compiler error)
FAIL: g++.dg/torture/pr65249.C -Os (test for excess errors)
FAIL: g++.dg/torture/pr65249.C -O2 -flto -fno-use-linker-plugin -flto-partition=none (internal compiler error)
FAIL: g++.dg/torture/pr65249.C -O2 -flto -fno-use-linker-plugin -flto-partition=none (test for excess errors)
=== g++ Summary ===
# of expected passes 82716
# of unexpected failures 12
# of expected failures 282
# of unsupported tests 3567
/home/ldroot/dodes/xsh-gcc-orig/gcc/testsuite/g++/../../xg++ version 6.0.0 20150712 (experimental) [trunk revision 225718] (GCC)
Host is i686-pc-linux-gnu
=== gcc tests ===
Running target unix
WARNING: Assuming target board is the local machine (which is probably wrong).
FAIL: gcc.dg/debug/dwarf2/stacked-qualified-types-3.c scan-assembler-times DIE \\\\([^\\n]*\\\\) DW_TAG_(?:const|volatile|atomic|restrict)_type 8
XPASS: c-c++-common/goacc/acc_on_device-2.c scan-rtl-dump-times expand "\\\\(call [^\\\\n]* acc_on_device" 0
FAIL: gcc.dg/ipa/iinline-attr.c scan-ipa-dump inline "hooray[^\\\\n]*inline copy in test"
FAIL: gcc.dg/tree-ssa/pr65447.c scan-tree-dump-not ivopts "\\\\nuse 5\\\\n"
FAIL: gcc.target/sh/pr54236-1.c scan-assembler-times negc 2
=== gcc Summary ===
# of expected passes 87831
# of unexpected failures 4
# of unexpected successes 1
# of expected failures 127
# of unsupported tests 1701
/home/ldroot/dodes/xsh-gcc-orig/gcc/xgcc version 6.0.0 20150712 (experimental) [trunk revision 225718] (GCC)
Host is i686-pc-linux-gnu
=== gfortran tests ===
Running target unix
WARNING: Assuming target board is the local machine (which is probably wrong).
FAIL: gfortran.dg/allocatable_function_8.f90 -O3 -g (internal compiler error)
FAIL: gfortran.dg/allocatable_function_8.f90 -O3 -g (test for excess errors)
UNRESOLVED: gfortran.dg/allocatable_function_8.f90 -O3 -g compilation failed to produce executable
FAIL: gfortran.dg/assumed_rank_1.f90 -O2 execution test
FAIL: gfortran.dg/assumed_rank_2.f90 -O2 execution test
FAIL: gfortran.dg/assumed_rank_bounds_1.f90 -O2 execution test
FAIL: gfortran.dg/class_allocate_18.f90 -O0 execution test
FAIL: gfortran.dg/class_allocate_18.f90 -O1 execution test
FAIL: gfortran.dg/class_allocate_18.f90 -O2 execution test
FAIL: gfortran.dg/class_allocate_18.f90 -O3 -fomit-frame-pointer execution test
FAIL: gfortran.dg/class_allocate_18.f90 -O3 -fomit-frame-pointer -funroll-loops execution test
FAIL: gfortran.dg/class_allocate_18.f90 -O3 -fomit-frame-pointer -funroll-all-loops -finline-functions execution test
FAIL: gfortran.dg/class_allocate_18.f90 -O3 -g execution test
FAIL: gfortran.dg/class_allocate_18.f90 -Os execution test
FAIL: gfortran.dg/common_14.f90 -O (test for warnings, line 16)
FAIL: gfortran.dg/common_14.f90 -O (test for warnings, line 22)
FAIL: gfortran.dg/common_14.f90 -O (test for excess errors)
FAIL: gfortran.dg/proc_ptr_comp_13.f90 -O0 execution test
FAIL: gfortran.dg/ieee/ieee_6.f90 -O0 execution test
FAIL: gfortran.dg/ieee/ieee_6.f90 -O1 execution test
FAIL: gfortran.dg/ieee/ieee_6.f90 -O2 execution test
FAIL: gfortran.dg/ieee/ieee_6.f90 -O3 -fomit-frame-pointer execution test
FAIL: gfortran.dg/ieee/ieee_6.f90 -O3 -fomit-frame-pointer -funroll-loops execution test
FAIL: gfortran.dg/ieee/ieee_6.f90 -O3 -fomit-frame-pointer -funroll-all-loops -finline-functions execution test
FAIL: gfortran.dg/ieee/ieee_6.f90 -O3 -g execution test
FAIL: gfortran.dg/ieee/ieee_6.f90 -Os execution test
=== gfortran Summary ===
# of expected passes 47824
# of unexpected failures 25
# of expected failures 64
# of unresolved testcases 1
# of unsupported tests 408
/home/ldroot/dodes/xsh-gcc-orig/gcc/testsuite/gfortran/../../gfortran version 6.0.0 20150712 (experimental) [trunk revision 225718] (GCC)
Host is i686-pc-linux-gnu
=== objc tests ===
Running target unix
WARNING: Assuming target board is the local machine (which is probably wrong).
=== objc Summary ===
# of expected passes 3016
# of unsupported tests 74
/home/ldroot/dodes/xsh-gcc-orig/gcc/xgcc version 6.0.0 20150712 (experimental) [trunk revision 225718] (GCC)
Host is sh4-unknown-linux-gnu
=== boehm-gc tests ===
Running target unix
WARNING: Assuming target board is the local machine (which is probably wrong).
=== boehm-gc Summary ===
# of expected passes 12
# of unsupported tests 1
Host is sh4-unknown-linux-gnu
=== libatomic tests ===
Running target unix
WARNING: Assuming target board is the local machine (which is probably wrong).
=== libatomic Summary ===
# of expected passes 44
# of unsupported tests 5
Host is sh4-unknown-linux-gnu
=== libffi tests ===
Running target unix
WARNING: Assuming target board is the local machine (which is probably wrong).
=== libffi Summary ===
# of expected passes 1914
# of unsupported tests 30
Host is sh4-unknown-linux-gnu
=== libgomp tests ===
Running target unix
WARNING: Assuming target board is the local machine (which is probably wrong).
=== libgomp Summary ===
# of expected passes 5868
# of expected failures 8
# of unsupported tests 313
Host is sh4-unknown-linux-gnu
=== libitm tests ===
Running target unix
WARNING: Assuming target board is the local machine (which is probably wrong).
=== libitm Summary ===
# of expected passes 26
# of expected failures 3
# of unsupported tests 1
Host is sh4-unknown-linux-gnu
=== libjava tests ===
Running target unix
WARNING: Assuming target board is the local machine (which is probably wrong).
=== libjava Summary ===
# of expected passes 2413
# of expected failures 4
# of untested testcases 4
Host is sh4-unknown-linux-gnu
=== libstdc++ tests ===
Running target unix
WARNING: Assuming target board is the local machine (which is probably wrong).
=== libstdc++ Summary ===
# of expected passes 9714
# of expected failures 65
# of unsupported tests 599
Compiler version: 6.0.0 20150712 (experimental) [trunk revision 225718] (GCC)
Platform: sh4-unknown-linux-gnu
configure flags: --target=sh4-unknown-linux-gnu --enable-build-with-cxx --enable-lto --enable-shared --enable-threads=posix --enable-clocale=gnu --enable-libitm --enable-libgcj --with-ld=/usr/local/bin/sh4-unknown-linux-gnu-ld --with-as=/usr/local/bin/sh4-unknown-linux-gnu-as --with-sysroot=/exp/ldroot --with-mpfr=/opt3/i686-pc-linux-gnu --with-mpc=/opt3/i686-pc-linux-gnu --with-libelf=/opt3/i686-pc-linux-gnu --with-ppl=no target_alias=sh4-unknown-linux-gnu --enable-languages=c,c++,fortran,java,lto,objc