This is the mail archive of the gcc-testresults@gcc.gnu.org mailing list for the GCC project.


Index Nav: [Date Index] [Subject Index] [Author Index] [Thread Index]
Message Nav: [Date Prev] [Date Next] [Thread Prev] [Thread Next]
Other format: [Raw text]

Results for 6.0.0 20150711 (experimental) [trunk revision 225711] (GCC) testsuite on x86_64-unknown-linux-gnu


Native configuration is x86_64-unknown-linux-gnu

		=== gcc tests ===


Running target unix/-mx32
FAIL: gcc.dg/debug/dwarf2/stacked-qualified-types-3.c scan-assembler-times DIE \\\\([^\\n]*\\\\) DW_TAG_(?:const|volatile|atomic|restrict)_type 8
XPASS: gcc.dg/graphite/vect-pr43423.c scan-tree-dump-times vect "vectorized 2 loops" 1
FAIL: gcc.target/i386/pr61403.c scan-assembler blend

		=== gcc Summary ===

# of expected passes		114777
# of unexpected failures	2
# of unexpected successes	1
# of expected failures		263
# of unsupported tests		1865
/export/gnu/import/git/gcc-test-x32/bld/gcc/xgcc  version 6.0.0 20150711 (experimental) [trunk revision 225711] (GCC) 

		=== gfortran tests ===


Running target unix/-mx32

		=== gfortran Summary ===

# of expected passes		49310
# of expected failures		78
# of unsupported tests		58
/export/gnu/import/git/gcc-test-x32/bld/gcc/testsuite/gfortran/../../gfortran  version 6.0.0 20150711 (experimental) [trunk revision 225711] (GCC) 

		=== g++ tests ===


Running target unix/-mx32
XPASS: g++.dg/tls/thread_local-order2.C  -std=c++11 execution test
XPASS: g++.dg/tls/thread_local-order2.C  -std=c++14 execution test

		=== g++ Summary ===

# of expected passes		95088
# of unexpected successes	2
# of expected failures		339
# of unsupported tests		3436
/export/gnu/import/git/gcc-test-x32/bld/gcc/testsuite/g++/../../xg++  version 6.0.0 20150711 (experimental) [trunk revision 225711] (GCC) 

		=== objc tests ===


Running target unix/-mx32

		=== objc Summary ===

# of expected passes		3010
# of expected failures		6
# of unsupported tests		74
/export/gnu/import/git/gcc-test-x32/bld/gcc/xgcc  version 6.0.0 20150711 (experimental) [trunk revision 225711] (GCC) 

		=== boehm-gc tests ===


Running target unix/-mx32

		=== boehm-gc Summary ===

# of expected passes		12
# of unsupported tests		1
		=== libatomic tests ===


Running target unix/-mx32

		=== libatomic Summary ===

# of expected passes		54
		=== libffi tests ===


Running target unix/-mx32

		=== libffi Summary ===

# of expected passes		1914
# of unsupported tests		30
		=== libgomp tests ===


Running target unix/-mx32

		=== libgomp Summary ===

# of expected passes		5987
# of expected failures		8
# of unsupported tests		278
		=== libitm tests ===


Running target unix/-mx32

		=== libitm Summary ===

# of expected passes		26
# of expected failures		3
# of unsupported tests		1
		=== libjava tests ===


Running target unix/-mx32

		=== libjava Summary ===

# of expected passes		2582
# of expected failures		4
		=== libstdc++ tests ===


Running target unix/-mx32

		=== libstdc++ Summary ===

# of expected passes		10865
# of expected failures		65
# of unsupported tests		231

Compiler version: 6.0.0 20150711 (experimental) [trunk revision 225711] (GCC) 
Platform: x86_64-unknown-linux-gnu
configure flags: --prefix=/usr/6.0.0 --enable-clocale=gnu --with-system-zlib --enable-shared --with-demangler-in-ld --with-multilib-list=m32,m64,mx32 --with-fpmath=sse --enable-languages=c,c++,fortran,java,lto,objc


Index Nav: [Date Index] [Subject Index] [Author Index] [Thread Index]
Message Nav: [Date Prev] [Date Next] [Thread Prev] [Thread Next]