This is the mail archive of the gcc-testresults@gcc.gnu.org mailing list for the GCC project.


Index Nav: [Date Index] [Subject Index] [Author Index] [Thread Index]
Message Nav: [Date Prev] [Date Next] [Thread Prev] [Thread Next]
Other format: [Raw text]

Results for 6.0.0 20150706 (experimental) [trunk revision 225456] (GCC) testsuite on hppa2.0w-hp-hpux11.11


		=== acats tests ===
FAIL:	c761006
FAIL:	c974013
FAIL:	c9a011b

		=== acats Summary ===
# of expected passes		2317
# of unexpected failures	3
Native configuration is hppa2.0w-hp-hpux11.11

		=== g++ tests ===


Running target unix
WARNING: program timed out.

		=== g++ Summary ===

# of expected passes		76671
# of expected failures		274
# of unsupported tests		4018
/test/gnu/gcc/objdir/gcc/testsuite/g++/../../xg++  version 6.0.0 20150706 (experimental) [trunk revision 225456] (GCC) 

		=== gcc tests ===


Running target unix
FAIL: gcc.dg/atomic/c11-atomic-exec-5.c   -O0  execution test
FAIL: gcc.dg/atomic/c11-atomic-exec-5.c   -O1  execution test
FAIL: gcc.dg/atomic/c11-atomic-exec-5.c   -O2  execution test
FAIL: gcc.dg/atomic/c11-atomic-exec-5.c   -O3 -fomit-frame-pointer  execution test
FAIL: gcc.dg/atomic/c11-atomic-exec-5.c   -O3 -fomit-frame-pointer -funroll-loops  execution test
FAIL: gcc.dg/atomic/c11-atomic-exec-5.c   -O3 -fomit-frame-pointer -funroll-all-loops -finline-functions  execution test
FAIL: gcc.dg/atomic/c11-atomic-exec-5.c   -O3 -g  execution test
FAIL: gcc.dg/atomic/c11-atomic-exec-5.c   -Os  execution test
FAIL: gcc.dg/loop-8.c scan-rtl-dump-times loop2_invariant "Decided" 1
FAIL: gcc.dg/loop-8.c scan-rtl-dump-not loop2_invariant "without introducing a new temporary register"
FAIL: gcc.dg/pr49551.c (test for excess errors)
FAIL: gcc.dg/pr64434.c scan-rtl-dump-times expand "Swap operands" 1
FAIL: gcc.dg/gomp/notify-new-function-3.c scan-tree-dump-times ompexpssa "Added new ssa gimple function foo\\\\._loopfn\\\\.0 to callgraph" 1
WARNING: program timed out.
FAIL: gcc.dg/tree-ssa/ivopts-lt-2.c scan-tree-dump-times ivopts "PHI <p_" 1
FAIL: gcc.dg/tree-ssa/ivopts-lt-2.c scan-tree-dump-times ivopts "p_[0-9]* <" 1
FAIL: gcc.dg/tree-ssa/pr65447.c scan-tree-dump-not ivopts "\\\\nuse 5\\\\n"

		=== gcc Summary ===

# of expected passes		70672
# of unexpected failures	16
# of expected failures		125
# of unsupported tests		1884
/test/gnu/gcc/objdir/gcc/xgcc  version 6.0.0 20150706 (experimental) [trunk revision 225456] (GCC) 

		=== gfortran tests ===


Running target unix

		=== gfortran Summary ===

# of expected passes		47274
# of expected failures		81
# of unsupported tests		437
/test/gnu/gcc/objdir/gcc/testsuite/gfortran/../../gfortran  version 6.0.0 20150706 (experimental) [trunk revision 225456] (GCC) 

		=== gnat tests ===


Running target unix

		=== gnat Summary ===

# of expected passes		1362
# of expected failures		21
# of unsupported tests		22
/test/gnu/gcc/objdir/gcc/gnatmake version 6.0.0 20150706 (experimental) [trunk revision 225456]

		=== obj-c++ tests ===


Running target unix

		=== obj-c++ Summary ===

# of expected passes		1411
# of expected failures		2
# of unsupported tests		69
/test/gnu/gcc/objdir/gcc/testsuite/obj-c++/../../xg++  version 6.0.0 20150706 (experimental) [trunk revision 225456] (GCC) 

		=== objc tests ===


Running target unix

		=== objc Summary ===

# of expected passes		2934
# of unsupported tests		67
/test/gnu/gcc/objdir/gcc/xgcc  version 6.0.0 20150706 (experimental) [trunk revision 225456] (GCC) 

		=== boehm-gc tests ===


Running target unix

		=== boehm-gc Summary ===

# of expected passes		12
# of unsupported tests		1
		=== libatomic tests ===


Running target unix

		=== libatomic Summary ===

# of expected passes		44
# of unsupported tests		5
		=== libffi tests ===


Running target unix

		=== libffi Summary ===

# of expected passes		1904
# of unsupported tests		35
		=== libgomp tests ===


Running target unix

		=== libgomp Summary ===

# of expected passes		4700
# of expected failures		4
# of unsupported tests		255
		=== libjava tests ===


Running target unix
FAIL: LargeFile execution - source compiled test
FAIL: LargeFile -findirect-dispatch execution - source compiled test
FAIL: LargeFile -O3 execution - source compiled test
FAIL: LargeFile -O3 -findirect-dispatch execution - source compiled test
XPASS: sourcelocation output - source compiled test
XPASS: sourcelocation -findirect-dispatch output - source compiled test
XPASS: sourcelocation -O3 output - source compiled test
XPASS: sourcelocation -O3 -findirect-dispatch output - source compiled test

		=== libjava Summary ===

# of expected passes		2574
# of unexpected failures	4
# of unexpected successes	4
# of untested testcases		4
		=== libstdc++ tests ===


Running target unix
FAIL: tr1/8_c_compatibility/complex/50880.cc (test for excess errors)
UNRESOLVED: tr1/8_c_compatibility/complex/50880.cc compilation failed to produce executable
FAIL: tr1/8_c_compatibility/complex/functions.cc (test for excess errors)

		=== libstdc++ Summary ===

# of expected passes		8821
# of unexpected failures	2
# of expected failures		65
# of unresolved testcases	1
# of unsupported tests		1034

Compiler version: 6.0.0 20150706 (experimental) [trunk revision 225456] (GCC) 
Platform: hppa2.0w-hp-hpux11.11
configure flags:Test Run By dave on Tue Jul  7 14:57:11 EDT 2015


Index Nav: [Date Index] [Subject Index] [Author Index] [Thread Index]
Message Nav: [Date Prev] [Date Next] [Thread Prev] [Thread Next]