This is the mail archive of the gcc-testresults@gcc.gnu.org mailing list for the GCC project.


Index Nav: [Date Index] [Subject Index] [Author Index] [Thread Index]
Message Nav: [Date Prev] [Date Next] [Thread Prev] [Thread Next]
Other format: [Raw text]

Results for 6.0.0 20150707 (experimental) [trunk revision 225517] (GCC) testsuite on i686-pc-linux-gnu


Native configuration is i686-pc-linux-gnu

		=== gcc tests ===


Running target unix
FAIL: gcc.dg/debug/dwarf2/stacked-qualified-types-3.c scan-assembler-times DIE \\\\([^\\n]*\\\\) DW_TAG_(?:const|volatile|atomic|restrict)_type 8
XPASS: gcc.dg/graphite/vect-pr43423.c scan-tree-dump-times vect "vectorized 2 loops" 1
FAIL: gcc.dg/lto/pr55113 c_lto_pr55113_0.o assemble,  -flto -fshort-double -O0  (internal compiler error)
UNRESOLVED: gcc.dg/lto/pr55113 c_lto_pr55113_0.o-c_lto_pr55113_0.o execute  -flto -fshort-double -O0 
UNRESOLVED: gcc.dg/lto/pr55113 c_lto_pr55113_0.o-c_lto_pr55113_0.o link  -flto -fshort-double -O0 
FAIL: gcc.target/i386/pr61403.c scan-assembler blend

		=== gcc Summary ===

# of expected passes		114671
# of unexpected failures	3
# of unexpected successes	1
# of expected failures		263
# of unresolved testcases	2
# of unsupported tests		1659
/export/gnu/import/git/gcc-test-ia32corei7/bld/gcc/xgcc  version 6.0.0 20150707 (experimental) [trunk revision 225517] (GCC) 

		=== gfortran tests ===


Running target unix
FAIL: gfortran.dg/class_allocate_18.f90   -O0  execution test
FAIL: gfortran.dg/class_allocate_18.f90   -O1  execution test
FAIL: gfortran.dg/class_allocate_18.f90   -O2  execution test
FAIL: gfortran.dg/class_allocate_18.f90   -O3 -fomit-frame-pointer  execution test
FAIL: gfortran.dg/class_allocate_18.f90   -O3 -fomit-frame-pointer -funroll-all-loops -finline-functions  execution test
FAIL: gfortran.dg/class_allocate_18.f90   -O3 -fomit-frame-pointer -funroll-loops  execution test
FAIL: gfortran.dg/class_allocate_18.f90   -O3 -g  execution test
FAIL: gfortran.dg/class_allocate_18.f90   -Os  execution test

		=== gfortran Summary ===

# of expected passes		48991
# of unexpected failures	8
# of expected failures		78
# of unsupported tests		209
/export/gnu/import/git/gcc-test-ia32corei7/bld/gcc/testsuite/gfortran/../../gfortran  version 6.0.0 20150707 (experimental) [trunk revision 225517] (GCC) 

		=== g++ tests ===


Running target unix
XPASS: g++.dg/tls/thread_local-order2.C  -std=c++11 execution test
XPASS: g++.dg/tls/thread_local-order2.C  -std=c++14 execution test

		=== g++ Summary ===

# of expected passes		93466
# of unexpected successes	2
# of expected failures		339
# of unsupported tests		3230
/export/gnu/import/git/gcc-test-ia32corei7/bld/gcc/testsuite/g++/../../xg++  version 6.0.0 20150707 (experimental) [trunk revision 225517] (GCC) 

		=== objc tests ===


Running target unix

		=== objc Summary ===

# of expected passes		3010
# of expected failures		6
# of unsupported tests		74
/export/gnu/import/git/gcc-test-ia32corei7/bld/gcc/xgcc  version 6.0.0 20150707 (experimental) [trunk revision 225517] (GCC) 

		=== boehm-gc tests ===


Running target unix

		=== boehm-gc Summary ===

# of expected passes		12
# of unsupported tests		1
		=== libatomic tests ===


Running target unix

		=== libatomic Summary ===

# of expected passes		44
# of unsupported tests		5
		=== libffi tests ===


Running target unix

		=== libffi Summary ===

# of expected passes		2439
# of unsupported tests		30
		=== libgomp tests ===


Running target unix

		=== libgomp Summary ===

# of expected passes		5955
# of expected failures		8
# of unsupported tests		278
		=== libitm tests ===


Running target unix

		=== libitm Summary ===

# of expected passes		26
# of expected failures		3
# of unsupported tests		1
		=== libjava tests ===


Running target unix

		=== libjava Summary ===

# of expected passes		2582
# of expected failures		4
		=== libstdc++ tests ===


Running target unix
FAIL: 23_containers/map/modifiers/erase/dr130-linkage-check.cc (test for excess errors)
UNRESOLVED: 23_containers/map/modifiers/erase/dr130-linkage-check.cc compilation failed to produce executable
FAIL: 23_containers/multimap/modifiers/erase/dr130-linkage-check.cc (test for excess errors)
UNRESOLVED: 23_containers/multimap/modifiers/erase/dr130-linkage-check.cc compilation failed to produce executable
FAIL: 23_containers/multiset/modifiers/erase/dr130-linkage-check.cc (test for excess errors)
UNRESOLVED: 23_containers/multiset/modifiers/erase/dr130-linkage-check.cc compilation failed to produce executable
FAIL: 23_containers/set/modifiers/erase/dr130-linkage-check.cc (test for excess errors)
UNRESOLVED: 23_containers/set/modifiers/erase/dr130-linkage-check.cc compilation failed to produce executable

		=== libstdc++ Summary ===

# of expected passes		10865
# of unexpected failures	4
# of expected failures		65
# of unresolved testcases	4
# of unsupported tests		227

Compiler version: 6.0.0 20150707 (experimental) [trunk revision 225517] (GCC) 
Platform: i686-pc-linux-gnu
configure flags: --with-arch=corei7 --with-cpu=corei7 --prefix=/usr/6.0.0 --enable-clocale=gnu --with-system-zlib --enable-shared --with-demangler-in-ld i686-linux --with-fpmath=sse --enable-languages=c,c++,fortran,java,lto,objc


Index Nav: [Date Index] [Subject Index] [Author Index] [Thread Index]
Message Nav: [Date Prev] [Date Next] [Thread Prev] [Thread Next]